[INFO] cloning repository https://github.com/azizka85/azizka_rust_my_routes
[INFO] running `Command { std: "git" "-c" "credential.helper=" "-c" "credential.helper=/workspace/cargo-home/bin/git-credential-null" "clone" "--bare" "https://github.com/azizka85/azizka_rust_my_routes" "/workspace/cache/git-repos/https%3A%2F%2Fgithub.com%2Fazizka85%2Fazizka_rust_my_routes", kill_on_drop: false }`
[INFO] [stderr] Cloning into bare repository '/workspace/cache/git-repos/https%3A%2F%2Fgithub.com%2Fazizka85%2Fazizka_rust_my_routes'...
[INFO] running `Command { std: "git" "rev-parse" "HEAD", kill_on_drop: false }`
[INFO] [stdout] 616ea3d795cad1a6f195aae9b1bba3f6e26102cc
[INFO] testing azizka85/azizka_rust_my_routes against 1.69.0 for beta-1.70-1
[INFO] running `Command { std: "git" "clone" "/workspace/cache/git-repos/https%3A%2F%2Fgithub.com%2Fazizka85%2Fazizka_rust_my_routes" "/workspace/builds/worker-1-tc1/source", kill_on_drop: false }`
[INFO] [stderr] Cloning into '/workspace/builds/worker-1-tc1/source'...
[INFO] [stderr] done.
[INFO] validating manifest of git repo https://github.com/azizka85/azizka_rust_my_routes on toolchain 1.69.0
[INFO] running `Command { std: CARGO_HOME="/workspace/cargo-home" RUSTUP_HOME="/workspace/rustup-home" "/workspace/cargo-home/bin/cargo" "+1.69.0" "metadata" "--manifest-path" "Cargo.toml" "--no-deps", kill_on_drop: false }`
[INFO] started tweaking git repo https://github.com/azizka85/azizka_rust_my_routes
[INFO] finished tweaking git repo https://github.com/azizka85/azizka_rust_my_routes
[INFO] tweaked toml for git repo https://github.com/azizka85/azizka_rust_my_routes written to /workspace/builds/worker-1-tc1/source/Cargo.toml
[INFO] crate git repo https://github.com/azizka85/azizka_rust_my_routes already has a lockfile, it will not be regenerated
[INFO] running `Command { std: CARGO_HOME="/workspace/cargo-home" RUSTUP_HOME="/workspace/rustup-home" "/workspace/cargo-home/bin/cargo" "+1.69.0" "fetch" "--manifest-path" "Cargo.toml", kill_on_drop: false }`
[INFO] [stderr]  Downloading crates ...
[INFO] [stderr]   Downloaded tide-testing v0.1.3
[INFO] [stderr]   Downloaded itoap v1.0.1
[INFO] [stderr]   Downloaded sailfish-compiler v0.4.0
[INFO] [stderr]   Downloaded sailfish-macros v0.4.0
[INFO] [stderr]   Downloaded sailfish v0.4.0
[INFO] [stderr]   Downloaded azizka_rust_i18n v0.3.0
[INFO] running `Command { std: "docker" "create" "-v" "/var/lib/crater-agent-workspace/builds/worker-1-tc1/target:/opt/rustwide/target:rw,Z" "-v" "/var/lib/crater-agent-workspace/builds/worker-1-tc1/source:/opt/rustwide/workdir:ro,Z" "-v" "/var/lib/crater-agent-workspace/cargo-home:/opt/rustwide/cargo-home:ro,Z" "-v" "/var/lib/crater-agent-workspace/rustup-home:/opt/rustwide/rustup-home:ro,Z" "-e" "SOURCE_DIR=/opt/rustwide/workdir" "-e" "CARGO_TARGET_DIR=/opt/rustwide/target" "-e" "CARGO_HOME=/opt/rustwide/cargo-home" "-e" "RUSTUP_HOME=/opt/rustwide/rustup-home" "-w" "/opt/rustwide/workdir" "-m" "1610612736" "--user" "0:0" "--network" "none" "ghcr.io/rust-lang/crates-build-env/linux@sha256:5ff2268d62e97bff2cde7d5815dd6ed5b47097566f13b8d0ca110b04b60e07ed" "/opt/rustwide/cargo-home/bin/cargo" "+1.69.0" "metadata" "--no-deps" "--format-version=1", kill_on_drop: false }`
[INFO] [stdout] 89258701f838bf9b9b25e9591073c46788736bb19f9ca5518d5d555966059a94
[INFO] running `Command { std: "docker" "start" "-a" "89258701f838bf9b9b25e9591073c46788736bb19f9ca5518d5d555966059a94", kill_on_drop: false }`
[INFO] running `Command { std: "docker" "inspect" "89258701f838bf9b9b25e9591073c46788736bb19f9ca5518d5d555966059a94", kill_on_drop: false }`
[INFO] running `Command { std: "docker" "rm" "-f" "89258701f838bf9b9b25e9591073c46788736bb19f9ca5518d5d555966059a94", kill_on_drop: false }`
[INFO] [stdout] 89258701f838bf9b9b25e9591073c46788736bb19f9ca5518d5d555966059a94
[INFO] running `Command { std: "docker" "create" "-v" "/var/lib/crater-agent-workspace/builds/worker-1-tc1/target:/opt/rustwide/target:rw,Z" "-v" "/var/lib/crater-agent-workspace/builds/worker-1-tc1/source:/opt/rustwide/workdir:ro,Z" "-v" "/var/lib/crater-agent-workspace/cargo-home:/opt/rustwide/cargo-home:ro,Z" "-v" "/var/lib/crater-agent-workspace/rustup-home:/opt/rustwide/rustup-home:ro,Z" "-e" "SOURCE_DIR=/opt/rustwide/workdir" "-e" "CARGO_TARGET_DIR=/opt/rustwide/target" "-e" "CARGO_INCREMENTAL=0" "-e" "RUST_BACKTRACE=full" "-e" "RUSTFLAGS=--cap-lints=warn" "-e" "RUSTDOCFLAGS=--cap-lints=warn" "-e" "CARGO_HOME=/opt/rustwide/cargo-home" "-e" "RUSTUP_HOME=/opt/rustwide/rustup-home" "-w" "/opt/rustwide/workdir" "-m" "1610612736" "--user" "0:0" "--network" "none" "ghcr.io/rust-lang/crates-build-env/linux@sha256:5ff2268d62e97bff2cde7d5815dd6ed5b47097566f13b8d0ca110b04b60e07ed" "/opt/rustwide/cargo-home/bin/cargo" "+1.69.0" "build" "--frozen" "--message-format=json", kill_on_drop: false }`
[INFO] [stdout] 345e7b685d2ac41bc3c5ab57107a7d2cd7e5a734054f6aea7ce80219bde22fc8
[INFO] running `Command { std: "docker" "start" "-a" "345e7b685d2ac41bc3c5ab57107a7d2cd7e5a734054f6aea7ce80219bde22fc8", kill_on_drop: false }`
[INFO] [stderr]    Compiling version_check v0.9.4
[INFO] [stderr]    Compiling proc-macro2 v1.0.36
[INFO] [stderr]    Compiling unicode-xid v0.2.2
[INFO] [stderr]    Compiling syn v1.0.86
[INFO] [stderr]    Compiling libc v0.2.119
[INFO] [stderr]    Compiling cfg-if v1.0.0
[INFO] [stderr]    Compiling typenum v1.15.0
[INFO] [stderr]    Compiling serde_derive v1.0.136
[INFO] [stderr]    Compiling memchr v2.4.1
[INFO] [stderr]    Compiling futures-core v0.3.21
[INFO] [stderr]    Compiling subtle v2.4.1
[INFO] [stderr]    Compiling serde v1.0.136
[INFO] [stderr]    Compiling futures-io v0.3.21
[INFO] [stderr]    Compiling sval v1.0.0-alpha.5
[INFO] [stderr]    Compiling event-listener v2.5.2
[INFO] [stderr]    Compiling log v0.4.14
[INFO] [stderr]    Compiling pin-project-lite v0.2.8
[INFO] [stderr]    Compiling cache-padded v1.2.0
[INFO] [stderr]    Compiling concurrent-queue v1.2.2
[INFO] [stderr]    Compiling fastrand v1.7.0
[INFO] [stderr]    Compiling opaque-debug v0.3.0
[INFO] [stderr]    Compiling waker-fn v1.1.0
[INFO] [stderr]    Compiling parking v2.0.0
[INFO] [stderr]    Compiling slab v0.4.5
[INFO] [stderr]    Compiling once_cell v1.9.0
[INFO] [stderr]    Compiling proc-macro-hack v0.5.19
[INFO] [stderr]    Compiling ppv-lite86 v0.2.16
[INFO] [stderr]    Compiling getrandom v0.1.16
[INFO] [stderr]    Compiling ryu v1.0.9
[INFO] [stderr]    Compiling generic-array v0.14.5
[INFO] [stderr]    Compiling value-bag v1.0.0-alpha.8
[INFO] [stderr]    Compiling standback v0.2.17
[INFO] [stderr]    Compiling percent-encoding v2.1.0
[INFO] [stderr]    Compiling async-task v4.1.0
[INFO] [stderr]    Compiling signal-hook v0.3.13
[INFO] [stderr]    Compiling async-channel v1.6.1
[INFO] [stderr]    Compiling const_fn v0.4.9
[INFO] [stderr]    Compiling serde_json v1.0.79
[INFO] [stderr]    Compiling crossbeam-utils v0.8.7
[INFO] [stderr]    Compiling futures-lite v1.12.0
[INFO] [stderr]    Compiling itoa v1.0.1
[INFO] [stderr]    Compiling atomic-waker v1.0.0
[INFO] [stderr]    Compiling matches v0.1.9
[INFO] [stderr]    Compiling tinyvec_macros v0.1.0
[INFO] [stderr]    Compiling cpuid-bool v0.2.0
[INFO] [stderr]    Compiling tinyvec v1.5.1
[INFO] [stderr]    Compiling time v0.2.27
[INFO] [stderr]    Compiling async-mutex v1.4.0
[INFO] [stderr]    Compiling pin-utils v0.1.0
[INFO] [stderr]    Compiling anyhow v1.0.55
[INFO] [stderr]    Compiling autocfg v1.1.0
[INFO] [stderr]    Compiling cpufeatures v0.2.1
[INFO] [stderr]    Compiling quote v1.0.15
[INFO] [stderr]    Compiling socket2 v0.4.4
[INFO] [stderr]    Compiling signal-hook-registry v1.4.0
[INFO] [stderr]    Compiling getrandom v0.2.5
[INFO] [stderr]    Compiling num_cpus v1.13.1
[INFO] [stderr]    Compiling lazy_static v1.4.0
[INFO] [stderr]    Compiling rand_core v0.6.3
[INFO] [stderr]    Compiling rand_core v0.5.1
[INFO] [stderr]    Compiling rand_chacha v0.2.2
[INFO] [stderr]    Compiling async-executor v1.4.1
[INFO] [stderr]    Compiling blocking v1.1.0
[INFO] [stderr]    Compiling rand_chacha v0.3.1
[INFO] [stderr]    Compiling form_urlencoded v1.0.1
[INFO] [stderr]    Compiling cookie v0.14.4
[INFO] [stderr]    Compiling async-lock v2.5.0
[INFO] [stderr]    Compiling unicode-bidi v0.3.7
[INFO] [stderr]    Compiling rand v0.7.3
[INFO] [stderr]    Compiling unicode-normalization v0.1.19
[INFO] [stderr]    Compiling digest v0.9.0
[INFO] [stderr]    Compiling cipher v0.2.5
[INFO] [stderr]    Compiling universal-hash v0.4.1
[INFO] [stderr]    Compiling block-buffer v0.9.0
[INFO] [stderr]    Compiling crypto-mac v0.10.1
[INFO] [stderr]    Compiling aead v0.3.2
[INFO] [stderr]    Compiling polyval v0.4.5
[INFO] [stderr]    Compiling rand v0.8.5
[INFO] [stderr]    Compiling hmac v0.10.1
[INFO] [stderr]    Compiling aes-soft v0.6.4
[INFO] [stderr]    Compiling ctr v0.6.0
[INFO] [stderr]    Compiling sha2 v0.9.9
[INFO] [stderr]    Compiling http-types v2.12.0
[INFO] [stderr]    Compiling ghash v0.3.1
[INFO] [stderr]    Compiling hkdf v0.10.0
[INFO] [stderr]    Compiling base64 v0.13.0
[INFO] [stderr]    Compiling num-traits v0.2.14
[INFO] [stderr]    Compiling unicase v2.6.0
[INFO] [stderr]    Compiling infer v0.2.3
[INFO] [stderr]    Compiling async-trait v0.1.52
[INFO] [stderr]    Compiling num-integer v0.1.44
[INFO] [stderr]    Compiling aes v0.6.0
[INFO] [stderr]    Compiling idna v0.2.3
[INFO] [stderr]    Compiling aes-gcm v0.8.0
[INFO] [stderr]    Compiling cc v1.0.73
[INFO] [stderr]    Compiling futures-task v0.3.21
[INFO] [stderr]    Compiling crypto-mac v0.8.0
[INFO] [stderr]    Compiling futures-util v0.3.21
[INFO] [stderr]    Compiling httparse v1.6.0
[INFO] [stderr]    Compiling cfg-if v0.1.10
[INFO] [stderr]    Compiling dashmap v4.0.2
[INFO] [stderr]    Compiling time v0.1.44
[INFO] [stderr]    Compiling simple-mutex v1.1.5
[INFO] [stderr]    Compiling sailfish-compiler v0.4.0
[INFO] [stderr]    Compiling constant_time_eq v0.1.5
[INFO] [stderr]    Compiling arrayref v0.3.6
[INFO] [stderr]    Compiling arrayvec v0.5.2
[INFO] [stderr]    Compiling hmac v0.8.1
[INFO] [stderr]    Compiling async-dup v1.2.2
[INFO] [stderr]    Compiling filetime v0.2.15
[INFO] [stderr]    Compiling mime v0.3.16
[INFO] [stderr]    Compiling mime_guess v2.0.4
[INFO] [stderr]    Compiling home v0.5.3
[INFO] [stderr]    Compiling base64 v0.12.3
[INFO] [stderr]    Compiling pin-project-lite v0.1.12
[INFO] [stderr]    Compiling sailfish v0.4.0
[INFO] [stderr]    Compiling route-recognizer v0.2.0
[INFO] [stderr]    Compiling itoap v1.0.1
[INFO] [stderr]    Compiling blake3 v0.3.8
[INFO] [stderr]    Compiling ctor v0.1.21
[INFO] [stderr]    Compiling time-macros-impl v0.1.2
[INFO] [stderr]    Compiling thiserror-impl v1.0.30
[INFO] [stderr]    Compiling async-attributes v1.1.2
[INFO] [stderr]    Compiling pin-project-internal v1.0.10
[INFO] [stderr]    Compiling futures-macro v0.3.21
[INFO] [stderr]    Compiling time-macros v0.1.1
[INFO] [stderr]    Compiling polling v2.2.0
[INFO] [stderr]    Compiling kv-log-macro v1.0.7
[INFO] [stderr]    Compiling thiserror v1.0.30
[INFO] [stderr]    Compiling pin-project v1.0.10
[INFO] [stderr]    Compiling async-io v1.6.0
[INFO] [stderr]    Compiling async-process v1.3.0
[INFO] [stderr]    Compiling async-global-executor v2.0.2
[INFO] [stderr]    Compiling async-std v1.10.0
[INFO] [stderr]    Compiling toml v0.5.8
[INFO] [stderr]    Compiling serde_urlencoded v0.7.1
[INFO] [stderr]    Compiling serde_qs v0.8.5
[INFO] [stderr]    Compiling url v2.2.2
[INFO] [stderr]    Compiling bincode v1.3.3
[INFO] [stderr]    Compiling chrono v0.4.19
[INFO] [stderr]    Compiling azizka_rust_i18n v0.3.0
[INFO] [stderr]    Compiling femme v2.1.1
[INFO] [stderr]    Compiling async-session v2.0.1
[INFO] [stderr]    Compiling sailfish-macros v0.4.0
[INFO] [stderr]    Compiling http-client v6.5.1
[INFO] [stderr]    Compiling async-h1 v2.3.3
[INFO] [stderr]    Compiling async-sse v4.1.0
[INFO] [stderr]    Compiling surf v2.3.2
[INFO] [stderr]    Compiling tide v0.16.0
[INFO] [stderr]    Compiling tide-testing v0.1.3
[INFO] [stderr]    Compiling azizka_rust_my_routes v0.1.0 (/opt/rustwide/workdir)
[INFO] [stdout] error[E0308]: mismatched types
[INFO] [stdout]   --> src/routes/home.rs:69:9
[INFO] [stdout]    |
[INFO] [stdout] 58 |       render_page(
[INFO] [stdout]    |       ----------- arguments to this function are incorrect
[INFO] [stdout] ...
[INFO] [stdout] 69 |         translator
[INFO] [stdout]    |         ^^^^^^^^^^
[INFO] [stdout]    |         |
[INFO] [stdout]    |         expected `&Translator<'_>`, found `Translator<'_>`
[INFO] [stdout]    |         help: consider borrowing here: `&translator`
[INFO] [stdout]    |
[INFO] [stdout] note: function defined here
[INFO] [stdout]   --> src/helpers/layout.rs:15:8
[INFO] [stdout]    |
[INFO] [stdout] 15 | pub fn render_page<'a>(
[INFO] [stdout]    |        ^^^^^^^^^^^
[INFO] [stdout] ...
[INFO] [stdout] 22 |   translator: &'a Translator<'a>
[INFO] [stdout]    |   ------------------------------
[INFO] [stdout] 
[INFO] [stdout] 
[INFO] [stdout] error[E0277]: the trait bound `State<'_>: Render` is not satisfied
[INFO] [stdout]  --> /opt/rustwide/target/debug/build/sailfish-compiler-305b5c16c83d046b/out/templates/default-layout-c3c6717ae6bd4b36:1:827
[INFO] [stdout]   |
[INFO] [stdout] 1 | ... window.state = ") ; __sf_rt :: render ! (__sf_buf , state) ; __sf_rt :: render_text ! (__sf_buf , ";\n\n    const splashElem = docume...
[INFO] [stdout]   |                         ^^^^^^^^^^^^^^^^^^^^^^^^^^^^^^^^^^^^^^
[INFO] [stdout]   |                         |
[INFO] [stdout]   |                         the trait `Render` is not implemented for `State<'_>`
[INFO] [stdout]   |                         required by a bound introduced by this call
[INFO] [stdout]   |
[INFO] [stdout]   = help: the following other types implement trait `Render`:
[INFO] [stdout]             &'a T
[INFO] [stdout]             &'a mut T
[INFO] [stdout]             Arc<T>
[INFO] [stdout]             Box<T>
[INFO] [stdout]             Cow<'a, T>
[INFO] [stdout]             Lower<'a, T>
[INFO] [stdout]             NonZeroI128
[INFO] [stdout]             NonZeroI16
[INFO] [stdout]           and 42 others
[INFO] [stdout]   = note: required for `&State<'_>` to implement `Render`
[INFO] [stdout]   = note: this error originates in the macro `__sf_rt::render` (in Nightly builds, run with -Z macro-backtrace for more info)
[INFO] [stdout] 
[INFO] [stdout] 
[INFO] [stdout] error[E0308]: mismatched types
[INFO] [stdout]   --> /opt/rustwide/target/debug/build/sailfish-compiler-305b5c16c83d046b/out/templates/main-layout-c8d2f6554a197429:1:1618
[INFO] [stdout]    |
[INFO] [stdout] 1  | ...aped ! (__sf_buf , toggle_query_parameter (query , "main-layout-navigation")) ; __sf_rt :: render_text ! (__sf_buf , "\"\n        >\n ...
[INFO] [stdout]    |                       ----------------------  ^^^^^ expected `&HashMap<String, String>`, found `&HashMap<&str, &str>`
[INFO] [stdout]    |                       |
[INFO] [stdout]    |                       arguments to this function are incorrect
[INFO] [stdout]    |
[INFO] [stdout]    = note: expected reference `&HashMap<std::string::String, std::string::String>`
[INFO] [stdout]               found reference `&HashMap<&str, &str>`
[INFO] [stdout] note: function defined here
[INFO] [stdout]   --> src/helpers/url.rs:38:8
[INFO] [stdout]    |
[INFO] [stdout] 38 | pub fn toggle_query_parameter(
[INFO] [stdout]    |        ^^^^^^^^^^^^^^^^^^^^^^
[INFO] [stdout] 39 |   query: &HashMap<String, String>,
[INFO] [stdout]    |   -------------------------------
[INFO] [stdout] 
[INFO] [stdout] 
[INFO] [stdout] error[E0308]: mismatched types
[INFO] [stdout]   --> /opt/rustwide/target/debug/build/sailfish-compiler-305b5c16c83d046b/out/templates/main-layout-c8d2f6554a197429:1:2371
[INFO] [stdout]    |
[INFO] [stdout] 1  | ...aped ! (__sf_buf , toggle_query_parameter (query , "main-layout-search")) ; __sf_rt :: render_text ! (__sf_buf , "\"\n        >\n     ...
[INFO] [stdout]    |                       ----------------------  ^^^^^ expected `&HashMap<String, String>`, found `&HashMap<&str, &str>`
[INFO] [stdout]    |                       |
[INFO] [stdout]    |                       arguments to this function are incorrect
[INFO] [stdout]    |
[INFO] [stdout]    = note: expected reference `&HashMap<std::string::String, std::string::String>`
[INFO] [stdout]               found reference `&HashMap<&str, &str>`
[INFO] [stdout] note: function defined here
[INFO] [stdout]   --> src/helpers/url.rs:38:8
[INFO] [stdout]    |
[INFO] [stdout] 38 | pub fn toggle_query_parameter(
[INFO] [stdout]    |        ^^^^^^^^^^^^^^^^^^^^^^
[INFO] [stdout] 39 |   query: &HashMap<String, String>,
[INFO] [stdout]    |   -------------------------------
[INFO] [stdout] 
[INFO] [stdout] 
[INFO] [stdout] error[E0308]: mismatched types
[INFO] [stdout]   --> /opt/rustwide/target/debug/build/sailfish-compiler-305b5c16c83d046b/out/templates/main-layout-c8d2f6554a197429:1:3270
[INFO] [stdout]    |
[INFO] [stdout] 1  | ...aped ! (__sf_buf , toggle_query_parameter (query , "main-layout-navigation")) ; __sf_rt :: render_text ! (__sf_buf , "\"\n        data...
[INFO] [stdout]    |                       ----------------------  ^^^^^ expected `&HashMap<String, String>`, found `&HashMap<&str, &str>`
[INFO] [stdout]    |                       |
[INFO] [stdout]    |                       arguments to this function are incorrect
[INFO] [stdout]    |
[INFO] [stdout]    = note: expected reference `&HashMap<std::string::String, std::string::String>`
[INFO] [stdout]               found reference `&HashMap<&str, &str>`
[INFO] [stdout] note: function defined here
[INFO] [stdout]   --> src/helpers/url.rs:38:8
[INFO] [stdout]    |
[INFO] [stdout] 38 | pub fn toggle_query_parameter(
[INFO] [stdout]    |        ^^^^^^^^^^^^^^^^^^^^^^
[INFO] [stdout] 39 |   query: &HashMap<String, String>,
[INFO] [stdout]    |   -------------------------------
[INFO] [stdout] 
[INFO] [stdout] 
[INFO] [stdout] error: aborting due to 5 previous errors
[INFO] [stdout] 
[INFO] [stdout] 
[INFO] [stdout] Some errors have detailed explanations: E0277, E0308.
[INFO] [stdout] 
[INFO] [stdout] For more information about an error, try `rustc --explain E0277`.
[INFO] [stdout] 
[INFO] [stderr] error: could not compile `azizka_rust_my_routes` due to 6 previous errors
[INFO] running `Command { std: "docker" "inspect" "345e7b685d2ac41bc3c5ab57107a7d2cd7e5a734054f6aea7ce80219bde22fc8", kill_on_drop: false }`
[INFO] running `Command { std: "docker" "rm" "-f" "345e7b685d2ac41bc3c5ab57107a7d2cd7e5a734054f6aea7ce80219bde22fc8", kill_on_drop: false }`
[INFO] [stdout] 345e7b685d2ac41bc3c5ab57107a7d2cd7e5a734054f6aea7ce80219bde22fc8
