[INFO] cloning repository https://github.com/aydinmercan/chibiauth
[INFO] running `Command { std: "git" "-c" "credential.helper=" "-c" "credential.helper=/workspace/cargo-home/bin/git-credential-null" "clone" "--bare" "https://github.com/aydinmercan/chibiauth" "/workspace/cache/git-repos/https%3A%2F%2Fgithub.com%2Faydinmercan%2Fchibiauth", kill_on_drop: false }`
[INFO] [stderr] Cloning into bare repository '/workspace/cache/git-repos/https%3A%2F%2Fgithub.com%2Faydinmercan%2Fchibiauth'...
[INFO] running `Command { std: "git" "rev-parse" "HEAD", kill_on_drop: false }`
[INFO] [stdout] cac70ae7179f542e9c29349493f2a6d5d0019954
[INFO] testing aydinmercan/chibiauth against 1.69.0 for beta-1.70-1
[INFO] running `Command { std: "git" "clone" "/workspace/cache/git-repos/https%3A%2F%2Fgithub.com%2Faydinmercan%2Fchibiauth" "/workspace/builds/worker-0-tc1/source", kill_on_drop: false }`
[INFO] [stderr] Cloning into '/workspace/builds/worker-0-tc1/source'...
[INFO] [stderr] done.
[INFO] validating manifest of git repo https://github.com/aydinmercan/chibiauth on toolchain 1.69.0
[INFO] running `Command { std: CARGO_HOME="/workspace/cargo-home" RUSTUP_HOME="/workspace/rustup-home" "/workspace/cargo-home/bin/cargo" "+1.69.0" "metadata" "--manifest-path" "Cargo.toml" "--no-deps", kill_on_drop: false }`
[INFO] started tweaking git repo https://github.com/aydinmercan/chibiauth
[INFO] finished tweaking git repo https://github.com/aydinmercan/chibiauth
[INFO] tweaked toml for git repo https://github.com/aydinmercan/chibiauth written to /workspace/builds/worker-0-tc1/source/Cargo.toml
[INFO] crate git repo https://github.com/aydinmercan/chibiauth already has a lockfile, it will not be regenerated
[INFO] running `Command { std: CARGO_HOME="/workspace/cargo-home" RUSTUP_HOME="/workspace/rustup-home" "/workspace/cargo-home/bin/cargo" "+1.69.0" "fetch" "--manifest-path" "Cargo.toml", kill_on_drop: false }`
[INFO] [stderr]     Updating crates.io index
[INFO] [stderr]  Downloading crates ...
[INFO] [stderr]   Downloaded axum-core v0.3.0
[INFO] [stderr]   Downloaded axum v0.6.1
[INFO] [stderr]   Downloaded blake2 v0.10.5
[INFO] [stderr]   Downloaded der v0.6.0
[INFO] running `Command { std: "docker" "create" "-v" "/var/lib/crater-agent-workspace/builds/worker-0-tc1/target:/opt/rustwide/target:rw,Z" "-v" "/var/lib/crater-agent-workspace/builds/worker-0-tc1/source:/opt/rustwide/workdir:ro,Z" "-v" "/var/lib/crater-agent-workspace/cargo-home:/opt/rustwide/cargo-home:ro,Z" "-v" "/var/lib/crater-agent-workspace/rustup-home:/opt/rustwide/rustup-home:ro,Z" "-e" "SOURCE_DIR=/opt/rustwide/workdir" "-e" "CARGO_TARGET_DIR=/opt/rustwide/target" "-e" "CARGO_HOME=/opt/rustwide/cargo-home" "-e" "RUSTUP_HOME=/opt/rustwide/rustup-home" "-w" "/opt/rustwide/workdir" "-m" "1610612736" "--user" "0:0" "--network" "none" "ghcr.io/rust-lang/crates-build-env/linux@sha256:5ff2268d62e97bff2cde7d5815dd6ed5b47097566f13b8d0ca110b04b60e07ed" "/opt/rustwide/cargo-home/bin/cargo" "+1.69.0" "metadata" "--no-deps" "--format-version=1", kill_on_drop: false }`
[INFO] [stdout] 472c086aae6d7a4c5a279b63f535baaa29b8042fb376525758d9fa51b2990225
[INFO] running `Command { std: "docker" "start" "-a" "472c086aae6d7a4c5a279b63f535baaa29b8042fb376525758d9fa51b2990225", kill_on_drop: false }`
[INFO] running `Command { std: "docker" "inspect" "472c086aae6d7a4c5a279b63f535baaa29b8042fb376525758d9fa51b2990225", kill_on_drop: false }`
[INFO] running `Command { std: "docker" "rm" "-f" "472c086aae6d7a4c5a279b63f535baaa29b8042fb376525758d9fa51b2990225", kill_on_drop: false }`
[INFO] [stdout] 472c086aae6d7a4c5a279b63f535baaa29b8042fb376525758d9fa51b2990225
[INFO] running `Command { std: "docker" "create" "-v" "/var/lib/crater-agent-workspace/builds/worker-0-tc1/target:/opt/rustwide/target:rw,Z" "-v" "/var/lib/crater-agent-workspace/builds/worker-0-tc1/source:/opt/rustwide/workdir:ro,Z" "-v" "/var/lib/crater-agent-workspace/cargo-home:/opt/rustwide/cargo-home:ro,Z" "-v" "/var/lib/crater-agent-workspace/rustup-home:/opt/rustwide/rustup-home:ro,Z" "-e" "SOURCE_DIR=/opt/rustwide/workdir" "-e" "CARGO_TARGET_DIR=/opt/rustwide/target" "-e" "CARGO_INCREMENTAL=0" "-e" "RUST_BACKTRACE=full" "-e" "RUSTFLAGS=--cap-lints=warn" "-e" "RUSTDOCFLAGS=--cap-lints=warn" "-e" "CARGO_HOME=/opt/rustwide/cargo-home" "-e" "RUSTUP_HOME=/opt/rustwide/rustup-home" "-w" "/opt/rustwide/workdir" "-m" "1610612736" "--user" "0:0" "--network" "none" "ghcr.io/rust-lang/crates-build-env/linux@sha256:5ff2268d62e97bff2cde7d5815dd6ed5b47097566f13b8d0ca110b04b60e07ed" "/opt/rustwide/cargo-home/bin/cargo" "+1.69.0" "build" "--frozen" "--message-format=json", kill_on_drop: false }`
[INFO] [stdout] c338e44c3bfd79a001a26ff2d3a7b642a53103747c20d689a1674f1edf284c60
[INFO] running `Command { std: "docker" "start" "-a" "c338e44c3bfd79a001a26ff2d3a7b642a53103747c20d689a1674f1edf284c60", kill_on_drop: false }`
[INFO] [stderr]    Compiling libc v0.2.138
[INFO] [stderr]    Compiling proc-macro2 v1.0.47
[INFO] [stderr]    Compiling unicode-ident v1.0.5
[INFO] [stderr]    Compiling quote v1.0.21
[INFO] [stderr]    Compiling syn v1.0.105
[INFO] [stderr]    Compiling once_cell v1.16.0
[INFO] [stderr]    Compiling typenum v1.15.0
[INFO] [stderr]    Compiling generic-array v0.14.6
[INFO] [stderr]    Compiling log v0.4.17
[INFO] [stderr]    Compiling itoa v1.0.4
[INFO] [stderr]    Compiling unicode-xid v0.2.4
[INFO] [stderr]    Compiling serde_derive v1.0.148
[INFO] [stderr]    Compiling futures-core v0.3.25
[INFO] [stderr]    Compiling serde v1.0.148
[INFO] [stderr]    Compiling tracing-core v0.1.30
[INFO] [stderr]    Compiling bytes v1.3.0
[INFO] [stderr]    Compiling spin v0.5.2
[INFO] [stderr]    Compiling subtle v2.4.1
[INFO] [stderr]    Compiling const-oid v0.9.1
[INFO] [stderr]    Compiling futures-task v0.3.25
[INFO] [stderr]    Compiling ahash v0.7.6
[INFO] [stderr]    Compiling tokio v1.22.0
[INFO] [stderr]    Compiling rustversion v1.0.9
[INFO] [stderr]    Compiling futures-util v0.3.25
[INFO] [stderr]    Compiling base64ct v1.5.3
[INFO] [stderr]    Compiling http v0.2.8
[INFO] [stderr]    Compiling getrandom v0.2.8
[INFO] [stderr]    Compiling num_cpus v1.14.0
[INFO] [stderr]    Compiling mio v0.8.5
[INFO] [stderr]    Compiling rand_core v0.6.4
[INFO] [stderr]    Compiling socket2 v0.4.7
[INFO] [stderr]    Compiling signal-hook-registry v1.4.0
[INFO] [stderr]    Compiling crypto-common v0.1.6
[INFO] [stderr]    Compiling hashbrown v0.12.3
[INFO] [stderr]    Compiling cc v1.0.77
[INFO] [stderr]    Compiling libm v0.2.6
[INFO] [stderr]    Compiling block-buffer v0.10.3
[INFO] [stderr]    Compiling slab v0.4.7
[INFO] [stderr]    Compiling num-traits v0.2.15
[INFO] [stderr]    Compiling indexmap v1.9.2
[INFO] [stderr]    Compiling ryu v1.0.11
[INFO] [stderr]    Compiling serde_json v1.0.89
[INFO] [stderr]    Compiling digest v0.10.6
[INFO] [stderr]    Compiling http-body v0.4.5
[INFO] [stderr]    Compiling pem-rfc7468 v0.6.0
[INFO] [stderr]    Compiling lazy_static v1.4.0
[INFO] [stderr]    Compiling num-integer v0.1.45
[INFO] [stderr]    Compiling proc-macro-error-attr v1.0.4
[INFO] [stderr]    Compiling futures-channel v0.3.25
[INFO] [stderr]    Compiling ring v0.16.20
[INFO] [stderr]    Compiling io-lifetimes v1.0.3
[INFO] [stderr]    Compiling tower-layer v0.3.2
[INFO] [stderr]    Compiling time-core v0.1.0
[INFO] [stderr]    Compiling futures-sink v0.3.25
[INFO] [stderr]    Compiling async-trait v0.1.59
[INFO] [stderr]    Compiling time-macros v0.2.6
[INFO] [stderr]    Compiling axum-core v0.3.0
[INFO] [stderr]    Compiling num-iter v0.1.43
[INFO] [stderr]    Compiling proc-macro-error v1.0.4
[INFO] [stderr]    Compiling try-lock v0.2.3
[INFO] [stderr]    Compiling untrusted v0.7.1
[INFO] [stderr]    Compiling synstructure v0.12.6
[INFO] [stderr]    Compiling rustix v0.36.4
[INFO] [stderr]    Compiling ppv-lite86 v0.2.17
[INFO] [stderr]    Compiling cpufeatures v0.2.5
[INFO] [stderr]    Compiling vcpkg v0.2.15
[INFO] [stderr]    Compiling rand_chacha v0.3.1
[INFO] [stderr]    Compiling time v0.3.17
[INFO] [stderr]    Compiling want v0.3.0
[INFO] [stderr]    Compiling axum v0.6.1
[INFO] [stderr]    Compiling libsqlite3-sys v0.25.2
[INFO] [stderr]    Compiling inout v0.1.3
[INFO] [stderr]    Compiling cookie v0.16.1
[INFO] [stderr]    Compiling num-bigint-dig v0.8.2
[INFO] [stderr]    Compiling linux-raw-sys v0.1.3
[INFO] [stderr]    Compiling mime v0.3.16
[INFO] [stderr]    Compiling http-range-header v0.3.0
[INFO] [stderr]    Compiling rand v0.8.5
[INFO] [stderr]    Compiling universal-hash v0.5.0
[INFO] [stderr]    Compiling rustls v0.20.7
[INFO] [stderr]    Compiling os_str_bytes v6.4.1
[INFO] [stderr]    Compiling matchit v0.7.0
[INFO] [stderr]    Compiling byteorder v1.4.3
[INFO] [stderr]    Compiling heck v0.4.0
[INFO] [stderr]    Compiling anyhow v1.0.66
[INFO] [stderr]    Compiling sync_wrapper v0.1.1
[INFO] [stderr]    Compiling opaque-debug v0.3.0
[INFO] [stderr]    Compiling overload v0.1.1
[INFO] [stderr]    Compiling poly1305 v0.8.0
[INFO] [stderr]    Compiling clap_lex v0.3.0
[INFO] [stderr]    Compiling nu-ansi-term v0.46.0
[INFO] [stderr]    Compiling zeroize_derive v1.3.3
[INFO] [stderr]    Compiling tracing-attributes v0.1.23
[INFO] [stderr]    Compiling tokio-macros v1.8.2
[INFO] [stderr]    Compiling pin-project-internal v1.0.12
[INFO] [stderr]    Compiling is-terminal v0.4.1
[INFO] [stderr]    Compiling clap_derive v4.0.21
[INFO] [stderr]    Compiling webpki v0.22.0
[INFO] [stderr]    Compiling zeroize v1.5.7
[INFO] [stderr]    Compiling der v0.6.0
[INFO] [stderr]    Compiling cipher v0.4.3
[INFO] [stderr]    Compiling chacha20 v0.9.0
[INFO] [stderr]    Compiling pin-project v1.0.12
[INFO] [stderr]    Compiling sct v0.7.0
[INFO] [stderr]    Compiling spki v0.6.0
[INFO] [stderr]    Compiling pkcs8 v0.9.0
[INFO] [stderr]    Compiling tracing v0.1.37
[INFO] [stderr]    Compiling pkcs1 v0.4.1
[INFO] [stderr]    Compiling sharded-slab v0.1.4
[INFO] [stderr]    Compiling tracing-log v0.1.3
[INFO] [stderr]    Compiling signature v1.6.4
[INFO] [stderr]    Compiling blake2 v0.10.5
[INFO] [stderr]    Compiling hashlink v0.8.1
[INFO] [stderr]    Compiling aead v0.5.1
[INFO] [stderr]    Compiling password-hash v0.4.2
[INFO] [stderr]    Compiling uuid v1.2.2
[INFO] [stderr]    Compiling thread_local v1.1.4
[INFO] [stderr]    Compiling termcolor v1.1.3
[INFO] [stderr]    Compiling clap v4.0.29
[INFO] [stderr]    Compiling argon2 v0.4.1
[INFO] [stderr]    Compiling chacha20poly1305 v0.10.1
[INFO] [stderr]    Compiling rsa v0.7.2
[INFO] [stderr]    Compiling sha2 v0.10.6
[INFO] [stderr]    Compiling base16ct v0.1.1
[INFO] [stderr]    Compiling tokio-util v0.7.4
[INFO] [stderr]    Compiling tower v0.4.13
[INFO] [stderr]    Compiling tower-http v0.3.5
[INFO] [stderr]    Compiling h2 v0.3.15
[INFO] [stderr]    Compiling serde_urlencoded v0.7.1
[INFO] [stderr]    Compiling serde_path_to_error v0.1.8
[INFO] [stderr]    Compiling tracing-serde v0.1.3
[INFO] [stderr]    Compiling toml v0.5.9
[INFO] [stderr]    Compiling secrecy v0.8.0
[INFO] [stderr]    Compiling tracing-subscriber v0.3.16
[INFO] [stderr]    Compiling rusqlite v0.28.0
[INFO] [stderr]    Compiling hyper v0.14.23
[INFO] [stderr]    Compiling axum-extra v0.4.2
[INFO] [stderr]    Compiling chibiauth v0.0.0 (/opt/rustwide/workdir)
[INFO] [stdout] error[E0425]: cannot find value `key` in this scope
[INFO] [stdout]   --> src/auth/api.rs:17:35
[INFO] [stdout]    |
[INFO] [stdout] 17 |         OsRng.try_fill_bytes(&mut key)?;
[INFO] [stdout]    |                                   ^^^ not found in this scope
[INFO] [stdout] 
[INFO] [stdout] 
[INFO] [stdout] error[E0425]: cannot find function `encode_string` in module `base16ct::upper`
[INFO] [stdout]   --> src/auth/api.rs:19:36
[INFO] [stdout]    |
[INFO] [stdout] 19 |         let key = base16ct::upper::encode_string(raw_key);
[INFO] [stdout]    |                                    ^^^^^^^^^^^^^ help: a function with a similar name exists: `encode_str`
[INFO] [stdout]    |
[INFO] [stdout]   ::: /opt/rustwide/cargo-home/registry/src/github.com-1ecc6299db9ec823/base16ct-0.1.1/src/upper.rs:35:1
[INFO] [stdout]    |
[INFO] [stdout] 35 | pub fn encode_str<'a>(src: &[u8], dst: &'a mut [u8]) -> Result<&'a str, Error> {
[INFO] [stdout]    | ------------------------------------------------------------------------------ similarly named function `encode_str` defined here
[INFO] [stdout] 
[INFO] [stdout] 
[INFO] [stdout] warning: unused import: `rand::RngCore`
[INFO] [stdout]  --> src/auth/oidc/rs256.rs:4:5
[INFO] [stdout]   |
[INFO] [stdout] 4 | use rand::RngCore;
[INFO] [stdout]   |     ^^^^^^^^^^^^^
[INFO] [stdout]   |
[INFO] [stdout]   = note: `#[warn(unused_imports)]` on by default
[INFO] [stdout] 
[INFO] [stdout] 
[INFO] [stdout] warning: unused import: `std::collections::HashMap`
[INFO] [stdout]  --> src/auth/oidc.rs:9:5
[INFO] [stdout]   |
[INFO] [stdout] 9 | use std::collections::HashMap;
[INFO] [stdout]   |     ^^^^^^^^^^^^^^^^^^^^^^^^^
[INFO] [stdout] 
[INFO] [stdout] 
[INFO] [stdout] warning: unused import: `Blake2s256`
[INFO] [stdout]  --> src/auth/api.rs:2:26
[INFO] [stdout]   |
[INFO] [stdout] 2 | use blake2::{Blake2b512, Blake2s256, Digest};
[INFO] [stdout]   |                          ^^^^^^^^^^
[INFO] [stdout] 
[INFO] [stdout] 
[INFO] [stdout] warning: unused import: `rusqlite::Connection`
[INFO] [stdout]  --> src/auth/api.rs:5:5
[INFO] [stdout]   |
[INFO] [stdout] 5 | use rusqlite::Connection;
[INFO] [stdout]   |     ^^^^^^^^^^^^^^^^^^^^
[INFO] [stdout] 
[INFO] [stdout] 
[INFO] [stdout] warning: unused imports: `ExposeSecret`, `Secret`
[INFO] [stdout]  --> src/auth/api.rs:6:15
[INFO] [stdout]   |
[INFO] [stdout] 6 | use secrecy::{ExposeSecret, Secret, SecretString};
[INFO] [stdout]   |               ^^^^^^^^^^^^  ^^^^^^
[INFO] [stdout] 
[INFO] [stdout] 
[INFO] [stdout] warning: unused import: `bail`
[INFO] [stdout]  --> src/database.rs:8:14
[INFO] [stdout]   |
[INFO] [stdout] 8 | use anyhow::{bail, Result};
[INFO] [stdout]   |              ^^^^
[INFO] [stdout] 
[INFO] [stdout] 
[INFO] [stdout] warning: unused import: `secrecy::SecretString`
[INFO] [stdout]  --> src/model/user.rs:6:5
[INFO] [stdout]   |
[INFO] [stdout] 6 | use secrecy::SecretString;
[INFO] [stdout]   |     ^^^^^^^^^^^^^^^^^^^^^
[INFO] [stdout] 
[INFO] [stdout] 
[INFO] [stdout] warning: unused import: `Args`
[INFO] [stdout]   --> src/main.rs:10:12
[INFO] [stdout]    |
[INFO] [stdout] 10 | use clap::{Args, Parser, Subcommand};
[INFO] [stdout]    |            ^^^^
[INFO] [stdout] 
[INFO] [stdout] 
[INFO] [stdout] error[E0277]: `?` couldn't convert the error to `ApiKey`
[INFO] [stdout]   --> src/auth/api.rs:17:39
[INFO] [stdout]    |
[INFO] [stdout] 17 |         OsRng.try_fill_bytes(&mut key)?;
[INFO] [stdout]    |                                       ^ the trait `From<rand::Error>` is not implemented for `ApiKey`
[INFO] [stdout]    |
[INFO] [stdout]    = note: the question mark operation (`?`) implicitly performs a conversion on the error value using the `From` trait
[INFO] [stdout]    = help: the following other types implement trait `FromResidual<R>`:
[INFO] [stdout]              <Result<T, F> as FromResidual<Result<Infallible, E>>>
[INFO] [stdout]              <Result<T, F> as FromResidual<Yeet<E>>>
[INFO] [stdout]    = note: required for `Result<Secret<std::string::String>, ApiKey>` to implement `FromResidual<Result<Infallible, rand::Error>>`
[INFO] [stdout] 
[INFO] [stdout] 
[INFO] [stdout] error[E0308]: mismatched types
[INFO] [stdout]   --> src/auth/api.rs:14:21
[INFO] [stdout]    |
[INFO] [stdout] 14 |     pub fn new() -> Result<SecretString, ApiKey> {
[INFO] [stdout]    |            ---      ^^^^^^^^^^^^^^^^^^^^^^^^^^^^ expected `Result<Secret<String>, ApiKey>`, found `()`
[INFO] [stdout]    |            |
[INFO] [stdout]    |            implicitly returns `()` as its body has no tail or `return` expression
[INFO] [stdout]    |
[INFO] [stdout]    = note:   expected enum `Result<Secret<std::string::String>, ApiKey>`
[INFO] [stdout]            found unit type `()`
[INFO] [stdout] 
[INFO] [stdout] 
[INFO] [stdout] error: aborting due to 4 previous errors; 8 warnings emitted
[INFO] [stdout] 
[INFO] [stdout] 
[INFO] [stdout] Some errors have detailed explanations: E0277, E0308, E0425.
[INFO] [stdout] 
[INFO] [stdout] For more information about an error, try `rustc --explain E0277`.
[INFO] [stdout] 
[INFO] [stderr] error: could not compile `chibiauth` due to 5 previous errors; 8 warnings emitted
[INFO] running `Command { std: "docker" "inspect" "c338e44c3bfd79a001a26ff2d3a7b642a53103747c20d689a1674f1edf284c60", kill_on_drop: false }`
[INFO] running `Command { std: "docker" "rm" "-f" "c338e44c3bfd79a001a26ff2d3a7b642a53103747c20d689a1674f1edf284c60", kill_on_drop: false }`
[INFO] [stdout] c338e44c3bfd79a001a26ff2d3a7b642a53103747c20d689a1674f1edf284c60
