[INFO] cloning repository https://github.com/aweinstock314/kingr4_weinsa_distributedsystems_project2
[INFO] running `Command { std: "git" "-c" "credential.helper=" "-c" "credential.helper=/workspace/cargo-home/bin/git-credential-null" "clone" "--bare" "https://github.com/aweinstock314/kingr4_weinsa_distributedsystems_project2" "/workspace/cache/git-repos/https%3A%2F%2Fgithub.com%2Faweinstock314%2Fkingr4_weinsa_distributedsystems_project2", kill_on_drop: false }`
[INFO] [stderr] Cloning into bare repository '/workspace/cache/git-repos/https%3A%2F%2Fgithub.com%2Faweinstock314%2Fkingr4_weinsa_distributedsystems_project2'...
[INFO] running `Command { std: "git" "rev-parse" "HEAD", kill_on_drop: false }`
[INFO] [stdout] e8e186eb23c5a60e0798c44b5088cf3e9e4cd51f
[INFO] testing aweinstock314/kingr4_weinsa_distributedsystems_project2 against beta-2023-04-20 for beta-1.70-1
[INFO] running `Command { std: "git" "clone" "/workspace/cache/git-repos/https%3A%2F%2Fgithub.com%2Faweinstock314%2Fkingr4_weinsa_distributedsystems_project2" "/workspace/builds/worker-3-tc2/source", kill_on_drop: false }`
[INFO] [stderr] Cloning into '/workspace/builds/worker-3-tc2/source'...
[INFO] [stderr] done.
[INFO] validating manifest of git repo https://github.com/aweinstock314/kingr4_weinsa_distributedsystems_project2 on toolchain beta-2023-04-20
[INFO] running `Command { std: CARGO_HOME="/workspace/cargo-home" RUSTUP_HOME="/workspace/rustup-home" "/workspace/cargo-home/bin/cargo" "+beta-2023-04-20" "metadata" "--manifest-path" "Cargo.toml" "--no-deps", kill_on_drop: false }`
[INFO] started tweaking git repo https://github.com/aweinstock314/kingr4_weinsa_distributedsystems_project2
[INFO] finished tweaking git repo https://github.com/aweinstock314/kingr4_weinsa_distributedsystems_project2
[INFO] tweaked toml for git repo https://github.com/aweinstock314/kingr4_weinsa_distributedsystems_project2 written to /workspace/builds/worker-3-tc2/source/Cargo.toml
[INFO] crate git repo https://github.com/aweinstock314/kingr4_weinsa_distributedsystems_project2 already has a lockfile, it will not be regenerated
[INFO] running `Command { std: CARGO_HOME="/workspace/cargo-home" RUSTUP_HOME="/workspace/rustup-home" "/workspace/cargo-home/bin/cargo" "+beta-2023-04-20" "fetch" "--manifest-path" "Cargo.toml", kill_on_drop: false }`
[INFO] [stderr]     Updating crates.io index
[INFO] [stderr]  Downloading crates ...
[INFO] [stderr]   Downloaded either v1.0.1
[INFO] [stderr]   Downloaded miow v0.1.3
[INFO] [stderr]   Downloaded serde_derive v0.8.17
[INFO] [stderr]   Downloaded serde_codegen_internals v0.10.0
[INFO] [stderr]   Downloaded mio v0.6.1
[INFO] [stderr]   Downloaded serde_json v0.8.3
[INFO] [stderr]   Downloaded num_cpus v1.1.0
[INFO] [stderr]   Downloaded net2 v0.2.26
[INFO] [stderr]   Downloaded post-expansion v0.1.0
[INFO] [stderr]   Downloaded serde_codegen v0.8.17
[INFO] [stderr]   Downloaded syn v0.9.2
[INFO] [stderr]   Downloaded serde v0.8.18
[INFO] [stderr]   Downloaded quote v0.3.5
[INFO] running `Command { std: "docker" "create" "-v" "/var/lib/crater-agent-workspace/builds/worker-3-tc2/target:/opt/rustwide/target:rw,Z" "-v" "/var/lib/crater-agent-workspace/builds/worker-3-tc2/source:/opt/rustwide/workdir:ro,Z" "-v" "/var/lib/crater-agent-workspace/cargo-home:/opt/rustwide/cargo-home:ro,Z" "-v" "/var/lib/crater-agent-workspace/rustup-home:/opt/rustwide/rustup-home:ro,Z" "-e" "SOURCE_DIR=/opt/rustwide/workdir" "-e" "CARGO_TARGET_DIR=/opt/rustwide/target" "-e" "CARGO_HOME=/opt/rustwide/cargo-home" "-e" "RUSTUP_HOME=/opt/rustwide/rustup-home" "-w" "/opt/rustwide/workdir" "-m" "1610612736" "--user" "0:0" "--network" "none" "ghcr.io/rust-lang/crates-build-env/linux@sha256:5ff2268d62e97bff2cde7d5815dd6ed5b47097566f13b8d0ca110b04b60e07ed" "/opt/rustwide/cargo-home/bin/cargo" "+beta-2023-04-20" "metadata" "--no-deps" "--format-version=1", kill_on_drop: false }`
[INFO] [stdout] 0145c47f5066c095bd18ccf17abf83b49c917ae4919a73645546de4089b72873
[INFO] running `Command { std: "docker" "start" "-a" "0145c47f5066c095bd18ccf17abf83b49c917ae4919a73645546de4089b72873", kill_on_drop: false }`
[INFO] running `Command { std: "docker" "inspect" "0145c47f5066c095bd18ccf17abf83b49c917ae4919a73645546de4089b72873", kill_on_drop: false }`
[INFO] running `Command { std: "docker" "rm" "-f" "0145c47f5066c095bd18ccf17abf83b49c917ae4919a73645546de4089b72873", kill_on_drop: false }`
[INFO] [stdout] 0145c47f5066c095bd18ccf17abf83b49c917ae4919a73645546de4089b72873
[INFO] running `Command { std: "docker" "create" "-v" "/var/lib/crater-agent-workspace/builds/worker-3-tc2/target:/opt/rustwide/target:rw,Z" "-v" "/var/lib/crater-agent-workspace/builds/worker-3-tc2/source:/opt/rustwide/workdir:ro,Z" "-v" "/var/lib/crater-agent-workspace/cargo-home:/opt/rustwide/cargo-home:ro,Z" "-v" "/var/lib/crater-agent-workspace/rustup-home:/opt/rustwide/rustup-home:ro,Z" "-e" "SOURCE_DIR=/opt/rustwide/workdir" "-e" "CARGO_TARGET_DIR=/opt/rustwide/target" "-e" "CARGO_INCREMENTAL=0" "-e" "RUST_BACKTRACE=full" "-e" "RUSTFLAGS=--cap-lints=warn" "-e" "RUSTDOCFLAGS=--cap-lints=warn" "-e" "CARGO_HOME=/opt/rustwide/cargo-home" "-e" "RUSTUP_HOME=/opt/rustwide/rustup-home" "-w" "/opt/rustwide/workdir" "-m" "1610612736" "--user" "0:0" "--network" "none" "ghcr.io/rust-lang/crates-build-env/linux@sha256:5ff2268d62e97bff2cde7d5815dd6ed5b47097566f13b8d0ca110b04b60e07ed" "/opt/rustwide/cargo-home/bin/cargo" "+beta-2023-04-20" "build" "--frozen" "--message-format=json", kill_on_drop: false }`
[INFO] [stdout] 94eaaf8ac6b970ec2c4c564f752def4018f5c96c30d763f768f45ab5c7439836
[INFO] running `Command { std: "docker" "start" "-a" "94eaaf8ac6b970ec2c4c564f752def4018f5c96c30d763f768f45ab5c7439836", kill_on_drop: false }`
[INFO] [stderr]    Compiling libc v0.2.17
[INFO] [stderr]    Compiling winapi-build v0.1.1
[INFO] [stderr]    Compiling semver v0.1.20
[INFO] [stderr]    Compiling quote v0.3.5
[INFO] [stderr]    Compiling log v0.3.6
[INFO] [stderr]    Compiling unicode-xid v0.0.3
[INFO] [stderr]    Compiling winapi v0.2.8
[INFO] [stderr]    Compiling cfg-if v0.1.0
[INFO] [stderr]    Compiling bitflags v0.4.0
[INFO] [stderr]    Compiling void v1.0.2
[INFO] [stderr]    Compiling utf8-ranges v0.1.3
[INFO] [stderr]    Compiling regex-syntax v0.3.9
[INFO] [stderr]    Compiling lazycell v0.4.0
[INFO] [stderr]    Compiling slab v0.3.0
[INFO] [stderr]    Compiling serde v0.8.18
[INFO] [stderr]    Compiling itoa v0.1.1
[INFO] [stderr]    Compiling scoped-tls v0.1.0
[INFO] [stderr]    Compiling dtoa v0.2.2
[INFO] [stderr]    Compiling crossbeam v0.2.10
[INFO] [stderr]    Compiling num-traits v0.1.36
[INFO] [stderr]    Compiling either v1.0.1
[INFO] [stderr]    Compiling syn v0.9.2
[INFO] [stderr]    Compiling futures v0.1.6 (https://github.com/alexcrichton/futures-rs#59e5c3ff)
[INFO] [stderr]    Compiling argparse v0.2.1
[INFO] [stderr]    Compiling rustc_version v0.1.7
[INFO] [stderr]    Compiling kernel32-sys v0.2.2
[INFO] [stderr]    Compiling byteorder v0.5.3
[INFO] [stderr]    Compiling memchr v0.1.11
[INFO] [stderr]    Compiling net2 v0.2.26
[INFO] [stderr]    Compiling num_cpus v1.1.0
[INFO] [stderr]    Compiling nom v1.2.4
[INFO] [stderr]    Compiling aho-corasick v0.5.3
[INFO] [stderr]    Compiling nix v0.7.0
[INFO] [stderr]    Compiling thread-id v2.0.0
[INFO] [stderr]    Compiling thread_local v0.2.7
[INFO] [stderr]    Compiling regex v0.1.80
[INFO] [stderr]    Compiling futures-cpupool v0.1.2 (https://github.com/alexcrichton/futures-rs#59e5c3ff)
[INFO] [stderr]    Compiling serde_codegen_internals v0.10.0
[INFO] [stderr]    Compiling post-expansion v0.1.0
[INFO] [stderr]    Compiling serde_codegen v0.8.17
[INFO] [stdout] error[E0463]: can't find crate for `syntax`
[INFO] [stdout]   --> /opt/rustwide/cargo-home/registry/src/index.crates.io-6f17d22bba15001f/serde_codegen-0.8.17/src/lib.rs:21:1
[INFO] [stdout]    |
[INFO] [stdout] 21 | extern crate syntax;
[INFO] [stdout]    | ^^^^^^^^^^^^^^^^^^^^ can't find crate
[INFO] [stdout] 
[INFO] [stdout] 
[INFO] [stdout] error[E0463]: can't find crate for `rustc_plugin`
[INFO] [stdout]   --> /opt/rustwide/cargo-home/registry/src/index.crates.io-6f17d22bba15001f/serde_codegen-0.8.17/src/lib.rs:24:1
[INFO] [stdout]    |
[INFO] [stdout] 24 | extern crate rustc_plugin;
[INFO] [stdout]    | ^^^^^^^^^^^^^^^^^^^^^^^^^^ can't find crate
[INFO] [stdout]    |
[INFO] [stdout]    = help: maybe you need to install the missing components with: `rustup component add rust-src rustc-dev llvm-tools-preview`
[INFO] [stdout] 
[INFO] [stdout] 
[INFO] [stdout] error[E0554]: `#![feature]` may not be used on the beta release channel
[INFO] [stdout]  --> /opt/rustwide/cargo-home/registry/src/index.crates.io-6f17d22bba15001f/serde_codegen-0.8.17/src/lib.rs:5:43
[INFO] [stdout]   |
[INFO] [stdout] 5 | #![cfg_attr(not(feature = "with-syntex"), feature(rustc_private, plugin))]
[INFO] [stdout]   |                                           ^^^^^^^^^^^^^^^^^^^^^^^^^^^^^^
[INFO] [stdout] 
[INFO] [stdout] 
[INFO] [stdout] error: aborting due to 3 previous errors
[INFO] [stdout] 
[INFO] [stdout] 
[INFO] [stdout] Some errors have detailed explanations: E0463, E0554.
[INFO] [stdout] 
[INFO] [stdout] For more information about an error, try `rustc --explain E0463`.
[INFO] [stdout] 
[INFO] [stderr] error: could not compile `serde_codegen` (lib) due to 4 previous errors
[INFO] [stderr] warning: build failed, waiting for other jobs to finish...
[INFO] running `Command { std: "docker" "inspect" "94eaaf8ac6b970ec2c4c564f752def4018f5c96c30d763f768f45ab5c7439836", kill_on_drop: false }`
[INFO] running `Command { std: "docker" "rm" "-f" "94eaaf8ac6b970ec2c4c564f752def4018f5c96c30d763f768f45ab5c7439836", kill_on_drop: false }`
[INFO] [stdout] 94eaaf8ac6b970ec2c4c564f752def4018f5c96c30d763f768f45ab5c7439836
