[INFO] cloning repository https://github.com/averycrespi/yolk-web
[INFO] running `Command { std: "git" "-c" "credential.helper=" "-c" "credential.helper=/workspace/cargo-home/bin/git-credential-null" "clone" "--bare" "https://github.com/averycrespi/yolk-web" "/workspace/cache/git-repos/https%3A%2F%2Fgithub.com%2Faverycrespi%2Fyolk-web", kill_on_drop: false }`
[INFO] [stderr] Cloning into bare repository '/workspace/cache/git-repos/https%3A%2F%2Fgithub.com%2Faverycrespi%2Fyolk-web'...
[INFO] running `Command { std: "git" "rev-parse" "HEAD", kill_on_drop: false }`
[INFO] [stdout] 4bb798d6c8632964cf4e506323feb1670a1c82ee
[INFO] testing averycrespi/yolk-web against 1.69.0 for beta-1.70-1
[INFO] running `Command { std: "git" "clone" "/workspace/cache/git-repos/https%3A%2F%2Fgithub.com%2Faverycrespi%2Fyolk-web" "/workspace/builds/worker-2-tc1/source", kill_on_drop: false }`
[INFO] [stderr] Cloning into '/workspace/builds/worker-2-tc1/source'...
[INFO] [stderr] done.
[INFO] validating manifest of git repo https://github.com/averycrespi/yolk-web on toolchain 1.69.0
[INFO] running `Command { std: CARGO_HOME="/workspace/cargo-home" RUSTUP_HOME="/workspace/rustup-home" "/workspace/cargo-home/bin/cargo" "+1.69.0" "metadata" "--manifest-path" "Cargo.toml" "--no-deps", kill_on_drop: false }`
[INFO] started tweaking git repo https://github.com/averycrespi/yolk-web
[INFO] finished tweaking git repo https://github.com/averycrespi/yolk-web
[INFO] tweaked toml for git repo https://github.com/averycrespi/yolk-web written to /workspace/builds/worker-2-tc1/source/Cargo.toml
[INFO] crate git repo https://github.com/averycrespi/yolk-web already has a lockfile, it will not be regenerated
[INFO] running `Command { std: CARGO_HOME="/workspace/cargo-home" RUSTUP_HOME="/workspace/rustup-home" "/workspace/cargo-home/bin/cargo" "+1.69.0" "fetch" "--manifest-path" "Cargo.toml", kill_on_drop: false }`
[INFO] [stderr]  Downloading crates ...
[INFO] [stderr]   Downloaded yolol_number v0.6.2
[INFO] [stderr]   Downloaded cylon_ast v0.3.2
[INFO] [stderr]   Downloaded yolol_number v0.7.0
[INFO] [stderr]   Downloaded built v0.3.2
[INFO] [stderr]   Downloaded yew-macro v0.8.0
[INFO] [stderr]   Downloaded yoloxide v0.4.3
[INFO] [stderr]   Downloaded yew v0.8.0
[INFO] [stderr]   Downloaded yolk v0.6.0
[INFO] running `Command { std: "docker" "create" "-v" "/var/lib/crater-agent-workspace/builds/worker-2-tc1/target:/opt/rustwide/target:rw,Z" "-v" "/var/lib/crater-agent-workspace/builds/worker-2-tc1/source:/opt/rustwide/workdir:ro,Z" "-v" "/var/lib/crater-agent-workspace/cargo-home:/opt/rustwide/cargo-home:ro,Z" "-v" "/var/lib/crater-agent-workspace/rustup-home:/opt/rustwide/rustup-home:ro,Z" "-e" "SOURCE_DIR=/opt/rustwide/workdir" "-e" "CARGO_TARGET_DIR=/opt/rustwide/target" "-e" "CARGO_HOME=/opt/rustwide/cargo-home" "-e" "RUSTUP_HOME=/opt/rustwide/rustup-home" "-w" "/opt/rustwide/workdir" "-m" "1610612736" "--user" "0:0" "--network" "none" "ghcr.io/rust-lang/crates-build-env/linux@sha256:5ff2268d62e97bff2cde7d5815dd6ed5b47097566f13b8d0ca110b04b60e07ed" "/opt/rustwide/cargo-home/bin/cargo" "+1.69.0" "metadata" "--no-deps" "--format-version=1", kill_on_drop: false }`
[INFO] [stdout] e7e3efa9f23857f7dc07c9a6ac729371653a4efb1af20819752089d14ec164bd
[INFO] running `Command { std: "docker" "start" "-a" "e7e3efa9f23857f7dc07c9a6ac729371653a4efb1af20819752089d14ec164bd", kill_on_drop: false }`
[INFO] running `Command { std: "docker" "inspect" "e7e3efa9f23857f7dc07c9a6ac729371653a4efb1af20819752089d14ec164bd", kill_on_drop: false }`
[INFO] running `Command { std: "docker" "rm" "-f" "e7e3efa9f23857f7dc07c9a6ac729371653a4efb1af20819752089d14ec164bd", kill_on_drop: false }`
[INFO] [stdout] e7e3efa9f23857f7dc07c9a6ac729371653a4efb1af20819752089d14ec164bd
[INFO] running `Command { std: "docker" "create" "-v" "/var/lib/crater-agent-workspace/builds/worker-2-tc1/target:/opt/rustwide/target:rw,Z" "-v" "/var/lib/crater-agent-workspace/builds/worker-2-tc1/source:/opt/rustwide/workdir:ro,Z" "-v" "/var/lib/crater-agent-workspace/cargo-home:/opt/rustwide/cargo-home:ro,Z" "-v" "/var/lib/crater-agent-workspace/rustup-home:/opt/rustwide/rustup-home:ro,Z" "-e" "SOURCE_DIR=/opt/rustwide/workdir" "-e" "CARGO_TARGET_DIR=/opt/rustwide/target" "-e" "CARGO_INCREMENTAL=0" "-e" "RUST_BACKTRACE=full" "-e" "RUSTFLAGS=--cap-lints=warn" "-e" "RUSTDOCFLAGS=--cap-lints=warn" "-e" "CARGO_HOME=/opt/rustwide/cargo-home" "-e" "RUSTUP_HOME=/opt/rustwide/rustup-home" "-w" "/opt/rustwide/workdir" "-m" "1610612736" "--user" "0:0" "--network" "none" "ghcr.io/rust-lang/crates-build-env/linux@sha256:5ff2268d62e97bff2cde7d5815dd6ed5b47097566f13b8d0ca110b04b60e07ed" "/opt/rustwide/cargo-home/bin/cargo" "+1.69.0" "build" "--frozen" "--message-format=json", kill_on_drop: false }`
[INFO] [stdout] 5503a1f99008d98c38d0b7cc311274a72f04b18761cb9bc35b40990f8ca66d32
[INFO] running `Command { std: "docker" "start" "-a" "5503a1f99008d98c38d0b7cc311274a72f04b18761cb9bc35b40990f8ca66d32", kill_on_drop: false }`
[INFO] [stderr]     Blocking waiting for file lock on package cache
[INFO] [stderr]    Compiling libc v0.2.68
[INFO] [stderr]    Compiling proc-macro2 v1.0.9
[INFO] [stderr]    Compiling unicode-xid v0.2.0
[INFO] [stderr]    Compiling syn v1.0.17
[INFO] [stderr]    Compiling autocfg v1.0.0
[INFO] [stderr]    Compiling serde v1.0.105
[INFO] [stderr]    Compiling pkg-config v0.3.17
[INFO] [stderr]    Compiling ryu v1.0.3
[INFO] [stderr]    Compiling cfg-if v0.1.10
[INFO] [stderr]    Compiling semver-parser v0.7.0
[INFO] [stderr]    Compiling bitflags v1.2.1
[INFO] [stderr]    Compiling itoa v0.4.5
[INFO] [stderr]    Compiling memchr v2.3.3
[INFO] [stderr]    Compiling lazy_static v1.4.0
[INFO] [stderr]    Compiling log v0.4.8
[INFO] [stderr]    Compiling matches v0.1.8
[INFO] [stderr]    Compiling smallvec v1.2.0
[INFO] [stderr]    Compiling unicode-bidi v0.3.4
[INFO] [stderr]    Compiling semver v0.9.0
[INFO] [stderr]    Compiling proc-macro2 v0.4.30
[INFO] [stderr]    Compiling byteorder v1.3.4
[INFO] [stderr]    Compiling unicode-normalization v0.1.12
[INFO] [stderr]    Compiling thread_local v1.0.1
[INFO] [stderr]    Compiling percent-encoding v2.1.0
[INFO] [stderr]    Compiling failure_derive v0.1.7
[INFO] [stderr]    Compiling num-traits v0.2.11
[INFO] [stderr]    Compiling num-integer v0.1.42
[INFO] [stderr]    Compiling aho-corasick v0.7.10
[INFO] [stderr]    Compiling ucd-trie v0.1.3
[INFO] [stderr]    Compiling regex-syntax v0.6.17
[INFO] [stderr]    Compiling unicode-xid v0.1.0
[INFO] [stderr]    Compiling rustc_version v0.2.3
[INFO] [stderr]    Compiling syn v0.15.44
[INFO] [stderr]    Compiling stdweb-internal-runtime v0.1.5
[INFO] [stderr]    Compiling maplit v1.0.2
[INFO] [stderr]    Compiling pest v2.1.3
[INFO] [stderr]    Compiling autocfg v0.1.7
[INFO] [stderr]    Compiling quote v1.0.3
[INFO] [stderr]    Compiling idna v0.2.0
[INFO] [stderr]    Compiling rustc-demangle v0.1.16
[INFO] [stderr]    Compiling indexmap v1.3.2
[INFO] [stderr]    Compiling proc-macro-nested v0.1.4
[INFO] [stderr]    Compiling stdweb v0.4.20
[INFO] [stderr]    Compiling base-x v0.2.6
[INFO] [stderr]    Compiling unicode-width v0.1.7
[INFO] [stderr]    Compiling jobserver v0.1.21
[INFO] [stderr]    Compiling time v0.1.42
[INFO] [stderr]    Compiling yew-macro v0.8.0
[INFO] [stderr]    Compiling quote v0.6.13
[INFO] [stderr]    Compiling iovec v0.1.4
[INFO] [stderr]    Compiling sha1 v0.6.0
[INFO] [stderr]    Compiling url v2.1.1
[INFO] [stderr]    Compiling bytes v0.4.12
[INFO] [stderr]    Compiling cc v1.0.50
[INFO] [stderr]    Compiling textwrap v0.11.0
[INFO] [stderr]    Compiling atty v0.2.14
[INFO] [stderr]    Compiling vec_map v0.8.1
[INFO] [stderr]    Compiling fnv v1.0.6
[INFO] [stderr]    Compiling discard v1.0.4
[INFO] [stderr]    Compiling yew v0.8.0
[INFO] [stderr]    Compiling chrono v0.4.11
[INFO] [stderr]    Compiling strsim v0.8.0
[INFO] [stderr]    Compiling boolinator v2.4.0
[INFO] [stderr]    Compiling proc-macro-hack v0.5.14
[INFO] [stderr]    Compiling ansi_term v0.11.0
[INFO] [stderr]    Compiling pest_meta v2.1.3
[INFO] [stderr]    Compiling http v0.1.21
[INFO] [stderr]    Compiling clap v2.33.0
[INFO] [stderr]    Compiling slab v0.4.2
[INFO] [stderr]    Compiling anymap v0.12.1
[INFO] [stderr]    Compiling libz-sys v1.0.25
[INFO] [stderr]    Compiling backtrace-sys v0.1.35
[INFO] [stderr]    Compiling libgit2-sys v0.9.2
[INFO] [stderr]    Compiling regex v1.3.6
[INFO] [stderr]    Compiling backtrace v0.3.46
[INFO] [stderr]    Compiling synstructure v0.12.3
[INFO] [stderr]    Compiling pest_generator v2.1.3
[INFO] [stderr]    Compiling git2 v0.10.2
[INFO] [stderr]    Compiling serde_derive v1.0.105
[INFO] [stderr]    Compiling pest_derive v2.1.0
[INFO] [stderr]    Compiling failure v0.1.7
[INFO] [stderr]    Compiling serde_json v1.0.48
[INFO] [stderr]    Compiling toml v0.5.6
[INFO] [stderr]    Compiling yolol_number v0.7.0
[INFO] [stderr]    Compiling bincode v1.0.1
[INFO] [stderr]    Compiling yolol_number v0.6.2
[INFO] [stdout] error[E0554]: `#![feature]` may not be used on the stable release channel
[INFO] [stdout]  --> /opt/rustwide/cargo-home/registry/src/github.com-1ecc6299db9ec823/yolol_number-0.7.0/src/lib.rs:2:1
[INFO] [stdout]   |
[INFO] [stdout] 2 | #![feature(trait_alias)]
[INFO] [stdout]   | ^^^^^^^^^^^^^^^^^^^^^^^^
[INFO] [stdout] 
[INFO] [stdout] 
[INFO] [stdout] error[E0554]: `#![feature]` may not be used on the stable release channel
[INFO] [stdout]  --> /opt/rustwide/cargo-home/registry/src/github.com-1ecc6299db9ec823/yolol_number-0.6.2/src/lib.rs:2:1
[INFO] [stdout]   |
[INFO] [stdout] 2 | #![feature(trait_alias)]
[INFO] [stdout]   | ^^^^^^^^^^^^^^^^^^^^^^^^
[INFO] [stdout] 
[INFO] [stdout] 
[INFO] [stderr]    Compiling stdweb-derive v0.5.3
[INFO] [stdout] error: aborting due to previous error
[INFO] [stdout] 
[INFO] [stdout] 
[INFO] [stdout] For more information about this error, try `rustc --explain E0554`.
[INFO] [stdout] 
[INFO] [stderr] error: could not compile `yolol_number` due to 2 previous errors
[INFO] [stderr] warning: build failed, waiting for other jobs to finish...
[INFO] [stdout] error[E0599]: no function or associated item named `zero` found for struct `number::YololNumber` in the current scope
[INFO] [stdout]    --> /opt/rustwide/cargo-home/registry/src/github.com-1ecc6299db9ec823/yolol_number-0.6.2/src/number/ops.rs:156:19
[INFO] [stdout]     |
[INFO] [stdout] 156 |             Self::zero()
[INFO] [stdout]     |                   ^^^^ function or associated item not found in `YololNumber<T>`
[INFO] [stdout]     |
[INFO] [stdout]    ::: /opt/rustwide/cargo-home/registry/src/github.com-1ecc6299db9ec823/yolol_number-0.6.2/src/number.rs:22:1
[INFO] [stdout]     |
[INFO] [stdout] 22  | pub struct YololNumber<T: YololOps>(T);
[INFO] [stdout]     | ----------------------------------- function or associated item `zero` not found for this struct
[INFO] [stdout]     |
[INFO] [stdout]     = help: items from traits can only be used if the trait is in scope
[INFO] [stdout] help: the following trait is implemented but not in scope; perhaps add a `use` for it:
[INFO] [stdout]     |
[INFO] [stdout] 1   | use num_traits::Zero;
[INFO] [stdout]     |
[INFO] [stdout] 
[INFO] [stdout] 
[INFO] [stdout] error[E0599]: no function or associated item named `one` found for struct `number::YololNumber` in the current scope
[INFO] [stdout]    --> /opt/rustwide/cargo-home/registry/src/github.com-1ecc6299db9ec823/yolol_number-0.6.2/src/number/ops.rs:168:19
[INFO] [stdout]     |
[INFO] [stdout] 168 |             Self::one()
[INFO] [stdout]     |                   ^^^ function or associated item not found in `YololNumber<T>`
[INFO] [stdout]     |
[INFO] [stdout]    ::: /opt/rustwide/cargo-home/registry/src/github.com-1ecc6299db9ec823/yolol_number-0.6.2/src/number.rs:22:1
[INFO] [stdout]     |
[INFO] [stdout] 22  | pub struct YololNumber<T: YololOps>(T);
[INFO] [stdout]     | ----------------------------------- function or associated item `one` not found for this struct
[INFO] [stdout]     |
[INFO] [stdout]     = help: items from traits can only be used if the trait is in scope
[INFO] [stdout] help: the following trait is implemented but not in scope; perhaps add a `use` for it:
[INFO] [stdout]     |
[INFO] [stdout] 1   | use num_traits::One;
[INFO] [stdout]     |
[INFO] [stdout] 
[INFO] [stdout] 
[INFO] [stdout] error[E0599]: no function or associated item named `one` found for struct `number::YololNumber` in the current scope
[INFO] [stdout]    --> /opt/rustwide/cargo-home/registry/src/github.com-1ecc6299db9ec823/yolol_number-0.6.2/src/number/ops.rs:172:20
[INFO] [stdout]     |
[INFO] [stdout] 172 |             -Self::one()
[INFO] [stdout]     |                    ^^^ function or associated item not found in `YololNumber<T>`
[INFO] [stdout]     |
[INFO] [stdout]    ::: /opt/rustwide/cargo-home/registry/src/github.com-1ecc6299db9ec823/yolol_number-0.6.2/src/number.rs:22:1
[INFO] [stdout]     |
[INFO] [stdout] 22  | pub struct YololNumber<T: YololOps>(T);
[INFO] [stdout]     | ----------------------------------- function or associated item `one` not found for this struct
[INFO] [stdout]     |
[INFO] [stdout]     = help: items from traits can only be used if the trait is in scope
[INFO] [stdout] help: the following trait is implemented but not in scope; perhaps add a `use` for it:
[INFO] [stdout]     |
[INFO] [stdout] 1   | use num_traits::One;
[INFO] [stdout]     |
[INFO] [stdout] 
[INFO] [stdout] 
[INFO] [stdout] error[E0599]: no function or associated item named `zero` found for struct `number::YololNumber` in the current scope
[INFO] [stdout]    --> /opt/rustwide/cargo-home/registry/src/github.com-1ecc6299db9ec823/yolol_number-0.6.2/src/number/ops.rs:176:19
[INFO] [stdout]     |
[INFO] [stdout] 176 |             Self::zero()
[INFO] [stdout]     |                   ^^^^ function or associated item not found in `YololNumber<T>`
[INFO] [stdout]     |
[INFO] [stdout]    ::: /opt/rustwide/cargo-home/registry/src/github.com-1ecc6299db9ec823/yolol_number-0.6.2/src/number.rs:22:1
[INFO] [stdout]     |
[INFO] [stdout] 22  | pub struct YololNumber<T: YololOps>(T);
[INFO] [stdout]     | ----------------------------------- function or associated item `zero` not found for this struct
[INFO] [stdout]     |
[INFO] [stdout]     = help: items from traits can only be used if the trait is in scope
[INFO] [stdout] help: the following trait is implemented but not in scope; perhaps add a `use` for it:
[INFO] [stdout]     |
[INFO] [stdout] 1   | use num_traits::Zero;
[INFO] [stdout]     |
[INFO] [stdout] 
[INFO] [stdout] 
[INFO] [stdout] error[E0599]: no function or associated item named `zero` found for struct `number::YololNumber` in the current scope
[INFO] [stdout]    --> /opt/rustwide/cargo-home/registry/src/github.com-1ecc6299db9ec823/yolol_number-0.6.2/src/number/ops.rs:185:23
[INFO] [stdout]     |
[INFO] [stdout] 185 |         self > &Self::zero()
[INFO] [stdout]     |                       ^^^^ function or associated item not found in `YololNumber<T>`
[INFO] [stdout]     |
[INFO] [stdout]    ::: /opt/rustwide/cargo-home/registry/src/github.com-1ecc6299db9ec823/yolol_number-0.6.2/src/number.rs:22:1
[INFO] [stdout]     |
[INFO] [stdout] 22  | pub struct YololNumber<T: YololOps>(T);
[INFO] [stdout]     | ----------------------------------- function or associated item `zero` not found for this struct
[INFO] [stdout]     |
[INFO] [stdout]     = help: items from traits can only be used if the trait is in scope
[INFO] [stdout] help: the following trait is implemented but not in scope; perhaps add a `use` for it:
[INFO] [stdout]     |
[INFO] [stdout] 1   | use num_traits::Zero;
[INFO] [stdout]     |
[INFO] [stdout] 
[INFO] [stdout] 
[INFO] [stdout] error[E0599]: no function or associated item named `zero` found for struct `number::YololNumber` in the current scope
[INFO] [stdout]    --> /opt/rustwide/cargo-home/registry/src/github.com-1ecc6299db9ec823/yolol_number-0.6.2/src/number/ops.rs:193:23
[INFO] [stdout]     |
[INFO] [stdout] 193 |         self < &Self::zero()
[INFO] [stdout]     |                       ^^^^ function or associated item not found in `YololNumber<T>`
[INFO] [stdout]     |
[INFO] [stdout]    ::: /opt/rustwide/cargo-home/registry/src/github.com-1ecc6299db9ec823/yolol_number-0.6.2/src/number.rs:22:1
[INFO] [stdout]     |
[INFO] [stdout] 22  | pub struct YololNumber<T: YololOps>(T);
[INFO] [stdout]     | ----------------------------------- function or associated item `zero` not found for this struct
[INFO] [stdout]     |
[INFO] [stdout]     = help: items from traits can only be used if the trait is in scope
[INFO] [stdout] help: the following trait is implemented but not in scope; perhaps add a `use` for it:
[INFO] [stdout]     |
[INFO] [stdout] 1   | use num_traits::Zero;
[INFO] [stdout]     |
[INFO] [stdout] 
[INFO] [stdout] 
[INFO] [stdout] error[E0599]: no function or associated item named `one` found for struct `number::YololNumber` in the current scope
[INFO] [stdout]   --> /opt/rustwide/cargo-home/registry/src/github.com-1ecc6299db9ec823/yolol_number-0.6.2/src/number.rs:65:22
[INFO] [stdout]    |
[INFO] [stdout] 22 | pub struct YololNumber<T: YololOps>(T);
[INFO] [stdout]    | ----------------------------------- function or associated item `one` not found for this struct
[INFO] [stdout] ...
[INFO] [stdout] 65 |         YololNumber::one()
[INFO] [stdout]    |                      ^^^ function or associated item not found in `YololNumber<_>`
[INFO] [stdout]    |
[INFO] [stdout]    = help: items from traits can only be used if the trait is in scope
[INFO] [stdout] help: the following trait is implemented but not in scope; perhaps add a `use` for it:
[INFO] [stdout]    |
[INFO] [stdout] 1  | use num_traits::One;
[INFO] [stdout]    |
[INFO] [stdout] 
[INFO] [stdout] 
[INFO] [stdout] error[E0599]: no function or associated item named `zero` found for struct `number::YololNumber` in the current scope
[INFO] [stdout]   --> /opt/rustwide/cargo-home/registry/src/github.com-1ecc6299db9ec823/yolol_number-0.6.2/src/number.rs:71:22
[INFO] [stdout]    |
[INFO] [stdout] 22 | pub struct YololNumber<T: YololOps>(T);
[INFO] [stdout]    | ----------------------------------- function or associated item `zero` not found for this struct
[INFO] [stdout] ...
[INFO] [stdout] 71 |         YololNumber::zero()
[INFO] [stdout]    |                      ^^^^ function or associated item not found in `YololNumber<_>`
[INFO] [stdout]    |
[INFO] [stdout]    = help: items from traits can only be used if the trait is in scope
[INFO] [stdout] help: the following trait is implemented but not in scope; perhaps add a `use` for it:
[INFO] [stdout]    |
[INFO] [stdout] 1  | use num_traits::Zero;
[INFO] [stdout]    |
[INFO] [stdout] 
[INFO] [stdout] 
[INFO] [stdout] error: aborting due to 9 previous errors
[INFO] [stdout] 
[INFO] [stdout] 
[INFO] [stdout] Some errors have detailed explanations: E0554, E0599.
[INFO] [stdout] 
[INFO] [stdout] For more information about an error, try `rustc --explain E0554`.
[INFO] [stdout] 
[INFO] [stderr] error: could not compile `yolol_number` due to 10 previous errors
[INFO] running `Command { std: "docker" "inspect" "5503a1f99008d98c38d0b7cc311274a72f04b18761cb9bc35b40990f8ca66d32", kill_on_drop: false }`
[INFO] running `Command { std: "docker" "rm" "-f" "5503a1f99008d98c38d0b7cc311274a72f04b18761cb9bc35b40990f8ca66d32", kill_on_drop: false }`
[INFO] [stdout] 5503a1f99008d98c38d0b7cc311274a72f04b18761cb9bc35b40990f8ca66d32
