[INFO] cloning repository https://github.com/austudio-team/austudio-template-server
[INFO] running `Command { std: "git" "-c" "credential.helper=" "-c" "credential.helper=/workspace/cargo-home/bin/git-credential-null" "clone" "--bare" "https://github.com/austudio-team/austudio-template-server" "/workspace/cache/git-repos/https%3A%2F%2Fgithub.com%2Faustudio-team%2Faustudio-template-server", kill_on_drop: false }`
[INFO] [stderr] Cloning into bare repository '/workspace/cache/git-repos/https%3A%2F%2Fgithub.com%2Faustudio-team%2Faustudio-template-server'...
[INFO] running `Command { std: "git" "rev-parse" "HEAD", kill_on_drop: false }`
[INFO] [stdout] 622adb228983be4abd711fc82f09fe35bce97fef
[INFO] testing austudio-team/austudio-template-server against 1.69.0 for beta-1.70-1
[INFO] running `Command { std: "git" "clone" "/workspace/cache/git-repos/https%3A%2F%2Fgithub.com%2Faustudio-team%2Faustudio-template-server" "/workspace/builds/worker-4-tc1/source", kill_on_drop: false }`
[INFO] [stderr] Cloning into '/workspace/builds/worker-4-tc1/source'...
[INFO] [stderr] done.
[INFO] validating manifest of git repo https://github.com/austudio-team/austudio-template-server on toolchain 1.69.0
[INFO] running `Command { std: CARGO_HOME="/workspace/cargo-home" RUSTUP_HOME="/workspace/rustup-home" "/workspace/cargo-home/bin/cargo" "+1.69.0" "metadata" "--manifest-path" "Cargo.toml" "--no-deps", kill_on_drop: false }`
[INFO] started tweaking git repo https://github.com/austudio-team/austudio-template-server
[INFO] finished tweaking git repo https://github.com/austudio-team/austudio-template-server
[INFO] tweaked toml for git repo https://github.com/austudio-team/austudio-template-server written to /workspace/builds/worker-4-tc1/source/Cargo.toml
[INFO] crate git repo https://github.com/austudio-team/austudio-template-server already has a lockfile, it will not be regenerated
[INFO] running `Command { std: CARGO_HOME="/workspace/cargo-home" RUSTUP_HOME="/workspace/rustup-home" "/workspace/cargo-home/bin/cargo" "+1.69.0" "fetch" "--manifest-path" "Cargo.toml", kill_on_drop: false }`
[INFO] [stderr]     Blocking waiting for file lock on package cache
[INFO] [stderr]  Downloading crates ...
[INFO] [stderr]   Downloaded actix-connect v1.0.1
[INFO] [stderr]   Downloaded actix-utils v1.0.4
[INFO] [stderr]   Downloaded pin-project v0.4.6
[INFO] [stderr]   Downloaded pin-project-internal v0.4.6
[INFO] [stderr]   Downloaded validator_derive v0.8.0
[INFO] [stderr]   Downloaded ucd-util v0.1.7
[INFO] [stderr]   Downloaded validator v0.8.0
[INFO] [stderr]   Downloaded actix-files v0.2.1
[INFO] [stderr]   Downloaded actix-service v1.0.1
[INFO] [stderr]   Downloaded actix-multipart v0.2.0
[INFO] [stderr]   Downloaded bytestring v0.1.2
[INFO] running `Command { std: "docker" "create" "-v" "/var/lib/crater-agent-workspace/builds/worker-4-tc1/target:/opt/rustwide/target:rw,Z" "-v" "/var/lib/crater-agent-workspace/builds/worker-4-tc1/source:/opt/rustwide/workdir:ro,Z" "-v" "/var/lib/crater-agent-workspace/cargo-home:/opt/rustwide/cargo-home:ro,Z" "-v" "/var/lib/crater-agent-workspace/rustup-home:/opt/rustwide/rustup-home:ro,Z" "-e" "SOURCE_DIR=/opt/rustwide/workdir" "-e" "CARGO_TARGET_DIR=/opt/rustwide/target" "-e" "CARGO_HOME=/opt/rustwide/cargo-home" "-e" "RUSTUP_HOME=/opt/rustwide/rustup-home" "-w" "/opt/rustwide/workdir" "-m" "1610612736" "--user" "0:0" "--network" "none" "ghcr.io/rust-lang/crates-build-env/linux@sha256:97d61d7686bf65f8ecb15491ab51835e82dc9176a96a831f143a431b191fc501" "/opt/rustwide/cargo-home/bin/cargo" "+1.69.0" "metadata" "--no-deps" "--format-version=1", kill_on_drop: false }`
[INFO] [stdout] 79cd7ee4f2f55af0128a7f76c88d8d5dd215adaae92ee6dcfc96b1a315443a9f
[INFO] running `Command { std: "docker" "start" "-a" "79cd7ee4f2f55af0128a7f76c88d8d5dd215adaae92ee6dcfc96b1a315443a9f", kill_on_drop: false }`
[INFO] running `Command { std: "docker" "inspect" "79cd7ee4f2f55af0128a7f76c88d8d5dd215adaae92ee6dcfc96b1a315443a9f", kill_on_drop: false }`
[INFO] running `Command { std: "docker" "rm" "-f" "79cd7ee4f2f55af0128a7f76c88d8d5dd215adaae92ee6dcfc96b1a315443a9f", kill_on_drop: false }`
[INFO] [stdout] 79cd7ee4f2f55af0128a7f76c88d8d5dd215adaae92ee6dcfc96b1a315443a9f
[INFO] running `Command { std: "docker" "create" "-v" "/var/lib/crater-agent-workspace/builds/worker-4-tc1/target:/opt/rustwide/target:rw,Z" "-v" "/var/lib/crater-agent-workspace/builds/worker-4-tc1/source:/opt/rustwide/workdir:ro,Z" "-v" "/var/lib/crater-agent-workspace/cargo-home:/opt/rustwide/cargo-home:ro,Z" "-v" "/var/lib/crater-agent-workspace/rustup-home:/opt/rustwide/rustup-home:ro,Z" "-e" "SOURCE_DIR=/opt/rustwide/workdir" "-e" "CARGO_TARGET_DIR=/opt/rustwide/target" "-e" "CARGO_INCREMENTAL=0" "-e" "RUST_BACKTRACE=full" "-e" "RUSTFLAGS=--cap-lints=warn" "-e" "RUSTDOCFLAGS=--cap-lints=warn" "-e" "CARGO_HOME=/opt/rustwide/cargo-home" "-e" "RUSTUP_HOME=/opt/rustwide/rustup-home" "-w" "/opt/rustwide/workdir" "-m" "1610612736" "--user" "0:0" "--network" "none" "ghcr.io/rust-lang/crates-build-env/linux@sha256:97d61d7686bf65f8ecb15491ab51835e82dc9176a96a831f143a431b191fc501" "/opt/rustwide/cargo-home/bin/cargo" "+1.69.0" "build" "--frozen" "--message-format=json", kill_on_drop: false }`
[INFO] [stdout] 65e81386bf04e8ab5baf58a7861c494e604b0beb498f889f108082950aac541d
[INFO] running `Command { std: "docker" "start" "-a" "65e81386bf04e8ab5baf58a7861c494e604b0beb498f889f108082950aac541d", kill_on_drop: false }`
[INFO] [stderr]    Compiling libc v0.2.66
[INFO] [stderr]    Compiling proc-macro2 v1.0.7
[INFO] [stderr]    Compiling unicode-xid v0.2.0
[INFO] [stderr]    Compiling syn v1.0.13
[INFO] [stderr]    Compiling cfg-if v0.1.10
[INFO] [stderr]    Compiling memchr v2.2.1
[INFO] [stderr]    Compiling lazy_static v1.4.0
[INFO] [stderr]    Compiling smallvec v1.1.0
[INFO] [stderr]    Compiling slab v0.4.2
[INFO] [stderr]    Compiling futures-core v0.3.1
[INFO] [stderr]    Compiling cc v1.0.48
[INFO] [stderr]    Compiling log v0.4.8
[INFO] [stderr]    Compiling futures-sink v0.3.1
[INFO] [stderr]    Compiling autocfg v0.1.7
[INFO] [stderr]    Compiling proc-macro-nested v0.1.3
[INFO] [stderr]    Compiling bytes v0.5.3
[INFO] [stderr]    Compiling fnv v1.0.6
[INFO] [stderr]    Compiling futures-task v0.3.1
[INFO] [stderr]    Compiling arc-swap v0.4.4
[INFO] [stderr]    Compiling futures-channel v0.3.1
[INFO] [stderr] LLVM ERROR: IO failure on output stream: No space left on device
[INFO] [stderr] LLVM ERROR: IO failure on output stream: No space left on device
[INFO] [stderr] LLVM ERROR: IO failure on output stream: No space left on device
[INFO] [stderr] LLVM ERROR: IO failure on output stream: No space left on device
[INFO] [stderr] LLVM ERROR: IO failure on output stream: No space left on device
[INFO] [stderr] error: could not compile `proc-macro2`
[INFO] [stderr] warning: build failed, waiting for other jobs to finish...
[INFO] [stderr] error: could not compile `futures-core`
[INFO] [stderr] error: could not compile `memchr`
[INFO] [stderr] error: could not compile `log`
[INFO] [stderr] LLVM ERROR: IO failure on output stream: No space left on device
[INFO] [stderr] thread 'rustc' panicked at 'assertion failed: pos.get() <= self.position()', compiler/rustc_metadata/src/rmeta/encoder.rs:454:9
[INFO] [stderr] error: could not compile `syn`
[INFO] [stderr] LLVM ERROR: IO failure on output stream: No space left on device
[INFO] [stderr] error: could not compile `libc`
[INFO] [stderr] error: could not compile `proc-macro-nested`
[INFO] [stdout] error: couldn't create a temp dir: No space left on device (os error 28) at path "/opt/rustwide/target/debug/deps/rmetaWWjNNu"
[INFO] [stdout] 
[INFO] [stdout] 
[INFO] [stdout] error: couldn't create a temp dir: No space left on device (os error 28) at path "/opt/rustwide/target/debug/deps/rmetayXKxnC"
[INFO] [stdout] 
[INFO] [stdout] 
[INFO] [stderr] error: could not compile `slab` due to previous error
[INFO] [stderr] error: could not compile `fnv` due to previous error
[INFO] [stderr] error: could not compile `autocfg`
[INFO] [stderr] thread 'rustc' panicked at 'assertion failed: pos.get() <= self.position()', compiler/rustc_metadata/src/rmeta/encoder.rs:435:9
[INFO] [stdout] error: couldn't create a temp dir: No space left on device (os error 28) at path "/opt/rustwide/target/debug/deps/rmetawNQoMX"
[INFO] [stdout] 
[INFO] [stdout] 
[INFO] [stderr] error: could not compile `futures-task` due to previous error
[INFO] [stderr] error: could not compile `smallvec`
[INFO] [stderr] thread 'rustc' panicked at 'make sure that the calls to `lazy*` are in the same order as the metadata fields', compiler/rustc_metadata/src/rmeta/encoder.rs:412:17
[INFO] [stdout] error: couldn't create a temp dir: No space left on device (os error 28) at path "/opt/rustwide/target/debug/deps/rmetaQwIaK8"
[INFO] [stdout] 
[INFO] [stdout] 
[INFO] [stderr] error: could not compile `arc-swap` due to previous error
[INFO] [stdout] error: couldn't create a temp dir: No space left on device (os error 28) at path "/opt/rustwide/target/debug/deps/rmetalhTlMR"
[INFO] [stdout] 
[INFO] [stdout] 
[INFO] [stdout] error: couldn't create a temp dir: No space left on device (os error 28) at path "/opt/rustwide/target/debug/deps/rmetafFtiGW"
[INFO] [stdout] 
[INFO] [stdout] 
[INFO] [stderr] error: could not compile `cc` due to previous error
[INFO] [stderr] error: could not compile `bytes` due to previous error
[INFO] [stderr] error: could not compile `futures-channel`
[INFO] running `Command { std: "docker" "inspect" "65e81386bf04e8ab5baf58a7861c494e604b0beb498f889f108082950aac541d", kill_on_drop: false }`
[INFO] running `Command { std: "docker" "rm" "-f" "65e81386bf04e8ab5baf58a7861c494e604b0beb498f889f108082950aac541d", kill_on_drop: false }`
[INFO] [stdout] 65e81386bf04e8ab5baf58a7861c494e604b0beb498f889f108082950aac541d
