[INFO] cloning repository https://github.com/attaca/attaca
[INFO] running `Command { std: "git" "-c" "credential.helper=" "-c" "credential.helper=/workspace/cargo-home/bin/git-credential-null" "clone" "--bare" "https://github.com/attaca/attaca" "/workspace/cache/git-repos/https%3A%2F%2Fgithub.com%2Fattaca%2Fattaca", kill_on_drop: false }`
[INFO] [stderr] Cloning into bare repository '/workspace/cache/git-repos/https%3A%2F%2Fgithub.com%2Fattaca%2Fattaca'...
[INFO] running `Command { std: "git" "rev-parse" "HEAD", kill_on_drop: false }`
[INFO] [stdout] 865df52c16599c50b33e86dbbff115eae772f94a
[INFO] testing attaca/attaca against 1.69.0 for beta-1.70-1
[INFO] running `Command { std: "git" "clone" "/workspace/cache/git-repos/https%3A%2F%2Fgithub.com%2Fattaca%2Fattaca" "/workspace/builds/worker-7-tc1/source", kill_on_drop: false }`
[INFO] [stderr] Cloning into '/workspace/builds/worker-7-tc1/source'...
[INFO] [stderr] done.
[INFO] validating manifest of git repo https://github.com/attaca/attaca on toolchain 1.69.0
[INFO] running `Command { std: CARGO_HOME="/workspace/cargo-home" RUSTUP_HOME="/workspace/rustup-home" "/workspace/cargo-home/bin/cargo" "+1.69.0" "metadata" "--manifest-path" "Cargo.toml" "--no-deps", kill_on_drop: false }`
[INFO] started tweaking git repo https://github.com/attaca/attaca
[INFO] finished tweaking git repo https://github.com/attaca/attaca
[INFO] tweaked toml for git repo https://github.com/attaca/attaca written to /workspace/builds/worker-7-tc1/source/Cargo.toml
[INFO] crate git repo https://github.com/attaca/attaca already has a lockfile, it will not be regenerated
[INFO] running `Command { std: CARGO_HOME="/workspace/cargo-home" RUSTUP_HOME="/workspace/rustup-home" "/workspace/cargo-home/bin/cargo" "+1.69.0" "fetch" "--manifest-path" "Cargo.toml", kill_on_drop: false }`
[INFO] [stderr]     Updating git repository `https://github.com/sdleffler/owning-ref-rs`
[INFO] [stderr]  Downloading crates ...
[INFO] [stderr]   Downloaded take_mut v0.2.0
[INFO] [stderr]   Downloaded futures-await-async-macro v0.1.1
[INFO] [stderr]   Downloaded futures-await-quote v0.4.0
[INFO] [stderr]   Downloaded futures-await-syn v0.12.0
[INFO] [stderr]   Downloaded uuid v0.3.1
[INFO] [stderr]   Downloaded peg v0.5.4
[INFO] [stderr]   Downloaded ntriple v0.1.1
[INFO] [stderr]   Downloaded num-traits v0.2.0
[INFO] [stderr]   Downloaded itertools v0.7.6
[INFO] [stderr]   Downloaded globset v0.3.0
[INFO] [stderr]   Downloaded futures-await-synom v0.12.0
[INFO] [stderr]   Downloaded tempdir v0.3.6
[INFO] [stderr]   Downloaded futures-await-await-macro v0.1.0
[INFO] [stderr]   Downloaded futures-await v0.1.0
[INFO] [stderr]   Downloaded objpool v0.2.0
[INFO] [stderr]   Downloaded remove_dir_all v0.3.0
[INFO] [stderr]   Downloaded parking_lot v0.5.3
[INFO] [stderr]   Downloaded uuid v0.6.1
[INFO] [stderr]   Downloaded syn v0.12.13
[INFO] [stderr]   Downloaded hex v0.3.1
[INFO] [stderr]   Downloaded cc v1.0.4
[INFO] [stderr]   Downloaded thread-id v3.2.0
[INFO] [stderr]   Downloaded parking_lot_core v0.2.10
[INFO] [stderr]   Downloaded atty v0.2.6
[INFO] [stderr]   Downloaded num-iter v0.1.35
[INFO] [stderr]   Downloaded digest v0.7.2
[INFO] [stderr]   Downloaded regex v0.2.6
[INFO] [stderr]   Downloaded derive_builder_core v0.2.0
[INFO] [stderr]   Downloaded derive_builder v0.5.1
[INFO] [stderr]   Downloaded im v9.0.0
[INFO] [stderr]   Downloaded arrayref v0.3.4
[INFO] [stderr]   Downloaded typenum v1.9.0
[INFO] [stderr]   Downloaded ffi-pool v0.1.1
[INFO] [stderr]   Downloaded backtrace-sys v0.1.16
[INFO] [stderr]   Downloaded base64 v0.9.0
[INFO] [stderr]   Downloaded time v0.1.39
[INFO] [stderr]   Downloaded backtrace v0.3.5
[INFO] [stderr]   Downloaded leveldb-sys v2.0.1
[INFO] [stderr]   Downloaded ceph-rust v0.1.17
[INFO] [stderr]   Downloaded smallvec v0.6.0
[INFO] [stderr]   Downloaded quick-error v1.2.1
[INFO] [stderr]   Downloaded sha3 v0.7.2
[INFO] [stderr]   Downloaded structopt-derive v0.2.3
[INFO] [stderr]   Downloaded leveldb v0.8.4
[INFO] [stderr]   Downloaded rad v0.5.0
[INFO] [stderr]   Downloaded ansi_term v0.10.2
[INFO] [stderr]   Downloaded ignore v0.4.1
[INFO] [stderr]   Downloaded capnpc v0.8.8
[INFO] [stderr]   Downloaded proptest v0.5.0
[INFO] [stderr]   Downloaded structopt v0.2.3
[INFO] [stderr]   Downloaded leb128 v0.2.2
[INFO] [stderr]   Downloaded clap v2.30.0
[INFO] [stderr]   Downloaded capnp v0.8.15
[INFO] running `Command { std: "docker" "create" "-v" "/var/lib/crater-agent-workspace/builds/worker-7-tc1/target:/opt/rustwide/target:rw,Z" "-v" "/var/lib/crater-agent-workspace/builds/worker-7-tc1/source:/opt/rustwide/workdir:ro,Z" "-v" "/var/lib/crater-agent-workspace/cargo-home:/opt/rustwide/cargo-home:ro,Z" "-v" "/var/lib/crater-agent-workspace/rustup-home:/opt/rustwide/rustup-home:ro,Z" "-e" "SOURCE_DIR=/opt/rustwide/workdir" "-e" "CARGO_TARGET_DIR=/opt/rustwide/target" "-e" "CARGO_HOME=/opt/rustwide/cargo-home" "-e" "RUSTUP_HOME=/opt/rustwide/rustup-home" "-w" "/opt/rustwide/workdir" "-m" "1610612736" "--user" "0:0" "--network" "none" "ghcr.io/rust-lang/crates-build-env/linux@sha256:97d61d7686bf65f8ecb15491ab51835e82dc9176a96a831f143a431b191fc501" "/opt/rustwide/cargo-home/bin/cargo" "+1.69.0" "metadata" "--no-deps" "--format-version=1", kill_on_drop: false }`
[INFO] [stdout] 04c56ad99255b5d432c8d1b0724fbc25a55b09a27ad95928dc440e1c86c06b2a
[INFO] running `Command { std: "docker" "start" "-a" "04c56ad99255b5d432c8d1b0724fbc25a55b09a27ad95928dc440e1c86c06b2a", kill_on_drop: false }`
[INFO] running `Command { std: "docker" "inspect" "04c56ad99255b5d432c8d1b0724fbc25a55b09a27ad95928dc440e1c86c06b2a", kill_on_drop: false }`
[INFO] running `Command { std: "docker" "rm" "-f" "04c56ad99255b5d432c8d1b0724fbc25a55b09a27ad95928dc440e1c86c06b2a", kill_on_drop: false }`
[INFO] [stdout] 04c56ad99255b5d432c8d1b0724fbc25a55b09a27ad95928dc440e1c86c06b2a
[INFO] running `Command { std: "docker" "create" "-v" "/var/lib/crater-agent-workspace/builds/worker-7-tc1/target:/opt/rustwide/target:rw,Z" "-v" "/var/lib/crater-agent-workspace/builds/worker-7-tc1/source:/opt/rustwide/workdir:ro,Z" "-v" "/var/lib/crater-agent-workspace/cargo-home:/opt/rustwide/cargo-home:ro,Z" "-v" "/var/lib/crater-agent-workspace/rustup-home:/opt/rustwide/rustup-home:ro,Z" "-e" "SOURCE_DIR=/opt/rustwide/workdir" "-e" "CARGO_TARGET_DIR=/opt/rustwide/target" "-e" "CARGO_INCREMENTAL=0" "-e" "RUST_BACKTRACE=full" "-e" "RUSTFLAGS=--cap-lints=warn" "-e" "RUSTDOCFLAGS=--cap-lints=warn" "-e" "CARGO_HOME=/opt/rustwide/cargo-home" "-e" "RUSTUP_HOME=/opt/rustwide/rustup-home" "-w" "/opt/rustwide/workdir" "-m" "1610612736" "--user" "0:0" "--network" "none" "ghcr.io/rust-lang/crates-build-env/linux@sha256:97d61d7686bf65f8ecb15491ab51835e82dc9176a96a831f143a431b191fc501" "/opt/rustwide/cargo-home/bin/cargo" "+1.69.0" "build" "--frozen" "--message-format=json", kill_on_drop: false }`
[INFO] [stdout] ceba6ecaf7d2c74793ffba93c8a38514963d3382d31534e130659a50422fcb66
[INFO] running `Command { std: "docker" "start" "-a" "ceba6ecaf7d2c74793ffba93c8a38514963d3382d31534e130659a50422fcb66", kill_on_drop: false }`
[INFO] [stderr]    Compiling libc v0.2.36
[INFO] [stderr]    Compiling quote v0.3.15
[INFO] [stderr]    Compiling unicode-xid v0.0.4
[INFO] [stderr]    Compiling cc v1.0.4
[INFO] [stderr]    Compiling typenum v1.9.0
[INFO] [stderr]    Compiling semver-parser v0.7.0
[INFO] [stderr]    Compiling num-traits v0.2.0
[INFO] [stderr]    Compiling proc-macro2 v0.1.10
[INFO] [stdout] error[E0433]: failed to resolve: could not find `TokenNode` in `proc_macro`
[INFO] [stdout]    --> /opt/rustwide/cargo-home/registry/src/github.com-1ecc6299db9ec823/proc-macro2-0.1.10/src/unstable.rs:125:29
[INFO] [stdout]     |
[INFO] [stdout] 125 |                 proc_macro::TokenNode::Group(delim, s) => {
[INFO] [stdout]     |                             ^^^^^^^^^ could not find `TokenNode` in `proc_macro`
[INFO] [stdout] 
[INFO] [stdout] 
[INFO] [stdout] error[E0433]: failed to resolve: could not find `TokenNode` in `proc_macro`
[INFO] [stdout]    --> /opt/rustwide/cargo-home/registry/src/github.com-1ecc6299db9ec823/proc-macro2-0.1.10/src/unstable.rs:134:29
[INFO] [stdout]     |
[INFO] [stdout] 134 |                 proc_macro::TokenNode::Op(ch, kind) => {
[INFO] [stdout]     |                             ^^^^^^^^^ could not find `TokenNode` in `proc_macro`
[INFO] [stdout] 
[INFO] [stdout] 
[INFO] [stdout] error[E0433]: failed to resolve: could not find `TokenNode` in `proc_macro`
[INFO] [stdout]    --> /opt/rustwide/cargo-home/registry/src/github.com-1ecc6299db9ec823/proc-macro2-0.1.10/src/unstable.rs:141:29
[INFO] [stdout]     |
[INFO] [stdout] 141 |                 proc_macro::TokenNode::Term(s) => {
[INFO] [stdout]     |                             ^^^^^^^^^ could not find `TokenNode` in `proc_macro`
[INFO] [stdout] 
[INFO] [stdout] 
[INFO] [stdout] error[E0433]: failed to resolve: could not find `TokenNode` in `proc_macro`
[INFO] [stdout]    --> /opt/rustwide/cargo-home/registry/src/github.com-1ecc6299db9ec823/proc-macro2-0.1.10/src/unstable.rs:144:29
[INFO] [stdout]     |
[INFO] [stdout] 144 |                 proc_macro::TokenNode::Literal(l) => {
[INFO] [stdout]     |                             ^^^^^^^^^ could not find `TokenNode` in `proc_macro`
[INFO] [stdout] 
[INFO] [stdout] 
[INFO] [stdout] error[E0433]: failed to resolve: could not find `TokenNode` in `proc_macro`
[INFO] [stdout]    --> /opt/rustwide/cargo-home/registry/src/github.com-1ecc6299db9ec823/proc-macro2-0.1.10/src/unstable.rs:361:21
[INFO] [stdout]     |
[INFO] [stdout] 361 |         proc_macro::TokenNode::Literal(l) => l,
[INFO] [stdout]     |                     ^^^^^^^^^ could not find `TokenNode` in `proc_macro`
[INFO] [stdout] 
[INFO] [stdout] 
[INFO] [stdout] error[E0574]: expected struct, variant or union type, found enum `proc_macro::TokenTree`
[INFO] [stdout]   --> /opt/rustwide/cargo-home/registry/src/github.com-1ecc6299db9ec823/proc-macro2-0.1.10/src/unstable.rs:54:21
[INFO] [stdout]    |
[INFO] [stdout] 54 |         TokenStream(proc_macro::TokenTree {
[INFO] [stdout]    |                     ^^^^^^^^^^^^^^^^^^^^^ not a struct, variant or union type
[INFO] [stdout]    |
[INFO] [stdout] help: consider importing this struct instead
[INFO] [stdout]    |
[INFO] [stdout] 1  | use TokenTree;
[INFO] [stdout]    |
[INFO] [stdout] help: if you import `TokenTree`, refer to it directly
[INFO] [stdout]    |
[INFO] [stdout] 54 -         TokenStream(proc_macro::TokenTree {
[INFO] [stdout] 54 +         TokenStream(TokenTree {
[INFO] [stdout]    |
[INFO] [stdout] 
[INFO] [stdout] 
[INFO] [stdout] error[E0433]: failed to resolve: could not find `TokenNode` in `proc_macro`
[INFO] [stdout]   --> /opt/rustwide/cargo-home/registry/src/github.com-1ecc6299db9ec823/proc-macro2-0.1.10/src/unstable.rs:64:33
[INFO] [stdout]    |
[INFO] [stdout] 64 |                     proc_macro::TokenNode::Group(delim, (s.0).0)
[INFO] [stdout]    |                                 ^^^^^^^^^ could not find `TokenNode` in `proc_macro`
[INFO] [stdout]    |
[INFO] [stdout] help: an enum with a similar name exists
[INFO] [stdout]    |
[INFO] [stdout] 64 |                     proc_macro::TokenTree::Group(delim, (s.0).0)
[INFO] [stdout]    |                                 ~~~~~~~~~
[INFO] [stdout] help: consider importing this enum
[INFO] [stdout]    |
[INFO] [stdout] 1  | use TokenNode;
[INFO] [stdout]    |
[INFO] [stdout] help: if you import `TokenNode`, refer to it directly
[INFO] [stdout]    |
[INFO] [stdout] 64 -                     proc_macro::TokenNode::Group(delim, (s.0).0)
[INFO] [stdout] 64 +                     TokenNode::Group(delim, (s.0).0)
[INFO] [stdout]    |
[INFO] [stdout] 
[INFO] [stdout] 
[INFO] [stdout] error[E0433]: failed to resolve: could not find `TokenNode` in `proc_macro`
[INFO] [stdout]   --> /opt/rustwide/cargo-home/registry/src/github.com-1ecc6299db9ec823/proc-macro2-0.1.10/src/unstable.rs:71:33
[INFO] [stdout]    |
[INFO] [stdout] 71 |                     proc_macro::TokenNode::Op(ch, kind)
[INFO] [stdout]    |                                 ^^^^^^^^^ could not find `TokenNode` in `proc_macro`
[INFO] [stdout]    |
[INFO] [stdout] help: an enum with a similar name exists
[INFO] [stdout]    |
[INFO] [stdout] 71 |                     proc_macro::TokenTree::Op(ch, kind)
[INFO] [stdout]    |                                 ~~~~~~~~~
[INFO] [stdout] help: consider importing this enum
[INFO] [stdout]    |
[INFO] [stdout] 1  | use TokenNode;
[INFO] [stdout]    |
[INFO] [stdout] help: if you import `TokenNode`, refer to it directly
[INFO] [stdout]    |
[INFO] [stdout] 71 -                     proc_macro::TokenNode::Op(ch, kind)
[INFO] [stdout] 71 +                     TokenNode::Op(ch, kind)
[INFO] [stdout]    |
[INFO] [stdout] 
[INFO] [stdout] 
[INFO] [stdout] error[E0433]: failed to resolve: could not find `TokenNode` in `proc_macro`
[INFO] [stdout]   --> /opt/rustwide/cargo-home/registry/src/github.com-1ecc6299db9ec823/proc-macro2-0.1.10/src/unstable.rs:74:33
[INFO] [stdout]    |
[INFO] [stdout] 74 |                     proc_macro::TokenNode::Term((s.0).0)
[INFO] [stdout]    |                                 ^^^^^^^^^ could not find `TokenNode` in `proc_macro`
[INFO] [stdout]    |
[INFO] [stdout] help: an enum with a similar name exists
[INFO] [stdout]    |
[INFO] [stdout] 74 |                     proc_macro::TokenTree::Term((s.0).0)
[INFO] [stdout]    |                                 ~~~~~~~~~
[INFO] [stdout] help: consider importing this enum
[INFO] [stdout]    |
[INFO] [stdout] 1  | use TokenNode;
[INFO] [stdout]    |
[INFO] [stdout] help: if you import `TokenNode`, refer to it directly
[INFO] [stdout]    |
[INFO] [stdout] 74 -                     proc_macro::TokenNode::Term((s.0).0)
[INFO] [stdout] 74 +                     TokenNode::Term((s.0).0)
[INFO] [stdout]    |
[INFO] [stdout] 
[INFO] [stdout] 
[INFO] [stdout] error[E0433]: failed to resolve: could not find `TokenNode` in `proc_macro`
[INFO] [stdout]   --> /opt/rustwide/cargo-home/registry/src/github.com-1ecc6299db9ec823/proc-macro2-0.1.10/src/unstable.rs:77:33
[INFO] [stdout]    |
[INFO] [stdout] 77 |                     proc_macro::TokenNode::Literal((l.0).0)
[INFO] [stdout]    |                                 ^^^^^^^^^ could not find `TokenNode` in `proc_macro`
[INFO] [stdout]    |
[INFO] [stdout] help: an enum with a similar name exists
[INFO] [stdout]    |
[INFO] [stdout] 77 |                     proc_macro::TokenTree::Literal((l.0).0)
[INFO] [stdout]    |                                 ~~~~~~~~~
[INFO] [stdout] help: consider importing this enum
[INFO] [stdout]    |
[INFO] [stdout] 1  | use TokenNode;
[INFO] [stdout]    |
[INFO] [stdout] help: if you import `TokenNode`, refer to it directly
[INFO] [stdout]    |
[INFO] [stdout] 77 -                     proc_macro::TokenNode::Literal((l.0).0)
[INFO] [stdout] 77 +                     TokenNode::Literal((l.0).0)
[INFO] [stdout]    |
[INFO] [stdout] 
[INFO] [stdout] 
[INFO] [stdout] error[E0412]: cannot find type `TokenTreeIter` in crate `proc_macro`
[INFO] [stdout]    --> /opt/rustwide/cargo-home/registry/src/github.com-1ecc6299db9ec823/proc-macro2-0.1.10/src/unstable.rs:103:38
[INFO] [stdout]     |
[INFO] [stdout] 103 | pub struct TokenTreeIter(proc_macro::TokenTreeIter);
[INFO] [stdout]     |                                      ^^^^^^^^^^^^^
[INFO] [stdout]    --> /rustc/84c898d65adf2f39a5a98507f1fe0ce10a2b8dbc/library/proc_macro/src/lib.rs:676:1
[INFO] [stdout]     |
[INFO] [stdout]     = note: similarly named enum `TokenTree` defined here
[INFO] [stdout]     |
[INFO] [stdout] help: an enum with a similar name exists
[INFO] [stdout]     |
[INFO] [stdout] 103 | pub struct TokenTreeIter(proc_macro::TokenTree);
[INFO] [stdout]     |                                      ~~~~~~~~~
[INFO] [stdout] help: consider importing this struct
[INFO] [stdout]     |
[INFO] [stdout] 1   | use TokenTreeIter;
[INFO] [stdout]     |
[INFO] [stdout] help: if you import `TokenTreeIter`, refer to it directly
[INFO] [stdout]     |
[INFO] [stdout] 103 - pub struct TokenTreeIter(proc_macro::TokenTreeIter);
[INFO] [stdout] 103 + pub struct TokenTreeIter(TokenTreeIter);
[INFO] [stdout]     |
[INFO] [stdout] 
[INFO] [stdout] 
[INFO] [stdout] error[E0412]: cannot find type `Term` in crate `proc_macro`
[INFO] [stdout]    --> /opt/rustwide/cargo-home/registry/src/github.com-1ecc6299db9ec823/proc-macro2-0.1.10/src/unstable.rs:270:29
[INFO] [stdout]     |
[INFO] [stdout] 270 | pub struct Term(proc_macro::Term);
[INFO] [stdout]     |                             ^^^^ not found in `proc_macro`
[INFO] [stdout]     |
[INFO] [stdout] help: consider importing this struct
[INFO] [stdout]     |
[INFO] [stdout] 1   | use Term;
[INFO] [stdout]     |
[INFO] [stdout] help: if you import `Term`, refer to it directly
[INFO] [stdout]     |
[INFO] [stdout] 270 - pub struct Term(proc_macro::Term);
[INFO] [stdout] 270 + pub struct Term(Term);
[INFO] [stdout]     |
[INFO] [stdout] 
[INFO] [stdout] 
[INFO] [stdout] error[E0433]: failed to resolve: could not find `Term` in `proc_macro`
[INFO] [stdout]    --> /opt/rustwide/cargo-home/registry/src/github.com-1ecc6299db9ec823/proc-macro2-0.1.10/src/unstable.rs:274:26
[INFO] [stdout]     |
[INFO] [stdout] 274 |         Term(proc_macro::Term::intern(string))
[INFO] [stdout]     |                          ^^^^ could not find `Term` in `proc_macro`
[INFO] [stdout]     |
[INFO] [stdout] help: consider importing this struct
[INFO] [stdout]     |
[INFO] [stdout] 1   | use Term;
[INFO] [stdout]     |
[INFO] [stdout] help: if you import `Term`, refer to it directly
[INFO] [stdout]     |
[INFO] [stdout] 274 -         Term(proc_macro::Term::intern(string))
[INFO] [stdout] 274 +         Term(Term::intern(string))
[INFO] [stdout]     |
[INFO] [stdout] 
[INFO] [stdout] 
[INFO] [stdout] error[E0554]: `#![feature]` may not be used on the stable release channel
[INFO] [stdout]   --> /opt/rustwide/cargo-home/registry/src/github.com-1ecc6299db9ec823/proc-macro2-0.1.10/src/lib.rs:22:34
[INFO] [stdout]    |
[INFO] [stdout] 22 | #![cfg_attr(feature = "nightly", feature(proc_macro))]
[INFO] [stdout]    |                                  ^^^^^^^^^^^^^^^^^^^ help: remove the attribute
[INFO] [stdout]    |
[INFO] [stdout]    = help: the feature `proc_macro` has been stable since `1.29.0` and no longer requires an attribute to enable
[INFO] [stdout] 
[INFO] [stdout] 
[INFO] [stdout] error[E0599]: no function or associated item named `empty` found for struct `proc_macro::TokenStream` in the current scope
[INFO] [stdout]   --> /opt/rustwide/cargo-home/registry/src/github.com-1ecc6299db9ec823/proc-macro2-0.1.10/src/unstable.rs:18:46
[INFO] [stdout]    |
[INFO] [stdout] 18 |         TokenStream(proc_macro::TokenStream::empty())
[INFO] [stdout]    |                                              ^^^^^
[INFO] [stdout]    |                                              |
[INFO] [stdout]    |                                              function or associated item not found in `TokenStream`
[INFO] [stdout]    |                                              help: there is a method with a similar name: `is_empty`
[INFO] [stdout] 
[INFO] [stdout] 
[INFO] [stdout] error[E0658]: use of unstable library feature 'proc_macro_def_site'
[INFO] [stdout]    --> /opt/rustwide/cargo-home/registry/src/github.com-1ecc6299db9ec823/proc-macro2-0.1.10/src/unstable.rs:225:14
[INFO] [stdout]     |
[INFO] [stdout] 225 |         Span(proc_macro::Span::def_site())
[INFO] [stdout]     |              ^^^^^^^^^^^^^^^^^^^^^^^^^^
[INFO] [stdout]     |
[INFO] [stdout]     = note: see issue #54724 <https://github.com/rust-lang/rust/issues/54724> for more information
[INFO] [stdout] 
[INFO] [stdout] 
[INFO] [stdout] error[E0599]: no function or associated item named `float` found for struct `proc_macro::Literal` in the current scope
[INFO] [stdout]    --> /opt/rustwide/cargo-home/registry/src/github.com-1ecc6299db9ec823/proc-macro2-0.1.10/src/unstable.rs:318:38
[INFO] [stdout]     |
[INFO] [stdout] 318 |         Literal(proc_macro::Literal::float(s))
[INFO] [stdout]     |                                      ^^^^^ function or associated item not found in `Literal`
[INFO] [stdout] 
[INFO] [stdout] 
[INFO] [stdout] error[E0599]: no function or associated item named `integer` found for struct `proc_macro::Literal` in the current scope
[INFO] [stdout]    --> /opt/rustwide/cargo-home/registry/src/github.com-1ecc6299db9ec823/proc-macro2-0.1.10/src/unstable.rs:322:38
[INFO] [stdout]     |
[INFO] [stdout] 322 |         Literal(proc_macro::Literal::integer(s.into()))
[INFO] [stdout]     |                                      ^^^^^^^ function or associated item not found in `Literal`
[INFO] [stdout] 
[INFO] [stdout] 
[INFO] [stdout] error[E0609]: no field `kind` on type `proc_macro::TokenTree`
[INFO] [stdout]    --> /opt/rustwide/cargo-home/registry/src/github.com-1ecc6299db9ec823/proc-macro2-0.1.10/src/unstable.rs:360:46
[INFO] [stdout]     |
[INFO] [stdout] 360 |     match stream.into_iter().next().unwrap().kind {
[INFO] [stdout]     |                                              ^^^^
[INFO] [stdout] 
[INFO] [stdout] 
[INFO] [stdout] error[E0599]: no function or associated item named `u8` found for struct `proc_macro::Literal` in the current scope
[INFO] [stdout]    --> /opt/rustwide/cargo-home/registry/src/github.com-1ecc6299db9ec823/proc-macro2-0.1.10/src/unstable.rs:377:5
[INFO] [stdout]     |
[INFO] [stdout] 377 |     u8, u16, u32, u64, usize,
[INFO] [stdout]     |     ^^ function or associated item not found in `Literal`
[INFO] [stdout] 
[INFO] [stdout] 
[INFO] [stdout] error[E0599]: no function or associated item named `u16` found for struct `proc_macro::Literal` in the current scope
[INFO] [stdout]    --> /opt/rustwide/cargo-home/registry/src/github.com-1ecc6299db9ec823/proc-macro2-0.1.10/src/unstable.rs:377:9
[INFO] [stdout]     |
[INFO] [stdout] 377 |     u8, u16, u32, u64, usize,
[INFO] [stdout]     |         ^^^ function or associated item not found in `Literal`
[INFO] [stdout] 
[INFO] [stdout] 
[INFO] [stdout] error[E0599]: no function or associated item named `u32` found for struct `proc_macro::Literal` in the current scope
[INFO] [stdout]    --> /opt/rustwide/cargo-home/registry/src/github.com-1ecc6299db9ec823/proc-macro2-0.1.10/src/unstable.rs:377:14
[INFO] [stdout]     |
[INFO] [stdout] 377 |     u8, u16, u32, u64, usize,
[INFO] [stdout]     |              ^^^ function or associated item not found in `Literal`
[INFO] [stdout] 
[INFO] [stdout] 
[INFO] [stdout] error[E0599]: no function or associated item named `u64` found for struct `proc_macro::Literal` in the current scope
[INFO] [stdout]    --> /opt/rustwide/cargo-home/registry/src/github.com-1ecc6299db9ec823/proc-macro2-0.1.10/src/unstable.rs:377:19
[INFO] [stdout]     |
[INFO] [stdout] 377 |     u8, u16, u32, u64, usize,
[INFO] [stdout]     |                   ^^^ function or associated item not found in `Literal`
[INFO] [stdout] 
[INFO] [stdout] 
[INFO] [stdout] error[E0599]: no function or associated item named `usize` found for struct `proc_macro::Literal` in the current scope
[INFO] [stdout]    --> /opt/rustwide/cargo-home/registry/src/github.com-1ecc6299db9ec823/proc-macro2-0.1.10/src/unstable.rs:377:24
[INFO] [stdout]     |
[INFO] [stdout] 377 |     u8, u16, u32, u64, usize,
[INFO] [stdout]     |                        ^^^^^ function or associated item not found in `Literal`
[INFO] [stdout] 
[INFO] [stdout] 
[INFO] [stdout] error[E0599]: no function or associated item named `i8` found for struct `proc_macro::Literal` in the current scope
[INFO] [stdout]    --> /opt/rustwide/cargo-home/registry/src/github.com-1ecc6299db9ec823/proc-macro2-0.1.10/src/unstable.rs:378:5
[INFO] [stdout]     |
[INFO] [stdout] 378 |     i8, i16, i32, i64, isize,
[INFO] [stdout]     |     ^^ function or associated item not found in `Literal`
[INFO] [stdout] 
[INFO] [stdout] 
[INFO] [stdout] error[E0599]: no function or associated item named `i16` found for struct `proc_macro::Literal` in the current scope
[INFO] [stdout]    --> /opt/rustwide/cargo-home/registry/src/github.com-1ecc6299db9ec823/proc-macro2-0.1.10/src/unstable.rs:378:9
[INFO] [stdout]     |
[INFO] [stdout] 378 |     i8, i16, i32, i64, isize,
[INFO] [stdout]     |         ^^^ function or associated item not found in `Literal`
[INFO] [stdout] 
[INFO] [stdout] 
[INFO] [stdout] error[E0599]: no function or associated item named `i32` found for struct `proc_macro::Literal` in the current scope
[INFO] [stdout]    --> /opt/rustwide/cargo-home/registry/src/github.com-1ecc6299db9ec823/proc-macro2-0.1.10/src/unstable.rs:378:14
[INFO] [stdout]     |
[INFO] [stdout] 378 |     i8, i16, i32, i64, isize,
[INFO] [stdout]     |              ^^^ function or associated item not found in `Literal`
[INFO] [stdout] 
[INFO] [stdout] 
[INFO] [stdout] error[E0599]: no function or associated item named `i64` found for struct `proc_macro::Literal` in the current scope
[INFO] [stdout]    --> /opt/rustwide/cargo-home/registry/src/github.com-1ecc6299db9ec823/proc-macro2-0.1.10/src/unstable.rs:378:19
[INFO] [stdout]     |
[INFO] [stdout] 378 |     i8, i16, i32, i64, isize,
[INFO] [stdout]     |                   ^^^ function or associated item not found in `Literal`
[INFO] [stdout] 
[INFO] [stdout] 
[INFO] [stdout] error[E0599]: no function or associated item named `isize` found for struct `proc_macro::Literal` in the current scope
[INFO] [stdout]    --> /opt/rustwide/cargo-home/registry/src/github.com-1ecc6299db9ec823/proc-macro2-0.1.10/src/unstable.rs:378:24
[INFO] [stdout]     |
[INFO] [stdout] 378 |     i8, i16, i32, i64, isize,
[INFO] [stdout]     |                        ^^^^^ function or associated item not found in `Literal`
[INFO] [stdout] 
[INFO] [stdout] 
[INFO] [stdout] error[E0599]: no function or associated item named `f32` found for struct `proc_macro::Literal` in the current scope
[INFO] [stdout]    --> /opt/rustwide/cargo-home/registry/src/github.com-1ecc6299db9ec823/proc-macro2-0.1.10/src/unstable.rs:392:5
[INFO] [stdout]     |
[INFO] [stdout] 392 |     f32, f64,
[INFO] [stdout]     |     ^^^ function or associated item not found in `Literal`
[INFO] [stdout] 
[INFO] [stdout] 
[INFO] [stdout] error[E0599]: no function or associated item named `f64` found for struct `proc_macro::Literal` in the current scope
[INFO] [stdout]    --> /opt/rustwide/cargo-home/registry/src/github.com-1ecc6299db9ec823/proc-macro2-0.1.10/src/unstable.rs:392:10
[INFO] [stdout]     |
[INFO] [stdout] 392 |     f32, f64,
[INFO] [stdout]     |          ^^^ function or associated item not found in `Literal`
[INFO] [stdout] 
[INFO] [stdout] 
[INFO] [stdout] error: aborting due to 31 previous errors
[INFO] [stdout] 
[INFO] [stdout] 
[INFO] [stdout] Some errors have detailed explanations: E0412, E0433, E0554, E0574, E0599, E0609, E0658.
[INFO] [stdout] 
[INFO] [stdout] For more information about an error, try `rustc --explain E0412`.
[INFO] [stdout] 
[INFO] [stderr] error: could not compile `proc-macro2` due to 32 previous errors
[INFO] [stderr] warning: build failed, waiting for other jobs to finish...
[INFO] running `Command { std: "docker" "inspect" "ceba6ecaf7d2c74793ffba93c8a38514963d3382d31534e130659a50422fcb66", kill_on_drop: false }`
[INFO] running `Command { std: "docker" "rm" "-f" "ceba6ecaf7d2c74793ffba93c8a38514963d3382d31534e130659a50422fcb66", kill_on_drop: false }`
[INFO] [stdout] ceba6ecaf7d2c74793ffba93c8a38514963d3382d31534e130659a50422fcb66
