[INFO] cloning repository https://github.com/atsuzaki/ddservice
[INFO] running `Command { std: "git" "-c" "credential.helper=" "-c" "credential.helper=/workspace/cargo-home/bin/git-credential-null" "clone" "--bare" "https://github.com/atsuzaki/ddservice" "/workspace/cache/git-repos/https%3A%2F%2Fgithub.com%2Fatsuzaki%2Fddservice", kill_on_drop: false }`
[INFO] [stderr] Cloning into bare repository '/workspace/cache/git-repos/https%3A%2F%2Fgithub.com%2Fatsuzaki%2Fddservice'...
[INFO] [stderr] /workspace/cache/git-repos/https%3A%2F%2Fgithub.com%2Fatsuzaki%2Fddservice: No space left on device
[WARN] Retrying crate fetch in 3 seconds (attempt 1)
[INFO] cloning repository https://github.com/atsuzaki/ddservice
[INFO] running `Command { std: "git" "-c" "credential.helper=" "-c" "credential.helper=/workspace/cargo-home/bin/git-credential-null" "clone" "--bare" "https://github.com/atsuzaki/ddservice" "/workspace/cache/git-repos/https%3A%2F%2Fgithub.com%2Fatsuzaki%2Fddservice", kill_on_drop: false }`
[INFO] [stderr] Cloning into bare repository '/workspace/cache/git-repos/https%3A%2F%2Fgithub.com%2Fatsuzaki%2Fddservice'...
[INFO] [stderr] /workspace/cache/git-repos/https%3A%2F%2Fgithub.com%2Fatsuzaki%2Fddservice: No space left on device
[WARN] Retrying crate fetch in 3 seconds (attempt 2)
[INFO] cloning repository https://github.com/atsuzaki/ddservice
[INFO] running `Command { std: "git" "-c" "credential.helper=" "-c" "credential.helper=/workspace/cargo-home/bin/git-credential-null" "clone" "--bare" "https://github.com/atsuzaki/ddservice" "/workspace/cache/git-repos/https%3A%2F%2Fgithub.com%2Fatsuzaki%2Fddservice", kill_on_drop: false }`
[INFO] [stderr] Cloning into bare repository '/workspace/cache/git-repos/https%3A%2F%2Fgithub.com%2Fatsuzaki%2Fddservice'...
[INFO] [stderr] /workspace/cache/git-repos/https%3A%2F%2Fgithub.com%2Fatsuzaki%2Fddservice: No space left on device
[WARN] Retrying crate fetch in 3 seconds (attempt 3)
[INFO] cloning repository https://github.com/atsuzaki/ddservice
[INFO] running `Command { std: "git" "-c" "credential.helper=" "-c" "credential.helper=/workspace/cargo-home/bin/git-credential-null" "clone" "--bare" "https://github.com/atsuzaki/ddservice" "/workspace/cache/git-repos/https%3A%2F%2Fgithub.com%2Fatsuzaki%2Fddservice", kill_on_drop: false }`
[INFO] [stderr] Cloning into bare repository '/workspace/cache/git-repos/https%3A%2F%2Fgithub.com%2Fatsuzaki%2Fddservice'...
[INFO] [stderr] /workspace/cache/git-repos/https%3A%2F%2Fgithub.com%2Fatsuzaki%2Fddservice: No space left on device
[WARN] Retrying crate fetch in 3 seconds (attempt 4)
[INFO] cloning repository https://github.com/atsuzaki/ddservice
[INFO] running `Command { std: "git" "-c" "credential.helper=" "-c" "credential.helper=/workspace/cargo-home/bin/git-credential-null" "clone" "--bare" "https://github.com/atsuzaki/ddservice" "/workspace/cache/git-repos/https%3A%2F%2Fgithub.com%2Fatsuzaki%2Fddservice", kill_on_drop: false }`
[INFO] [stderr] Cloning into bare repository '/workspace/cache/git-repos/https%3A%2F%2Fgithub.com%2Fatsuzaki%2Fddservice'...
[INFO] [stderr] /workspace/cache/git-repos/https%3A%2F%2Fgithub.com%2Fatsuzaki%2Fddservice: No space left on device
[WARN] Retrying crate fetch in 3 seconds (attempt 5)
[INFO] cloning repository https://github.com/atsuzaki/ddservice
[INFO] running `Command { std: "git" "-c" "credential.helper=" "-c" "credential.helper=/workspace/cargo-home/bin/git-credential-null" "clone" "--bare" "https://github.com/atsuzaki/ddservice" "/workspace/cache/git-repos/https%3A%2F%2Fgithub.com%2Fatsuzaki%2Fddservice", kill_on_drop: false }`
[INFO] [stderr] Cloning into bare repository '/workspace/cache/git-repos/https%3A%2F%2Fgithub.com%2Fatsuzaki%2Fddservice'...
[INFO] [stderr] /workspace/cache/git-repos/https%3A%2F%2Fgithub.com%2Fatsuzaki%2Fddservice: No space left on device
[WARN] Retrying crate fetch in 3 seconds (attempt 6)
[INFO] cloning repository https://github.com/atsuzaki/ddservice
[INFO] running `Command { std: "git" "-c" "credential.helper=" "-c" "credential.helper=/workspace/cargo-home/bin/git-credential-null" "clone" "--bare" "https://github.com/atsuzaki/ddservice" "/workspace/cache/git-repos/https%3A%2F%2Fgithub.com%2Fatsuzaki%2Fddservice", kill_on_drop: false }`
[INFO] [stderr] Cloning into bare repository '/workspace/cache/git-repos/https%3A%2F%2Fgithub.com%2Fatsuzaki%2Fddservice'...
[INFO] [stderr] /workspace/cache/git-repos/https%3A%2F%2Fgithub.com%2Fatsuzaki%2Fddservice: No space left on device
[WARN] Retrying crate fetch in 3 seconds (attempt 7)
[INFO] cloning repository https://github.com/atsuzaki/ddservice
[INFO] running `Command { std: "git" "-c" "credential.helper=" "-c" "credential.helper=/workspace/cargo-home/bin/git-credential-null" "clone" "--bare" "https://github.com/atsuzaki/ddservice" "/workspace/cache/git-repos/https%3A%2F%2Fgithub.com%2Fatsuzaki%2Fddservice", kill_on_drop: false }`
[INFO] [stderr] Cloning into bare repository '/workspace/cache/git-repos/https%3A%2F%2Fgithub.com%2Fatsuzaki%2Fddservice'...
[INFO] [stderr] /workspace/cache/git-repos/https%3A%2F%2Fgithub.com%2Fatsuzaki%2Fddservice: No space left on device
[WARN] Retrying crate fetch in 3 seconds (attempt 8)
[INFO] cloning repository https://github.com/atsuzaki/ddservice
[INFO] running `Command { std: "git" "-c" "credential.helper=" "-c" "credential.helper=/workspace/cargo-home/bin/git-credential-null" "clone" "--bare" "https://github.com/atsuzaki/ddservice" "/workspace/cache/git-repos/https%3A%2F%2Fgithub.com%2Fatsuzaki%2Fddservice", kill_on_drop: false }`
[INFO] [stderr] Cloning into bare repository '/workspace/cache/git-repos/https%3A%2F%2Fgithub.com%2Fatsuzaki%2Fddservice'...
[INFO] [stderr] /workspace/cache/git-repos/https%3A%2F%2Fgithub.com%2Fatsuzaki%2Fddservice: No space left on device
[WARN] Retrying crate fetch in 3 seconds (attempt 9)
[INFO] cloning repository https://github.com/atsuzaki/ddservice
[INFO] running `Command { std: "git" "-c" "credential.helper=" "-c" "credential.helper=/workspace/cargo-home/bin/git-credential-null" "clone" "--bare" "https://github.com/atsuzaki/ddservice" "/workspace/cache/git-repos/https%3A%2F%2Fgithub.com%2Fatsuzaki%2Fddservice", kill_on_drop: false }`
[INFO] [stderr] Cloning into bare repository '/workspace/cache/git-repos/https%3A%2F%2Fgithub.com%2Fatsuzaki%2Fddservice'...
[INFO] [stderr] /workspace/cache/git-repos/https%3A%2F%2Fgithub.com%2Fatsuzaki%2Fddservice: No space left on device
[WARN] Retrying crate fetch in 3 seconds (attempt 10)
[INFO] cloning repository https://github.com/atsuzaki/ddservice
[INFO] running `Command { std: "git" "-c" "credential.helper=" "-c" "credential.helper=/workspace/cargo-home/bin/git-credential-null" "clone" "--bare" "https://github.com/atsuzaki/ddservice" "/workspace/cache/git-repos/https%3A%2F%2Fgithub.com%2Fatsuzaki%2Fddservice", kill_on_drop: false }`
[INFO] [stderr] Cloning into bare repository '/workspace/cache/git-repos/https%3A%2F%2Fgithub.com%2Fatsuzaki%2Fddservice'...
[INFO] [stderr] /workspace/cache/git-repos/https%3A%2F%2Fgithub.com%2Fatsuzaki%2Fddservice: No space left on device
[WARN] Retrying crate fetch in 3 seconds (attempt 11)
[INFO] cloning repository https://github.com/atsuzaki/ddservice
[INFO] running `Command { std: "git" "-c" "credential.helper=" "-c" "credential.helper=/workspace/cargo-home/bin/git-credential-null" "clone" "--bare" "https://github.com/atsuzaki/ddservice" "/workspace/cache/git-repos/https%3A%2F%2Fgithub.com%2Fatsuzaki%2Fddservice", kill_on_drop: false }`
[INFO] [stderr] Cloning into bare repository '/workspace/cache/git-repos/https%3A%2F%2Fgithub.com%2Fatsuzaki%2Fddservice'...
[INFO] [stderr] /workspace/cache/git-repos/https%3A%2F%2Fgithub.com%2Fatsuzaki%2Fddservice: No space left on device
[WARN] Retrying crate fetch in 3 seconds (attempt 12)
[INFO] cloning repository https://github.com/atsuzaki/ddservice
[INFO] running `Command { std: "git" "-c" "credential.helper=" "-c" "credential.helper=/workspace/cargo-home/bin/git-credential-null" "clone" "--bare" "https://github.com/atsuzaki/ddservice" "/workspace/cache/git-repos/https%3A%2F%2Fgithub.com%2Fatsuzaki%2Fddservice", kill_on_drop: false }`
[INFO] [stderr] Cloning into bare repository '/workspace/cache/git-repos/https%3A%2F%2Fgithub.com%2Fatsuzaki%2Fddservice'...
[INFO] running `Command { std: "git" "rev-parse" "HEAD", kill_on_drop: false }`
[INFO] [stdout] c828bbd5f2d0ab67578ea3d903a6087daa5ec7fd
[INFO] testing atsuzaki/ddservice against beta-2023-04-20 for beta-1.70-1
[INFO] running `Command { std: "git" "clone" "/workspace/cache/git-repos/https%3A%2F%2Fgithub.com%2Fatsuzaki%2Fddservice" "/workspace/builds/worker-7-tc2/source", kill_on_drop: false }`
[INFO] [stderr] Cloning into '/workspace/builds/worker-7-tc2/source'...
[INFO] [stderr] done.
[INFO] validating manifest of git repo https://github.com/atsuzaki/ddservice on toolchain beta-2023-04-20
[INFO] running `Command { std: CARGO_HOME="/workspace/cargo-home" RUSTUP_HOME="/workspace/rustup-home" "/workspace/cargo-home/bin/cargo" "+beta-2023-04-20" "metadata" "--manifest-path" "Cargo.toml" "--no-deps", kill_on_drop: false }`
[INFO] started tweaking git repo https://github.com/atsuzaki/ddservice
[INFO] finished tweaking git repo https://github.com/atsuzaki/ddservice
[INFO] tweaked toml for git repo https://github.com/atsuzaki/ddservice written to /workspace/builds/worker-7-tc2/source/Cargo.toml
[INFO] crate git repo https://github.com/atsuzaki/ddservice already has a lockfile, it will not be regenerated
[INFO] running `Command { std: CARGO_HOME="/workspace/cargo-home" RUSTUP_HOME="/workspace/rustup-home" "/workspace/cargo-home/bin/cargo" "+beta-2023-04-20" "fetch" "--manifest-path" "Cargo.toml", kill_on_drop: false }`
[INFO] [stderr]  Downloading crates ...
[INFO] [stderr]   Downloaded tokio v0.1.19
[INFO] [stderr]   Downloaded copyless v0.1.3
[INFO] [stderr]   Downloaded num-integer v0.1.40
[INFO] [stderr]   Downloaded actix-utils v0.4.1
[INFO] [stderr]   Downloaded bitflags v1.0.5
[INFO] [stderr]   Downloaded ipconfig v0.2.0
[INFO] [stderr]   Downloaded num-traits v0.2.7
[INFO] [stderr]   Downloaded awc v0.2.1
[INFO] [stderr]   Downloaded tokio-threadpool v0.1.14
[INFO] [stderr]   Downloaded hashbrown v0.3.1
[INFO] [stderr]   Downloaded actix-http v0.2.3
[INFO] [stderr]   Downloaded futures v0.1.27
[INFO] [stderr]   Downloaded actix-web v1.0.0
[INFO] running `Command { std: "docker" "create" "-v" "/var/lib/crater-agent-workspace/builds/worker-7-tc2/target:/opt/rustwide/target:rw,Z" "-v" "/var/lib/crater-agent-workspace/builds/worker-7-tc2/source:/opt/rustwide/workdir:ro,Z" "-v" "/var/lib/crater-agent-workspace/cargo-home:/opt/rustwide/cargo-home:ro,Z" "-v" "/var/lib/crater-agent-workspace/rustup-home:/opt/rustwide/rustup-home:ro,Z" "-e" "SOURCE_DIR=/opt/rustwide/workdir" "-e" "CARGO_TARGET_DIR=/opt/rustwide/target" "-e" "CARGO_HOME=/opt/rustwide/cargo-home" "-e" "RUSTUP_HOME=/opt/rustwide/rustup-home" "-w" "/opt/rustwide/workdir" "-m" "1610612736" "--user" "0:0" "--network" "none" "ghcr.io/rust-lang/crates-build-env/linux@sha256:97d61d7686bf65f8ecb15491ab51835e82dc9176a96a831f143a431b191fc501" "/opt/rustwide/cargo-home/bin/cargo" "+beta-2023-04-20" "metadata" "--no-deps" "--format-version=1", kill_on_drop: false }`
[INFO] [stdout] e741ecd12043d000e999fab949996e545ea60f64007a90ff99e88f1a29d5ad5f
[INFO] running `Command { std: "docker" "start" "-a" "e741ecd12043d000e999fab949996e545ea60f64007a90ff99e88f1a29d5ad5f", kill_on_drop: false }`
[INFO] running `Command { std: "docker" "inspect" "e741ecd12043d000e999fab949996e545ea60f64007a90ff99e88f1a29d5ad5f", kill_on_drop: false }`
[INFO] running `Command { std: "docker" "rm" "-f" "e741ecd12043d000e999fab949996e545ea60f64007a90ff99e88f1a29d5ad5f", kill_on_drop: false }`
[INFO] [stdout] e741ecd12043d000e999fab949996e545ea60f64007a90ff99e88f1a29d5ad5f
[INFO] running `Command { std: "docker" "create" "-v" "/var/lib/crater-agent-workspace/builds/worker-7-tc2/target:/opt/rustwide/target:rw,Z" "-v" "/var/lib/crater-agent-workspace/builds/worker-7-tc2/source:/opt/rustwide/workdir:ro,Z" "-v" "/var/lib/crater-agent-workspace/cargo-home:/opt/rustwide/cargo-home:ro,Z" "-v" "/var/lib/crater-agent-workspace/rustup-home:/opt/rustwide/rustup-home:ro,Z" "-e" "SOURCE_DIR=/opt/rustwide/workdir" "-e" "CARGO_TARGET_DIR=/opt/rustwide/target" "-e" "CARGO_INCREMENTAL=0" "-e" "RUST_BACKTRACE=full" "-e" "RUSTFLAGS=--cap-lints=warn" "-e" "RUSTDOCFLAGS=--cap-lints=warn" "-e" "CARGO_HOME=/opt/rustwide/cargo-home" "-e" "RUSTUP_HOME=/opt/rustwide/rustup-home" "-w" "/opt/rustwide/workdir" "-m" "1610612736" "--user" "0:0" "--network" "none" "ghcr.io/rust-lang/crates-build-env/linux@sha256:97d61d7686bf65f8ecb15491ab51835e82dc9176a96a831f143a431b191fc501" "/opt/rustwide/cargo-home/bin/cargo" "+beta-2023-04-20" "build" "--frozen" "--message-format=json", kill_on_drop: false }`
[INFO] [stdout] 8c22a2a853585e5347cb3fbc3011e01ee20f8ada8d1bf7469b2b7411b443c0c4
[INFO] running `Command { std: "docker" "start" "-a" "8c22a2a853585e5347cb3fbc3011e01ee20f8ada8d1bf7469b2b7411b443c0c4", kill_on_drop: false }`
[INFO] [stderr]     Blocking waiting for file lock on package cache
[INFO] [stderr]    Compiling libc v0.2.54
[INFO] [stderr]    Compiling cfg-if v0.1.7
[INFO] [stderr]    Compiling autocfg v0.1.2
[INFO] [stderr]    Compiling lazy_static v1.3.0
[INFO] [stderr]    Compiling rand_core v0.4.0
[INFO] [stderr]    Compiling cc v1.0.36
[INFO] [stderr]    Compiling byteorder v1.3.1
[INFO] [stderr]    Compiling futures v0.1.27
[INFO] [stderr]    Compiling semver-parser v0.7.0
[INFO] [stderr]    Compiling proc-macro2 v0.4.29
[INFO] [stderr]    Compiling smallvec v0.6.9
[INFO] [stderr]    Compiling unicode-xid v0.1.0
[INFO] [stderr]    Compiling syn v0.15.34
[INFO] [stderr]    Compiling slab v0.4.2
[INFO] [stderr]    Compiling scopeguard v0.3.3
[INFO] [stderr]    Compiling fnv v1.0.6
[INFO] [stderr]    Compiling log v0.4.6
[INFO] [stderr]    Compiling crossbeam-utils v0.6.5
[INFO] [stderr]    Compiling stable_deref_trait v1.1.1
[INFO] [stderr]    Compiling lazycell v1.2.1
[INFO] [stderr]    Compiling encoding_index_tests v0.1.4
[INFO] [stderr]    Compiling failure_derive v0.1.5
[INFO] [stderr]    Compiling rand_core v0.3.1
[INFO] [stderr]    Compiling semver v0.9.0
[INFO] [stderr]    Compiling rand_jitter v0.1.4
[INFO] [stderr]    Compiling owning_ref v0.4.0
[INFO] [stderr]    Compiling rand_isaac v0.1.1
[INFO] [stderr]    Compiling rand_hc v0.1.0
[INFO] [stderr]    Compiling rand_chacha v0.1.1
[INFO] [stderr]    Compiling rand_pcg v0.1.2
[INFO] [stderr]    Compiling rand v0.6.5
[INFO] [stderr]    Compiling rand_xorshift v0.1.1
[INFO] [stderr]    Compiling rustc_version v0.2.3
[INFO] [stderr]    Compiling lock_api v0.1.5
[INFO] [stderr]    Compiling backtrace v0.3.15
[INFO] [stderr]    Compiling matches v0.1.8
[INFO] [stderr]    Compiling unicode-normalization v0.1.8
[INFO] [stderr]    Compiling unicode-bidi v0.3.4
[INFO] [stderr]    Compiling encoding-index-singlebyte v1.20141219.5
[INFO] [stderr]    Compiling encoding-index-tradchinese v1.20141219.5
[INFO] [stderr]    Compiling encoding-index-japanese v1.20141219.5
[INFO] [stderr]    Compiling encoding-index-simpchinese v1.20141219.5
[INFO] [stderr]    Compiling encoding-index-korean v1.20141219.5
[INFO] [stderr]    Compiling proc-macro2 v1.0.53
[INFO] [stderr]    Compiling parking_lot_core v0.4.0
[INFO] [stderr]    Compiling rustc-demangle v0.1.14
[INFO] [stderr]    Compiling unicode-ident v1.0.8
[INFO] [stderr]    Compiling quote v1.0.26
[INFO] [stderr]    Compiling iovec v0.1.2
[INFO] [stderr]    Compiling rand_os v0.1.3
[INFO] [stderr]    Compiling quote v0.6.12
[INFO] [stderr]    Compiling num_cpus v1.10.0
[INFO] [stderr]    Compiling net2 v0.2.33
[INFO] [stderr]    Compiling encoding v0.2.33
[INFO] [stdout] error: linking with `cc` failed: exit status: 1
[INFO] [stdout]   |
[INFO] [stdout]   = note: LC_ALL="C" PATH="/opt/rustwide/rustup-home/toolchains/beta-2023-04-20-x86_64-unknown-linux-gnu/lib/rustlib/x86_64-unknown-linux-gnu/bin:/opt/rustwide/cargo-home/bin:/usr/local/sbin:/usr/local/bin:/usr/sbin:/usr/bin:/sbin:/bin" VSLANG="1033" "cc" "-m64" "/tmp/rustchw3fFb/symbols.o" "/opt/rustwide/target/debug/build/parking_lot_core-9d0bf0acccf651bd/build_script_build-9d0bf0acccf651bd.build_script_build.81c00e05-cgu.0.rcgu.o" "/opt/rustwide/target/debug/build/parking_lot_core-9d0bf0acccf651bd/build_script_build-9d0bf0acccf651bd.build_script_build.81c00e05-cgu.1.rcgu.o" "/opt/rustwide/target/debug/build/parking_lot_core-9d0bf0acccf651bd/build_script_build-9d0bf0acccf651bd.build_script_build.81c00e05-cgu.2.rcgu.o" "/opt/rustwide/target/debug/build/parking_lot_core-9d0bf0acccf651bd/build_script_build-9d0bf0acccf651bd.build_script_build.81c00e05-cgu.3.rcgu.o" "/opt/rustwide/target/debug/build/parking_lot_core-9d0bf0acccf651bd/build_script_build-9d0bf0acccf651bd.build_script_build.81c00e05-cgu.4.rcgu.o" "/opt/rustwide/target/debug/build/parking_lot_core-9d0bf0acccf651bd/build_script_build-9d0bf0acccf651bd.build_script_build.81c00e05-cgu.5.rcgu.o" "/opt/rustwide/target/debug/build/parking_lot_core-9d0bf0acccf651bd/build_script_build-9d0bf0acccf651bd.build_script_build.81c00e05-cgu.6.rcgu.o" "/opt/rustwide/target/debug/build/parking_lot_core-9d0bf0acccf651bd/build_script_build-9d0bf0acccf651bd.build_script_build.81c00e05-cgu.7.rcgu.o" "/opt/rustwide/target/debug/build/parking_lot_core-9d0bf0acccf651bd/build_script_build-9d0bf0acccf651bd.4sztq7sqn6p9cfet.rcgu.o" "-Wl,--as-needed" "-L" "/opt/rustwide/target/debug/deps" "-L" "/opt/rustwide/rustup-home/toolchains/beta-2023-04-20-x86_64-unknown-linux-gnu/lib/rustlib/x86_64-unknown-linux-gnu/lib" "-Wl,-Bstatic" "/opt/rustwide/target/debug/deps/librustc_version-e80555a0355bbfbb.rlib" "/opt/rustwide/target/debug/deps/libsemver-d501035ae292936a.rlib" "/opt/rustwide/target/debug/deps/libsemver_parser-2b20ec088e1c68fb.rlib" "/opt/rustwide/rustup-home/toolchains/beta-2023-04-20-x86_64-unknown-linux-gnu/lib/rustlib/x86_64-unknown-linux-gnu/lib/libstd-0e29cc23c5e02021.rlib" "/opt/rustwide/rustup-home/toolchains/beta-2023-04-20-x86_64-unknown-linux-gnu/lib/rustlib/x86_64-unknown-linux-gnu/lib/libpanic_unwind-d903621768a861d9.rlib" "/opt/rustwide/rustup-home/toolchains/beta-2023-04-20-x86_64-unknown-linux-gnu/lib/rustlib/x86_64-unknown-linux-gnu/lib/libobject-6d0225e655f31c13.rlib" "/opt/rustwide/rustup-home/toolchains/beta-2023-04-20-x86_64-unknown-linux-gnu/lib/rustlib/x86_64-unknown-linux-gnu/lib/libmemchr-9dbaf4eac7eaa079.rlib" "/opt/rustwide/rustup-home/toolchains/beta-2023-04-20-x86_64-unknown-linux-gnu/lib/rustlib/x86_64-unknown-linux-gnu/lib/libaddr2line-27f05b3d42a66dd0.rlib" "/opt/rustwide/rustup-home/toolchains/beta-2023-04-20-x86_64-unknown-linux-gnu/lib/rustlib/x86_64-unknown-linux-gnu/lib/libgimli-4d73f1030321c9a2.rlib" "/opt/rustwide/rustup-home/toolchains/beta-2023-04-20-x86_64-unknown-linux-gnu/lib/rustlib/x86_64-unknown-linux-gnu/lib/librustc_demangle-2846c9e58abd0acb.rlib" "/opt/rustwide/rustup-home/toolchains/beta-2023-04-20-x86_64-unknown-linux-gnu/lib/rustlib/x86_64-unknown-linux-gnu/lib/libstd_detect-a53d0f50415947be.rlib" "/opt/rustwide/rustup-home/toolchains/beta-2023-04-20-x86_64-unknown-linux-gnu/lib/rustlib/x86_64-unknown-linux-gnu/lib/libhashbrown-d48e4b6abc25b9dc.rlib" "/opt/rustwide/rustup-home/toolchains/beta-2023-04-20-x86_64-unknown-linux-gnu/lib/rustlib/x86_64-unknown-linux-gnu/lib/libminiz_oxide-2991859439ef1207.rlib" "/opt/rustwide/rustup-home/toolchains/beta-2023-04-20-x86_64-unknown-linux-gnu/lib/rustlib/x86_64-unknown-linux-gnu/lib/libadler-8a687517e4221bae.rlib" "/opt/rustwide/rustup-home/toolchains/beta-2023-04-20-x86_64-unknown-linux-gnu/lib/rustlib/x86_64-unknown-linux-gnu/lib/librustc_std_workspace_alloc-e07b554f6a67f5b3.rlib" "/opt/rustwide/rustup-home/toolchains/beta-2023-04-20-x86_64-unknown-linux-gnu/lib/rustlib/x86_64-unknown-linux-gnu/lib/libunwind-b68238b7c3c619dd.rlib" "/opt/rustwide/rustup-home/toolchains/beta-2023-04-20-x86_64-unknown-linux-gnu/lib/rustlib/x86_64-unknown-linux-gnu/lib/libcfg_if-d5e213e896c017e4.rlib" "/opt/rustwide/rustup-home/toolchains/beta-2023-04-20-x86_64-unknown-linux-gnu/lib/rustlib/x86_64-unknown-linux-gnu/lib/liblibc-0211a3b2e61d8689.rlib" "/opt/rustwide/rustup-home/toolchains/beta-2023-04-20-x86_64-unknown-linux-gnu/lib/rustlib/x86_64-unknown-linux-gnu/lib/liballoc-b371f055239ba51f.rlib" "/opt/rustwide/rustup-home/toolchains/beta-2023-04-20-x86_64-unknown-linux-gnu/lib/rustlib/x86_64-unknown-linux-gnu/lib/librustc_std_workspace_core-e60518d2760eb01e.rlib" "/opt/rustwide/rustup-home/toolchains/beta-2023-04-20-x86_64-unknown-linux-gnu/lib/rustlib/x86_64-unknown-linux-gnu/lib/libcore-1ad943f92a4b1081.rlib" "/opt/rustwide/rustup-home/toolchains/beta-2023-04-20-x86_64-unknown-linux-gnu/lib/rustlib/x86_64-unknown-linux-gnu/lib/libcompiler_builtins-f0d6e4d0fc1e80b4.rlib" "-Wl,-Bdynamic" "-lgcc_s" "-lutil" "-lrt" "-lpthread" "-lm" "-ldl" "-lc" "-Wl,--eh-frame-hdr" "-Wl,-z,noexecstack" "-L" "/opt/rustwide/rustup-home/toolchains/beta-2023-04-20-x86_64-unknown-linux-gnu/lib/rustlib/x86_64-unknown-linux-gnu/lib" "-o" "/opt/rustwide/target/debug/build/parking_lot_core-9d0bf0acccf651bd/build_script_build-9d0bf0acccf651bd" "-Wl,--gc-sections" "-pie" "-Wl,-z,relro,-z,now" "-nodefaultlibs"
[INFO] [stdout]   = note: /usr/bin/ld: final link failed: No space left on device
[INFO] [stdout]           collect2: error: ld returned 1 exit status
[INFO] [stdout]           
[INFO] [stdout] 
[INFO] [stdout] 
[INFO] [stdout] error: aborting due to previous error
[INFO] [stdout] 
[INFO] [stdout] 
[INFO] [stderr] error: could not compile `parking_lot_core` (build script) due to 2 previous errors
[INFO] [stderr] warning: build failed, waiting for other jobs to finish...
[INFO] [stderr] LLVM ERROR: IO failure on output stream: No space left on device
[INFO] [stderr] LLVM ERROR: IO failure on output stream: No space left on device
[INFO] [stderr] thread 'rustc' panicked at 'assertion failed: pos.get() <= self.position()', compiler/rustc_metadata/src/rmeta/encoder.rs:433:9
[INFO] [stderr] LLVM ERROR: IO failure on output stream: No space left on device
[INFO] [stdout] error: couldn't create a temp dir: No space left on device (os error 28) at path "/opt/rustwide/target/debug/deps/rmetaOmjMaj"
[INFO] [stdout] 
[INFO] [stdout] 
[INFO] [stderr] thread 'rustc' panicked at 'assertion failed: pos.get() <= self.position()', compiler/rustc_metadata/src/rmeta/encoder.rs:433:9
[INFO] [stderr] LLVM ERROR: IO failure on output stream: No space left on device
[INFO] [stderr] error: could not compile `quote` (build script)
[INFO] [stderr] error: could not compile `iovec` (lib)
[INFO] [stderr] error: could not compile `quote` (lib) due to previous error
[INFO] [stderr] error: could not compile `proc-macro2` (lib)
[INFO] [stdout] error: couldn't create a temp dir: No space left on device (os error 28) at path "/opt/rustwide/target/debug/deps/rmetaCC3mgj"
[INFO] [stdout] 
[INFO] [stdout] 
[INFO] [stderr] error: could not compile `unicode-bidi` (lib)
[INFO] [stderr] LLVM ERROR: IO failure on output stream: No space left on device
[INFO] [stderr] error: could not compile `num_cpus` (lib) due to previous error
[INFO] [stderr] error: could not compile `cc` (lib)
[INFO] [stdout] error: couldn't create a temp dir: No space left on device (os error 28) at path "/opt/rustwide/target/debug/deps/rmetaXAF5ca"
[INFO] [stdout] 
[INFO] [stdout] 
[INFO] [stderr] error: could not compile `rand_os` (lib) due to previous error
[INFO] [stderr] error: could not compile `rustc-demangle` (lib)
[INFO] [stderr] error: could not compile `futures` (lib)
[INFO] [stdout] error: linking with `cc` failed: exit status: 1
[INFO] [stdout]   |
[INFO] [stdout]   = note: LC_ALL="C" PATH="/opt/rustwide/rustup-home/toolchains/beta-2023-04-20-x86_64-unknown-linux-gnu/lib/rustlib/x86_64-unknown-linux-gnu/bin:/opt/rustwide/cargo-home/bin:/usr/local/sbin:/usr/local/bin:/usr/sbin:/usr/bin:/sbin:/bin" VSLANG="1033" "cc" "-m64" "/tmp/rustcgYW6U1/symbols.o" "/opt/rustwide/target/debug/build/proc-macro2-ba0484aefe84f127/build_script_build-ba0484aefe84f127.build_script_build.334c2104-cgu.0.rcgu.o" "/opt/rustwide/target/debug/build/proc-macro2-ba0484aefe84f127/build_script_build-ba0484aefe84f127.build_script_build.334c2104-cgu.1.rcgu.o" "/opt/rustwide/target/debug/build/proc-macro2-ba0484aefe84f127/build_script_build-ba0484aefe84f127.build_script_build.334c2104-cgu.10.rcgu.o" "/opt/rustwide/target/debug/build/proc-macro2-ba0484aefe84f127/build_script_build-ba0484aefe84f127.build_script_build.334c2104-cgu.11.rcgu.o" "/opt/rustwide/target/debug/build/proc-macro2-ba0484aefe84f127/build_script_build-ba0484aefe84f127.build_script_build.334c2104-cgu.12.rcgu.o" "/opt/rustwide/target/debug/build/proc-macro2-ba0484aefe84f127/build_script_build-ba0484aefe84f127.build_script_build.334c2104-cgu.13.rcgu.o" "/opt/rustwide/target/debug/build/proc-macro2-ba0484aefe84f127/build_script_build-ba0484aefe84f127.build_script_build.334c2104-cgu.14.rcgu.o" "/opt/rustwide/target/debug/build/proc-macro2-ba0484aefe84f127/build_script_build-ba0484aefe84f127.build_script_build.334c2104-cgu.15.rcgu.o" "/opt/rustwide/target/debug/build/proc-macro2-ba0484aefe84f127/build_script_build-ba0484aefe84f127.build_script_build.334c2104-cgu.2.rcgu.o" "/opt/rustwide/target/debug/build/proc-macro2-ba0484aefe84f127/build_script_build-ba0484aefe84f127.build_script_build.334c2104-cgu.3.rcgu.o" "/opt/rustwide/target/debug/build/proc-macro2-ba0484aefe84f127/build_script_build-ba0484aefe84f127.build_script_build.334c2104-cgu.4.rcgu.o" "/opt/rustwide/target/debug/build/proc-macro2-ba0484aefe84f127/build_script_build-ba0484aefe84f127.build_script_build.334c2104-cgu.5.rcgu.o" "/opt/rustwide/target/debug/build/proc-macro2-ba0484aefe84f127/build_script_build-ba0484aefe84f127.build_script_build.334c2104-cgu.6.rcgu.o" "/opt/rustwide/target/debug/build/proc-macro2-ba0484aefe84f127/build_script_build-ba0484aefe84f127.build_script_build.334c2104-cgu.7.rcgu.o" "/opt/rustwide/target/debug/build/proc-macro2-ba0484aefe84f127/build_script_build-ba0484aefe84f127.build_script_build.334c2104-cgu.8.rcgu.o" "/opt/rustwide/target/debug/build/proc-macro2-ba0484aefe84f127/build_script_build-ba0484aefe84f127.build_script_build.334c2104-cgu.9.rcgu.o" "/opt/rustwide/target/debug/build/proc-macro2-ba0484aefe84f127/build_script_build-ba0484aefe84f127.3ihroj9bl9xsm41e.rcgu.o" "-Wl,--as-needed" "-L" "/opt/rustwide/target/debug/deps" "-L" "/opt/rustwide/rustup-home/toolchains/beta-2023-04-20-x86_64-unknown-linux-gnu/lib/rustlib/x86_64-unknown-linux-gnu/lib" "-Wl,-Bstatic" "/opt/rustwide/rustup-home/toolchains/beta-2023-04-20-x86_64-unknown-linux-gnu/lib/rustlib/x86_64-unknown-linux-gnu/lib/libstd-0e29cc23c5e02021.rlib" "/opt/rustwide/rustup-home/toolchains/beta-2023-04-20-x86_64-unknown-linux-gnu/lib/rustlib/x86_64-unknown-linux-gnu/lib/libpanic_unwind-d903621768a861d9.rlib" "/opt/rustwide/rustup-home/toolchains/beta-2023-04-20-x86_64-unknown-linux-gnu/lib/rustlib/x86_64-unknown-linux-gnu/lib/libobject-6d0225e655f31c13.rlib" "/opt/rustwide/rustup-home/toolchains/beta-2023-04-20-x86_64-unknown-linux-gnu/lib/rustlib/x86_64-unknown-linux-gnu/lib/libmemchr-9dbaf4eac7eaa079.rlib" "/opt/rustwide/rustup-home/toolchains/beta-2023-04-20-x86_64-unknown-linux-gnu/lib/rustlib/x86_64-unknown-linux-gnu/lib/libaddr2line-27f05b3d42a66dd0.rlib" "/opt/rustwide/rustup-home/toolchains/beta-2023-04-20-x86_64-unknown-linux-gnu/lib/rustlib/x86_64-unknown-linux-gnu/lib/libgimli-4d73f1030321c9a2.rlib" "/opt/rustwide/rustup-home/toolchains/beta-2023-04-20-x86_64-unknown-linux-gnu/lib/rustlib/x86_64-unknown-linux-gnu/lib/librustc_demangle-2846c9e58abd0acb.rlib" "/opt/rustwide/rustup-home/toolchains/beta-2023-04-20-x86_64-unknown-linux-gnu/lib/rustlib/x86_64-unknown-linux-gnu/lib/libstd_detect-a53d0f50415947be.rlib" "/opt/rustwide/rustup-home/toolchains/beta-2023-04-20-x86_64-unknown-linux-gnu/lib/rustlib/x86_64-unknown-linux-gnu/lib/libhashbrown-d48e4b6abc25b9dc.rlib" "/opt/rustwide/rustup-home/toolchains/beta-2023-04-20-x86_64-unknown-linux-gnu/lib/rustlib/x86_64-unknown-linux-gnu/lib/libminiz_oxide-2991859439ef1207.rlib" "/opt/rustwide/rustup-home/toolchains/beta-2023-04-20-x86_64-unknown-linux-gnu/lib/rustlib/x86_64-unknown-linux-gnu/lib/libadler-8a687517e4221bae.rlib" "/opt/rustwide/rustup-home/toolchains/beta-2023-04-20-x86_64-unknown-linux-gnu/lib/rustlib/x86_64-unknown-linux-gnu/lib/librustc_std_workspace_alloc-e07b554f6a67f5b3.rlib" "/opt/rustwide/rustup-home/toolchains/beta-2023-04-20-x86_64-unknown-linux-gnu/lib/rustlib/x86_64-unknown-linux-gnu/lib/libunwind-b68238b7c3c619dd.rlib" "/opt/rustwide/rustup-home/toolchains/beta-2023-04-20-x86_64-unknown-linux-gnu/lib/rustlib/x86_64-unknown-linux-gnu/lib/libcfg_if-d5e213e896c017e4.rlib" "/opt/rustwide/rustup-home/toolchains/beta-2023-04-20-x86_64-unknown-linux-gnu/lib/rustlib/x86_64-unknown-linux-gnu/lib/liblibc-0211a3b2e61d8689.rlib" "/opt/rustwide/rustup-home/toolchains/beta-2023-04-20-x86_64-unknown-linux-gnu/lib/rustlib/x86_64-unknown-linux-gnu/lib/liballoc-b371f055239ba51f.rlib" "/opt/rustwide/rustup-home/toolchains/beta-2023-04-20-x86_64-unknown-linux-gnu/lib/rustlib/x86_64-unknown-linux-gnu/lib/librustc_std_workspace_core-e60518d2760eb01e.rlib" "/opt/rustwide/rustup-home/toolchains/beta-2023-04-20-x86_64-unknown-linux-gnu/lib/rustlib/x86_64-unknown-linux-gnu/lib/libcore-1ad943f92a4b1081.rlib" "/opt/rustwide/rustup-home/toolchains/beta-2023-04-20-x86_64-unknown-linux-gnu/lib/rustlib/x86_64-unknown-linux-gnu/lib/libcompiler_builtins-f0d6e4d0fc1e80b4.rlib" "-Wl,-Bdynamic" "-lgcc_s" "-lutil" "-lrt" "-lpthread" "-lm" "-ldl" "-lc" "-Wl,--eh-frame-hdr" "-Wl,-z,noexecstack" "-L" "/opt/rustwide/rustup-home/toolchains/beta-2023-04-20-x86_64-unknown-linux-gnu/lib/rustlib/x86_64-unknown-linux-gnu/lib" "-o" "/opt/rustwide/target/debug/build/proc-macro2-ba0484aefe84f127/build_script_build-ba0484aefe84f127" "-Wl,--gc-sections" "-pie" "-Wl,-z,relro,-z,now" "-nodefaultlibs"
[INFO] [stdout]   = note: /usr/bin/ld: final link failed: No space left on device
[INFO] [stdout]           collect2: error: ld returned 1 exit status
[INFO] [stdout]           
[INFO] [stdout] 
[INFO] [stdout] 
[INFO] [stdout] error: aborting due to previous error
[INFO] [stdout] 
[INFO] [stdout] 
[INFO] [stderr] error: could not compile `proc-macro2` (build script) due to 2 previous errors
[INFO] [stdout] error: couldn't create a temp dir: No space left on device (os error 28) at path "/opt/rustwide/target/debug/deps/rmeta4hu1DP"
[INFO] [stdout] 
[INFO] [stdout] 
[INFO] [stderr] error: could not compile `net2` (lib) due to previous error
[INFO] [stdout] error: couldn't create a temp dir: No space left on device (os error 28) at path "/opt/rustwide/target/debug/deps/rmetanpRU7k"
[INFO] [stdout] 
[INFO] [stdout] 
[INFO] [stderr] error: could not compile `unicode-normalization` (lib) due to previous error
[INFO] [stderr] thread 'rustc' panicked at 'assertion failed: pos.get() <= self.position()', compiler/rustc_metadata/src/rmeta/encoder.rs:433:9
[INFO] [stderr] error: could not compile `encoding` (lib)
[INFO] running `Command { std: "docker" "inspect" "8c22a2a853585e5347cb3fbc3011e01ee20f8ada8d1bf7469b2b7411b443c0c4", kill_on_drop: false }`
[INFO] running `Command { std: "docker" "rm" "-f" "8c22a2a853585e5347cb3fbc3011e01ee20f8ada8d1bf7469b2b7411b443c0c4", kill_on_drop: false }`
[INFO] [stdout] 8c22a2a853585e5347cb3fbc3011e01ee20f8ada8d1bf7469b2b7411b443c0c4
