[INFO] cloning repository https://github.com/asypost/tcp-proxy-rust
[INFO] running `Command { std: "git" "-c" "credential.helper=" "-c" "credential.helper=/workspace/cargo-home/bin/git-credential-null" "clone" "--bare" "https://github.com/asypost/tcp-proxy-rust" "/workspace/cache/git-repos/https%3A%2F%2Fgithub.com%2Fasypost%2Ftcp-proxy-rust", kill_on_drop: false }`
[INFO] [stderr] Cloning into bare repository '/workspace/cache/git-repos/https%3A%2F%2Fgithub.com%2Fasypost%2Ftcp-proxy-rust'...
[INFO] running `Command { std: "git" "rev-parse" "HEAD", kill_on_drop: false }`
[INFO] [stdout] 0a9cbf42f2fcf3397f6b7ec3f5ae8fecfae07d52
[INFO] testing asypost/tcp-proxy-rust against 1.69.0 for beta-1.70-1
[INFO] running `Command { std: "git" "clone" "/workspace/cache/git-repos/https%3A%2F%2Fgithub.com%2Fasypost%2Ftcp-proxy-rust" "/workspace/builds/worker-1-tc1/source", kill_on_drop: false }`
[INFO] [stderr] Cloning into '/workspace/builds/worker-1-tc1/source'...
[INFO] [stderr] done.
[INFO] validating manifest of git repo https://github.com/asypost/tcp-proxy-rust on toolchain 1.69.0
[INFO] running `Command { std: CARGO_HOME="/workspace/cargo-home" RUSTUP_HOME="/workspace/rustup-home" "/workspace/cargo-home/bin/cargo" "+1.69.0" "metadata" "--manifest-path" "Cargo.toml" "--no-deps", kill_on_drop: false }`
[INFO] started tweaking git repo https://github.com/asypost/tcp-proxy-rust
[INFO] finished tweaking git repo https://github.com/asypost/tcp-proxy-rust
[INFO] tweaked toml for git repo https://github.com/asypost/tcp-proxy-rust written to /workspace/builds/worker-1-tc1/source/Cargo.toml
[INFO] crate git repo https://github.com/asypost/tcp-proxy-rust already has a lockfile, it will not be regenerated
[INFO] running `Command { std: CARGO_HOME="/workspace/cargo-home" RUSTUP_HOME="/workspace/rustup-home" "/workspace/cargo-home/bin/cargo" "+1.69.0" "fetch" "--manifest-path" "Cargo.toml", kill_on_drop: false }`
[INFO] [stderr]  Downloading crates ...
[INFO] [stderr]   Downloaded ocl-core-vector v0.1.0
[INFO] [stderr]   Downloaded rustc-demangle v0.1.6
[INFO] [stderr]   Downloaded futures v0.1.18
[INFO] [stderr]   Downloaded cl-sys v0.4.1
[INFO] [stderr]   Downloaded qutex v0.2.0
[INFO] [stderr]   Downloaded ocl-core v0.8.0
[INFO] [stderr]   Downloaded ocl v0.17.0
[INFO] running `Command { std: "docker" "create" "-v" "/var/lib/crater-agent-workspace/builds/worker-1-tc1/target:/opt/rustwide/target:rw,Z" "-v" "/var/lib/crater-agent-workspace/builds/worker-1-tc1/source:/opt/rustwide/workdir:ro,Z" "-v" "/var/lib/crater-agent-workspace/cargo-home:/opt/rustwide/cargo-home:ro,Z" "-v" "/var/lib/crater-agent-workspace/rustup-home:/opt/rustwide/rustup-home:ro,Z" "-e" "SOURCE_DIR=/opt/rustwide/workdir" "-e" "CARGO_TARGET_DIR=/opt/rustwide/target" "-e" "CARGO_HOME=/opt/rustwide/cargo-home" "-e" "RUSTUP_HOME=/opt/rustwide/rustup-home" "-w" "/opt/rustwide/workdir" "-m" "1610612736" "--user" "0:0" "--network" "none" "ghcr.io/rust-lang/crates-build-env/linux@sha256:5ff2268d62e97bff2cde7d5815dd6ed5b47097566f13b8d0ca110b04b60e07ed" "/opt/rustwide/cargo-home/bin/cargo" "+1.69.0" "metadata" "--no-deps" "--format-version=1", kill_on_drop: false }`
[INFO] [stdout] fbc57ba01adf43ffb84f2c919a2bfb96d3b8b708df9398deaeec883e888d8512
[INFO] running `Command { std: "docker" "start" "-a" "fbc57ba01adf43ffb84f2c919a2bfb96d3b8b708df9398deaeec883e888d8512", kill_on_drop: false }`
[INFO] running `Command { std: "docker" "inspect" "fbc57ba01adf43ffb84f2c919a2bfb96d3b8b708df9398deaeec883e888d8512", kill_on_drop: false }`
[INFO] running `Command { std: "docker" "rm" "-f" "fbc57ba01adf43ffb84f2c919a2bfb96d3b8b708df9398deaeec883e888d8512", kill_on_drop: false }`
[INFO] [stdout] fbc57ba01adf43ffb84f2c919a2bfb96d3b8b708df9398deaeec883e888d8512
[INFO] running `Command { std: "docker" "create" "-v" "/var/lib/crater-agent-workspace/builds/worker-1-tc1/target:/opt/rustwide/target:rw,Z" "-v" "/var/lib/crater-agent-workspace/builds/worker-1-tc1/source:/opt/rustwide/workdir:ro,Z" "-v" "/var/lib/crater-agent-workspace/cargo-home:/opt/rustwide/cargo-home:ro,Z" "-v" "/var/lib/crater-agent-workspace/rustup-home:/opt/rustwide/rustup-home:ro,Z" "-e" "SOURCE_DIR=/opt/rustwide/workdir" "-e" "CARGO_TARGET_DIR=/opt/rustwide/target" "-e" "CARGO_INCREMENTAL=0" "-e" "RUST_BACKTRACE=full" "-e" "RUSTFLAGS=--cap-lints=warn" "-e" "RUSTDOCFLAGS=--cap-lints=warn" "-e" "CARGO_HOME=/opt/rustwide/cargo-home" "-e" "RUSTUP_HOME=/opt/rustwide/rustup-home" "-w" "/opt/rustwide/workdir" "-m" "1610612736" "--user" "0:0" "--network" "none" "ghcr.io/rust-lang/crates-build-env/linux@sha256:5ff2268d62e97bff2cde7d5815dd6ed5b47097566f13b8d0ca110b04b60e07ed" "/opt/rustwide/cargo-home/bin/cargo" "+1.69.0" "build" "--frozen" "--message-format=json", kill_on_drop: false }`
[INFO] [stdout] e9bf8f43a3ac146741d0b4ea6aa88c8bcd0e2a2a1890e64780bc93f6c0368154
[INFO] running `Command { std: "docker" "start" "-a" "e9bf8f43a3ac146741d0b4ea6aa88c8bcd0e2a2a1890e64780bc93f6c0368154", kill_on_drop: false }`
[INFO] [stderr]     Blocking waiting for file lock on package cache
[INFO] [stderr]    Compiling libc v0.2.36
[INFO] [stderr]    Compiling num-traits v0.2.0
[INFO] [stderr]    Compiling unicode-xid v0.0.4
[INFO] [stderr]    Compiling cc v1.0.4
[INFO] [stderr]    Compiling rustc-serialize v0.3.24
[INFO] [stderr]    Compiling quote v0.3.15
[INFO] [stderr]    Compiling semver v0.1.20
[INFO] [stderr]    Compiling rustc-demangle v0.1.6
[INFO] [stderr]    Compiling synom v0.11.3
[INFO] [stderr]    Compiling syn v0.11.11
[INFO] [stderr]    Compiling rustc_version v0.1.7
[INFO] [stderr]    Compiling cfg-if v0.1.2
[INFO] [stderr]    Compiling num-integer v0.1.36
[INFO] [stderr]    Compiling rand v0.4.2
[INFO] [stderr]    Compiling cl-sys v0.4.1
[INFO] [stderr]    Compiling num-traits v0.1.43
[INFO] [stderr]    Compiling num-iter v0.1.35
[INFO] [stderr]    Compiling enum_primitive v0.1.1
[INFO] [stderr]    Compiling crossbeam v0.3.2
[INFO] [stderr]    Compiling ocl-core v0.8.0
[INFO] [stderr]    Compiling bitflags v1.0.1
[INFO] [stderr]    Compiling futures v0.1.18
[INFO] [stderr]    Compiling num_cpus v1.8.0
[INFO] [stderr]    Compiling backtrace-sys v0.1.16
[INFO] [stderr]    Compiling proxy v0.1.0 (/opt/rustwide/workdir)
[INFO] [stderr]    Compiling synstructure v0.6.1
[INFO] [stderr]    Compiling nodrop v0.1.12
[INFO] [stderr]    Compiling threadpool v1.7.1
[INFO] [stderr]    Compiling num-bigint v0.1.43
[INFO] [stderr]    Compiling num-complex v0.1.42
[INFO] [stderr]    Compiling failure_derive v0.1.1
[INFO] [stderr]    Compiling qutex v0.2.0
[INFO] [stderr]    Compiling num-rational v0.1.42
[INFO] [stderr]    Compiling num v0.1.42
[INFO] [stderr]    Compiling ocl-core-vector v0.1.0
[INFO] [stderr]    Compiling backtrace v0.3.5
[INFO] [stderr]    Compiling failure v0.1.1
[INFO] [stderr]    Compiling ocl v0.17.0
[INFO] [stdout] error[E0502]: cannot borrow `self.cmd.buffer.obj_core` as immutable because it is also borrowed as mutable
[INFO] [stdout]     --> /opt/rustwide/cargo-home/registry/src/github.com-1ecc6299db9ec823/ocl-0.17.0/src/standard/buffer.rs:1606:13
[INFO] [stdout]      |
[INFO] [stdout] 1603 |         let (offset, len, queue, flags, ewait, enew, /*is_mapped*/) = self.enq_details()?;
[INFO] [stdout]      |                                                                       ------------------ mutable borrow occurs here
[INFO] [stdout] ...
[INFO] [stdout] 1606 |             &self.cmd.buffer.obj_core, true, flags, offset, len, ewait, enew)?;
[INFO] [stdout]      |             ^^^^^^^^^^^^^^^^^^^^^^^^^ immutable borrow occurs here
[INFO] [stdout] ...
[INFO] [stdout] 1611 |             queue.clone()))
[INFO] [stdout]      |             ------------- mutable borrow later used here
[INFO] [stdout] 
[INFO] [stdout] 
[INFO] [stdout] error[E0502]: cannot borrow `self.cmd.buffer.obj_core` as immutable because it is also borrowed as mutable
[INFO] [stdout]     --> /opt/rustwide/cargo-home/registry/src/github.com-1ecc6299db9ec823/ocl-0.17.0/src/standard/buffer.rs:1610:57
[INFO] [stdout]      |
[INFO] [stdout] 1603 |         let (offset, len, queue, flags, ewait, enew, /*is_mapped*/) = self.enq_details()?;
[INFO] [stdout]      |                                                                       ------------------ mutable borrow occurs here
[INFO] [stdout] ...
[INFO] [stdout] 1610 |         Ok(MemMap::new(mm_core, len, None, unmap_event, self.cmd.buffer.obj_core.clone(),
[INFO] [stdout]      |                                                         ^^^^^^^^^^^^^^^^^^^^^^^^^^^^^^^^ immutable borrow occurs here
[INFO] [stdout] 1611 |             queue.clone()))
[INFO] [stdout]      |             ------------- mutable borrow later used here
[INFO] [stdout] 
[INFO] [stdout] 
[INFO] [stdout] error[E0502]: cannot borrow `self.cmd.buffer.obj_core` as immutable because it is also borrowed as mutable
[INFO] [stdout]     --> /opt/rustwide/cargo-home/registry/src/github.com-1ecc6299db9ec823/ocl-0.17.0/src/standard/buffer.rs:1632:13
[INFO] [stdout]      |
[INFO] [stdout] 1627 |         let (offset, len, queue, flags, ewait, enew, /*is_mapped*/) = self.enq_details()?;
[INFO] [stdout]      |                                                                       ------------------ mutable borrow occurs here
[INFO] [stdout] ...
[INFO] [stdout] 1632 |             &self.cmd.buffer.obj_core, false, flags, offset, len, ewait,
[INFO] [stdout]      |             ^^^^^^^^^^^^^^^^^^^^^^^^^ immutable borrow occurs here
[INFO] [stdout] ...
[INFO] [stdout] 1643 |             self.cmd.buffer.obj_core.clone(), queue.clone(), /*is_mapped*/))
[INFO] [stdout]      |                                               ------------- mutable borrow later used here
[INFO] [stdout] 
[INFO] [stdout] 
[INFO] [stdout] error[E0502]: cannot borrow `self.cmd.buffer.obj_core` as immutable because it is also borrowed as mutable
[INFO] [stdout]     --> /opt/rustwide/cargo-home/registry/src/github.com-1ecc6299db9ec823/ocl-0.17.0/src/standard/buffer.rs:1643:13
[INFO] [stdout]      |
[INFO] [stdout] 1627 |         let (offset, len, queue, flags, ewait, enew, /*is_mapped*/) = self.enq_details()?;
[INFO] [stdout]      |                                                                       ------------------ mutable borrow occurs here
[INFO] [stdout] ...
[INFO] [stdout] 1643 |             self.cmd.buffer.obj_core.clone(), queue.clone(), /*is_mapped*/))
[INFO] [stdout]      |             ^^^^^^^^^^^^^^^^^^^^^^^^^^^^^^^^  ------------- mutable borrow later used here
[INFO] [stdout]      |             |
[INFO] [stdout]      |             immutable borrow occurs here
[INFO] [stdout] 
[INFO] [stdout] 
[INFO] [stdout] error: aborting due to 4 previous errors
[INFO] [stdout] 
[INFO] [stdout] 
[INFO] [stdout] For more information about this error, try `rustc --explain E0502`.
[INFO] [stdout] 
[INFO] [stderr] error: could not compile `ocl` due to 5 previous errors
[INFO] running `Command { std: "docker" "inspect" "e9bf8f43a3ac146741d0b4ea6aa88c8bcd0e2a2a1890e64780bc93f6c0368154", kill_on_drop: false }`
[INFO] running `Command { std: "docker" "rm" "-f" "e9bf8f43a3ac146741d0b4ea6aa88c8bcd0e2a2a1890e64780bc93f6c0368154", kill_on_drop: false }`
[INFO] [stdout] e9bf8f43a3ac146741d0b4ea6aa88c8bcd0e2a2a1890e64780bc93f6c0368154
