[INFO] cloning repository https://github.com/askoufis/advent-of-code-2021
[INFO] running `Command { std: "git" "-c" "credential.helper=" "-c" "credential.helper=/workspace/cargo-home/bin/git-credential-null" "clone" "--bare" "https://github.com/askoufis/advent-of-code-2021" "/workspace/cache/git-repos/https%3A%2F%2Fgithub.com%2Faskoufis%2Fadvent-of-code-2021", kill_on_drop: false }`
[INFO] [stderr] Cloning into bare repository '/workspace/cache/git-repos/https%3A%2F%2Fgithub.com%2Faskoufis%2Fadvent-of-code-2021'...
[INFO] running `Command { std: "git" "rev-parse" "HEAD", kill_on_drop: false }`
[INFO] [stdout] afa36d5e765b7d58e4c515d41dc025b05d2b3e4a
[INFO] testing askoufis/advent-of-code-2021 against 1.69.0 for beta-1.70-1
[INFO] running `Command { std: "git" "clone" "/workspace/cache/git-repos/https%3A%2F%2Fgithub.com%2Faskoufis%2Fadvent-of-code-2021" "/workspace/builds/worker-7-tc1/source", kill_on_drop: false }`
[INFO] [stderr] Cloning into '/workspace/builds/worker-7-tc1/source'...
[INFO] [stderr] done.
[INFO] validating manifest of git repo https://github.com/askoufis/advent-of-code-2021 on toolchain 1.69.0
[INFO] running `Command { std: CARGO_HOME="/workspace/cargo-home" RUSTUP_HOME="/workspace/rustup-home" "/workspace/cargo-home/bin/cargo" "+1.69.0" "metadata" "--manifest-path" "Cargo.toml" "--no-deps", kill_on_drop: false }`
[INFO] started tweaking git repo https://github.com/askoufis/advent-of-code-2021
[INFO] finished tweaking git repo https://github.com/askoufis/advent-of-code-2021
[INFO] tweaked toml for git repo https://github.com/askoufis/advent-of-code-2021 written to /workspace/builds/worker-7-tc1/source/Cargo.toml
[INFO] crate git repo https://github.com/askoufis/advent-of-code-2021 already has a lockfile, it will not be regenerated
[INFO] running `Command { std: CARGO_HOME="/workspace/cargo-home" RUSTUP_HOME="/workspace/rustup-home" "/workspace/cargo-home/bin/cargo" "+1.69.0" "fetch" "--manifest-path" "Cargo.toml", kill_on_drop: false }`
[INFO] running `Command { std: "docker" "create" "-v" "/var/lib/crater-agent-workspace/builds/worker-7-tc1/target:/opt/rustwide/target:rw,Z" "-v" "/var/lib/crater-agent-workspace/builds/worker-7-tc1/source:/opt/rustwide/workdir:ro,Z" "-v" "/var/lib/crater-agent-workspace/cargo-home:/opt/rustwide/cargo-home:ro,Z" "-v" "/var/lib/crater-agent-workspace/rustup-home:/opt/rustwide/rustup-home:ro,Z" "-e" "SOURCE_DIR=/opt/rustwide/workdir" "-e" "CARGO_TARGET_DIR=/opt/rustwide/target" "-e" "CARGO_HOME=/opt/rustwide/cargo-home" "-e" "RUSTUP_HOME=/opt/rustwide/rustup-home" "-w" "/opt/rustwide/workdir" "-m" "1610612736" "--user" "0:0" "--network" "none" "ghcr.io/rust-lang/crates-build-env/linux@sha256:5ff2268d62e97bff2cde7d5815dd6ed5b47097566f13b8d0ca110b04b60e07ed" "/opt/rustwide/cargo-home/bin/cargo" "+1.69.0" "metadata" "--no-deps" "--format-version=1", kill_on_drop: false }`
[INFO] [stdout] 8378e60c0ea7ffdaa2d3f7c010ee1eef07fd5f147d6e0d364d299b7d1f4377a4
[INFO] running `Command { std: "docker" "start" "-a" "8378e60c0ea7ffdaa2d3f7c010ee1eef07fd5f147d6e0d364d299b7d1f4377a4", kill_on_drop: false }`
[INFO] running `Command { std: "docker" "inspect" "8378e60c0ea7ffdaa2d3f7c010ee1eef07fd5f147d6e0d364d299b7d1f4377a4", kill_on_drop: false }`
[INFO] running `Command { std: "docker" "rm" "-f" "8378e60c0ea7ffdaa2d3f7c010ee1eef07fd5f147d6e0d364d299b7d1f4377a4", kill_on_drop: false }`
[INFO] [stdout] 8378e60c0ea7ffdaa2d3f7c010ee1eef07fd5f147d6e0d364d299b7d1f4377a4
[INFO] running `Command { std: "docker" "create" "-v" "/var/lib/crater-agent-workspace/builds/worker-7-tc1/target:/opt/rustwide/target:rw,Z" "-v" "/var/lib/crater-agent-workspace/builds/worker-7-tc1/source:/opt/rustwide/workdir:ro,Z" "-v" "/var/lib/crater-agent-workspace/cargo-home:/opt/rustwide/cargo-home:ro,Z" "-v" "/var/lib/crater-agent-workspace/rustup-home:/opt/rustwide/rustup-home:ro,Z" "-e" "SOURCE_DIR=/opt/rustwide/workdir" "-e" "CARGO_TARGET_DIR=/opt/rustwide/target" "-e" "CARGO_INCREMENTAL=0" "-e" "RUST_BACKTRACE=full" "-e" "RUSTFLAGS=--cap-lints=warn" "-e" "RUSTDOCFLAGS=--cap-lints=warn" "-e" "CARGO_HOME=/opt/rustwide/cargo-home" "-e" "RUSTUP_HOME=/opt/rustwide/rustup-home" "-w" "/opt/rustwide/workdir" "-m" "1610612736" "--user" "0:0" "--network" "none" "ghcr.io/rust-lang/crates-build-env/linux@sha256:5ff2268d62e97bff2cde7d5815dd6ed5b47097566f13b8d0ca110b04b60e07ed" "/opt/rustwide/cargo-home/bin/cargo" "+1.69.0" "build" "--frozen" "--message-format=json", kill_on_drop: false }`
[INFO] [stdout] 94f5a866b179efcbc31762610f3abe1cc03a69d088e56f6087fc954554d15f33
[INFO] running `Command { std: "docker" "start" "-a" "94f5a866b179efcbc31762610f3abe1cc03a69d088e56f6087fc954554d15f33", kill_on_drop: false }`
[INFO] [stderr]    Compiling proc-macro2 v1.0.32
[INFO] [stderr]    Compiling serde v1.0.130
[INFO] [stderr]    Compiling syn v1.0.82
[INFO] [stderr]    Compiling ryu v1.0.6
[INFO] [stderr]    Compiling serde_json v1.0.72
[INFO] [stderr]    Compiling serde_derive v1.0.130
[INFO] [stderr]    Compiling itoa v0.4.8
[INFO] [stderr]    Compiling quote v1.0.10
[INFO] [stderr]    Compiling aoc-runner-internal v0.1.0
[INFO] [stderr]    Compiling aoc-runner-derive v0.3.0
[INFO] [stderr]    Compiling advent-of-code-2021 v0.1.0 (/opt/rustwide/workdir)
[INFO] [stdout] error: proc macro panicked
[INFO] [stdout]   --> src/lib.rs:11:1
[INFO] [stdout]    |
[INFO] [stdout] 11 | aoc_lib! { year = 2021 }
[INFO] [stdout]    | ^^^^^^^^^^^^^^^^^^^^^^^^
[INFO] [stdout]    |
[INFO] [stdout]    = help: message: failed to write infos from lib: Os { code: 30, kind: ReadOnlyFilesystem, message: "Read-only file system" }
[INFO] [stdout] 
[INFO] [stdout] 
[INFO] [stdout] error[E0432]: unresolved import `crate`
[INFO] [stdout]  --> src/day1.rs:6:1
[INFO] [stdout]   |
[INFO] [stdout] 6 | #[aoc(day1, part1)]
[INFO] [stdout]   | ^^^^^^^^^^^^^^^^^^^ no `Factory` in the root
[INFO] [stdout]   |
[INFO] [stdout]   = note: this error originates in the attribute macro `aoc` (in Nightly builds, run with -Z macro-backtrace for more info)
[INFO] [stdout] 
[INFO] [stdout] 
[INFO] [stdout] error[E0432]: unresolved import `crate`
[INFO] [stdout]   --> src/day1.rs:15:1
[INFO] [stdout]    |
[INFO] [stdout] 15 | #[aoc(day1, part2)]
[INFO] [stdout]    | ^^^^^^^^^^^^^^^^^^^ no `Factory` in the root
[INFO] [stdout]    |
[INFO] [stdout]    = note: this error originates in the attribute macro `aoc` (in Nightly builds, run with -Z macro-backtrace for more info)
[INFO] [stdout] 
[INFO] [stdout] 
[INFO] [stdout] error[E0432]: unresolved import `crate`
[INFO] [stdout]   --> src/day2.rs:26:1
[INFO] [stdout]    |
[INFO] [stdout] 26 | #[aoc(day2, part1)]
[INFO] [stdout]    | ^^^^^^^^^^^^^^^^^^^ no `Factory` in the root
[INFO] [stdout]    |
[INFO] [stdout]    = note: this error originates in the attribute macro `aoc` (in Nightly builds, run with -Z macro-backtrace for more info)
[INFO] [stdout] 
[INFO] [stdout] 
[INFO] [stdout] error[E0432]: unresolved import `crate`
[INFO] [stdout]   --> src/day2.rs:40:1
[INFO] [stdout]    |
[INFO] [stdout] 40 | #[aoc(day2, part2)]
[INFO] [stdout]    | ^^^^^^^^^^^^^^^^^^^ no `Factory` in the root
[INFO] [stdout]    |
[INFO] [stdout]    = note: this error originates in the attribute macro `aoc` (in Nightly builds, run with -Z macro-backtrace for more info)
[INFO] [stdout] 
[INFO] [stdout] 
[INFO] [stdout] error[E0432]: unresolved import `crate`
[INFO] [stdout]   --> src/day3.rs:39:1
[INFO] [stdout]    |
[INFO] [stdout] 39 | #[aoc(day3, part1)]
[INFO] [stdout]    | ^^^^^^^^^^^^^^^^^^^ no `Factory` in the root
[INFO] [stdout]    |
[INFO] [stdout]    = note: this error originates in the attribute macro `aoc` (in Nightly builds, run with -Z macro-backtrace for more info)
[INFO] [stdout] 
[INFO] [stdout] 
[INFO] [stdout] error[E0432]: unresolved import `crate`
[INFO] [stdout]   --> src/day3.rs:77:1
[INFO] [stdout]    |
[INFO] [stdout] 77 | #[aoc(day3, part2)]
[INFO] [stdout]    | ^^^^^^^^^^^^^^^^^^^ no `Factory` in the root
[INFO] [stdout]    |
[INFO] [stdout]    = note: this error originates in the attribute macro `aoc` (in Nightly builds, run with -Z macro-backtrace for more info)
[INFO] [stdout] 
[INFO] [stdout] 
[INFO] [stdout] error[E0432]: unresolved import `crate`
[INFO] [stdout]    --> src/day4.rs:206:1
[INFO] [stdout]     |
[INFO] [stdout] 206 | #[aoc(day4, part1)]
[INFO] [stdout]     | ^^^^^^^^^^^^^^^^^^^ no `Factory` in the root
[INFO] [stdout]     |
[INFO] [stdout]     = note: this error originates in the attribute macro `aoc` (in Nightly builds, run with -Z macro-backtrace for more info)
[INFO] [stdout] 
[INFO] [stdout] 
[INFO] [stdout] error[E0432]: unresolved import `crate`
[INFO] [stdout]    --> src/day4.rs:222:1
[INFO] [stdout]     |
[INFO] [stdout] 222 | #[aoc(day4, part2)]
[INFO] [stdout]     | ^^^^^^^^^^^^^^^^^^^ no `Factory` in the root
[INFO] [stdout]     |
[INFO] [stdout]     = note: this error originates in the attribute macro `aoc` (in Nightly builds, run with -Z macro-backtrace for more info)
[INFO] [stdout] 
[INFO] [stdout] 
[INFO] [stdout] error: aborting due to 9 previous errors
[INFO] [stdout] 
[INFO] [stdout] 
[INFO] [stdout] For more information about this error, try `rustc --explain E0432`.
[INFO] [stdout] 
[INFO] [stderr] error: could not compile `advent-of-code-2021` due to 10 previous errors
[INFO] running `Command { std: "docker" "inspect" "94f5a866b179efcbc31762610f3abe1cc03a69d088e56f6087fc954554d15f33", kill_on_drop: false }`
[INFO] running `Command { std: "docker" "rm" "-f" "94f5a866b179efcbc31762610f3abe1cc03a69d088e56f6087fc954554d15f33", kill_on_drop: false }`
[INFO] [stdout] 94f5a866b179efcbc31762610f3abe1cc03a69d088e56f6087fc954554d15f33
