[INFO] cloning repository https://github.com/ashuralyk/axon-contracts
[INFO] running `Command { std: "git" "-c" "credential.helper=" "-c" "credential.helper=/workspace/cargo-home/bin/git-credential-null" "clone" "--bare" "https://github.com/ashuralyk/axon-contracts" "/workspace/cache/git-repos/https%3A%2F%2Fgithub.com%2Fashuralyk%2Faxon-contracts", kill_on_drop: false }`
[INFO] [stderr] Cloning into bare repository '/workspace/cache/git-repos/https%3A%2F%2Fgithub.com%2Fashuralyk%2Faxon-contracts'...
[INFO] running `Command { std: "git" "rev-parse" "HEAD", kill_on_drop: false }`
[INFO] [stdout] 07a1a45505a2c7a21c674e22a1b4280431fa80ca
[INFO] testing ashuralyk/axon-contracts against beta-2023-04-20 for beta-1.70-1
[INFO] running `Command { std: "git" "clone" "/workspace/cache/git-repos/https%3A%2F%2Fgithub.com%2Fashuralyk%2Faxon-contracts" "/workspace/builds/worker-4-tc2/source", kill_on_drop: false }`
[INFO] [stderr] Cloning into '/workspace/builds/worker-4-tc2/source'...
[INFO] [stderr] done.
[INFO] validating manifest of git repo https://github.com/ashuralyk/axon-contracts on toolchain beta-2023-04-20
[INFO] running `Command { std: CARGO_HOME="/workspace/cargo-home" RUSTUP_HOME="/workspace/rustup-home" "/workspace/cargo-home/bin/cargo" "+beta-2023-04-20" "metadata" "--manifest-path" "Cargo.toml" "--no-deps", kill_on_drop: false }`
[INFO] started tweaking git repo https://github.com/ashuralyk/axon-contracts
[INFO] finished tweaking git repo https://github.com/ashuralyk/axon-contracts
[INFO] tweaked toml for git repo https://github.com/ashuralyk/axon-contracts written to /workspace/builds/worker-4-tc2/source/Cargo.toml
[INFO] crate git repo https://github.com/ashuralyk/axon-contracts already has a lockfile, it will not be regenerated
[INFO] running `Command { std: CARGO_HOME="/workspace/cargo-home" RUSTUP_HOME="/workspace/rustup-home" "/workspace/cargo-home/bin/cargo" "+beta-2023-04-20" "fetch" "--manifest-path" "Cargo.toml", kill_on_drop: false }`
[INFO] [stderr] warning: profiles for the non root package will be ignored, specify profiles at the workspace root:
[INFO] [stderr] package:   /workspace/builds/worker-4-tc2/source/contracts/common/protocol/moleculec-c2/Cargo.toml
[INFO] [stderr] workspace: /workspace/builds/worker-4-tc2/source/Cargo.toml
[INFO] [stderr]     Updating crates.io index
[INFO] [stderr]  Downloading crates ...
[INFO] [stderr]   Downloaded faster-hex v0.6.1
[INFO] [stderr]   Downloaded secp256k1 v0.19.0
[INFO] [stderr]   Downloaded secp256k1-sys v0.3.0
[INFO] [stderr]   Downloaded opentelemetry v0.15.0
[INFO] [stderr]   Downloaded buddy-alloc v0.4.1
[INFO] [stderr]   Downloaded includedir v0.6.0
[INFO] [stderr]   Downloaded ckb-crypto v0.100.0
[INFO] [stderr]   Downloaded ckb-fixed-hash-core v0.100.0
[INFO] [stderr]   Downloaded ckb-fixed-hash v0.100.0
[INFO] [stderr]   Downloaded ckb-occupied-capacity-macros v0.100.0
[INFO] [stderr]   Downloaded ckb-types v0.100.0
[INFO] [stderr]   Downloaded cstr_core v0.2.4
[INFO] [stderr]   Downloaded blake2b-ref v0.2.1
[INFO] [stderr]   Downloaded ckb-standalone-types v0.1.2
[INFO] [stderr]   Downloaded ckb-fixed-hash-macros v0.100.0
[INFO] [stderr]   Downloaded ckb-hash v0.100.0
[INFO] [stderr]   Downloaded molecule v0.7.2
[INFO] [stderr]   Downloaded ckb-verification-traits v0.100.0
[INFO] [stderr]   Downloaded includedir_codegen v0.6.0
[INFO] [stderr]   Downloaded goblin v0.4.0
[INFO] [stderr]   Downloaded ckb-occupied-capacity-core v0.100.0
[INFO] [stderr]   Downloaded ckb-metrics v0.100.0
[INFO] [stderr]   Downloaded ckb-error v0.100.0
[INFO] [stderr]   Downloaded ckb-logger v0.100.0
[INFO] [stderr]   Downloaded ckb-traits v0.100.0
[INFO] [stderr]   Downloaded ckb-dao v0.100.0
[INFO] [stderr]   Downloaded ckb-constant v0.100.0
[INFO] [stderr]   Downloaded ckb-occupied-capacity v0.100.0
[INFO] [stderr]   Downloaded ckb-dao-utils v0.100.0
[INFO] [stderr]   Downloaded ckb-testtool v0.6.1
[INFO] [stderr]   Downloaded ckb-vm-definitions v0.20.0-rc5
[INFO] [stderr]   Downloaded tentacle-multiaddr v0.3.1
[INFO] [stderr]   Downloaded ckb-pow v0.100.0
[INFO] [stderr]   Downloaded ckb-channel v0.100.0
[INFO] [stderr]   Downloaded ckb-rational v0.100.0
[INFO] [stderr]   Downloaded tentacle-secio v0.5.1
[INFO] [stderr]   Downloaded ckb-verification v0.100.0
[INFO] [stderr]   Downloaded ckb-resource v0.100.0
[INFO] [stderr]   Downloaded ckb-chain-spec v0.100.0
[INFO] [stderr]   Downloaded ckb-jsonrpc-types v0.100.0
[INFO] [stderr]   Downloaded ckb-std v0.9.0
[INFO] [stderr]   Downloaded ckb-system-scripts v0.5.3
[INFO] [stderr]   Downloaded ckb-script v0.100.0
[INFO] [stderr]   Downloaded ckb-vm v0.20.0-rc5
[INFO] running `Command { std: "docker" "create" "-v" "/var/lib/crater-agent-workspace/builds/worker-4-tc2/target:/opt/rustwide/target:rw,Z" "-v" "/var/lib/crater-agent-workspace/builds/worker-4-tc2/source:/opt/rustwide/workdir:ro,Z" "-v" "/var/lib/crater-agent-workspace/cargo-home:/opt/rustwide/cargo-home:ro,Z" "-v" "/var/lib/crater-agent-workspace/rustup-home:/opt/rustwide/rustup-home:ro,Z" "-e" "SOURCE_DIR=/opt/rustwide/workdir" "-e" "CARGO_TARGET_DIR=/opt/rustwide/target" "-e" "CARGO_HOME=/opt/rustwide/cargo-home" "-e" "RUSTUP_HOME=/opt/rustwide/rustup-home" "-w" "/opt/rustwide/workdir" "-m" "1610612736" "--user" "0:0" "--network" "none" "ghcr.io/rust-lang/crates-build-env/linux@sha256:5ff2268d62e97bff2cde7d5815dd6ed5b47097566f13b8d0ca110b04b60e07ed" "/opt/rustwide/cargo-home/bin/cargo" "+beta-2023-04-20" "metadata" "--no-deps" "--format-version=1", kill_on_drop: false }`
[INFO] [stdout] df596d27e5c20e1afe40ca0a65b7999e3565dc0494711c2f0615c27dfc2f7205
[INFO] running `Command { std: "docker" "start" "-a" "df596d27e5c20e1afe40ca0a65b7999e3565dc0494711c2f0615c27dfc2f7205", kill_on_drop: false }`
[INFO] running `Command { std: "docker" "inspect" "df596d27e5c20e1afe40ca0a65b7999e3565dc0494711c2f0615c27dfc2f7205", kill_on_drop: false }`
[INFO] running `Command { std: "docker" "rm" "-f" "df596d27e5c20e1afe40ca0a65b7999e3565dc0494711c2f0615c27dfc2f7205", kill_on_drop: false }`
[INFO] [stdout] df596d27e5c20e1afe40ca0a65b7999e3565dc0494711c2f0615c27dfc2f7205
[INFO] running `Command { std: "docker" "create" "-v" "/var/lib/crater-agent-workspace/builds/worker-4-tc2/target:/opt/rustwide/target:rw,Z" "-v" "/var/lib/crater-agent-workspace/builds/worker-4-tc2/source:/opt/rustwide/workdir:ro,Z" "-v" "/var/lib/crater-agent-workspace/cargo-home:/opt/rustwide/cargo-home:ro,Z" "-v" "/var/lib/crater-agent-workspace/rustup-home:/opt/rustwide/rustup-home:ro,Z" "-e" "SOURCE_DIR=/opt/rustwide/workdir" "-e" "CARGO_TARGET_DIR=/opt/rustwide/target" "-e" "CARGO_INCREMENTAL=0" "-e" "RUST_BACKTRACE=full" "-e" "RUSTFLAGS=--cap-lints=warn" "-e" "RUSTDOCFLAGS=--cap-lints=warn" "-e" "CARGO_HOME=/opt/rustwide/cargo-home" "-e" "RUSTUP_HOME=/opt/rustwide/rustup-home" "-w" "/opt/rustwide/workdir" "-m" "1610612736" "--user" "0:0" "--network" "none" "ghcr.io/rust-lang/crates-build-env/linux@sha256:5ff2268d62e97bff2cde7d5815dd6ed5b47097566f13b8d0ca110b04b60e07ed" "/opt/rustwide/cargo-home/bin/cargo" "+beta-2023-04-20" "build" "--frozen" "--message-format=json", kill_on_drop: false }`
[INFO] [stdout] 4c52d432213d1c9bd4e2205412851a712be482c46bee57d7730727562ea3a569
[INFO] running `Command { std: "docker" "start" "-a" "4c52d432213d1c9bd4e2205412851a712be482c46bee57d7730727562ea3a569", kill_on_drop: false }`
[INFO] [stderr] warning: profiles for the non root package will be ignored, specify profiles at the workspace root:
[INFO] [stderr] package:   /opt/rustwide/workdir/contracts/common/protocol/moleculec-c2/Cargo.toml
[INFO] [stderr] workspace: /opt/rustwide/workdir/Cargo.toml
[INFO] [stderr]    Compiling cfg-if v1.0.0
[INFO] [stderr]    Compiling proc-macro2 v1.0.36
[INFO] [stderr]    Compiling unicode-xid v0.2.2
[INFO] [stderr]    Compiling syn v1.0.84
[INFO] [stderr]    Compiling libc v0.2.112
[INFO] [stderr]    Compiling cc v1.0.72
[INFO] [stderr]    Compiling serde_derive v1.0.132
[INFO] [stderr]    Compiling serde v1.0.132
[INFO] [stderr]    Compiling ppv-lite86 v0.2.15
[INFO] [stderr]    Compiling getrandom v0.1.16
[INFO] [stderr]    Compiling faster-hex v0.6.1
[INFO] [stderr]    Compiling autocfg v1.0.1
[INFO] [stderr]    Compiling lazy_static v1.4.0
[INFO] [stderr]    Compiling heapsize v0.4.2
[INFO] [stderr]    Compiling once_cell v1.9.0
[INFO] [stderr]    Compiling memchr v2.4.1
[INFO] [stderr]    Compiling siphasher v0.3.7
[INFO] [stderr]    Compiling anyhow v1.0.52
[INFO] [stderr]    Compiling convert_case v0.4.0
[INFO] [stderr]    Compiling crossbeam-utils v0.8.5
[INFO] [stderr]    Compiling phf_shared v0.8.0
[INFO] [stderr]    Compiling crc32fast v1.3.0
[INFO] [stderr]    Compiling bitflags v1.3.2
[INFO] [stderr]    Compiling miniz_oxide v0.4.4
[INFO] [stderr]    Compiling adler v1.0.2
[INFO] [stderr]    Compiling cfg-if v0.1.10
[INFO] [stderr]    Compiling version_check v0.9.4
[INFO] [stderr]    Compiling log v0.4.14
[INFO] [stderr]    Compiling same-file v1.0.6
[INFO] [stderr]    Compiling bit-vec v0.5.1
[INFO] [stderr]    Compiling futures-core v0.3.19
[INFO] [stderr]    Compiling merkle-cbt v0.3.0
[INFO] [stderr]    Compiling walkdir v2.3.2
[INFO] [stderr]    Compiling phf v0.8.0
[INFO] [stderr]    Compiling futures-sink v0.3.19
[INFO] [stderr]    Compiling futures-channel v0.3.19
[INFO] [stderr]    Compiling pin-project-lite v0.2.7
[INFO] [stderr]    Compiling futures-task v0.3.19
[INFO] [stderr]    Compiling futures-util v0.3.19
[INFO] [stderr]    Compiling byteorder v1.4.3
[INFO] [stderr]    Compiling pin-utils v0.1.0
[INFO] [stderr]    Compiling serde_json v1.0.73
[INFO] [stderr]    Compiling getrandom v0.2.3
[INFO] [stderr]    Compiling quote v1.0.14
[INFO] [stderr]    Compiling typenum v1.15.0
[INFO] [stderr]    Compiling crossbeam-channel v0.5.1
[INFO] [stderr]    Compiling rand_core v0.5.1
[INFO] [stderr]    Compiling pkg-config v0.3.24
[INFO] [stderr]    Compiling futures-io v0.3.19
[INFO] [stderr]    Compiling blake2b-rs v0.1.5
[INFO] [stderr]    Compiling secp256k1-sys v0.3.0
[INFO] [stderr]    Compiling slab v0.4.5
[INFO] [stderr]    Compiling rand_pcg v0.2.1
[INFO] [stderr]    Compiling rand_chacha v0.2.2
[INFO] [stderr]    Compiling rand_core v0.6.3
[INFO] [stderr]    Compiling generic-array v0.14.4
[INFO] [stderr]    Compiling ryu v1.0.9
[INFO] [stderr]    Compiling itoa v1.0.1
[INFO] [stderr]    Compiling ckb-channel v0.100.0
[INFO] [stderr]    Compiling ahash v0.7.6
[INFO] [stderr]    Compiling plain v0.2.3
[INFO] [stderr]    Compiling eaglesong v0.1.0
[INFO] [stderr]    Compiling ring v0.16.20
[INFO] [stderr]    Compiling rand v0.7.3
[INFO] [stderr]    Compiling flate2 v1.0.22
[INFO] [stderr]    Compiling openssl-sys v0.9.72
[INFO] [stderr]    Compiling rand_chacha v0.3.1
[INFO] [stderr]    Compiling ckb-std v0.9.0
[INFO] [stderr]    Compiling ckb-vm v0.20.0-rc5
[INFO] [stderr]    Compiling num_cpus v1.13.1
[INFO] [stderr]    Compiling ckb-constant v0.100.0
[INFO] [stderr]    Compiling ckb-hash v0.100.0
[INFO] [stderr]    Compiling rand v0.8.4
[INFO] [stderr]    Compiling cty v0.2.2
[INFO] [stderr]    Compiling includedir v0.6.0
[INFO] [stderr]    Compiling cstr_core v0.2.4
[INFO] [stderr]    Compiling dashmap v4.0.2
[INFO] [stderr]    Compiling mapr v0.8.0
[INFO] [stderr]    Compiling ckb-script v0.100.0
[INFO] [stderr]    Compiling phf_generator v0.8.0
[INFO] [stderr]    Compiling fnv v1.0.7
[INFO] [stderr]    Compiling remove_dir_all v0.5.3
[INFO] [stderr]    Compiling molecule2 v0.1.0 (/opt/rustwide/workdir/contracts/common/protocol/moleculec-c2)
[INFO] [stderr]    Compiling phf_codegen v0.8.0
[INFO] [stderr]    Compiling foreign-types-shared v0.1.1
[INFO] [stderr]    Compiling includedir_codegen v0.6.0
[INFO] [stderr]    Compiling secp256k1 v0.19.0
[INFO] [stderr]    Compiling secp256k1 v0.1.0 (/opt/rustwide/workdir/contracts/common/secp256k1)
[INFO] [stderr]    Compiling buddy-alloc v0.4.1
[INFO] [stderr]    Compiling ckb-vm-definitions v0.20.0-rc5
[INFO] [stderr]    Compiling openssl v0.10.38
[INFO] [stderr]    Compiling foreign-types v0.3.2
[INFO] [stderr]    Compiling protocol v0.1.0 (/opt/rustwide/workdir/contracts/common/protocol)
[INFO] [stderr]    Compiling hashbrown v0.11.2
[INFO] [stderr]    Compiling ckb-logger v0.100.0
[INFO] [stderr]    Compiling cpufeatures v0.2.1
[INFO] [stdout] error[E0554]: `#![feature]` may not be used on the beta release channel
[INFO] [stdout]  --> contracts/common/protocol/src/lib.rs:2:1
[INFO] [stdout]   |
[INFO] [stdout] 2 | #![feature(asm)]
[INFO] [stdout]   | ^^^^^^^^^^^^^^^^
[INFO] [stdout] 
[INFO] [stdout] 
[INFO] [stdout] error[E0554]: `#![feature]` may not be used on the beta release channel
[INFO] [stdout]  --> contracts/common/protocol/src/lib.rs:3:1
[INFO] [stdout]   |
[INFO] [stdout] 3 | #![feature(lang_items)]
[INFO] [stdout]   | ^^^^^^^^^^^^^^^^^^^^^^^
[INFO] [stdout] 
[INFO] [stdout] 
[INFO] [stdout] error[E0554]: `#![feature]` may not be used on the beta release channel
[INFO] [stdout]  --> contracts/common/protocol/src/lib.rs:4:1
[INFO] [stdout]   |
[INFO] [stdout] 4 | #![feature(alloc_error_handler)]
[INFO] [stdout]   | ^^^^^^^^^^^^^^^^^^^^^^^^^^^^^^^^
[INFO] [stdout] 
[INFO] [stdout] 
[INFO] [stdout] error[E0554]: `#![feature]` may not be used on the beta release channel
[INFO] [stdout]  --> contracts/common/protocol/src/lib.rs:5:1
[INFO] [stdout]   |
[INFO] [stdout] 5 | #![feature(panic_info_message)]
[INFO] [stdout]   | ^^^^^^^^^^^^^^^^^^^^^^^^^^^^^^^
[INFO] [stdout] 
[INFO] [stdout] 
[INFO] [stdout] error[E0554]: `#![feature]` may not be used on the beta release channel
[INFO] [stdout]  --> contracts/common/protocol/src/lib.rs:2:12
[INFO] [stdout]   |
[INFO] [stdout] 2 | #![feature(asm)]
[INFO] [stdout]   |            ^^^
[INFO] [stdout] 
[INFO] [stdout] 
[INFO] [stdout] error[E0554]: `#![feature]` may not be used on the beta release channel
[INFO] [stdout]  --> contracts/common/protocol/src/lib.rs:5:12
[INFO] [stdout]   |
[INFO] [stdout] 5 | #![feature(panic_info_message)]
[INFO] [stdout]   |            ^^^^^^^^^^^^^^^^^^
[INFO] [stdout] 
[INFO] [stdout] 
[INFO] [stdout] warning: the feature `asm` has been stable since 1.59.0 and no longer requires an attribute to enable
[INFO] [stdout]  --> contracts/common/protocol/src/lib.rs:2:12
[INFO] [stdout]   |
[INFO] [stdout] 2 | #![feature(asm)]
[INFO] [stdout]   |            ^^^
[INFO] [stdout]   |
[INFO] [stdout]   = note: `#[warn(stable_features)]` on by default
[INFO] [stdout] 
[INFO] [stdout] 
[INFO] [stdout] error: aborting due to 6 previous errors; 1 warning emitted
[INFO] [stdout] 
[INFO] [stdout] 
[INFO] [stdout] For more information about this error, try `rustc --explain E0554`.
[INFO] [stdout] 
[INFO] [stderr] error: could not compile `protocol` (lib) due to 7 previous errors; 1 warning emitted
[INFO] [stderr] warning: build failed, waiting for other jobs to finish...
[INFO] running `Command { std: "docker" "inspect" "4c52d432213d1c9bd4e2205412851a712be482c46bee57d7730727562ea3a569", kill_on_drop: false }`
[INFO] running `Command { std: "docker" "rm" "-f" "4c52d432213d1c9bd4e2205412851a712be482c46bee57d7730727562ea3a569", kill_on_drop: false }`
[INFO] [stdout] 4c52d432213d1c9bd4e2205412851a712be482c46bee57d7730727562ea3a569
