[INFO] cloning repository https://github.com/ashfordneil/heimdall
[INFO] running `Command { std: "git" "-c" "credential.helper=" "-c" "credential.helper=/workspace/cargo-home/bin/git-credential-null" "clone" "--bare" "https://github.com/ashfordneil/heimdall" "/workspace/cache/git-repos/https%3A%2F%2Fgithub.com%2Fashfordneil%2Fheimdall", kill_on_drop: false }`
[INFO] [stderr] Cloning into bare repository '/workspace/cache/git-repos/https%3A%2F%2Fgithub.com%2Fashfordneil%2Fheimdall'...
[INFO] running `Command { std: "git" "rev-parse" "HEAD", kill_on_drop: false }`
[INFO] [stdout] 8de65b6ff1e719d1c731222b4e87189368e2cbda
[INFO] testing ashfordneil/heimdall against beta-2023-04-20 for beta-1.70-1
[INFO] running `Command { std: "git" "clone" "/workspace/cache/git-repos/https%3A%2F%2Fgithub.com%2Fashfordneil%2Fheimdall" "/workspace/builds/worker-7-tc2/source", kill_on_drop: false }`
[INFO] [stderr] Cloning into '/workspace/builds/worker-7-tc2/source'...
[INFO] [stderr] done.
[INFO] validating manifest of git repo https://github.com/ashfordneil/heimdall on toolchain beta-2023-04-20
[INFO] running `Command { std: CARGO_HOME="/workspace/cargo-home" RUSTUP_HOME="/workspace/rustup-home" "/workspace/cargo-home/bin/cargo" "+beta-2023-04-20" "metadata" "--manifest-path" "Cargo.toml" "--no-deps", kill_on_drop: false }`
[INFO] started tweaking git repo https://github.com/ashfordneil/heimdall
[INFO] finished tweaking git repo https://github.com/ashfordneil/heimdall
[INFO] tweaked toml for git repo https://github.com/ashfordneil/heimdall written to /workspace/builds/worker-7-tc2/source/Cargo.toml
[INFO] crate git repo https://github.com/ashfordneil/heimdall already has a lockfile, it will not be regenerated
[INFO] running `Command { std: CARGO_HOME="/workspace/cargo-home" RUSTUP_HOME="/workspace/rustup-home" "/workspace/cargo-home/bin/cargo" "+beta-2023-04-20" "fetch" "--manifest-path" "Cargo.toml", kill_on_drop: false }`
[INFO] running `Command { std: "docker" "create" "-v" "/var/lib/crater-agent-workspace/builds/worker-7-tc2/target:/opt/rustwide/target:rw,Z" "-v" "/var/lib/crater-agent-workspace/builds/worker-7-tc2/source:/opt/rustwide/workdir:ro,Z" "-v" "/var/lib/crater-agent-workspace/cargo-home:/opt/rustwide/cargo-home:ro,Z" "-v" "/var/lib/crater-agent-workspace/rustup-home:/opt/rustwide/rustup-home:ro,Z" "-e" "SOURCE_DIR=/opt/rustwide/workdir" "-e" "CARGO_TARGET_DIR=/opt/rustwide/target" "-e" "CARGO_HOME=/opt/rustwide/cargo-home" "-e" "RUSTUP_HOME=/opt/rustwide/rustup-home" "-w" "/opt/rustwide/workdir" "-m" "1610612736" "--user" "0:0" "--network" "none" "ghcr.io/rust-lang/crates-build-env/linux@sha256:5ff2268d62e97bff2cde7d5815dd6ed5b47097566f13b8d0ca110b04b60e07ed" "/opt/rustwide/cargo-home/bin/cargo" "+beta-2023-04-20" "metadata" "--no-deps" "--format-version=1", kill_on_drop: false }`
[INFO] [stdout] 5803de9ee884af020a7bc038f7aeec0982652610f86f61c376a04f5e19cf9143
[INFO] running `Command { std: "docker" "start" "-a" "5803de9ee884af020a7bc038f7aeec0982652610f86f61c376a04f5e19cf9143", kill_on_drop: false }`
[INFO] running `Command { std: "docker" "inspect" "5803de9ee884af020a7bc038f7aeec0982652610f86f61c376a04f5e19cf9143", kill_on_drop: false }`
[INFO] running `Command { std: "docker" "rm" "-f" "5803de9ee884af020a7bc038f7aeec0982652610f86f61c376a04f5e19cf9143", kill_on_drop: false }`
[INFO] [stdout] 5803de9ee884af020a7bc038f7aeec0982652610f86f61c376a04f5e19cf9143
[INFO] running `Command { std: "docker" "create" "-v" "/var/lib/crater-agent-workspace/builds/worker-7-tc2/target:/opt/rustwide/target:rw,Z" "-v" "/var/lib/crater-agent-workspace/builds/worker-7-tc2/source:/opt/rustwide/workdir:ro,Z" "-v" "/var/lib/crater-agent-workspace/cargo-home:/opt/rustwide/cargo-home:ro,Z" "-v" "/var/lib/crater-agent-workspace/rustup-home:/opt/rustwide/rustup-home:ro,Z" "-e" "SOURCE_DIR=/opt/rustwide/workdir" "-e" "CARGO_TARGET_DIR=/opt/rustwide/target" "-e" "CARGO_INCREMENTAL=0" "-e" "RUST_BACKTRACE=full" "-e" "RUSTFLAGS=--cap-lints=warn" "-e" "RUSTDOCFLAGS=--cap-lints=warn" "-e" "CARGO_HOME=/opt/rustwide/cargo-home" "-e" "RUSTUP_HOME=/opt/rustwide/rustup-home" "-w" "/opt/rustwide/workdir" "-m" "1610612736" "--user" "0:0" "--network" "none" "ghcr.io/rust-lang/crates-build-env/linux@sha256:5ff2268d62e97bff2cde7d5815dd6ed5b47097566f13b8d0ca110b04b60e07ed" "/opt/rustwide/cargo-home/bin/cargo" "+beta-2023-04-20" "build" "--frozen" "--message-format=json", kill_on_drop: false }`
[INFO] [stdout] 2f85b71e389d55c79ee69697ce32a85f181dc399399a176aac15323ac0863dba
[INFO] running `Command { std: "docker" "start" "-a" "2f85b71e389d55c79ee69697ce32a85f181dc399399a176aac15323ac0863dba", kill_on_drop: false }`
[INFO] [stderr]    Compiling libc v0.2.76
[INFO] [stderr]    Compiling proc-macro2 v1.0.20
[INFO] [stderr]    Compiling version_check v0.9.2
[INFO] [stderr]    Compiling syn v1.0.39
[INFO] [stderr]    Compiling getrandom v0.1.14
[INFO] [stderr]    Compiling unicode-segmentation v1.6.0
[INFO] [stderr]    Compiling log v0.4.11
[INFO] [stderr]    Compiling proc-macro-hack v0.5.18
[INFO] [stderr]    Compiling hashbrown v0.8.2
[INFO] [stderr]    Compiling aho-corasick v0.7.13
[INFO] [stderr]    Compiling proc-macro-error-attr v1.0.4
[INFO] [stderr]    Compiling proc-macro-error v1.0.4
[INFO] [stderr]    Compiling heck v0.3.1
[INFO] [stderr]    Compiling regex-syntax v0.6.18
[INFO] [stderr]    Compiling ahash v0.3.8
[INFO] [stderr]    Compiling quote v1.0.7
[INFO] [stderr]    Compiling either v1.6.0
[INFO] [stderr]    Compiling atty v0.2.14
[INFO] [stderr]    Compiling clap v2.33.3
[INFO] [stderr]    Compiling itertools v0.9.0
[INFO] [stderr]    Compiling const-random-macro v0.1.8
[INFO] [stderr]    Compiling errno v0.2.6
[INFO] [stderr]    Compiling slab v0.4.2
[INFO] [stderr]    Compiling scopeguard v1.1.0
[INFO] [stderr]    Compiling const-random v0.1.8
[INFO] [stderr]    Compiling ahash v0.4.4
[INFO] [stderr]    Compiling regex v1.3.9
[INFO] [stderr]    Compiling env_logger v0.7.1
[INFO] [stderr]    Compiling structopt-derive v0.4.10
[INFO] [stderr]    Compiling thiserror-impl v1.0.20
[INFO] [stderr]    Compiling thiserror v1.0.20
[INFO] [stderr]    Compiling structopt v0.3.17
[INFO] [stderr]    Compiling heimdall v0.1.0 (/opt/rustwide/workdir)
[INFO] [stdout] warning: unused import: `iter`
[INFO] [stdout]  --> src/glob.rs:4:23
[INFO] [stdout]   |
[INFO] [stdout] 4 | use std::{ffi::OsStr, iter};
[INFO] [stdout]   |                       ^^^^
[INFO] [stdout]   |
[INFO] [stdout]   = note: `#[warn(unused_imports)]` on by default
[INFO] [stdout] 
[INFO] [stdout] 
[INFO] [stdout] warning: unused import: `either::Either`
[INFO] [stdout]  --> src/glob.rs:6:5
[INFO] [stdout]   |
[INFO] [stdout] 6 | use either::Either;
[INFO] [stdout]   |     ^^^^^^^^^^^^^^
[INFO] [stdout] 
[INFO] [stdout] 
[INFO] [stdout] warning: unused import: `std::collections::HashMap`
[INFO] [stdout]   --> src/tree.rs:10:5
[INFO] [stdout]    |
[INFO] [stdout] 10 | use std::collections::HashMap;
[INFO] [stdout]    |     ^^^^^^^^^^^^^^^^^^^^^^^^^
[INFO] [stdout] 
[INFO] [stdout] 
[INFO] [stdout] warning: unnecessary parentheses around `if` condition
[INFO] [stdout]    --> src/tree.rs:171:16
[INFO] [stdout]     |
[INFO] [stdout] 171 |             if (path.as_bytes() == b".gitignore" && file_type == FileType::Regular) {
[INFO] [stdout]     |                ^                                                                  ^
[INFO] [stdout]     |
[INFO] [stdout]     = note: `#[warn(unused_parens)]` on by default
[INFO] [stdout] help: remove these parentheses
[INFO] [stdout]     |
[INFO] [stdout] 171 -             if (path.as_bytes() == b".gitignore" && file_type == FileType::Regular) {
[INFO] [stdout] 171 +             if path.as_bytes() == b".gitignore" && file_type == FileType::Regular {
[INFO] [stdout]     |
[INFO] [stdout] 
[INFO] [stdout] 
[INFO] [stdout] error[E0277]: the trait bound `fs::FileType: From<u32>` is not satisfied
[INFO] [stdout]    --> src/fs.rs:115:44
[INFO] [stdout]     |
[INFO] [stdout] 115 |         let file_type = FileType::try_from(buf.st_mode)?;
[INFO] [stdout]     |                         ------------------ ^^^^^^^^^^^ the trait `From<u32>` is not implemented for `fs::FileType`
[INFO] [stdout]     |                         |
[INFO] [stdout]     |                         required by a bound introduced by this call
[INFO] [stdout]     |
[INFO] [stdout]     = help: the trait `TryFrom<u16>` is implemented for `fs::FileType`
[INFO] [stdout]     = note: required for `u32` to implement `Into<fs::FileType>`
[INFO] [stdout]     = note: required for `fs::FileType` to implement `TryFrom<u32>`
[INFO] [stdout] 
[INFO] [stdout] 
[INFO] [stdout] error[E0277]: `?` couldn't convert the error to `error::Error`
[INFO] [stdout]    --> src/fs.rs:115:56
[INFO] [stdout]     |
[INFO] [stdout] 115 |         let file_type = FileType::try_from(buf.st_mode)?;
[INFO] [stdout]     |                                                        ^ the trait `From<Infallible>` is not implemented for `error::Error`
[INFO] [stdout]     |
[INFO] [stdout]     = note: the question mark operation (`?`) implicitly performs a conversion on the error value using the `From` trait
[INFO] [stdout]     = help: the trait `From<std::io::Error>` is implemented for `error::Error`
[INFO] [stdout]     = note: required for `std::result::Result<(fs::FileType, u64), error::Error>` to implement `FromResidual<std::result::Result<Infallible, Infallible>>`
[INFO] [stdout] 
[INFO] [stdout] 
[INFO] [stdout] error[E0277]: the trait bound `fs::FileType: From<u32>` is not satisfied
[INFO] [stdout]    --> src/fs.rs:115:25
[INFO] [stdout]     |
[INFO] [stdout] 115 |         let file_type = FileType::try_from(buf.st_mode)?;
[INFO] [stdout]     |                         ^^^^^^^^^^^^^^^^^^^^^^^^^^^^^^^ the trait `From<u32>` is not implemented for `fs::FileType`
[INFO] [stdout]     |
[INFO] [stdout]     = help: the trait `TryFrom<u16>` is implemented for `fs::FileType`
[INFO] [stdout]     = note: required for `u32` to implement `Into<fs::FileType>`
[INFO] [stdout]     = note: required for `fs::FileType` to implement `TryFrom<u32>`
[INFO] [stdout] 
[INFO] [stdout] 
[INFO] [stdout] error[E0277]: the trait bound `fs::FileType: From<u32>` is not satisfied
[INFO] [stdout]    --> src/fs.rs:133:44
[INFO] [stdout]     |
[INFO] [stdout] 133 |         let file_type = FileType::try_from(buf.st_mode)?;
[INFO] [stdout]     |                         ------------------ ^^^^^^^^^^^ the trait `From<u32>` is not implemented for `fs::FileType`
[INFO] [stdout]     |                         |
[INFO] [stdout]     |                         required by a bound introduced by this call
[INFO] [stdout]     |
[INFO] [stdout]     = help: the trait `TryFrom<u16>` is implemented for `fs::FileType`
[INFO] [stdout]     = note: required for `u32` to implement `Into<fs::FileType>`
[INFO] [stdout]     = note: required for `fs::FileType` to implement `TryFrom<u32>`
[INFO] [stdout] 
[INFO] [stdout] 
[INFO] [stdout] error[E0277]: `?` couldn't convert the error to `error::Error`
[INFO] [stdout]    --> src/fs.rs:133:56
[INFO] [stdout]     |
[INFO] [stdout] 133 |         let file_type = FileType::try_from(buf.st_mode)?;
[INFO] [stdout]     |                                                        ^ the trait `From<Infallible>` is not implemented for `error::Error`
[INFO] [stdout]     |
[INFO] [stdout]     = note: the question mark operation (`?`) implicitly performs a conversion on the error value using the `From` trait
[INFO] [stdout]     = help: the trait `From<std::io::Error>` is implemented for `error::Error`
[INFO] [stdout]     = note: required for `std::result::Result<(fs::FileType, u64), error::Error>` to implement `FromResidual<std::result::Result<Infallible, Infallible>>`
[INFO] [stdout] 
[INFO] [stdout] 
[INFO] [stdout] error[E0277]: the trait bound `fs::FileType: From<u32>` is not satisfied
[INFO] [stdout]    --> src/fs.rs:133:25
[INFO] [stdout]     |
[INFO] [stdout] 133 |         let file_type = FileType::try_from(buf.st_mode)?;
[INFO] [stdout]     |                         ^^^^^^^^^^^^^^^^^^^^^^^^^^^^^^^ the trait `From<u32>` is not implemented for `fs::FileType`
[INFO] [stdout]     |
[INFO] [stdout]     = help: the trait `TryFrom<u16>` is implemented for `fs::FileType`
[INFO] [stdout]     = note: required for `u32` to implement `Into<fs::FileType>`
[INFO] [stdout]     = note: required for `fs::FileType` to implement `TryFrom<u32>`
[INFO] [stdout] 
[INFO] [stdout] 
[INFO] [stdout] error: aborting due to 6 previous errors; 4 warnings emitted
[INFO] [stdout] 
[INFO] [stdout] 
[INFO] [stdout] For more information about this error, try `rustc --explain E0277`.
[INFO] [stdout] 
[INFO] [stderr] error: could not compile `heimdall` (lib) due to 7 previous errors; 4 warnings emitted
[INFO] running `Command { std: "docker" "inspect" "2f85b71e389d55c79ee69697ce32a85f181dc399399a176aac15323ac0863dba", kill_on_drop: false }`
[INFO] running `Command { std: "docker" "rm" "-f" "2f85b71e389d55c79ee69697ce32a85f181dc399399a176aac15323ac0863dba", kill_on_drop: false }`
[INFO] [stdout] 2f85b71e389d55c79ee69697ce32a85f181dc399399a176aac15323ac0863dba
