[INFO] cloning repository https://github.com/aschenbecherwespe/prace
[INFO] running `Command { std: "git" "-c" "credential.helper=" "-c" "credential.helper=/workspace/cargo-home/bin/git-credential-null" "clone" "--bare" "https://github.com/aschenbecherwespe/prace" "/workspace/cache/git-repos/https%3A%2F%2Fgithub.com%2Faschenbecherwespe%2Fprace", kill_on_drop: false }`
[INFO] [stderr] Cloning into bare repository '/workspace/cache/git-repos/https%3A%2F%2Fgithub.com%2Faschenbecherwespe%2Fprace'...
[INFO] running `Command { std: "git" "rev-parse" "HEAD", kill_on_drop: false }`
[INFO] [stdout] 984944bf210c9288a94b1757916e061822830e73
[INFO] testing aschenbecherwespe/prace against 1.69.0 for beta-1.70-1
[INFO] running `Command { std: "git" "clone" "/workspace/cache/git-repos/https%3A%2F%2Fgithub.com%2Faschenbecherwespe%2Fprace" "/workspace/builds/worker-1-tc1/source", kill_on_drop: false }`
[INFO] [stderr] Cloning into '/workspace/builds/worker-1-tc1/source'...
[INFO] [stderr] done.
[INFO] validating manifest of git repo https://github.com/aschenbecherwespe/prace on toolchain 1.69.0
[INFO] running `Command { std: CARGO_HOME="/workspace/cargo-home" RUSTUP_HOME="/workspace/rustup-home" "/workspace/cargo-home/bin/cargo" "+1.69.0" "metadata" "--manifest-path" "Cargo.toml" "--no-deps", kill_on_drop: false }`
[INFO] started tweaking git repo https://github.com/aschenbecherwespe/prace
[INFO] finished tweaking git repo https://github.com/aschenbecherwespe/prace
[INFO] tweaked toml for git repo https://github.com/aschenbecherwespe/prace written to /workspace/builds/worker-1-tc1/source/Cargo.toml
[INFO] crate git repo https://github.com/aschenbecherwespe/prace already has a lockfile, it will not be regenerated
[INFO] running `Command { std: CARGO_HOME="/workspace/cargo-home" RUSTUP_HOME="/workspace/rustup-home" "/workspace/cargo-home/bin/cargo" "+1.69.0" "fetch" "--manifest-path" "Cargo.toml", kill_on_drop: false }`
[INFO] running `Command { std: "docker" "create" "-v" "/var/lib/crater-agent-workspace/builds/worker-1-tc1/target:/opt/rustwide/target:rw,Z" "-v" "/var/lib/crater-agent-workspace/builds/worker-1-tc1/source:/opt/rustwide/workdir:ro,Z" "-v" "/var/lib/crater-agent-workspace/cargo-home:/opt/rustwide/cargo-home:ro,Z" "-v" "/var/lib/crater-agent-workspace/rustup-home:/opt/rustwide/rustup-home:ro,Z" "-e" "SOURCE_DIR=/opt/rustwide/workdir" "-e" "CARGO_TARGET_DIR=/opt/rustwide/target" "-e" "CARGO_HOME=/opt/rustwide/cargo-home" "-e" "RUSTUP_HOME=/opt/rustwide/rustup-home" "-w" "/opt/rustwide/workdir" "-m" "1610612736" "--user" "0:0" "--network" "none" "ghcr.io/rust-lang/crates-build-env/linux@sha256:5ff2268d62e97bff2cde7d5815dd6ed5b47097566f13b8d0ca110b04b60e07ed" "/opt/rustwide/cargo-home/bin/cargo" "+1.69.0" "metadata" "--no-deps" "--format-version=1", kill_on_drop: false }`
[INFO] [stdout] 516021c5451f592285a0f491a947688419902ee6f994fb29bf04acbecaef9294
[INFO] running `Command { std: "docker" "start" "-a" "516021c5451f592285a0f491a947688419902ee6f994fb29bf04acbecaef9294", kill_on_drop: false }`
[INFO] running `Command { std: "docker" "inspect" "516021c5451f592285a0f491a947688419902ee6f994fb29bf04acbecaef9294", kill_on_drop: false }`
[INFO] running `Command { std: "docker" "rm" "-f" "516021c5451f592285a0f491a947688419902ee6f994fb29bf04acbecaef9294", kill_on_drop: false }`
[INFO] [stdout] 516021c5451f592285a0f491a947688419902ee6f994fb29bf04acbecaef9294
[INFO] running `Command { std: "docker" "create" "-v" "/var/lib/crater-agent-workspace/builds/worker-1-tc1/target:/opt/rustwide/target:rw,Z" "-v" "/var/lib/crater-agent-workspace/builds/worker-1-tc1/source:/opt/rustwide/workdir:ro,Z" "-v" "/var/lib/crater-agent-workspace/cargo-home:/opt/rustwide/cargo-home:ro,Z" "-v" "/var/lib/crater-agent-workspace/rustup-home:/opt/rustwide/rustup-home:ro,Z" "-e" "SOURCE_DIR=/opt/rustwide/workdir" "-e" "CARGO_TARGET_DIR=/opt/rustwide/target" "-e" "CARGO_INCREMENTAL=0" "-e" "RUST_BACKTRACE=full" "-e" "RUSTFLAGS=--cap-lints=warn" "-e" "RUSTDOCFLAGS=--cap-lints=warn" "-e" "CARGO_HOME=/opt/rustwide/cargo-home" "-e" "RUSTUP_HOME=/opt/rustwide/rustup-home" "-w" "/opt/rustwide/workdir" "-m" "1610612736" "--user" "0:0" "--network" "none" "ghcr.io/rust-lang/crates-build-env/linux@sha256:5ff2268d62e97bff2cde7d5815dd6ed5b47097566f13b8d0ca110b04b60e07ed" "/opt/rustwide/cargo-home/bin/cargo" "+1.69.0" "build" "--frozen" "--message-format=json", kill_on_drop: false }`
[INFO] [stdout] 13df9f80f887685f5cb26a68c5c00d93570448267389ee90c7dea8c12dd1e431
[INFO] running `Command { std: "docker" "start" "-a" "13df9f80f887685f5cb26a68c5c00d93570448267389ee90c7dea8c12dd1e431", kill_on_drop: false }`
[INFO] [stderr]    Compiling prace v0.1.0 (/opt/rustwide/workdir)
[INFO] [stdout] warning: function `cross_product` is never used
[INFO] [stdout]    --> src/main.rs:466:4
[INFO] [stdout]     |
[INFO] [stdout] 466 | fn cross_product() {
[INFO] [stdout]     |    ^^^^^^^^^^^^^
[INFO] [stdout]     |
[INFO] [stdout]     = note: `#[warn(dead_code)]` on by default
[INFO] [stdout] 
[INFO] [stdout] 
[INFO] [stdout] warning: method `is_point` is never used
[INFO] [stdout]   --> src/main.rs:70:8
[INFO] [stdout]    |
[INFO] [stdout] 70 |     fn is_point(&self) -> bool {
[INFO] [stdout]    |        ^^^^^^^^
[INFO] [stdout] 
[INFO] [stdout] 
[INFO] [stdout] warning: method `is_vector` is never used
[INFO] [stdout]   --> src/main.rs:73:8
[INFO] [stdout]    |
[INFO] [stdout] 73 |     fn is_vector(&self) -> bool {
[INFO] [stdout]    |        ^^^^^^^^^
[INFO] [stdout] 
[INFO] [stdout] 
[INFO] [stdout] warning: method `dot` is never used
[INFO] [stdout]   --> src/main.rs:91:8
[INFO] [stdout]    |
[INFO] [stdout] 91 |     fn dot(&self, other: &Tuple) -> f32 {
[INFO] [stdout]    |        ^^^
[INFO] [stdout] 
[INFO] [stdout] 
[INFO] [stdout] warning: method `cross` is never used
[INFO] [stdout]   --> src/main.rs:95:8
[INFO] [stdout]    |
[INFO] [stdout] 95 |     fn cross(&self, other: &Tuple) -> Tuple {
[INFO] [stdout]    |        ^^^^^
[INFO] [stdout] 
[INFO] [stdout] 
[INFO] [stdout] warning: 5 warnings emitted
[INFO] [stdout] 
[INFO] [stdout] 
[INFO] [stderr]     Finished dev [unoptimized + debuginfo] target(s) in 0.19s
[INFO] running `Command { std: "docker" "inspect" "13df9f80f887685f5cb26a68c5c00d93570448267389ee90c7dea8c12dd1e431", kill_on_drop: false }`
[INFO] running `Command { std: "docker" "rm" "-f" "13df9f80f887685f5cb26a68c5c00d93570448267389ee90c7dea8c12dd1e431", kill_on_drop: false }`
[INFO] [stdout] 13df9f80f887685f5cb26a68c5c00d93570448267389ee90c7dea8c12dd1e431
[INFO] running `Command { std: "docker" "create" "-v" "/var/lib/crater-agent-workspace/builds/worker-1-tc1/target:/opt/rustwide/target:rw,Z" "-v" "/var/lib/crater-agent-workspace/builds/worker-1-tc1/source:/opt/rustwide/workdir:ro,Z" "-v" "/var/lib/crater-agent-workspace/cargo-home:/opt/rustwide/cargo-home:ro,Z" "-v" "/var/lib/crater-agent-workspace/rustup-home:/opt/rustwide/rustup-home:ro,Z" "-e" "SOURCE_DIR=/opt/rustwide/workdir" "-e" "CARGO_TARGET_DIR=/opt/rustwide/target" "-e" "CARGO_INCREMENTAL=0" "-e" "RUST_BACKTRACE=full" "-e" "RUSTFLAGS=--cap-lints=warn" "-e" "RUSTDOCFLAGS=--cap-lints=warn" "-e" "CARGO_HOME=/opt/rustwide/cargo-home" "-e" "RUSTUP_HOME=/opt/rustwide/rustup-home" "-w" "/opt/rustwide/workdir" "-m" "1610612736" "--user" "0:0" "--network" "none" "ghcr.io/rust-lang/crates-build-env/linux@sha256:5ff2268d62e97bff2cde7d5815dd6ed5b47097566f13b8d0ca110b04b60e07ed" "/opt/rustwide/cargo-home/bin/cargo" "+1.69.0" "test" "--frozen" "--no-run" "--message-format=json", kill_on_drop: false }`
[INFO] [stdout] 081c7d4fd912b48c71759e3f9a6046a05a1128f703c815869293b7a6d8e556ef
[INFO] running `Command { std: "docker" "start" "-a" "081c7d4fd912b48c71759e3f9a6046a05a1128f703c815869293b7a6d8e556ef", kill_on_drop: false }`
[INFO] [stderr]    Compiling prace v0.1.0 (/opt/rustwide/workdir)
[INFO] [stdout] error[E0369]: binary operation `==` cannot be applied to type `Color`
[INFO] [stdout]    --> src/main.rs:233:5
[INFO] [stdout]     |
[INFO] [stdout] 233 |     assert_eq!(Color {red: 1.6, green: 0.7, blue: 1.0}, c1 + c1);
[INFO] [stdout]     |     ^^^^^^^^^^^^^^^^^^^^^^^^^^^^^^^^^^^^^^^^^^^^^^^^^^^^^^^^^^^^
[INFO] [stdout]     |     |
[INFO] [stdout]     |     Color
[INFO] [stdout]     |     Color
[INFO] [stdout]     |
[INFO] [stdout] note: an implementation of `PartialEq<_>` might be missing for `Color`
[INFO] [stdout]    --> src/main.rs:38:1
[INFO] [stdout]     |
[INFO] [stdout] 38  | struct Color {
[INFO] [stdout]     | ^^^^^^^^^^^^ must implement `PartialEq<_>`
[INFO] [stdout]     = note: this error originates in the macro `assert_eq` (in Nightly builds, run with -Z macro-backtrace for more info)
[INFO] [stdout] help: consider annotating `Color` with `#[derive(PartialEq)]`
[INFO] [stdout]     |
[INFO] [stdout] 38  | #[derive(PartialEq)]
[INFO] [stdout]     |
[INFO] [stdout] 
[INFO] [stdout] 
[INFO] [stdout] error[E0277]: `Color` doesn't implement `Debug`
[INFO] [stdout]    --> src/main.rs:233:5
[INFO] [stdout]     |
[INFO] [stdout] 233 |     assert_eq!(Color {red: 1.6, green: 0.7, blue: 1.0}, c1 + c1);
[INFO] [stdout]     |     ^^^^^^^^^^^^^^^^^^^^^^^^^^^^^^^^^^^^^^^^^^^^^^^^^^^^^^^^^^^^ `Color` cannot be formatted using `{:?}`
[INFO] [stdout]     |
[INFO] [stdout]     = help: the trait `Debug` is not implemented for `Color`
[INFO] [stdout]     = note: add `#[derive(Debug)]` to `Color` or manually `impl Debug for Color`
[INFO] [stdout]     = note: this error originates in the macro `assert_eq` (in Nightly builds, run with -Z macro-backtrace for more info)
[INFO] [stdout] help: consider annotating `Color` with `#[derive(Debug)]`
[INFO] [stdout]     |
[INFO] [stdout] 38  | #[derive(Debug)]
[INFO] [stdout]     |
[INFO] [stdout] 
[INFO] [stdout] 
[INFO] [stdout] error[E0277]: `Color` doesn't implement `Debug`
[INFO] [stdout]    --> src/main.rs:233:5
[INFO] [stdout]     |
[INFO] [stdout] 233 |     assert_eq!(Color {red: 1.6, green: 0.7, blue: 1.0}, c1 + c1);
[INFO] [stdout]     |     ^^^^^^^^^^^^^^^^^^^^^^^^^^^^^^^^^^^^^^^^^^^^^^^^^^^^^^^^^^^^ `Color` cannot be formatted using `{:?}`
[INFO] [stdout]     |
[INFO] [stdout]     = help: the trait `Debug` is not implemented for `Color`
[INFO] [stdout]     = note: add `#[derive(Debug)]` to `Color` or manually `impl Debug for Color`
[INFO] [stdout]     = note: this error originates in the macro `assert_eq` (in Nightly builds, run with -Z macro-backtrace for more info)
[INFO] [stdout] help: consider annotating `Color` with `#[derive(Debug)]`
[INFO] [stdout]     |
[INFO] [stdout] 38  | #[derive(Debug)]
[INFO] [stdout]     |
[INFO] [stdout] 
[INFO] [stdout] 
[INFO] [stdout] error: aborting due to 3 previous errors
[INFO] [stdout] 
[INFO] [stdout] 
[INFO] [stdout] Some errors have detailed explanations: E0277, E0369.
[INFO] [stdout] 
[INFO] [stdout] For more information about an error, try `rustc --explain E0277`.
[INFO] [stdout] 
[INFO] [stderr] error: could not compile `prace` due to 4 previous errors
[INFO] running `Command { std: "docker" "inspect" "081c7d4fd912b48c71759e3f9a6046a05a1128f703c815869293b7a6d8e556ef", kill_on_drop: false }`
[INFO] running `Command { std: "docker" "rm" "-f" "081c7d4fd912b48c71759e3f9a6046a05a1128f703c815869293b7a6d8e556ef", kill_on_drop: false }`
[INFO] [stdout] 081c7d4fd912b48c71759e3f9a6046a05a1128f703c815869293b7a6d8e556ef
