[INFO] cloning repository https://github.com/arlyon/azerust
[INFO] running `Command { std: "git" "-c" "credential.helper=" "-c" "credential.helper=/workspace/cargo-home/bin/git-credential-null" "clone" "--bare" "https://github.com/arlyon/azerust" "/workspace/cache/git-repos/https%3A%2F%2Fgithub.com%2Farlyon%2Fazerust", kill_on_drop: false }`
[INFO] [stderr] Cloning into bare repository '/workspace/cache/git-repos/https%3A%2F%2Fgithub.com%2Farlyon%2Fazerust'...
[INFO] running `Command { std: "git" "rev-parse" "HEAD", kill_on_drop: false }`
[INFO] [stdout] 1db29adb2800ddfeb3c024f717a784f530a1536e
[INFO] testing arlyon/azerust against 1.69.0 for beta-1.70-1
[INFO] running `Command { std: "git" "clone" "/workspace/cache/git-repos/https%3A%2F%2Fgithub.com%2Farlyon%2Fazerust" "/workspace/builds/worker-7-tc1/source", kill_on_drop: false }`
[INFO] [stderr] Cloning into '/workspace/builds/worker-7-tc1/source'...
[INFO] [stderr] done.
[INFO] validating manifest of git repo https://github.com/arlyon/azerust on toolchain 1.69.0
[INFO] running `Command { std: CARGO_HOME="/workspace/cargo-home" RUSTUP_HOME="/workspace/rustup-home" "/workspace/cargo-home/bin/cargo" "+1.69.0" "metadata" "--manifest-path" "Cargo.toml" "--no-deps", kill_on_drop: false }`
[INFO] removed /workspace/builds/worker-7-tc1/source/.cargo/config.toml
[INFO] removed /workspace/builds/worker-7-tc1/source/rust-toolchain
[INFO] started tweaking git repo https://github.com/arlyon/azerust
[INFO] finished tweaking git repo https://github.com/arlyon/azerust
[INFO] tweaked toml for git repo https://github.com/arlyon/azerust written to /workspace/builds/worker-7-tc1/source/Cargo.toml
[INFO] crate git repo https://github.com/arlyon/azerust already has a lockfile, it will not be regenerated
[INFO] running `Command { std: CARGO_HOME="/workspace/cargo-home" RUSTUP_HOME="/workspace/rustup-home" "/workspace/cargo-home/bin/cargo" "+1.69.0" "fetch" "--manifest-path" "Cargo.toml", kill_on_drop: false }`
[INFO] [stderr]     Updating git repository `https://github.com/arlyon/bincode.git`
[INFO] [stderr]     Updating git repository `https://github.com/arlyon/sqlx.git`
[INFO] [stderr]  Downloading crates ...
[INFO] [stderr]   Downloaded enumflags2 v0.7.1
[INFO] [stderr]   Downloaded console-api v0.1.2
[INFO] [stderr]   Downloaded os_type v2.3.0
[INFO] [stderr]   Downloaded tower-http v0.2.1
[INFO] [stderr]   Downloaded async-graphql-value v3.0.28
[INFO] [stderr]   Downloaded enumflags2_derive v0.7.0
[INFO] [stderr]   Downloaded axum v0.4.5
[INFO] [stderr]   Downloaded axum-core v0.1.1
[INFO] [stderr]   Downloaded simple_asn1 v0.5.4
[INFO] [stderr]   Downloaded crc v2.0.0
[INFO] [stderr]   Downloaded async-graphql-parser v3.0.28
[INFO] [stderr]   Downloaded whoami v1.1.3
[INFO] [stderr]   Downloaded rsa v0.4.1
[INFO] [stderr]   Downloaded headers v0.3.6
[INFO] [stderr]   Downloaded tracing-subscriber v0.2.23
[INFO] [stderr]   Downloaded hdrhistogram v7.4.0
[INFO] [stderr]   Downloaded tracing-subscriber v0.3.6
[INFO] [stderr]   Downloaded async-graphql-axum v3.0.28
[INFO] [stderr]   Downloaded console-subscriber v0.1.1
[INFO] [stderr]   Downloaded async-graphql-derive v3.0.28
[INFO] [stderr]   Downloaded async-graphql v3.0.28
[INFO] running `Command { std: "docker" "create" "-v" "/var/lib/crater-agent-workspace/builds/worker-7-tc1/target:/opt/rustwide/target:rw,Z" "-v" "/var/lib/crater-agent-workspace/builds/worker-7-tc1/source:/opt/rustwide/workdir:ro,Z" "-v" "/var/lib/crater-agent-workspace/cargo-home:/opt/rustwide/cargo-home:ro,Z" "-v" "/var/lib/crater-agent-workspace/rustup-home:/opt/rustwide/rustup-home:ro,Z" "-e" "SOURCE_DIR=/opt/rustwide/workdir" "-e" "CARGO_TARGET_DIR=/opt/rustwide/target" "-e" "CARGO_HOME=/opt/rustwide/cargo-home" "-e" "RUSTUP_HOME=/opt/rustwide/rustup-home" "-w" "/opt/rustwide/workdir" "-m" "1610612736" "--user" "0:0" "--network" "none" "ghcr.io/rust-lang/crates-build-env/linux@sha256:5ff2268d62e97bff2cde7d5815dd6ed5b47097566f13b8d0ca110b04b60e07ed" "/opt/rustwide/cargo-home/bin/cargo" "+1.69.0" "metadata" "--no-deps" "--format-version=1", kill_on_drop: false }`
[INFO] [stdout] 81422c37b9c8d1814f65a9b89b5cf97af8064ac06a60f8e80eb71999a9d4e2cb
[INFO] running `Command { std: "docker" "start" "-a" "81422c37b9c8d1814f65a9b89b5cf97af8064ac06a60f8e80eb71999a9d4e2cb", kill_on_drop: false }`
[INFO] running `Command { std: "docker" "inspect" "81422c37b9c8d1814f65a9b89b5cf97af8064ac06a60f8e80eb71999a9d4e2cb", kill_on_drop: false }`
[INFO] running `Command { std: "docker" "rm" "-f" "81422c37b9c8d1814f65a9b89b5cf97af8064ac06a60f8e80eb71999a9d4e2cb", kill_on_drop: false }`
[INFO] [stdout] 81422c37b9c8d1814f65a9b89b5cf97af8064ac06a60f8e80eb71999a9d4e2cb
[INFO] running `Command { std: "docker" "create" "-v" "/var/lib/crater-agent-workspace/builds/worker-7-tc1/target:/opt/rustwide/target:rw,Z" "-v" "/var/lib/crater-agent-workspace/builds/worker-7-tc1/source:/opt/rustwide/workdir:ro,Z" "-v" "/var/lib/crater-agent-workspace/cargo-home:/opt/rustwide/cargo-home:ro,Z" "-v" "/var/lib/crater-agent-workspace/rustup-home:/opt/rustwide/rustup-home:ro,Z" "-e" "SOURCE_DIR=/opt/rustwide/workdir" "-e" "CARGO_TARGET_DIR=/opt/rustwide/target" "-e" "CARGO_INCREMENTAL=0" "-e" "RUST_BACKTRACE=full" "-e" "RUSTFLAGS=--cap-lints=warn" "-e" "RUSTDOCFLAGS=--cap-lints=warn" "-e" "CARGO_HOME=/opt/rustwide/cargo-home" "-e" "RUSTUP_HOME=/opt/rustwide/rustup-home" "-w" "/opt/rustwide/workdir" "-m" "1610612736" "--user" "0:0" "--network" "none" "ghcr.io/rust-lang/crates-build-env/linux@sha256:5ff2268d62e97bff2cde7d5815dd6ed5b47097566f13b8d0ca110b04b60e07ed" "/opt/rustwide/cargo-home/bin/cargo" "+1.69.0" "build" "--frozen" "--message-format=json", kill_on_drop: false }`
[INFO] [stdout] 81ff3f39838c939f228c4f0b471f31bddc9d9f7dfa6e34d3c072bb3d23ef000a
[INFO] running `Command { std: "docker" "start" "-a" "81ff3f39838c939f228c4f0b471f31bddc9d9f7dfa6e34d3c072bb3d23ef000a", kill_on_drop: false }`
[INFO] [stderr]    Compiling proc-macro2 v1.0.29
[INFO] [stderr]    Compiling syn v1.0.76
[INFO] [stderr]    Compiling libc v0.2.119
[INFO] [stderr]    Compiling serde_derive v1.0.130
[INFO] [stderr]    Compiling serde v1.0.130
[INFO] [stderr]    Compiling version_check v0.9.3
[INFO] [stderr]    Compiling memchr v2.4.1
[INFO] [stderr]    Compiling spin v0.5.2
[INFO] [stderr]    Compiling once_cell v1.8.0
[INFO] [stderr]    Compiling log v0.4.14
[INFO] [stderr]    Compiling lazy_static v1.4.0
[INFO] [stderr]    Compiling pin-project-lite v0.2.7
[INFO] [stderr]    Compiling ahash v0.7.4
[INFO] [stderr]    Compiling futures-core v0.3.19
[INFO] [stderr]    Compiling indexmap v1.7.0
[INFO] [stderr]    Compiling futures-sink v0.3.19
[INFO] [stderr]    Compiling futures-task v0.3.19
[INFO] [stderr]    Compiling futures-channel v0.3.19
[INFO] [stderr]    Compiling ppv-lite86 v0.2.10
[INFO] [stderr]    Compiling quote v1.0.9
[INFO] [stderr]    Compiling futures-util v0.3.19
[INFO] [stderr]    Compiling regex-syntax v0.6.25
[INFO] [stderr]    Compiling futures-io v0.3.19
[INFO] [stderr]    Compiling getrandom v0.2.3
[INFO] [stderr]    Compiling mio v0.8.0
[INFO] [stderr]    Compiling num_cpus v1.13.0
[INFO] [stderr]    Compiling socket2 v0.4.4
[INFO] [stderr]    Compiling rand_core v0.6.3
[INFO] [stderr]    Compiling libm v0.2.1
[INFO] [stderr]    Compiling hashbrown v0.11.2
[INFO] [stderr]    Compiling rand_chacha v0.3.1
[INFO] [stderr]    Compiling pin-utils v0.1.0
[INFO] [stderr]    Compiling slab v0.4.4
[INFO] [stderr]    Compiling aho-corasick v0.7.18
[INFO] [stderr]    Compiling num-traits v0.2.14
[INFO] [stderr]    Compiling rand v0.8.4
[INFO] [stderr]    Compiling fnv v1.0.7
[INFO] [stderr]    Compiling base64 v0.13.0
[INFO] [stderr]    Compiling itoa v0.4.8
[INFO] [stderr]    Compiling cc v1.0.70
[INFO] [stderr]    Compiling typenum v1.14.0
[INFO] [stderr]    Compiling tracing-core v0.1.20
[INFO] [stderr]    Compiling regex v1.5.4
[INFO] [stderr]    Compiling generic-array v0.14.4
[INFO] [stderr]    Compiling num-integer v0.1.44
[INFO] [stderr]    Compiling itoa v1.0.1
[INFO] [stderr]    Compiling percent-encoding v2.1.0
[INFO] [stderr]    Compiling byteorder v1.4.3
[INFO] [stderr]    Compiling tinyvec_macros v0.1.0
[INFO] [stderr]    Compiling serde_json v1.0.68
[INFO] [stderr]    Compiling unicode-segmentation v1.8.0
[INFO] [stderr]    Compiling tinyvec v1.4.0
[INFO] [stderr]    Compiling heck v0.3.3
[INFO] [stderr]    Compiling ring v0.16.20
[INFO] [stderr]    Compiling matches v0.1.9
[INFO] [stderr]    Compiling time v0.1.44
[INFO] [stderr]    Compiling unicode-bidi v0.3.6
[INFO] [stderr]    Compiling untrusted v0.7.1
[INFO] [stderr]    Compiling digest v0.9.0
[INFO] [stderr]    Compiling block-buffer v0.9.0
[INFO] [stderr]    Compiling form_urlencoded v1.0.1
[INFO] [stderr]    Compiling smallvec v1.6.1
[INFO] [stderr]    Compiling sha-1 v0.9.8
[INFO] [stderr]    Compiling chrono v0.4.19
[INFO] [stderr]    Compiling unicode-normalization v0.1.19
[INFO] [stderr]    Compiling nom v7.0.0
[INFO] [stderr]    Compiling crossbeam-utils v0.8.5
[INFO] [stderr]    Compiling httparse v1.5.1
[INFO] [stderr]    Compiling async-trait v0.1.51
[INFO] [stderr]    Compiling synstructure v0.12.5
[INFO] [stderr]    Compiling num-iter v0.1.42
[INFO] [stderr]    Compiling num-bigint v0.4.2
[INFO] [stderr]    Compiling idna v0.2.3
[INFO] [stderr]    Compiling autocfg v0.1.7
[INFO] [stderr]    Compiling minimal-lexical v0.1.3
[INFO] [stderr]    Compiling parking_lot_core v0.8.5
[INFO] [stderr]    Compiling url v2.2.2
[INFO] [stderr]    Compiling num-bigint-dig v0.7.0
[INFO] [stderr]    Compiling instant v0.1.10
[INFO] [stderr]    Compiling anyhow v1.0.55
[INFO] [stderr]    Compiling scopeguard v1.1.0
[INFO] [stderr]    Compiling lock_api v0.4.6
[INFO] [stderr]    Compiling num-bigint v0.3.3
[INFO] [stderr]    Compiling crossbeam-queue v0.3.2
[INFO] [stderr]    Compiling whoami v1.1.3
[INFO] [stderr]    Compiling parking_lot v0.11.2
[INFO] [stderr]    Compiling crossbeam-channel v0.5.1
[INFO] [stderr]    Compiling futures-macro v0.3.19
[INFO] [stderr]    Compiling tokio-macros v1.7.0
[INFO] [stderr]    Compiling thiserror-impl v1.0.29
[INFO] [stderr]    Compiling tracing-attributes v0.1.16
[INFO] [stderr]    Compiling webpki v0.21.4
[INFO] [stderr]    Compiling zeroize_derive v1.1.0
[INFO] [stderr]    Compiling sct v0.6.1
[INFO] [stderr]    Compiling rustls v0.19.1
[INFO] [stderr]    Compiling pem v0.8.3
[INFO] [stderr]    Compiling zeroize v1.3.0
[INFO] [stderr]    Compiling remove_dir_all v0.5.3
[INFO] [stderr]    Compiling subtle v2.4.1
[INFO] [stderr]    Compiling tracing v0.1.28
[INFO] [stderr]    Compiling unicode_categories v0.1.1
[INFO] [stderr]    Compiling thiserror v1.0.29
[INFO] [stderr]    Compiling simple_asn1 v0.5.4
[INFO] [stderr]    Compiling crc-catalog v1.1.1
[INFO] [stderr]    Compiling crc v2.0.0
[INFO] [stderr]    Compiling tempfile v3.2.0
[INFO] [stderr]    Compiling webpki-roots v0.21.1
[INFO] [stderr]    Compiling futures-intrusive v0.4.0
[INFO] [stderr]    Compiling stringprep v0.1.2
[INFO] [stderr]    Compiling sha2 v0.9.8
[INFO] [stderr]    Compiling rsa v0.4.1
[INFO] [stderr]    Compiling atoi v0.4.0
[INFO] [stderr]    Compiling hashlink v0.7.0
[INFO] [stderr]    Compiling hex v0.4.3
[INFO] [stderr]    Compiling tower-service v0.3.1
[INFO] [stderr]    Compiling pin-project-internal v1.0.8
[INFO] [stderr]    Compiling ucd-trie v0.1.3
[INFO] [stderr]    Compiling httpdate v1.0.2
[INFO] [stderr]    Compiling try-lock v0.2.3
[INFO] [stderr]    Compiling dotenv v0.15.0
[INFO] [stderr]    Compiling pest v2.1.3
[INFO] [stderr]    Compiling want v0.3.0
[INFO] [stderr]    Compiling async-stream-impl v0.3.2
[INFO] [stderr]    Compiling tower-layer v0.3.1
[INFO] [stderr]    Compiling maplit v1.0.2
[INFO] [stderr]    Compiling derivative v2.2.0
[INFO] [stderr]    Compiling enumflags2_derive v0.7.0
[INFO] [stderr]    Compiling async-stream v0.3.2
[INFO] [stderr]    Compiling pest_meta v2.1.3
[INFO] [stderr]    Compiling miniz_oxide v0.4.4
[INFO] [stderr]    Compiling pin-project v1.0.8
[INFO] [stderr]    Compiling strsim v0.10.0
[INFO] [stderr]    Compiling convert_case v0.4.0
[INFO] [stderr]    Compiling ident_case v1.0.1
[INFO] [stderr]    Compiling fixedbitset v0.4.1
[INFO] [stderr]    Compiling mime v0.3.16
[INFO] [stderr]    Compiling darling_core v0.13.1
[INFO] [stderr]    Compiling derive_more v0.99.16
[INFO] [stderr]    Compiling pest_generator v2.1.3
[INFO] [stderr]    Compiling enumflags2 v0.7.1
[INFO] [stderr]    Compiling strum_macros v0.21.1
[INFO] [stderr]    Compiling adler v1.0.2
[INFO] [stderr]    Compiling multimap v0.8.3
[INFO] [stderr]    Compiling strum v0.21.0
[INFO] [stderr]    Compiling encoding_rs v0.8.28
[INFO] [stderr]    Compiling pest_derive v2.1.0
[INFO] [stderr]    Compiling proc-macro-error-attr v1.0.4
[INFO] [stderr]    Compiling multer v2.0.1
[INFO] [stderr]    Compiling crc32fast v1.2.1
[INFO] [stderr]    Compiling bytes v1.1.0
[INFO] [stderr]    Compiling either v1.6.1
[INFO] [stderr]    Compiling toml v0.5.8
[INFO] [stderr]    Compiling itertools v0.10.1
[INFO] [stderr]    Compiling which v4.2.4
[INFO] [stderr]    Compiling tokio v1.17.0
[INFO] [stderr]    Compiling http v0.2.6
[INFO] [stderr]    Compiling prost-build v0.9.0
[INFO] [stderr]    Compiling proc-macro-crate v1.1.0
[INFO] [stderr]    Compiling petgraph v0.6.0
[INFO] [stderr]    Compiling darling_macro v0.13.1
[INFO] [stderr]    Compiling sqlformat v0.1.8
[INFO] [stderr]    Compiling prost-derive v0.9.0
[INFO] [stderr]    Compiling http-body v0.4.4
[INFO] [stderr]    Compiling num_enum_derive v0.5.4
[INFO] [stderr]    Compiling async-graphql-value v3.0.28
[INFO] [stderr]    Compiling unchecked-index v0.2.2
[INFO] [stderr]    Compiling darling v0.13.1
[INFO] [stderr]    Compiling twoway v0.2.2
[INFO] [stderr]    Compiling async-graphql-parser v3.0.28
[INFO] [stderr]    Compiling Inflector v0.11.4
[INFO] [stderr]    Compiling proc-macro-error v1.0.4
[INFO] [stderr]    Compiling num_enum v0.5.4
[INFO] [stderr]    Compiling ascii_utils v0.9.3
[INFO] [stderr]    Compiling utf-8 v0.7.6
[INFO] [stderr]    Compiling spin v0.9.2
[INFO] [stderr]    Compiling gcc v0.3.55
[INFO] [stderr]    Compiling tungstenite v0.16.0
[INFO] [stderr]    Compiling fast_chemail v0.9.6
[INFO] [stderr]    Compiling prost v0.9.0
[INFO] [stderr]    Compiling prost-types v0.9.0
[INFO] [stderr]    Compiling rust-crypto v0.2.36
[INFO] [stderr]    Compiling headers-core v0.2.0
[INFO] [stderr]    Compiling tracing-futures v0.2.5
[INFO] [stderr]    Compiling backtrace v0.3.61
[INFO] [stderr]    Compiling tokio-stream v0.1.8
[INFO] [stderr]    Compiling tokio-rustls v0.22.0
[INFO] [stderr]    Compiling tokio-util v0.6.9
[INFO] [stderr]    Compiling tokio-io-timeout v1.2.0
[INFO] [stderr]    Compiling sqlx-rt v0.5.7 (https://github.com/arlyon/sqlx.git#5ad9c7c6)
[INFO] [stderr]    Compiling rand v0.4.6
[INFO] [stderr]    Compiling sharded-slab v0.1.3
[INFO] [stderr]    Compiling sqlx-core v0.5.7 (https://github.com/arlyon/sqlx.git#5ad9c7c6)
[INFO] [stderr]    Compiling h2 v0.3.11
[INFO] [stderr]    Compiling tower v0.4.11
[INFO] [stderr]    Compiling thread_local v1.1.3
[INFO] [stderr]    Compiling gimli v0.25.0
[INFO] [stderr]    Compiling async-graphql-derive v3.0.28
[INFO] [stderr]    Compiling tonic-build v0.6.2
[INFO] [stderr]    Compiling http-range-header v0.3.0
[INFO] [stderr]    Compiling unicode-width v0.1.9
[INFO] [stderr]    Compiling static_assertions v1.1.0
[INFO] [stderr]    Compiling textwrap v0.11.0
[INFO] [stderr]    Compiling console-api v0.1.2
[INFO] [stderr]    Compiling tower-http v0.2.1
[INFO] [stderr]    Compiling rand v0.3.23
[INFO] [stderr]    Compiling headers v0.3.6
[INFO] [stderr]    Compiling tokio-tungstenite v0.16.1
[INFO] [stderr]    Compiling addr2line v0.16.0
[INFO] [stderr]    Compiling flate2 v1.0.22
[INFO] [stderr]    Compiling axum-core v0.1.1
[INFO] [stderr]    Compiling serde_urlencoded v0.7.0
[INFO] [stderr]    Compiling futures-executor v0.3.17
[INFO] [stderr]    Compiling regex-automata v0.1.10
[INFO] [stderr]    Compiling atty v0.2.14
[INFO] [stderr]    Compiling object v0.26.2
[INFO] [stderr]    Compiling matchit v0.4.6
[INFO] [stderr]    Compiling rustc-demangle v0.1.21
[INFO] [stderr]    Compiling sync_wrapper v0.1.1
[INFO] [stderr]    Compiling rustc-serialize v0.3.24
[INFO] [stderr]    Compiling linked-hash-map v0.5.4
[INFO] [stderr]    Compiling yaml-rust v0.4.5
[INFO] [stderr]    Compiling hyper v0.14.16
[INFO] [stderr]    Compiling matchers v0.0.1
[INFO] [stderr]    Compiling clap v2.33.3
[INFO] [stderr]    Compiling sqlx-macros v0.5.7 (https://github.com/arlyon/sqlx.git#5ad9c7c6)
[INFO] [stderr]    Compiling futures v0.3.17
[INFO] [stderr]    Compiling hdrhistogram v7.4.0
[INFO] [stderr]    Compiling structopt-derive v0.4.16
[INFO] [stderr]    Compiling tracing-subscriber v0.3.6
[INFO] [stderr]    Compiling tracing-serde v0.1.2
[INFO] [stderr]    Compiling async-graphql v3.0.28
[INFO] [stderr]    Compiling os_type v2.3.0
[INFO] [stderr]    Compiling tracing-log v0.1.2
[INFO] [stderr]    Compiling uuid v0.8.2
[INFO] [stderr]    Compiling dtoa v0.4.8
[INFO] [stderr]    Compiling ansi_term v0.12.1
[INFO] [stderr]    Compiling termcolor v1.1.2
[INFO] [stderr]    Compiling humantime v2.1.0
[INFO] [stderr]    Compiling human-panic v1.0.3
[INFO] [stderr]    Compiling tracing-subscriber v0.2.23
[INFO] [stderr]    Compiling serde_yaml v0.8.21
[INFO] [stderr]    Compiling structopt v0.3.23
[INFO] [stderr]    Compiling azerust-utils v0.1.0 (/opt/rustwide/workdir/crates/utils)
[INFO] [stderr]    Compiling bincode v2.0.0-dev (https://github.com/arlyon/bincode.git?branch=arlyon/null-str-encoding#0779145e)
[INFO] [stderr]    Compiling assert-size-attribute v0.1.0 (/opt/rustwide/workdir/crates/assert-size-attribute)
[INFO] [stderr]    Compiling azerust-mysql-world v0.1.0 (/opt/rustwide/workdir/crates/mysql-world)
[INFO] [stderr]    Compiling hyper-timeout v0.4.1
[INFO] [stderr]    Compiling axum v0.4.5
[INFO] [stderr]    Compiling tonic v0.6.2
[INFO] [stderr]    Compiling async-graphql-axum v3.0.28
[INFO] [stderr]    Compiling console-subscriber v0.1.1
[INFO] [stderr]    Compiling sqlx v0.5.7 (https://github.com/arlyon/sqlx.git#5ad9c7c6)
[INFO] [stderr]    Compiling wow-srp v0.1.0 (/opt/rustwide/workdir/crates/wow-srp)
[INFO] [stderr]    Compiling azerust-game v0.1.0 (/opt/rustwide/workdir/crates/game)
[INFO] [stderr]    Compiling azerust-protocol v0.1.0 (/opt/rustwide/workdir/crates/protocol)
[INFO] [stderr]    Compiling azerust-graphql v0.1.0 (/opt/rustwide/workdir/crates/graphql)
[INFO] [stderr]    Compiling azerust-mysql-auth v0.1.0 (/opt/rustwide/workdir/crates/mysql-auth)
[INFO] [stderr]    Compiling azerust-mysql-characters v0.1.0 (/opt/rustwide/workdir/crates/mysql-characters)
[INFO] [stderr]    Compiling azerust-axum v0.1.0 (/opt/rustwide/workdir/crates/axum)
[INFO] [stderr]    Compiling azerust-world v0.1.0 (/opt/rustwide/workdir/services/world)
[INFO] [stderr]    Compiling azerust-auth v0.1.0 (/opt/rustwide/workdir/services/auth)
[INFO] [stdout] error[E0433]: failed to resolve: could not find `Builder` in `task`
[INFO] [stdout]    --> services/world/src/worldserver.rs:252:34
[INFO] [stdout]     |
[INFO] [stdout] 252 |             flatten(tokio::task::Builder::new().name("world::heartbeat").spawn({
[INFO] [stdout]     |                                  ^^^^^^^ could not find `Builder` in `task`
[INFO] [stdout]     |
[INFO] [stdout] help: consider importing one of these items
[INFO] [stdout]     |
[INFO] [stdout] 1   | use console_subscriber::Builder;
[INFO] [stdout]     |
[INFO] [stdout] 1   | use std::thread::Builder;
[INFO] [stdout]     |
[INFO] [stdout] 1   | use tokio::runtime::Builder;
[INFO] [stdout]     |
[INFO] [stdout] help: if you import `Builder`, refer to it directly
[INFO] [stdout]     |
[INFO] [stdout] 252 -             flatten(tokio::task::Builder::new().name("world::heartbeat").spawn({
[INFO] [stdout] 252 +             flatten(Builder::new().name("world::heartbeat").spawn({
[INFO] [stdout]     |
[INFO] [stdout] 
[INFO] [stdout] 
[INFO] [stdout] error[E0433]: failed to resolve: could not find `Builder` in `task`
[INFO] [stdout]    --> services/world/src/worldserver.rs:261:34
[INFO] [stdout]     |
[INFO] [stdout] 261 |             flatten(tokio::task::Builder::new().name("world::clients").spawn({
[INFO] [stdout]     |                                  ^^^^^^^ could not find `Builder` in `task`
[INFO] [stdout]     |
[INFO] [stdout] help: consider importing one of these items
[INFO] [stdout]     |
[INFO] [stdout] 1   | use console_subscriber::Builder;
[INFO] [stdout]     |
[INFO] [stdout] 1   | use std::thread::Builder;
[INFO] [stdout]     |
[INFO] [stdout] 1   | use tokio::runtime::Builder;
[INFO] [stdout]     |
[INFO] [stdout] help: if you import `Builder`, refer to it directly
[INFO] [stdout]     |
[INFO] [stdout] 261 -             flatten(tokio::task::Builder::new().name("world::clients").spawn({
[INFO] [stdout] 261 +             flatten(Builder::new().name("world::clients").spawn({
[INFO] [stdout]     |
[INFO] [stdout] 
[INFO] [stdout] 
[INFO] [stdout] error[E0433]: failed to resolve: could not find `Builder` in `task`
[INFO] [stdout]    --> services/world/src/worldserver.rs:265:34
[INFO] [stdout]     |
[INFO] [stdout] 265 |             flatten(tokio::task::Builder::new().name("world::update").spawn({
[INFO] [stdout]     |                                  ^^^^^^^ could not find `Builder` in `task`
[INFO] [stdout]     |
[INFO] [stdout] help: consider importing one of these items
[INFO] [stdout]     |
[INFO] [stdout] 1   | use console_subscriber::Builder;
[INFO] [stdout]     |
[INFO] [stdout] 1   | use std::thread::Builder;
[INFO] [stdout]     |
[INFO] [stdout] 1   | use tokio::runtime::Builder;
[INFO] [stdout]     |
[INFO] [stdout] help: if you import `Builder`, refer to it directly
[INFO] [stdout]     |
[INFO] [stdout] 265 -             flatten(tokio::task::Builder::new().name("world::update").spawn({
[INFO] [stdout] 265 +             flatten(Builder::new().name("world::update").spawn({
[INFO] [stdout]     |
[INFO] [stdout] 
[INFO] [stdout] 
[INFO] [stdout] error[E0433]: failed to resolve: could not find `Builder` in `task`
[INFO] [stdout]    --> services/auth/src/authserver.rs:208:38
[INFO] [stdout]     |
[INFO] [stdout] 208 |         let a = flatten(tokio::task::Builder::new().name("auth::server").spawn({
[INFO] [stdout]     |                                      ^^^^^^^ could not find `Builder` in `task`
[INFO] [stdout]     |
[INFO] [stdout] help: consider importing one of these items
[INFO] [stdout]     |
[INFO] [stdout] 1   | use console_subscriber::Builder;
[INFO] [stdout]     |
[INFO] [stdout] 1   | use std::thread::Builder;
[INFO] [stdout]     |
[INFO] [stdout] 1   | use tokio::runtime::Builder;
[INFO] [stdout]     |
[INFO] [stdout] help: if you import `Builder`, refer to it directly
[INFO] [stdout]     |
[INFO] [stdout] 208 -         let a = flatten(tokio::task::Builder::new().name("auth::server").spawn({
[INFO] [stdout] 208 +         let a = flatten(Builder::new().name("auth::server").spawn({
[INFO] [stdout]     |
[INFO] [stdout] 
[INFO] [stdout] 
[INFO] [stdout] error[E0433]: failed to resolve: could not find `Builder` in `task`
[INFO] [stdout]    --> services/world/src/worldserver.rs:269:34
[INFO] [stdout]     |
[INFO] [stdout] 269 |             flatten(tokio::task::Builder::new().name("world::packets").spawn({
[INFO] [stdout]     |                                  ^^^^^^^ could not find `Builder` in `task`
[INFO] [stdout]     |
[INFO] [stdout] help: consider importing one of these items
[INFO] [stdout]     |
[INFO] [stdout] 1   | use console_subscriber::Builder;
[INFO] [stdout]     |
[INFO] [stdout] 1   | use std::thread::Builder;
[INFO] [stdout]     |
[INFO] [stdout] 1   | use tokio::runtime::Builder;
[INFO] [stdout]     |
[INFO] [stdout] help: if you import `Builder`, refer to it directly
[INFO] [stdout]     |
[INFO] [stdout] 269 -             flatten(tokio::task::Builder::new().name("world::packets").spawn({
[INFO] [stdout] 269 +             flatten(Builder::new().name("world::packets").spawn({
[INFO] [stdout]     |
[INFO] [stdout] 
[INFO] [stdout] 
[INFO] [stdout] error[E0433]: failed to resolve: could not find `Builder` in `task`
[INFO] [stdout]    --> services/world/src/worldserver.rs:273:34
[INFO] [stdout]     |
[INFO] [stdout] 273 |             flatten(tokio::task::Builder::new().name("world::timers").spawn({
[INFO] [stdout]     |                                  ^^^^^^^ could not find `Builder` in `task`
[INFO] [stdout]     |
[INFO] [stdout] help: consider importing one of these items
[INFO] [stdout]     |
[INFO] [stdout] 1   | use console_subscriber::Builder;
[INFO] [stdout]     |
[INFO] [stdout] 1   | use std::thread::Builder;
[INFO] [stdout]     |
[INFO] [stdout] 1   | use tokio::runtime::Builder;
[INFO] [stdout]     |
[INFO] [stdout] help: if you import `Builder`, refer to it directly
[INFO] [stdout]     |
[INFO] [stdout] 273 -             flatten(tokio::task::Builder::new().name("world::timers").spawn({
[INFO] [stdout] 273 +             flatten(Builder::new().name("world::timers").spawn({
[INFO] [stdout]     |
[INFO] [stdout] 
[INFO] [stdout] 
[INFO] [stdout] error[E0433]: failed to resolve: could not find `Builder` in `task`
[INFO] [stdout]    --> services/auth/src/authserver.rs:217:38
[INFO] [stdout]     |
[INFO] [stdout] 217 |         let b = flatten(tokio::task::Builder::new().name("auth::heartbeat").spawn({
[INFO] [stdout]     |                                      ^^^^^^^ could not find `Builder` in `task`
[INFO] [stdout]     |
[INFO] [stdout] help: consider importing one of these items
[INFO] [stdout]     |
[INFO] [stdout] 1   | use console_subscriber::Builder;
[INFO] [stdout]     |
[INFO] [stdout] 1   | use std::thread::Builder;
[INFO] [stdout]     |
[INFO] [stdout] 1   | use tokio::runtime::Builder;
[INFO] [stdout]     |
[INFO] [stdout] help: if you import `Builder`, refer to it directly
[INFO] [stdout]     |
[INFO] [stdout] 217 -         let b = flatten(tokio::task::Builder::new().name("auth::heartbeat").spawn({
[INFO] [stdout] 217 +         let b = flatten(Builder::new().name("auth::heartbeat").spawn({
[INFO] [stdout]     |
[INFO] [stdout] 
[INFO] [stdout] 
[INFO] [stdout] error[E0433]: failed to resolve: could not find `Builder` in `task`
[INFO] [stdout]    --> services/auth/src/authserver.rs:226:38
[INFO] [stdout]     |
[INFO] [stdout] 226 |         let c = flatten(tokio::task::Builder::new().name("auth::realmlist").spawn({
[INFO] [stdout]     |                                      ^^^^^^^ could not find `Builder` in `task`
[INFO] [stdout]     |
[INFO] [stdout] help: consider importing one of these items
[INFO] [stdout]     |
[INFO] [stdout] 1   | use console_subscriber::Builder;
[INFO] [stdout]     |
[INFO] [stdout] 1   | use std::thread::Builder;
[INFO] [stdout]     |
[INFO] [stdout] 1   | use tokio::runtime::Builder;
[INFO] [stdout]     |
[INFO] [stdout] help: if you import `Builder`, refer to it directly
[INFO] [stdout]     |
[INFO] [stdout] 226 -         let c = flatten(tokio::task::Builder::new().name("auth::realmlist").spawn({
[INFO] [stdout] 226 +         let c = flatten(Builder::new().name("auth::realmlist").spawn({
[INFO] [stdout]     |
[INFO] [stdout] 
[INFO] [stdout] 
[INFO] [stdout] error[E0433]: failed to resolve: could not find `Builder` in `task`
[INFO] [stdout]    --> services/auth/src/main.rs:112:26
[INFO] [stdout]     |
[INFO] [stdout] 112 |             tokio::task::Builder::new()
[INFO] [stdout]     |                          ^^^^^^^ could not find `Builder` in `task`
[INFO] [stdout]     |
[INFO] [stdout] help: consider importing one of these items
[INFO] [stdout]     |
[INFO] [stdout] 16  | use console_subscriber::Builder;
[INFO] [stdout]     |
[INFO] [stdout] 16  | use std::thread::Builder;
[INFO] [stdout]     |
[INFO] [stdout] 16  | use tokio::runtime::Builder;
[INFO] [stdout]     |
[INFO] [stdout] help: if you import `Builder`, refer to it directly
[INFO] [stdout]     |
[INFO] [stdout] 112 -             tokio::task::Builder::new()
[INFO] [stdout] 112 +             Builder::new()
[INFO] [stdout]     |
[INFO] [stdout] 
[INFO] [stdout] 
[INFO] [stdout] error[E0554]: `#![feature]` may not be used on the stable release channel
[INFO] [stdout]  --> services/auth/src/main.rs:1:1
[INFO] [stdout]   |
[INFO] [stdout] 1 | #![feature(hash_drain_filter, arbitrary_enum_discriminant)]
[INFO] [stdout]   | ^^^^^^^^^^^^^^^^^^^^^^^^^^^^^^^^^^^^^^^^^^^^^^^^^^^^^^^^^^^
[INFO] [stdout]   |
[INFO] [stdout]   = help: the feature `arbitrary_enum_discriminant` has been stable since `1.66.0` and no longer requires an attribute to enable
[INFO] [stdout] 
[INFO] [stdout] 
[INFO] [stdout] warning: the feature `arbitrary_enum_discriminant` has been stable since 1.66.0 and no longer requires an attribute to enable
[INFO] [stdout]  --> services/auth/src/main.rs:1:31
[INFO] [stdout]   |
[INFO] [stdout] 1 | #![feature(hash_drain_filter, arbitrary_enum_discriminant)]
[INFO] [stdout]   |                               ^^^^^^^^^^^^^^^^^^^^^^^^^^^
[INFO] [stdout]   |
[INFO] [stdout]   = note: `#[warn(stable_features)]` on by default
[INFO] [stdout] 
[INFO] [stdout] 
[INFO] [stdout] error[E0554]: `#![feature]` may not be used on the stable release channel
[INFO] [stdout]  --> services/auth/src/main.rs:1:12
[INFO] [stdout]   |
[INFO] [stdout] 1 | #![feature(hash_drain_filter, arbitrary_enum_discriminant)]
[INFO] [stdout]   |            ^^^^^^^^^^^^^^^^^
[INFO] [stdout] 
[INFO] [stdout] 
[INFO] [stdout] error: aborting due to 6 previous errors; 1 warning emitted
[INFO] [stdout] 
[INFO] [stdout] 
[INFO] [stdout] Some errors have detailed explanations: E0433, E0554.
[INFO] [stdout] 
[INFO] [stdout] For more information about an error, try `rustc --explain E0433`.
[INFO] [stdout] 
[INFO] [stderr] error: could not compile `azerust-auth` due to 7 previous errors; 1 warning emitted
[INFO] [stderr] warning: build failed, waiting for other jobs to finish...
[INFO] [stdout] error: aborting due to 5 previous errors
[INFO] [stdout] 
[INFO] [stdout] 
[INFO] [stdout] For more information about this error, try `rustc --explain E0433`.
[INFO] [stdout] 
[INFO] [stderr] error: could not compile `azerust-world` due to 6 previous errors
[INFO] running `Command { std: "docker" "inspect" "81ff3f39838c939f228c4f0b471f31bddc9d9f7dfa6e34d3c072bb3d23ef000a", kill_on_drop: false }`
[INFO] running `Command { std: "docker" "rm" "-f" "81ff3f39838c939f228c4f0b471f31bddc9d9f7dfa6e34d3c072bb3d23ef000a", kill_on_drop: false }`
[INFO] [stdout] 81ff3f39838c939f228c4f0b471f31bddc9d9f7dfa6e34d3c072bb3d23ef000a
