[INFO] cloning repository https://github.com/arifd/druid-minimal-form-example
[INFO] running `Command { std: "git" "-c" "credential.helper=" "-c" "credential.helper=/workspace/cargo-home/bin/git-credential-null" "clone" "--bare" "https://github.com/arifd/druid-minimal-form-example" "/workspace/cache/git-repos/https%3A%2F%2Fgithub.com%2Farifd%2Fdruid-minimal-form-example", kill_on_drop: false }`
[INFO] [stderr] Cloning into bare repository '/workspace/cache/git-repos/https%3A%2F%2Fgithub.com%2Farifd%2Fdruid-minimal-form-example'...
[INFO] running `Command { std: "git" "rev-parse" "HEAD", kill_on_drop: false }`
[INFO] [stdout] 5b741a1b90c9863f5dadafbe33dcfd11cb2f1174
[INFO] testing arifd/druid-minimal-form-example against beta-2023-04-20 for beta-1.70-1
[INFO] running `Command { std: "git" "clone" "/workspace/cache/git-repos/https%3A%2F%2Fgithub.com%2Farifd%2Fdruid-minimal-form-example" "/workspace/builds/worker-0-tc2/source", kill_on_drop: false }`
[INFO] [stderr] Cloning into '/workspace/builds/worker-0-tc2/source'...
[INFO] [stderr] done.
[INFO] validating manifest of git repo https://github.com/arifd/druid-minimal-form-example on toolchain beta-2023-04-20
[INFO] running `Command { std: CARGO_HOME="/workspace/cargo-home" RUSTUP_HOME="/workspace/rustup-home" "/workspace/cargo-home/bin/cargo" "+beta-2023-04-20" "metadata" "--manifest-path" "Cargo.toml" "--no-deps", kill_on_drop: false }`
[INFO] started tweaking git repo https://github.com/arifd/druid-minimal-form-example
[INFO] finished tweaking git repo https://github.com/arifd/druid-minimal-form-example
[INFO] tweaked toml for git repo https://github.com/arifd/druid-minimal-form-example written to /workspace/builds/worker-0-tc2/source/Cargo.toml
[INFO] crate git repo https://github.com/arifd/druid-minimal-form-example already has a lockfile, it will not be regenerated
[INFO] running `Command { std: CARGO_HOME="/workspace/cargo-home" RUSTUP_HOME="/workspace/rustup-home" "/workspace/cargo-home/bin/cargo" "+beta-2023-04-20" "fetch" "--manifest-path" "Cargo.toml", kill_on_drop: false }`
[INFO] [stderr]     Updating crates.io index
[INFO] [stderr]  Downloading crates ...
[INFO] [stderr]   Downloaded piet-common v0.4.1
[INFO] [stderr]   Downloaded piet-web v0.4.0
[INFO] [stderr]   Downloaded piet v0.4.0
[INFO] [stderr]   Downloaded piet-coregraphics v0.4.0
[INFO] [stderr]   Downloaded utf16_lit v2.0.2
[INFO] [stderr]   Downloaded pangocairo-sys v0.11.0
[INFO] [stderr]   Downloaded tracing-wasm v0.1.0
[INFO] [stderr]   Downloaded pangocairo v0.10.0
[INFO] [stderr]   Downloaded piet-cairo v0.4.0
[INFO] [stderr]   Downloaded kurbo v0.8.1
[INFO] [stderr]   Downloaded piet-direct2d v0.4.1
[INFO] [stderr]   Downloaded ouroboros_macro v0.9.2
[INFO] [stderr]   Downloaded ouroboros v0.9.2
[INFO] [stderr]   Downloaded fluent-bundle v0.15.1
[INFO] [stderr]   Downloaded fluent-syntax v0.11.0
[INFO] running `Command { std: "docker" "create" "-v" "/var/lib/crater-agent-workspace/builds/worker-0-tc2/target:/opt/rustwide/target:rw,Z" "-v" "/var/lib/crater-agent-workspace/builds/worker-0-tc2/source:/opt/rustwide/workdir:ro,Z" "-v" "/var/lib/crater-agent-workspace/cargo-home:/opt/rustwide/cargo-home:ro,Z" "-v" "/var/lib/crater-agent-workspace/rustup-home:/opt/rustwide/rustup-home:ro,Z" "-e" "SOURCE_DIR=/opt/rustwide/workdir" "-e" "CARGO_TARGET_DIR=/opt/rustwide/target" "-e" "CARGO_HOME=/opt/rustwide/cargo-home" "-e" "RUSTUP_HOME=/opt/rustwide/rustup-home" "-w" "/opt/rustwide/workdir" "-m" "1610612736" "--user" "0:0" "--network" "none" "ghcr.io/rust-lang/crates-build-env/linux@sha256:5ff2268d62e97bff2cde7d5815dd6ed5b47097566f13b8d0ca110b04b60e07ed" "/opt/rustwide/cargo-home/bin/cargo" "+beta-2023-04-20" "metadata" "--no-deps" "--format-version=1", kill_on_drop: false }`
[INFO] [stdout] 7ed883ed3b5966859e460752afbecb91bbe5041aa95df0c1b36dd7be47817fc3
[INFO] running `Command { std: "docker" "start" "-a" "7ed883ed3b5966859e460752afbecb91bbe5041aa95df0c1b36dd7be47817fc3", kill_on_drop: false }`
[INFO] running `Command { std: "docker" "inspect" "7ed883ed3b5966859e460752afbecb91bbe5041aa95df0c1b36dd7be47817fc3", kill_on_drop: false }`
[INFO] running `Command { std: "docker" "rm" "-f" "7ed883ed3b5966859e460752afbecb91bbe5041aa95df0c1b36dd7be47817fc3", kill_on_drop: false }`
[INFO] [stdout] 7ed883ed3b5966859e460752afbecb91bbe5041aa95df0c1b36dd7be47817fc3
[INFO] running `Command { std: "docker" "create" "-v" "/var/lib/crater-agent-workspace/builds/worker-0-tc2/target:/opt/rustwide/target:rw,Z" "-v" "/var/lib/crater-agent-workspace/builds/worker-0-tc2/source:/opt/rustwide/workdir:ro,Z" "-v" "/var/lib/crater-agent-workspace/cargo-home:/opt/rustwide/cargo-home:ro,Z" "-v" "/var/lib/crater-agent-workspace/rustup-home:/opt/rustwide/rustup-home:ro,Z" "-e" "SOURCE_DIR=/opt/rustwide/workdir" "-e" "CARGO_TARGET_DIR=/opt/rustwide/target" "-e" "CARGO_INCREMENTAL=0" "-e" "RUST_BACKTRACE=full" "-e" "RUSTFLAGS=--cap-lints=warn" "-e" "RUSTDOCFLAGS=--cap-lints=warn" "-e" "CARGO_HOME=/opt/rustwide/cargo-home" "-e" "RUSTUP_HOME=/opt/rustwide/rustup-home" "-w" "/opt/rustwide/workdir" "-m" "1610612736" "--user" "0:0" "--network" "none" "ghcr.io/rust-lang/crates-build-env/linux@sha256:5ff2268d62e97bff2cde7d5815dd6ed5b47097566f13b8d0ca110b04b60e07ed" "/opt/rustwide/cargo-home/bin/cargo" "+beta-2023-04-20" "build" "--frozen" "--message-format=json", kill_on_drop: false }`
[INFO] [stdout] 811050b2db575e37beb05eede828fa1764dbdca35b53aa15563796a86a969439
[INFO] running `Command { std: "docker" "start" "-a" "811050b2db575e37beb05eede828fa1764dbdca35b53aa15563796a86a969439", kill_on_drop: false }`
[INFO] [stderr]    Compiling proc-macro2 v1.0.26
[INFO] [stderr]    Compiling unicode-xid v0.2.2
[INFO] [stderr]    Compiling syn v1.0.72
[INFO] [stderr]    Compiling serde v1.0.126
[INFO] [stderr]    Compiling unicode-segmentation v1.7.1
[INFO] [stderr]    Compiling pkg-config v0.3.19
[INFO] [stderr]    Compiling version-compare v0.0.10
[INFO] [stderr]    Compiling strum v0.18.0
[INFO] [stderr]    Compiling autocfg v1.0.1
[INFO] [stderr]    Compiling version_check v0.9.3
[INFO] [stderr]    Compiling libc v0.2.94
[INFO] [stderr]    Compiling proc-macro-hack v0.5.19
[INFO] [stderr]    Compiling memchr v2.4.0
[INFO] [stderr]    Compiling futures-core v0.3.15
[INFO] [stderr]    Compiling bitflags v1.2.1
[INFO] [stderr]    Compiling futures-task v0.3.15
[INFO] [stderr]    Compiling futures-channel v0.3.15
[INFO] [stderr]    Compiling proc-macro-nested v0.1.7
[INFO] [stderr]    Compiling pin-project-lite v0.2.6
[INFO] [stderr]    Compiling futures-sink v0.3.15
[INFO] [stderr]    Compiling heck v0.3.2
[INFO] [stderr]    Compiling proc-macro-error-attr v1.0.4
[INFO] [stderr]    Compiling proc-macro-error v1.0.4
[INFO] [stderr]    Compiling futures-macro v0.3.15
[INFO] [stderr]    Compiling futures-util v0.3.15
[INFO] [stderr]    Compiling futures-io v0.3.15
[INFO] [stderr]    Compiling anyhow v1.0.40
[INFO] [stderr]    Compiling pin-utils v0.1.0
[INFO] [stderr]    Compiling slab v0.4.3
[INFO] [stderr]    Compiling either v1.6.1
[INFO] [stderr]    Compiling once_cell v1.7.2
[INFO] [stderr]    Compiling num-traits v0.2.14
[INFO] [stderr]    Compiling cfg-if v1.0.0
[INFO] [stderr]    Compiling itertools v0.9.0
[INFO] [stderr]    Compiling num-integer v0.1.44
[INFO] [stderr]    Compiling byteorder v1.4.3
[INFO] [stderr]    Compiling crc32fast v1.2.1
[INFO] [stderr]    Compiling cairo-rs v0.9.1
[INFO] [stderr]    Compiling adler32 v1.2.0
[INFO] [stderr]    Compiling quote v1.0.9
[INFO] [stderr]    Compiling pango v0.9.1
[INFO] [stderr]    Compiling num-rational v0.3.2
[INFO] [stderr]    Compiling num-iter v0.1.42
[INFO] [stderr]    Compiling unic-common v0.9.0
[INFO] [stderr]    Compiling lazy_static v1.4.0
[INFO] [stderr]    Compiling unic-char-range v0.9.0
[INFO] [stderr]    Compiling unic-ucd-version v0.9.0
[INFO] [stderr]    Compiling deflate v0.8.6
[INFO] [stderr]    Compiling miniz_oxide v0.3.7
[INFO] [stderr]    Compiling unic-char-property v0.9.0
[INFO] [stderr]    Compiling standback v0.2.17
[INFO] [stderr]    Compiling gio v0.9.1
[INFO] [stderr]    Compiling tinystr v0.3.4
[INFO] [stderr]    Compiling tracing-core v0.1.18
[INFO] [stderr]    Compiling unic-ucd-bidi v0.9.0
[INFO] [stderr]    Compiling gdk-pixbuf v0.9.0
[INFO] [stderr]    Compiling typenum v1.13.0
[INFO] [stderr]    Compiling bytemuck v1.5.1
[INFO] [stderr]    Compiling color_quant v1.1.0
[INFO] [stderr]    Compiling unic-langid-impl v0.9.0
[INFO] [stderr]    Compiling png v0.16.8
[INFO] [stderr]    Compiling matches v0.1.8
[INFO] [stderr]    Compiling pangocairo v0.10.0
[INFO] [stderr]    Compiling arrayvec v0.5.2
[INFO] [stderr]    Compiling unic-bidi v0.9.0
[INFO] [stderr]    Compiling gdk v0.13.2
[INFO] [stderr]    Compiling unic-langid v0.9.0
[INFO] [stderr]    Compiling const_fn v0.4.7
[INFO] [stderr]    Compiling atk v0.9.0
[INFO] [stderr]    Compiling regex-syntax v0.6.25
[INFO] [stderr]    Compiling log v0.4.14
[INFO] [stderr]    Compiling kurbo v0.8.1
[INFO] [stderr]    Compiling ryu v1.0.5
[INFO] [stderr]    Compiling gtk v0.9.2
[INFO] [stderr]    Compiling time v0.2.26
[INFO] [stderr]    Compiling serde_json v1.0.64
[INFO] [stderr]    Compiling rustc-hash v1.1.0
[INFO] [stderr]    Compiling xi-unicode v0.3.0
[INFO] [stderr]    Compiling Inflector v0.11.4
[INFO] [stderr]    Compiling type-map v0.4.0
[INFO] [stderr]    Compiling aho-corasick v0.7.18
[INFO] [stderr]    Compiling im v15.0.0
[INFO] [stderr]    Compiling stable_deref_trait v1.2.0
[INFO] [stderr]    Compiling smallvec v1.6.1
[INFO] [stderr]    Compiling itoa v0.4.7
[INFO] [stderr]    Compiling rand_core v0.5.1
[INFO] [stderr]    Compiling intl-memoizer v0.5.1
[INFO] [stderr]    Compiling chrono v0.4.19
[INFO] [stderr]    Compiling tracing-log v0.1.2
[INFO] [stderr]    Compiling fluent-langneg v0.13.0
[INFO] [stderr]    Compiling image v0.23.14
[INFO] [stderr]    Compiling rand_xoshiro v0.4.0
[INFO] [stderr]    Compiling intl_pluralrules v7.0.1
[INFO] [stderr]    Compiling sharded-slab v0.1.1
[INFO] [stderr]    Compiling bitmaps v2.1.0
[INFO] [stderr]    Compiling instant v0.1.9
[INFO] [stderr]    Compiling thread_local v1.1.3
[INFO] [stderr]    Compiling keyboard-types v0.5.0
[INFO] [stderr]    Compiling ansi_term v0.12.1
[INFO] [stderr]    Compiling fnv v1.0.7
[INFO] [stderr]    Compiling toml v0.5.8
[INFO] [stderr]    Compiling tracing-serde v0.1.2
[INFO] [stderr]    Compiling sized-chunks v0.6.5
[INFO] [stderr]    Compiling regex-automata v0.1.9
[INFO] [stderr]    Compiling regex v1.5.4
[INFO] [stderr]    Compiling piet v0.4.0
[INFO] [stderr]    Compiling matchers v0.0.1
[INFO] [stderr]    Compiling proc-macro-crate v0.1.5
[INFO] [stderr]    Compiling thiserror-impl v1.0.24
[INFO] [stderr]    Compiling strum_macros v0.18.0
[INFO] [stderr]    Compiling glib-macros v0.10.1
[INFO] [stderr]    Compiling time-macros-impl v0.1.1
[INFO] [stderr]    Compiling tracing-attributes v0.1.15
[INFO] [stderr]    Compiling ouroboros_macro v0.9.2
[INFO] [stderr]    Compiling druid-derive v0.4.0 (https://github.com/linebender/druid.git#dcb5250f)
[INFO] [stdout] error: linking with `cc` failed: exit status: 1
[INFO] [stdout]   |
[INFO] [stdout]   = note: LC_ALL="C" PATH="/opt/rustwide/rustup-home/toolchains/beta-2023-04-20-x86_64-unknown-linux-gnu/lib/rustlib/x86_64-unknown-linux-gnu/bin:/opt/rustwide/cargo-home/bin:/usr/local/sbin:/usr/local/bin:/usr/sbin:/usr/bin:/sbin:/bin" VSLANG="1033" "cc" "-Wl,--version-script=/tmp/rustcGMw82D/list" "-Wl,--no-undefined-version" "-m64" "/tmp/rustcGMw82D/symbols.o" "/opt/rustwide/target/debug/deps/futures_macro-5da71cc867021847.futures_macro.5ea6ce6e-cgu.0.rcgu.o" "/opt/rustwide/target/debug/deps/futures_macro-5da71cc867021847.futures_macro.5ea6ce6e-cgu.1.rcgu.o" "/opt/rustwide/target/debug/deps/futures_macro-5da71cc867021847.futures_macro.5ea6ce6e-cgu.10.rcgu.o" "/opt/rustwide/target/debug/deps/futures_macro-5da71cc867021847.futures_macro.5ea6ce6e-cgu.11.rcgu.o" "/opt/rustwide/target/debug/deps/futures_macro-5da71cc867021847.futures_macro.5ea6ce6e-cgu.12.rcgu.o" "/opt/rustwide/target/debug/deps/futures_macro-5da71cc867021847.futures_macro.5ea6ce6e-cgu.13.rcgu.o" "/opt/rustwide/target/debug/deps/futures_macro-5da71cc867021847.futures_macro.5ea6ce6e-cgu.14.rcgu.o" "/opt/rustwide/target/debug/deps/futures_macro-5da71cc867021847.futures_macro.5ea6ce6e-cgu.15.rcgu.o" "/opt/rustwide/target/debug/deps/futures_macro-5da71cc867021847.futures_macro.5ea6ce6e-cgu.2.rcgu.o" "/opt/rustwide/target/debug/deps/futures_macro-5da71cc867021847.futures_macro.5ea6ce6e-cgu.3.rcgu.o" "/opt/rustwide/target/debug/deps/futures_macro-5da71cc867021847.futures_macro.5ea6ce6e-cgu.4.rcgu.o" "/opt/rustwide/target/debug/deps/futures_macro-5da71cc867021847.futures_macro.5ea6ce6e-cgu.5.rcgu.o" "/opt/rustwide/target/debug/deps/futures_macro-5da71cc867021847.futures_macro.5ea6ce6e-cgu.6.rcgu.o" "/opt/rustwide/target/debug/deps/futures_macro-5da71cc867021847.futures_macro.5ea6ce6e-cgu.7.rcgu.o" "/opt/rustwide/target/debug/deps/futures_macro-5da71cc867021847.futures_macro.5ea6ce6e-cgu.8.rcgu.o" "/opt/rustwide/target/debug/deps/futures_macro-5da71cc867021847.futures_macro.5ea6ce6e-cgu.9.rcgu.o" "/opt/rustwide/target/debug/deps/futures_macro-5da71cc867021847.ibqrtxm4fys171a.rcgu.rmeta" "/opt/rustwide/target/debug/deps/futures_macro-5da71cc867021847.4fv5c8i1zp794d91.rcgu.o" "-Wl,--as-needed" "-L" "/opt/rustwide/target/debug/deps" "-L" "/opt/rustwide/rustup-home/toolchains/beta-2023-04-20-x86_64-unknown-linux-gnu/lib/rustlib/x86_64-unknown-linux-gnu/lib" "-Wl,-Bstatic" "/opt/rustwide/target/debug/deps/libsyn-55f519a67d05f45c.rlib" "/opt/rustwide/target/debug/deps/libquote-dbaaf6ba260d7f35.rlib" "/opt/rustwide/target/debug/deps/libproc_macro2-7953ec271886058f.rlib" "/opt/rustwide/target/debug/deps/libunicode_xid-fb78da16da33d955.rlib" "/opt/rustwide/rustup-home/toolchains/beta-2023-04-20-x86_64-unknown-linux-gnu/lib/rustlib/x86_64-unknown-linux-gnu/lib/libproc_macro-4ae0b5c8ec17d92d.rlib" "/opt/rustwide/rustup-home/toolchains/beta-2023-04-20-x86_64-unknown-linux-gnu/lib/rustlib/x86_64-unknown-linux-gnu/lib/libstd-0e29cc23c5e02021.rlib" "/opt/rustwide/rustup-home/toolchains/beta-2023-04-20-x86_64-unknown-linux-gnu/lib/rustlib/x86_64-unknown-linux-gnu/lib/libpanic_unwind-d903621768a861d9.rlib" "/opt/rustwide/rustup-home/toolchains/beta-2023-04-20-x86_64-unknown-linux-gnu/lib/rustlib/x86_64-unknown-linux-gnu/lib/libobject-6d0225e655f31c13.rlib" "/opt/rustwide/rustup-home/toolchains/beta-2023-04-20-x86_64-unknown-linux-gnu/lib/rustlib/x86_64-unknown-linux-gnu/lib/libmemchr-9dbaf4eac7eaa079.rlib" "/opt/rustwide/rustup-home/toolchains/beta-2023-04-20-x86_64-unknown-linux-gnu/lib/rustlib/x86_64-unknown-linux-gnu/lib/libaddr2line-27f05b3d42a66dd0.rlib" "/opt/rustwide/rustup-home/toolchains/beta-2023-04-20-x86_64-unknown-linux-gnu/lib/rustlib/x86_64-unknown-linux-gnu/lib/libgimli-4d73f1030321c9a2.rlib" "/opt/rustwide/rustup-home/toolchains/beta-2023-04-20-x86_64-unknown-linux-gnu/lib/rustlib/x86_64-unknown-linux-gnu/lib/librustc_demangle-2846c9e58abd0acb.rlib" "/opt/rustwide/rustup-home/toolchains/beta-2023-04-20-x86_64-unknown-linux-gnu/lib/rustlib/x86_64-unknown-linux-gnu/lib/libstd_detect-a53d0f50415947be.rlib" "/opt/rustwide/rustup-home/toolchains/beta-2023-04-20-x86_64-unknown-linux-gnu/lib/rustlib/x86_64-unknown-linux-gnu/lib/libhashbrown-d48e4b6abc25b9dc.rlib" "/opt/rustwide/rustup-home/toolchains/beta-2023-04-20-x86_64-unknown-linux-gnu/lib/rustlib/x86_64-unknown-linux-gnu/lib/libminiz_oxide-2991859439ef1207.rlib" "/opt/rustwide/rustup-home/toolchains/beta-2023-04-20-x86_64-unknown-linux-gnu/lib/rustlib/x86_64-unknown-linux-gnu/lib/libadler-8a687517e4221bae.rlib" "/opt/rustwide/rustup-home/toolchains/beta-2023-04-20-x86_64-unknown-linux-gnu/lib/rustlib/x86_64-unknown-linux-gnu/lib/librustc_std_workspace_alloc-e07b554f6a67f5b3.rlib" "/opt/rustwide/rustup-home/toolchains/beta-2023-04-20-x86_64-unknown-linux-gnu/lib/rustlib/x86_64-unknown-linux-gnu/lib/libunwind-b68238b7c3c619dd.rlib" "/opt/rustwide/rustup-home/toolchains/beta-2023-04-20-x86_64-unknown-linux-gnu/lib/rustlib/x86_64-unknown-linux-gnu/lib/libcfg_if-d5e213e896c017e4.rlib" "/opt/rustwide/rustup-home/toolchains/beta-2023-04-20-x86_64-unknown-linux-gnu/lib/rustlib/x86_64-unknown-linux-gnu/lib/liblibc-0211a3b2e61d8689.rlib" "/opt/rustwide/rustup-home/toolchains/beta-2023-04-20-x86_64-unknown-linux-gnu/lib/rustlib/x86_64-unknown-linux-gnu/lib/liballoc-b371f055239ba51f.rlib" "/opt/rustwide/rustup-home/toolchains/beta-2023-04-20-x86_64-unknown-linux-gnu/lib/rustlib/x86_64-unknown-linux-gnu/lib/librustc_std_workspace_core-e60518d2760eb01e.rlib" "/opt/rustwide/rustup-home/toolchains/beta-2023-04-20-x86_64-unknown-linux-gnu/lib/rustlib/x86_64-unknown-linux-gnu/lib/libcore-1ad943f92a4b1081.rlib" "/opt/rustwide/rustup-home/toolchains/beta-2023-04-20-x86_64-unknown-linux-gnu/lib/rustlib/x86_64-unknown-linux-gnu/lib/libcompiler_builtins-f0d6e4d0fc1e80b4.rlib" "-Wl,-Bdynamic" "-lgcc_s" "-lutil" "-lrt" "-lpthread" "-lm" "-ldl" "-lc" "-Wl,--eh-frame-hdr" "-Wl,-z,noexecstack" "-L" "/opt/rustwide/rustup-home/toolchains/beta-2023-04-20-x86_64-unknown-linux-gnu/lib/rustlib/x86_64-unknown-linux-gnu/lib" "-o" "/opt/rustwide/target/debug/deps/libfutures_macro-5da71cc867021847.so" "-Wl,--gc-sections" "-shared" "-Wl,-z,relro,-z,now" "-nodefaultlibs"
[INFO] [stdout]   = note: /usr/bin/ld: final link failed: No space left on device
[INFO] [stdout]           collect2: error: ld returned 1 exit status
[INFO] [stdout]           
[INFO] [stdout] 
[INFO] [stdout] 
[INFO] [stdout] error: aborting due to previous error
[INFO] [stdout] 
[INFO] [stdout] 
[INFO] [stderr] error: could not compile `futures-macro` (lib) due to 2 previous errors
[INFO] [stderr] warning: build failed, waiting for other jobs to finish...
[INFO] [stdout] error: linking with `cc` failed: exit status: 1
[INFO] [stdout]   |
[INFO] [stdout]   = note: LC_ALL="C" PATH="/opt/rustwide/rustup-home/toolchains/beta-2023-04-20-x86_64-unknown-linux-gnu/lib/rustlib/x86_64-unknown-linux-gnu/bin:/opt/rustwide/cargo-home/bin:/usr/local/sbin:/usr/local/bin:/usr/sbin:/usr/bin:/sbin:/bin" VSLANG="1033" "cc" "-Wl,--version-script=/tmp/rustcaEQipg/list" "-Wl,--no-undefined-version" "-m64" "/tmp/rustcaEQipg/symbols.o" "/opt/rustwide/target/debug/deps/time_macros_impl-a0e2ab1356a464e3.time_macros_impl.b5476dbe-cgu.0.rcgu.o" "/opt/rustwide/target/debug/deps/time_macros_impl-a0e2ab1356a464e3.time_macros_impl.b5476dbe-cgu.1.rcgu.o" "/opt/rustwide/target/debug/deps/time_macros_impl-a0e2ab1356a464e3.time_macros_impl.b5476dbe-cgu.10.rcgu.o" "/opt/rustwide/target/debug/deps/time_macros_impl-a0e2ab1356a464e3.time_macros_impl.b5476dbe-cgu.11.rcgu.o" "/opt/rustwide/target/debug/deps/time_macros_impl-a0e2ab1356a464e3.time_macros_impl.b5476dbe-cgu.12.rcgu.o" "/opt/rustwide/target/debug/deps/time_macros_impl-a0e2ab1356a464e3.time_macros_impl.b5476dbe-cgu.13.rcgu.o" "/opt/rustwide/target/debug/deps/time_macros_impl-a0e2ab1356a464e3.time_macros_impl.b5476dbe-cgu.14.rcgu.o" "/opt/rustwide/target/debug/deps/time_macros_impl-a0e2ab1356a464e3.time_macros_impl.b5476dbe-cgu.15.rcgu.o" "/opt/rustwide/target/debug/deps/time_macros_impl-a0e2ab1356a464e3.time_macros_impl.b5476dbe-cgu.2.rcgu.o" "/opt/rustwide/target/debug/deps/time_macros_impl-a0e2ab1356a464e3.time_macros_impl.b5476dbe-cgu.3.rcgu.o" "/opt/rustwide/target/debug/deps/time_macros_impl-a0e2ab1356a464e3.time_macros_impl.b5476dbe-cgu.4.rcgu.o" "/opt/rustwide/target/debug/deps/time_macros_impl-a0e2ab1356a464e3.time_macros_impl.b5476dbe-cgu.5.rcgu.o" "/opt/rustwide/target/debug/deps/time_macros_impl-a0e2ab1356a464e3.time_macros_impl.b5476dbe-cgu.6.rcgu.o" "/opt/rustwide/target/debug/deps/time_macros_impl-a0e2ab1356a464e3.time_macros_impl.b5476dbe-cgu.7.rcgu.o" "/opt/rustwide/target/debug/deps/time_macros_impl-a0e2ab1356a464e3.time_macros_impl.b5476dbe-cgu.8.rcgu.o" "/opt/rustwide/target/debug/deps/time_macros_impl-a0e2ab1356a464e3.time_macros_impl.b5476dbe-cgu.9.rcgu.o" "/opt/rustwide/target/debug/deps/time_macros_impl-a0e2ab1356a464e3.clc4zts9sxr171h.rcgu.rmeta" "/opt/rustwide/target/debug/deps/time_macros_impl-a0e2ab1356a464e3.2037rjyd9h1t3gks.rcgu.o" "-Wl,--as-needed" "-L" "/opt/rustwide/target/debug/deps" "-L" "/opt/rustwide/rustup-home/toolchains/beta-2023-04-20-x86_64-unknown-linux-gnu/lib/rustlib/x86_64-unknown-linux-gnu/lib" "-Wl,-Bstatic" "/opt/rustwide/target/debug/deps/libstandback-9a3b58ef2470d7d9.rlib" "/opt/rustwide/target/debug/deps/libsyn-55f519a67d05f45c.rlib" "/opt/rustwide/target/debug/deps/libquote-dbaaf6ba260d7f35.rlib" "/opt/rustwide/target/debug/deps/libproc_macro2-7953ec271886058f.rlib" "/opt/rustwide/target/debug/deps/libunicode_xid-fb78da16da33d955.rlib" "/opt/rustwide/rustup-home/toolchains/beta-2023-04-20-x86_64-unknown-linux-gnu/lib/rustlib/x86_64-unknown-linux-gnu/lib/libproc_macro-4ae0b5c8ec17d92d.rlib" "/opt/rustwide/rustup-home/toolchains/beta-2023-04-20-x86_64-unknown-linux-gnu/lib/rustlib/x86_64-unknown-linux-gnu/lib/libstd-0e29cc23c5e02021.rlib" "/opt/rustwide/rustup-home/toolchains/beta-2023-04-20-x86_64-unknown-linux-gnu/lib/rustlib/x86_64-unknown-linux-gnu/lib/libpanic_unwind-d903621768a861d9.rlib" "/opt/rustwide/rustup-home/toolchains/beta-2023-04-20-x86_64-unknown-linux-gnu/lib/rustlib/x86_64-unknown-linux-gnu/lib/libobject-6d0225e655f31c13.rlib" "/opt/rustwide/rustup-home/toolchains/beta-2023-04-20-x86_64-unknown-linux-gnu/lib/rustlib/x86_64-unknown-linux-gnu/lib/libmemchr-9dbaf4eac7eaa079.rlib" "/opt/rustwide/rustup-home/toolchains/beta-2023-04-20-x86_64-unknown-linux-gnu/lib/rustlib/x86_64-unknown-linux-gnu/lib/libaddr2line-27f05b3d42a66dd0.rlib" "/opt/rustwide/rustup-home/toolchains/beta-2023-04-20-x86_64-unknown-linux-gnu/lib/rustlib/x86_64-unknown-linux-gnu/lib/libgimli-4d73f1030321c9a2.rlib" "/opt/rustwide/rustup-home/toolchains/beta-2023-04-20-x86_64-unknown-linux-gnu/lib/rustlib/x86_64-unknown-linux-gnu/lib/librustc_demangle-2846c9e58abd0acb.rlib" "/opt/rustwide/rustup-home/toolchains/beta-2023-04-20-x86_64-unknown-linux-gnu/lib/rustlib/x86_64-unknown-linux-gnu/lib/libstd_detect-a53d0f50415947be.rlib" "/opt/rustwide/rustup-home/toolchains/beta-2023-04-20-x86_64-unknown-linux-gnu/lib/rustlib/x86_64-unknown-linux-gnu/lib/libhashbrown-d48e4b6abc25b9dc.rlib" "/opt/rustwide/rustup-home/toolchains/beta-2023-04-20-x86_64-unknown-linux-gnu/lib/rustlib/x86_64-unknown-linux-gnu/lib/libminiz_oxide-2991859439ef1207.rlib" "/opt/rustwide/rustup-home/toolchains/beta-2023-04-20-x86_64-unknown-linux-gnu/lib/rustlib/x86_64-unknown-linux-gnu/lib/libadler-8a687517e4221bae.rlib" "/opt/rustwide/rustup-home/toolchains/beta-2023-04-20-x86_64-unknown-linux-gnu/lib/rustlib/x86_64-unknown-linux-gnu/lib/librustc_std_workspace_alloc-e07b554f6a67f5b3.rlib" "/opt/rustwide/rustup-home/toolchains/beta-2023-04-20-x86_64-unknown-linux-gnu/lib/rustlib/x86_64-unknown-linux-gnu/lib/libunwind-b68238b7c3c619dd.rlib" "/opt/rustwide/rustup-home/toolchains/beta-2023-04-20-x86_64-unknown-linux-gnu/lib/rustlib/x86_64-unknown-linux-gnu/lib/libcfg_if-d5e213e896c017e4.rlib" "/opt/rustwide/rustup-home/toolchains/beta-2023-04-20-x86_64-unknown-linux-gnu/lib/rustlib/x86_64-unknown-linux-gnu/lib/liblibc-0211a3b2e61d8689.rlib" "/opt/rustwide/rustup-home/toolchains/beta-2023-04-20-x86_64-unknown-linux-gnu/lib/rustlib/x86_64-unknown-linux-gnu/lib/liballoc-b371f055239ba51f.rlib" "/opt/rustwide/rustup-home/toolchains/beta-2023-04-20-x86_64-unknown-linux-gnu/lib/rustlib/x86_64-unknown-linux-gnu/lib/librustc_std_workspace_core-e60518d2760eb01e.rlib" "/opt/rustwide/rustup-home/toolchains/beta-2023-04-20-x86_64-unknown-linux-gnu/lib/rustlib/x86_64-unknown-linux-gnu/lib/libcore-1ad943f92a4b1081.rlib" "/opt/rustwide/rustup-home/toolchains/beta-2023-04-20-x86_64-unknown-linux-gnu/lib/rustlib/x86_64-unknown-linux-gnu/lib/libcompiler_builtins-f0d6e4d0fc1e80b4.rlib" "-Wl,-Bdynamic" "-lgcc_s" "-lutil" "-lrt" "-lpthread" "-lm" "-ldl" "-lc" "-Wl,--eh-frame-hdr" "-Wl,-z,noexecstack" "-L" "/opt/rustwide/rustup-home/toolchains/beta-2023-04-20-x86_64-unknown-linux-gnu/lib/rustlib/x86_64-unknown-linux-gnu/lib" "-o" "/opt/rustwide/target/debug/deps/libtime_macros_impl-a0e2ab1356a464e3.so" "-Wl,--gc-sections" "-shared" "-Wl,-z,relro,-z,now" "-nodefaultlibs"
[INFO] [stdout]   = note: /usr/bin/ld: final link failed: No space left on device
[INFO] [stdout]           collect2: error: ld returned 1 exit status
[INFO] [stdout]           
[INFO] [stdout] 
[INFO] [stdout] 
[INFO] [stdout] error: aborting due to previous error
[INFO] [stdout] 
[INFO] [stdout] 
[INFO] [stderr] error: could not compile `time-macros-impl` (lib) due to 2 previous errors
[INFO] [stdout] error: linking with `cc` failed: exit status: 1
[INFO] [stdout]   |
[INFO] [stdout]   = note: LC_ALL="C" PATH="/opt/rustwide/rustup-home/toolchains/beta-2023-04-20-x86_64-unknown-linux-gnu/lib/rustlib/x86_64-unknown-linux-gnu/bin:/opt/rustwide/cargo-home/bin:/usr/local/sbin:/usr/local/bin:/usr/sbin:/usr/bin:/sbin:/bin" VSLANG="1033" "cc" "-Wl,--version-script=/tmp/rustcrvspqT/list" "-Wl,--no-undefined-version" "-m64" "/tmp/rustcrvspqT/symbols.o" "/opt/rustwide/target/debug/deps/glib_macros-910641a32daa220a.glib_macros.827ae528-cgu.0.rcgu.o" "/opt/rustwide/target/debug/deps/glib_macros-910641a32daa220a.glib_macros.827ae528-cgu.1.rcgu.o" "/opt/rustwide/target/debug/deps/glib_macros-910641a32daa220a.glib_macros.827ae528-cgu.10.rcgu.o" "/opt/rustwide/target/debug/deps/glib_macros-910641a32daa220a.glib_macros.827ae528-cgu.11.rcgu.o" "/opt/rustwide/target/debug/deps/glib_macros-910641a32daa220a.glib_macros.827ae528-cgu.12.rcgu.o" "/opt/rustwide/target/debug/deps/glib_macros-910641a32daa220a.glib_macros.827ae528-cgu.13.rcgu.o" "/opt/rustwide/target/debug/deps/glib_macros-910641a32daa220a.glib_macros.827ae528-cgu.14.rcgu.o" "/opt/rustwide/target/debug/deps/glib_macros-910641a32daa220a.glib_macros.827ae528-cgu.15.rcgu.o" "/opt/rustwide/target/debug/deps/glib_macros-910641a32daa220a.glib_macros.827ae528-cgu.2.rcgu.o" "/opt/rustwide/target/debug/deps/glib_macros-910641a32daa220a.glib_macros.827ae528-cgu.3.rcgu.o" "/opt/rustwide/target/debug/deps/glib_macros-910641a32daa220a.glib_macros.827ae528-cgu.4.rcgu.o" "/opt/rustwide/target/debug/deps/glib_macros-910641a32daa220a.glib_macros.827ae528-cgu.5.rcgu.o" "/opt/rustwide/target/debug/deps/glib_macros-910641a32daa220a.glib_macros.827ae528-cgu.6.rcgu.o" "/opt/rustwide/target/debug/deps/glib_macros-910641a32daa220a.glib_macros.827ae528-cgu.7.rcgu.o" "/opt/rustwide/target/debug/deps/glib_macros-910641a32daa220a.glib_macros.827ae528-cgu.8.rcgu.o" "/opt/rustwide/target/debug/deps/glib_macros-910641a32daa220a.glib_macros.827ae528-cgu.9.rcgu.o" "/opt/rustwide/target/debug/deps/glib_macros-910641a32daa220a.2a5a4liga6v52g8n.rcgu.rmeta" "/opt/rustwide/target/debug/deps/glib_macros-910641a32daa220a.3n17vhc0ah3e0zvu.rcgu.o" "-Wl,--as-needed" "-L" "/opt/rustwide/target/debug/deps" "-L" "/opt/rustwide/rustup-home/toolchains/beta-2023-04-20-x86_64-unknown-linux-gnu/lib/rustlib/x86_64-unknown-linux-gnu/lib" "-Wl,-Bstatic" "/opt/rustwide/target/debug/deps/libproc_macro_crate-e60fc5f17961a628.rlib" "/opt/rustwide/target/debug/deps/libtoml-6a32c4d41f921fec.rlib" "/opt/rustwide/target/debug/deps/libserde-30915dbdcc52c1e3.rlib" "/opt/rustwide/target/debug/deps/libitertools-661a6b80464eb08a.rlib" "/opt/rustwide/target/debug/deps/libeither-8d38bc64e6d9428e.rlib" "/opt/rustwide/target/debug/deps/libanyhow-23bdc2e5d657f8fb.rlib" "/opt/rustwide/target/debug/deps/libheck-0a72397090cd0ee2.rlib" "/opt/rustwide/target/debug/deps/libunicode_segmentation-93f3a57063ffb48f.rlib" "/opt/rustwide/target/debug/deps/libproc_macro_error-44ad81cd492f6c11.rlib" "/opt/rustwide/target/debug/deps/libsyn-55f519a67d05f45c.rlib" "/opt/rustwide/target/debug/deps/libquote-dbaaf6ba260d7f35.rlib" "/opt/rustwide/target/debug/deps/libproc_macro2-7953ec271886058f.rlib" "/opt/rustwide/target/debug/deps/libunicode_xid-fb78da16da33d955.rlib" "/opt/rustwide/rustup-home/toolchains/beta-2023-04-20-x86_64-unknown-linux-gnu/lib/rustlib/x86_64-unknown-linux-gnu/lib/libproc_macro-4ae0b5c8ec17d92d.rlib" "/opt/rustwide/rustup-home/toolchains/beta-2023-04-20-x86_64-unknown-linux-gnu/lib/rustlib/x86_64-unknown-linux-gnu/lib/libstd-0e29cc23c5e02021.rlib" "/opt/rustwide/rustup-home/toolchains/beta-2023-04-20-x86_64-unknown-linux-gnu/lib/rustlib/x86_64-unknown-linux-gnu/lib/libpanic_unwind-d903621768a861d9.rlib" "/opt/rustwide/rustup-home/toolchains/beta-2023-04-20-x86_64-unknown-linux-gnu/lib/rustlib/x86_64-unknown-linux-gnu/lib/libobject-6d0225e655f31c13.rlib" "/opt/rustwide/rustup-home/toolchains/beta-2023-04-20-x86_64-unknown-linux-gnu/lib/rustlib/x86_64-unknown-linux-gnu/lib/libmemchr-9dbaf4eac7eaa079.rlib" "/opt/rustwide/rustup-home/toolchains/beta-2023-04-20-x86_64-unknown-linux-gnu/lib/rustlib/x86_64-unknown-linux-gnu/lib/libaddr2line-27f05b3d42a66dd0.rlib" "/opt/rustwide/rustup-home/toolchains/beta-2023-04-20-x86_64-unknown-linux-gnu/lib/rustlib/x86_64-unknown-linux-gnu/lib/libgimli-4d73f1030321c9a2.rlib" "/opt/rustwide/rustup-home/toolchains/beta-2023-04-20-x86_64-unknown-linux-gnu/lib/rustlib/x86_64-unknown-linux-gnu/lib/librustc_demangle-2846c9e58abd0acb.rlib" "/opt/rustwide/rustup-home/toolchains/beta-2023-04-20-x86_64-unknown-linux-gnu/lib/rustlib/x86_64-unknown-linux-gnu/lib/libstd_detect-a53d0f50415947be.rlib" "/opt/rustwide/rustup-home/toolchains/beta-2023-04-20-x86_64-unknown-linux-gnu/lib/rustlib/x86_64-unknown-linux-gnu/lib/libhashbrown-d48e4b6abc25b9dc.rlib" "/opt/rustwide/rustup-home/toolchains/beta-2023-04-20-x86_64-unknown-linux-gnu/lib/rustlib/x86_64-unknown-linux-gnu/lib/libminiz_oxide-2991859439ef1207.rlib" "/opt/rustwide/rustup-home/toolchains/beta-2023-04-20-x86_64-unknown-linux-gnu/lib/rustlib/x86_64-unknown-linux-gnu/lib/libadler-8a687517e4221bae.rlib" "/opt/rustwide/rustup-home/toolchains/beta-2023-04-20-x86_64-unknown-linux-gnu/lib/rustlib/x86_64-unknown-linux-gnu/lib/librustc_std_workspace_alloc-e07b554f6a67f5b3.rlib" "/opt/rustwide/rustup-home/toolchains/beta-2023-04-20-x86_64-unknown-linux-gnu/lib/rustlib/x86_64-unknown-linux-gnu/lib/libunwind-b68238b7c3c619dd.rlib" "/opt/rustwide/rustup-home/toolchains/beta-2023-04-20-x86_64-unknown-linux-gnu/lib/rustlib/x86_64-unknown-linux-gnu/lib/libcfg_if-d5e213e896c017e4.rlib" "/opt/rustwide/rustup-home/toolchains/beta-2023-04-20-x86_64-unknown-linux-gnu/lib/rustlib/x86_64-unknown-linux-gnu/lib/liblibc-0211a3b2e61d8689.rlib" "/opt/rustwide/rustup-home/toolchains/beta-2023-04-20-x86_64-unknown-linux-gnu/lib/rustlib/x86_64-unknown-linux-gnu/lib/liballoc-b371f055239ba51f.rlib" "/opt/rustwide/rustup-home/toolchains/beta-2023-04-20-x86_64-unknown-linux-gnu/lib/rustlib/x86_64-unknown-linux-gnu/lib/librustc_std_workspace_core-e60518d2760eb01e.rlib" "/opt/rustwide/rustup-home/toolchains/beta-2023-04-20-x86_64-unknown-linux-gnu/lib/rustlib/x86_64-unknown-linux-gnu/lib/libcore-1ad943f92a4b1081.rlib" "/opt/rustwide/rustup-home/toolchains/beta-2023-04-20-x86_64-unknown-linux-gnu/lib/rustlib/x86_64-unknown-linux-gnu/lib/libcompiler_builtins-f0d6e4d0fc1e80b4.rlib" "-Wl,-Bdynamic" "-lgcc_s" "-lutil" "-lrt" "-lpthread" "-lm" "-ldl" "-lc" "-Wl,--eh-frame-hdr" "-Wl,-z,noexecstack" "-L" "/opt/rustwide/rustup-home/toolchains/beta-2023-04-20-x86_64-unknown-linux-gnu/lib/rustlib/x86_64-unknown-linux-gnu/lib" "-o" "/opt/rustwide/target/debug/deps/libglib_macros-910641a32daa220a.so" "-Wl,--gc-sections" "-shared" "-Wl,-z,relro,-z,now" "-nodefaultlibs"
[INFO] [stdout]   = note: /usr/bin/ld: final link failed: No space left on device
[INFO] [stdout]           collect2: error: ld returned 1 exit status
[INFO] [stdout]           
[INFO] [stdout] 
[INFO] [stdout] 
[INFO] [stdout] error: linking with `cc` failed: exit status: 1
[INFO] [stdout]   |
[INFO] [stdout]   = note: LC_ALL="C" PATH="/opt/rustwide/rustup-home/toolchains/beta-2023-04-20-x86_64-unknown-linux-gnu/lib/rustlib/x86_64-unknown-linux-gnu/bin:/opt/rustwide/cargo-home/bin:/usr/local/sbin:/usr/local/bin:/usr/sbin:/usr/bin:/sbin:/bin" VSLANG="1033" "cc" "-Wl,--version-script=/tmp/rustcOsl0Xs/list" "-Wl,--no-undefined-version" "-m64" "/tmp/rustcOsl0Xs/symbols.o" "/opt/rustwide/target/debug/deps/tracing_attributes-6cdcfeaba33b1130.tracing_attributes.903495bd-cgu.0.rcgu.o" "/opt/rustwide/target/debug/deps/tracing_attributes-6cdcfeaba33b1130.tracing_attributes.903495bd-cgu.1.rcgu.o" "/opt/rustwide/target/debug/deps/tracing_attributes-6cdcfeaba33b1130.tracing_attributes.903495bd-cgu.10.rcgu.o" "/opt/rustwide/target/debug/deps/tracing_attributes-6cdcfeaba33b1130.tracing_attributes.903495bd-cgu.11.rcgu.o" "/opt/rustwide/target/debug/deps/tracing_attributes-6cdcfeaba33b1130.tracing_attributes.903495bd-cgu.12.rcgu.o" "/opt/rustwide/target/debug/deps/tracing_attributes-6cdcfeaba33b1130.tracing_attributes.903495bd-cgu.13.rcgu.o" "/opt/rustwide/target/debug/deps/tracing_attributes-6cdcfeaba33b1130.tracing_attributes.903495bd-cgu.14.rcgu.o" "/opt/rustwide/target/debug/deps/tracing_attributes-6cdcfeaba33b1130.tracing_attributes.903495bd-cgu.15.rcgu.o" "/opt/rustwide/target/debug/deps/tracing_attributes-6cdcfeaba33b1130.tracing_attributes.903495bd-cgu.2.rcgu.o" "/opt/rustwide/target/debug/deps/tracing_attributes-6cdcfeaba33b1130.tracing_attributes.903495bd-cgu.3.rcgu.o" "/opt/rustwide/target/debug/deps/tracing_attributes-6cdcfeaba33b1130.tracing_attributes.903495bd-cgu.4.rcgu.o" "/opt/rustwide/target/debug/deps/tracing_attributes-6cdcfeaba33b1130.tracing_attributes.903495bd-cgu.5.rcgu.o" "/opt/rustwide/target/debug/deps/tracing_attributes-6cdcfeaba33b1130.tracing_attributes.903495bd-cgu.6.rcgu.o" "/opt/rustwide/target/debug/deps/tracing_attributes-6cdcfeaba33b1130.tracing_attributes.903495bd-cgu.7.rcgu.o" "/opt/rustwide/target/debug/deps/tracing_attributes-6cdcfeaba33b1130.tracing_attributes.903495bd-cgu.8.rcgu.o" "/opt/rustwide/target/debug/deps/tracing_attributes-6cdcfeaba33b1130.tracing_attributes.903495bd-cgu.9.rcgu.o" "/opt/rustwide/target/debug/deps/tracing_attributes-6cdcfeaba33b1130.26zcjj50514c70vc.rcgu.rmeta" "/opt/rustwide/target/debug/deps/tracing_attributes-6cdcfeaba33b1130.57kjj2bs6wr54hal.rcgu.o" "-Wl,--as-needed" "-L" "/opt/rustwide/target/debug/deps" "-L" "/opt/rustwide/rustup-home/toolchains/beta-2023-04-20-x86_64-unknown-linux-gnu/lib/rustlib/x86_64-unknown-linux-gnu/lib" "-Wl,-Bstatic" "/opt/rustwide/target/debug/deps/libsyn-55f519a67d05f45c.rlib" "/opt/rustwide/target/debug/deps/libquote-dbaaf6ba260d7f35.rlib" "/opt/rustwide/target/debug/deps/libproc_macro2-7953ec271886058f.rlib" "/opt/rustwide/target/debug/deps/libunicode_xid-fb78da16da33d955.rlib" "/opt/rustwide/rustup-home/toolchains/beta-2023-04-20-x86_64-unknown-linux-gnu/lib/rustlib/x86_64-unknown-linux-gnu/lib/libproc_macro-4ae0b5c8ec17d92d.rlib" "/opt/rustwide/rustup-home/toolchains/beta-2023-04-20-x86_64-unknown-linux-gnu/lib/rustlib/x86_64-unknown-linux-gnu/lib/libstd-0e29cc23c5e02021.rlib" "/opt/rustwide/rustup-home/toolchains/beta-2023-04-20-x86_64-unknown-linux-gnu/lib/rustlib/x86_64-unknown-linux-gnu/lib/libpanic_unwind-d903621768a861d9.rlib" "/opt/rustwide/rustup-home/toolchains/beta-2023-04-20-x86_64-unknown-linux-gnu/lib/rustlib/x86_64-unknown-linux-gnu/lib/libobject-6d0225e655f31c13.rlib" "/opt/rustwide/rustup-home/toolchains/beta-2023-04-20-x86_64-unknown-linux-gnu/lib/rustlib/x86_64-unknown-linux-gnu/lib/libmemchr-9dbaf4eac7eaa079.rlib" "/opt/rustwide/rustup-home/toolchains/beta-2023-04-20-x86_64-unknown-linux-gnu/lib/rustlib/x86_64-unknown-linux-gnu/lib/libaddr2line-27f05b3d42a66dd0.rlib" "/opt/rustwide/rustup-home/toolchains/beta-2023-04-20-x86_64-unknown-linux-gnu/lib/rustlib/x86_64-unknown-linux-gnu/lib/libgimli-4d73f1030321c9a2.rlib" "/opt/rustwide/rustup-home/toolchains/beta-2023-04-20-x86_64-unknown-linux-gnu/lib/rustlib/x86_64-unknown-linux-gnu/lib/librustc_demangle-2846c9e58abd0acb.rlib" "/opt/rustwide/rustup-home/toolchains/beta-2023-04-20-x86_64-unknown-linux-gnu/lib/rustlib/x86_64-unknown-linux-gnu/lib/libstd_detect-a53d0f50415947be.rlib" "/opt/rustwide/rustup-home/toolchains/beta-2023-04-20-x86_64-unknown-linux-gnu/lib/rustlib/x86_64-unknown-linux-gnu/lib/libhashbrown-d48e4b6abc25b9dc.rlib" "/opt/rustwide/rustup-home/toolchains/beta-2023-04-20-x86_64-unknown-linux-gnu/lib/rustlib/x86_64-unknown-linux-gnu/lib/libminiz_oxide-2991859439ef1207.rlib" "/opt/rustwide/rustup-home/toolchains/beta-2023-04-20-x86_64-unknown-linux-gnu/lib/rustlib/x86_64-unknown-linux-gnu/lib/libadler-8a687517e4221bae.rlib" "/opt/rustwide/rustup-home/toolchains/beta-2023-04-20-x86_64-unknown-linux-gnu/lib/rustlib/x86_64-unknown-linux-gnu/lib/librustc_std_workspace_alloc-e07b554f6a67f5b3.rlib" "/opt/rustwide/rustup-home/toolchains/beta-2023-04-20-x86_64-unknown-linux-gnu/lib/rustlib/x86_64-unknown-linux-gnu/lib/libunwind-b68238b7c3c619dd.rlib" "/opt/rustwide/rustup-home/toolchains/beta-2023-04-20-x86_64-unknown-linux-gnu/lib/rustlib/x86_64-unknown-linux-gnu/lib/libcfg_if-d5e213e896c017e4.rlib" "/opt/rustwide/rustup-home/toolchains/beta-2023-04-20-x86_64-unknown-linux-gnu/lib/rustlib/x86_64-unknown-linux-gnu/lib/liblibc-0211a3b2e61d8689.rlib" "/opt/rustwide/rustup-home/toolchains/beta-2023-04-20-x86_64-unknown-linux-gnu/lib/rustlib/x86_64-unknown-linux-gnu/lib/liballoc-b371f055239ba51f.rlib" "/opt/rustwide/rustup-home/toolchains/beta-2023-04-20-x86_64-unknown-linux-gnu/lib/rustlib/x86_64-unknown-linux-gnu/lib/librustc_std_workspace_core-e60518d2760eb01e.rlib" "/opt/rustwide/rustup-home/toolchains/beta-2023-04-20-x86_64-unknown-linux-gnu/lib/rustlib/x86_64-unknown-linux-gnu/lib/libcore-1ad943f92a4b1081.rlib" "/opt/rustwide/rustup-home/toolchains/beta-2023-04-20-x86_64-unknown-linux-gnu/lib/rustlib/x86_64-unknown-linux-gnu/lib/libcompiler_builtins-f0d6e4d0fc1e80b4.rlib" "-Wl,-Bdynamic" "-lgcc_s" "-lutil" "-lrt" "-lpthread" "-lm" "-ldl" "-lc" "-Wl,--eh-frame-hdr" "-Wl,-z,noexecstack" "-L" "/opt/rustwide/rustup-home/toolchains/beta-2023-04-20-x86_64-unknown-linux-gnu/lib/rustlib/x86_64-unknown-linux-gnu/lib" "-o" "/opt/rustwide/target/debug/deps/libtracing_attributes-6cdcfeaba33b1130.so" "-Wl,--gc-sections" "-shared" "-Wl,-z,relro,-z,now" "-nodefaultlibs"
[INFO] [stdout]   = note: /usr/bin/ld: final link failed: No space left on device
[INFO] [stdout]           collect2: error: ld returned 1 exit status
[INFO] [stdout]           
[INFO] [stdout] 
[INFO] [stdout] 
[INFO] [stdout] error: aborting due to previous error
[INFO] [stdout] 
[INFO] [stdout] 
[INFO] [stdout] error: aborting due to previous error
[INFO] [stdout] 
[INFO] [stdout] 
[INFO] [stderr] error: could not compile `glib-macros` (lib) due to 2 previous errors
[INFO] [stderr] error: could not compile `tracing-attributes` (lib) due to 2 previous errors
[INFO] [stdout] error: linking with `cc` failed: exit status: 1
[INFO] [stdout]   |
[INFO] [stdout]   = note: LC_ALL="C" PATH="/opt/rustwide/rustup-home/toolchains/beta-2023-04-20-x86_64-unknown-linux-gnu/lib/rustlib/x86_64-unknown-linux-gnu/bin:/opt/rustwide/cargo-home/bin:/usr/local/sbin:/usr/local/bin:/usr/sbin:/usr/bin:/sbin:/bin" VSLANG="1033" "cc" "-Wl,--version-script=/tmp/rustc8ELMNr/list" "-Wl,--no-undefined-version" "-m64" "/tmp/rustc8ELMNr/symbols.o" "/opt/rustwide/target/debug/deps/druid_derive-c8a59b7224ac3b59.druid_derive.fc897713-cgu.0.rcgu.o" "/opt/rustwide/target/debug/deps/druid_derive-c8a59b7224ac3b59.druid_derive.fc897713-cgu.1.rcgu.o" "/opt/rustwide/target/debug/deps/druid_derive-c8a59b7224ac3b59.druid_derive.fc897713-cgu.10.rcgu.o" "/opt/rustwide/target/debug/deps/druid_derive-c8a59b7224ac3b59.druid_derive.fc897713-cgu.11.rcgu.o" "/opt/rustwide/target/debug/deps/druid_derive-c8a59b7224ac3b59.druid_derive.fc897713-cgu.12.rcgu.o" "/opt/rustwide/target/debug/deps/druid_derive-c8a59b7224ac3b59.druid_derive.fc897713-cgu.13.rcgu.o" "/opt/rustwide/target/debug/deps/druid_derive-c8a59b7224ac3b59.druid_derive.fc897713-cgu.14.rcgu.o" "/opt/rustwide/target/debug/deps/druid_derive-c8a59b7224ac3b59.druid_derive.fc897713-cgu.15.rcgu.o" "/opt/rustwide/target/debug/deps/druid_derive-c8a59b7224ac3b59.druid_derive.fc897713-cgu.2.rcgu.o" "/opt/rustwide/target/debug/deps/druid_derive-c8a59b7224ac3b59.druid_derive.fc897713-cgu.3.rcgu.o" "/opt/rustwide/target/debug/deps/druid_derive-c8a59b7224ac3b59.druid_derive.fc897713-cgu.4.rcgu.o" "/opt/rustwide/target/debug/deps/druid_derive-c8a59b7224ac3b59.druid_derive.fc897713-cgu.5.rcgu.o" "/opt/rustwide/target/debug/deps/druid_derive-c8a59b7224ac3b59.druid_derive.fc897713-cgu.6.rcgu.o" "/opt/rustwide/target/debug/deps/druid_derive-c8a59b7224ac3b59.druid_derive.fc897713-cgu.7.rcgu.o" "/opt/rustwide/target/debug/deps/druid_derive-c8a59b7224ac3b59.druid_derive.fc897713-cgu.8.rcgu.o" "/opt/rustwide/target/debug/deps/druid_derive-c8a59b7224ac3b59.druid_derive.fc897713-cgu.9.rcgu.o" "/opt/rustwide/target/debug/deps/druid_derive-c8a59b7224ac3b59.4a1k098u14as65q7.rcgu.rmeta" "/opt/rustwide/target/debug/deps/druid_derive-c8a59b7224ac3b59.3qgxj0b01x1af3ro.rcgu.o" "-Wl,--as-needed" "-L" "/opt/rustwide/target/debug/deps" "-L" "/opt/rustwide/rustup-home/toolchains/beta-2023-04-20-x86_64-unknown-linux-gnu/lib/rustlib/x86_64-unknown-linux-gnu/lib" "-Wl,-Bstatic" "/opt/rustwide/target/debug/deps/libsyn-55f519a67d05f45c.rlib" "/opt/rustwide/target/debug/deps/libquote-dbaaf6ba260d7f35.rlib" "/opt/rustwide/target/debug/deps/libproc_macro2-7953ec271886058f.rlib" "/opt/rustwide/target/debug/deps/libunicode_xid-fb78da16da33d955.rlib" "/opt/rustwide/rustup-home/toolchains/beta-2023-04-20-x86_64-unknown-linux-gnu/lib/rustlib/x86_64-unknown-linux-gnu/lib/libproc_macro-4ae0b5c8ec17d92d.rlib" "/opt/rustwide/rustup-home/toolchains/beta-2023-04-20-x86_64-unknown-linux-gnu/lib/rustlib/x86_64-unknown-linux-gnu/lib/libstd-0e29cc23c5e02021.rlib" "/opt/rustwide/rustup-home/toolchains/beta-2023-04-20-x86_64-unknown-linux-gnu/lib/rustlib/x86_64-unknown-linux-gnu/lib/libpanic_unwind-d903621768a861d9.rlib" "/opt/rustwide/rustup-home/toolchains/beta-2023-04-20-x86_64-unknown-linux-gnu/lib/rustlib/x86_64-unknown-linux-gnu/lib/libobject-6d0225e655f31c13.rlib" "/opt/rustwide/rustup-home/toolchains/beta-2023-04-20-x86_64-unknown-linux-gnu/lib/rustlib/x86_64-unknown-linux-gnu/lib/libmemchr-9dbaf4eac7eaa079.rlib" "/opt/rustwide/rustup-home/toolchains/beta-2023-04-20-x86_64-unknown-linux-gnu/lib/rustlib/x86_64-unknown-linux-gnu/lib/libaddr2line-27f05b3d42a66dd0.rlib" "/opt/rustwide/rustup-home/toolchains/beta-2023-04-20-x86_64-unknown-linux-gnu/lib/rustlib/x86_64-unknown-linux-gnu/lib/libgimli-4d73f1030321c9a2.rlib" "/opt/rustwide/rustup-home/toolchains/beta-2023-04-20-x86_64-unknown-linux-gnu/lib/rustlib/x86_64-unknown-linux-gnu/lib/librustc_demangle-2846c9e58abd0acb.rlib" "/opt/rustwide/rustup-home/toolchains/beta-2023-04-20-x86_64-unknown-linux-gnu/lib/rustlib/x86_64-unknown-linux-gnu/lib/libstd_detect-a53d0f50415947be.rlib" "/opt/rustwide/rustup-home/toolchains/beta-2023-04-20-x86_64-unknown-linux-gnu/lib/rustlib/x86_64-unknown-linux-gnu/lib/libhashbrown-d48e4b6abc25b9dc.rlib" "/opt/rustwide/rustup-home/toolchains/beta-2023-04-20-x86_64-unknown-linux-gnu/lib/rustlib/x86_64-unknown-linux-gnu/lib/libminiz_oxide-2991859439ef1207.rlib" "/opt/rustwide/rustup-home/toolchains/beta-2023-04-20-x86_64-unknown-linux-gnu/lib/rustlib/x86_64-unknown-linux-gnu/lib/libadler-8a687517e4221bae.rlib" "/opt/rustwide/rustup-home/toolchains/beta-2023-04-20-x86_64-unknown-linux-gnu/lib/rustlib/x86_64-unknown-linux-gnu/lib/librustc_std_workspace_alloc-e07b554f6a67f5b3.rlib" "/opt/rustwide/rustup-home/toolchains/beta-2023-04-20-x86_64-unknown-linux-gnu/lib/rustlib/x86_64-unknown-linux-gnu/lib/libunwind-b68238b7c3c619dd.rlib" "/opt/rustwide/rustup-home/toolchains/beta-2023-04-20-x86_64-unknown-linux-gnu/lib/rustlib/x86_64-unknown-linux-gnu/lib/libcfg_if-d5e213e896c017e4.rlib" "/opt/rustwide/rustup-home/toolchains/beta-2023-04-20-x86_64-unknown-linux-gnu/lib/rustlib/x86_64-unknown-linux-gnu/lib/liblibc-0211a3b2e61d8689.rlib" "/opt/rustwide/rustup-home/toolchains/beta-2023-04-20-x86_64-unknown-linux-gnu/lib/rustlib/x86_64-unknown-linux-gnu/lib/liballoc-b371f055239ba51f.rlib" "/opt/rustwide/rustup-home/toolchains/beta-2023-04-20-x86_64-unknown-linux-gnu/lib/rustlib/x86_64-unknown-linux-gnu/lib/librustc_std_workspace_core-e60518d2760eb01e.rlib" "/opt/rustwide/rustup-home/toolchains/beta-2023-04-20-x86_64-unknown-linux-gnu/lib/rustlib/x86_64-unknown-linux-gnu/lib/libcore-1ad943f92a4b1081.rlib" "/opt/rustwide/rustup-home/toolchains/beta-2023-04-20-x86_64-unknown-linux-gnu/lib/rustlib/x86_64-unknown-linux-gnu/lib/libcompiler_builtins-f0d6e4d0fc1e80b4.rlib" "-Wl,-Bdynamic" "-lgcc_s" "-lutil" "-lrt" "-lpthread" "-lm" "-ldl" "-lc" "-Wl,--eh-frame-hdr" "-Wl,-z,noexecstack" "-L" "/opt/rustwide/rustup-home/toolchains/beta-2023-04-20-x86_64-unknown-linux-gnu/lib/rustlib/x86_64-unknown-linux-gnu/lib" "-o" "/opt/rustwide/target/debug/deps/libdruid_derive-c8a59b7224ac3b59.so" "-Wl,--gc-sections" "-shared" "-Wl,-z,relro,-z,now" "-nodefaultlibs"
[INFO] [stdout]   = note: /usr/bin/ld: final link failed: No space left on device
[INFO] [stdout]           collect2: error: ld returned 1 exit status
[INFO] [stdout]           
[INFO] [stdout] 
[INFO] [stdout] 
[INFO] [stdout] error: aborting due to previous error
[INFO] [stdout] 
[INFO] [stdout] 
[INFO] [stderr] error: could not compile `druid-derive` (lib) due to 2 previous errors
[INFO] [stdout] error: linking with `cc` failed: exit status: 1
[INFO] [stdout]   |
[INFO] [stdout]   = note: LC_ALL="C" PATH="/opt/rustwide/rustup-home/toolchains/beta-2023-04-20-x86_64-unknown-linux-gnu/lib/rustlib/x86_64-unknown-linux-gnu/bin:/opt/rustwide/cargo-home/bin:/usr/local/sbin:/usr/local/bin:/usr/sbin:/usr/bin:/sbin:/bin" VSLANG="1033" "cc" "-Wl,--version-script=/tmp/rustcJ4Pl0M/list" "-Wl,--no-undefined-version" "-m64" "/tmp/rustcJ4Pl0M/symbols.o" "/opt/rustwide/target/debug/deps/strum_macros-589d8d12cecf238b.strum_macros.6fb37648-cgu.0.rcgu.o" "/opt/rustwide/target/debug/deps/strum_macros-589d8d12cecf238b.strum_macros.6fb37648-cgu.1.rcgu.o" "/opt/rustwide/target/debug/deps/strum_macros-589d8d12cecf238b.strum_macros.6fb37648-cgu.10.rcgu.o" "/opt/rustwide/target/debug/deps/strum_macros-589d8d12cecf238b.strum_macros.6fb37648-cgu.11.rcgu.o" "/opt/rustwide/target/debug/deps/strum_macros-589d8d12cecf238b.strum_macros.6fb37648-cgu.12.rcgu.o" "/opt/rustwide/target/debug/deps/strum_macros-589d8d12cecf238b.strum_macros.6fb37648-cgu.13.rcgu.o" "/opt/rustwide/target/debug/deps/strum_macros-589d8d12cecf238b.strum_macros.6fb37648-cgu.14.rcgu.o" "/opt/rustwide/target/debug/deps/strum_macros-589d8d12cecf238b.strum_macros.6fb37648-cgu.15.rcgu.o" "/opt/rustwide/target/debug/deps/strum_macros-589d8d12cecf238b.strum_macros.6fb37648-cgu.2.rcgu.o" "/opt/rustwide/target/debug/deps/strum_macros-589d8d12cecf238b.strum_macros.6fb37648-cgu.3.rcgu.o" "/opt/rustwide/target/debug/deps/strum_macros-589d8d12cecf238b.strum_macros.6fb37648-cgu.4.rcgu.o" "/opt/rustwide/target/debug/deps/strum_macros-589d8d12cecf238b.strum_macros.6fb37648-cgu.5.rcgu.o" "/opt/rustwide/target/debug/deps/strum_macros-589d8d12cecf238b.strum_macros.6fb37648-cgu.6.rcgu.o" "/opt/rustwide/target/debug/deps/strum_macros-589d8d12cecf238b.strum_macros.6fb37648-cgu.7.rcgu.o" "/opt/rustwide/target/debug/deps/strum_macros-589d8d12cecf238b.strum_macros.6fb37648-cgu.8.rcgu.o" "/opt/rustwide/target/debug/deps/strum_macros-589d8d12cecf238b.strum_macros.6fb37648-cgu.9.rcgu.o" "/opt/rustwide/target/debug/deps/strum_macros-589d8d12cecf238b.4yawq43jfp7wwuj.rcgu.rmeta" "/opt/rustwide/target/debug/deps/strum_macros-589d8d12cecf238b.4xob07d3nv9d5pl7.rcgu.o" "-Wl,--as-needed" "-L" "/opt/rustwide/target/debug/deps" "-L" "/opt/rustwide/rustup-home/toolchains/beta-2023-04-20-x86_64-unknown-linux-gnu/lib/rustlib/x86_64-unknown-linux-gnu/lib" "-Wl,-Bstatic" "/opt/rustwide/target/debug/deps/libsyn-55f519a67d05f45c.rlib" "/opt/rustwide/target/debug/deps/libquote-dbaaf6ba260d7f35.rlib" "/opt/rustwide/target/debug/deps/libproc_macro2-7953ec271886058f.rlib" "/opt/rustwide/target/debug/deps/libunicode_xid-fb78da16da33d955.rlib" "/opt/rustwide/rustup-home/toolchains/beta-2023-04-20-x86_64-unknown-linux-gnu/lib/rustlib/x86_64-unknown-linux-gnu/lib/libproc_macro-4ae0b5c8ec17d92d.rlib" "/opt/rustwide/target/debug/deps/libheck-0a72397090cd0ee2.rlib" "/opt/rustwide/target/debug/deps/libunicode_segmentation-93f3a57063ffb48f.rlib" "/opt/rustwide/rustup-home/toolchains/beta-2023-04-20-x86_64-unknown-linux-gnu/lib/rustlib/x86_64-unknown-linux-gnu/lib/libstd-0e29cc23c5e02021.rlib" "/opt/rustwide/rustup-home/toolchains/beta-2023-04-20-x86_64-unknown-linux-gnu/lib/rustlib/x86_64-unknown-linux-gnu/lib/libpanic_unwind-d903621768a861d9.rlib" "/opt/rustwide/rustup-home/toolchains/beta-2023-04-20-x86_64-unknown-linux-gnu/lib/rustlib/x86_64-unknown-linux-gnu/lib/libobject-6d0225e655f31c13.rlib" "/opt/rustwide/rustup-home/toolchains/beta-2023-04-20-x86_64-unknown-linux-gnu/lib/rustlib/x86_64-unknown-linux-gnu/lib/libmemchr-9dbaf4eac7eaa079.rlib" "/opt/rustwide/rustup-home/toolchains/beta-2023-04-20-x86_64-unknown-linux-gnu/lib/rustlib/x86_64-unknown-linux-gnu/lib/libaddr2line-27f05b3d42a66dd0.rlib" "/opt/rustwide/rustup-home/toolchains/beta-2023-04-20-x86_64-unknown-linux-gnu/lib/rustlib/x86_64-unknown-linux-gnu/lib/libgimli-4d73f1030321c9a2.rlib" "/opt/rustwide/rustup-home/toolchains/beta-2023-04-20-x86_64-unknown-linux-gnu/lib/rustlib/x86_64-unknown-linux-gnu/lib/librustc_demangle-2846c9e58abd0acb.rlib" "/opt/rustwide/rustup-home/toolchains/beta-2023-04-20-x86_64-unknown-linux-gnu/lib/rustlib/x86_64-unknown-linux-gnu/lib/libstd_detect-a53d0f50415947be.rlib" "/opt/rustwide/rustup-home/toolchains/beta-2023-04-20-x86_64-unknown-linux-gnu/lib/rustlib/x86_64-unknown-linux-gnu/lib/libhashbrown-d48e4b6abc25b9dc.rlib" "/opt/rustwide/rustup-home/toolchains/beta-2023-04-20-x86_64-unknown-linux-gnu/lib/rustlib/x86_64-unknown-linux-gnu/lib/libminiz_oxide-2991859439ef1207.rlib" "/opt/rustwide/rustup-home/toolchains/beta-2023-04-20-x86_64-unknown-linux-gnu/lib/rustlib/x86_64-unknown-linux-gnu/lib/libadler-8a687517e4221bae.rlib" "/opt/rustwide/rustup-home/toolchains/beta-2023-04-20-x86_64-unknown-linux-gnu/lib/rustlib/x86_64-unknown-linux-gnu/lib/librustc_std_workspace_alloc-e07b554f6a67f5b3.rlib" "/opt/rustwide/rustup-home/toolchains/beta-2023-04-20-x86_64-unknown-linux-gnu/lib/rustlib/x86_64-unknown-linux-gnu/lib/libunwind-b68238b7c3c619dd.rlib" "/opt/rustwide/rustup-home/toolchains/beta-2023-04-20-x86_64-unknown-linux-gnu/lib/rustlib/x86_64-unknown-linux-gnu/lib/libcfg_if-d5e213e896c017e4.rlib" "/opt/rustwide/rustup-home/toolchains/beta-2023-04-20-x86_64-unknown-linux-gnu/lib/rustlib/x86_64-unknown-linux-gnu/lib/liblibc-0211a3b2e61d8689.rlib" "/opt/rustwide/rustup-home/toolchains/beta-2023-04-20-x86_64-unknown-linux-gnu/lib/rustlib/x86_64-unknown-linux-gnu/lib/liballoc-b371f055239ba51f.rlib" "/opt/rustwide/rustup-home/toolchains/beta-2023-04-20-x86_64-unknown-linux-gnu/lib/rustlib/x86_64-unknown-linux-gnu/lib/librustc_std_workspace_core-e60518d2760eb01e.rlib" "/opt/rustwide/rustup-home/toolchains/beta-2023-04-20-x86_64-unknown-linux-gnu/lib/rustlib/x86_64-unknown-linux-gnu/lib/libcore-1ad943f92a4b1081.rlib" "/opt/rustwide/rustup-home/toolchains/beta-2023-04-20-x86_64-unknown-linux-gnu/lib/rustlib/x86_64-unknown-linux-gnu/lib/libcompiler_builtins-f0d6e4d0fc1e80b4.rlib" "-Wl,-Bdynamic" "-lgcc_s" "-lutil" "-lrt" "-lpthread" "-lm" "-ldl" "-lc" "-Wl,--eh-frame-hdr" "-Wl,-z,noexecstack" "-L" "/opt/rustwide/rustup-home/toolchains/beta-2023-04-20-x86_64-unknown-linux-gnu/lib/rustlib/x86_64-unknown-linux-gnu/lib" "-o" "/opt/rustwide/target/debug/deps/libstrum_macros-589d8d12cecf238b.so" "-Wl,--gc-sections" "-shared" "-Wl,-z,relro,-z,now" "-nodefaultlibs"
[INFO] [stdout]   = note: /usr/bin/ld: final link failed: No space left on device
[INFO] [stdout]           collect2: error: ld returned 1 exit status
[INFO] [stdout]           
[INFO] [stdout] 
[INFO] [stdout] 
[INFO] [stdout] error: aborting due to previous error
[INFO] [stdout] 
[INFO] [stdout] 
[INFO] [stderr] error: could not compile `strum_macros` (lib) due to 2 previous errors
[INFO] [stdout] error: linking with `cc` failed: exit status: 1
[INFO] [stdout]   |
[INFO] [stdout]   = note: LC_ALL="C" PATH="/opt/rustwide/rustup-home/toolchains/beta-2023-04-20-x86_64-unknown-linux-gnu/lib/rustlib/x86_64-unknown-linux-gnu/bin:/opt/rustwide/cargo-home/bin:/usr/local/sbin:/usr/local/bin:/usr/sbin:/usr/bin:/sbin:/bin" VSLANG="1033" "cc" "-Wl,--version-script=/tmp/rustcXOHKwq/list" "-Wl,--no-undefined-version" "-m64" "/tmp/rustcXOHKwq/symbols.o" "/opt/rustwide/target/debug/deps/thiserror_impl-f916bf4293d5edff.thiserror_impl.c43711a6-cgu.0.rcgu.o" "/opt/rustwide/target/debug/deps/thiserror_impl-f916bf4293d5edff.thiserror_impl.c43711a6-cgu.1.rcgu.o" "/opt/rustwide/target/debug/deps/thiserror_impl-f916bf4293d5edff.thiserror_impl.c43711a6-cgu.10.rcgu.o" "/opt/rustwide/target/debug/deps/thiserror_impl-f916bf4293d5edff.thiserror_impl.c43711a6-cgu.11.rcgu.o" "/opt/rustwide/target/debug/deps/thiserror_impl-f916bf4293d5edff.thiserror_impl.c43711a6-cgu.12.rcgu.o" "/opt/rustwide/target/debug/deps/thiserror_impl-f916bf4293d5edff.thiserror_impl.c43711a6-cgu.13.rcgu.o" "/opt/rustwide/target/debug/deps/thiserror_impl-f916bf4293d5edff.thiserror_impl.c43711a6-cgu.14.rcgu.o" "/opt/rustwide/target/debug/deps/thiserror_impl-f916bf4293d5edff.thiserror_impl.c43711a6-cgu.15.rcgu.o" "/opt/rustwide/target/debug/deps/thiserror_impl-f916bf4293d5edff.thiserror_impl.c43711a6-cgu.2.rcgu.o" "/opt/rustwide/target/debug/deps/thiserror_impl-f916bf4293d5edff.thiserror_impl.c43711a6-cgu.3.rcgu.o" "/opt/rustwide/target/debug/deps/thiserror_impl-f916bf4293d5edff.thiserror_impl.c43711a6-cgu.4.rcgu.o" "/opt/rustwide/target/debug/deps/thiserror_impl-f916bf4293d5edff.thiserror_impl.c43711a6-cgu.5.rcgu.o" "/opt/rustwide/target/debug/deps/thiserror_impl-f916bf4293d5edff.thiserror_impl.c43711a6-cgu.6.rcgu.o" "/opt/rustwide/target/debug/deps/thiserror_impl-f916bf4293d5edff.thiserror_impl.c43711a6-cgu.7.rcgu.o" "/opt/rustwide/target/debug/deps/thiserror_impl-f916bf4293d5edff.thiserror_impl.c43711a6-cgu.8.rcgu.o" "/opt/rustwide/target/debug/deps/thiserror_impl-f916bf4293d5edff.thiserror_impl.c43711a6-cgu.9.rcgu.o" "/opt/rustwide/target/debug/deps/thiserror_impl-f916bf4293d5edff.1gsfkh0asbkdn0ue.rcgu.rmeta" "/opt/rustwide/target/debug/deps/thiserror_impl-f916bf4293d5edff.4i1b446w2i89343d.rcgu.o" "-Wl,--as-needed" "-L" "/opt/rustwide/target/debug/deps" "-L" "/opt/rustwide/rustup-home/toolchains/beta-2023-04-20-x86_64-unknown-linux-gnu/lib/rustlib/x86_64-unknown-linux-gnu/lib" "-Wl,-Bstatic" "/opt/rustwide/target/debug/deps/libsyn-55f519a67d05f45c.rlib" "/opt/rustwide/target/debug/deps/libquote-dbaaf6ba260d7f35.rlib" "/opt/rustwide/target/debug/deps/libproc_macro2-7953ec271886058f.rlib" "/opt/rustwide/target/debug/deps/libunicode_xid-fb78da16da33d955.rlib" "/opt/rustwide/rustup-home/toolchains/beta-2023-04-20-x86_64-unknown-linux-gnu/lib/rustlib/x86_64-unknown-linux-gnu/lib/libproc_macro-4ae0b5c8ec17d92d.rlib" "/opt/rustwide/rustup-home/toolchains/beta-2023-04-20-x86_64-unknown-linux-gnu/lib/rustlib/x86_64-unknown-linux-gnu/lib/libstd-0e29cc23c5e02021.rlib" "/opt/rustwide/rustup-home/toolchains/beta-2023-04-20-x86_64-unknown-linux-gnu/lib/rustlib/x86_64-unknown-linux-gnu/lib/libpanic_unwind-d903621768a861d9.rlib" "/opt/rustwide/rustup-home/toolchains/beta-2023-04-20-x86_64-unknown-linux-gnu/lib/rustlib/x86_64-unknown-linux-gnu/lib/libobject-6d0225e655f31c13.rlib" "/opt/rustwide/rustup-home/toolchains/beta-2023-04-20-x86_64-unknown-linux-gnu/lib/rustlib/x86_64-unknown-linux-gnu/lib/libmemchr-9dbaf4eac7eaa079.rlib" "/opt/rustwide/rustup-home/toolchains/beta-2023-04-20-x86_64-unknown-linux-gnu/lib/rustlib/x86_64-unknown-linux-gnu/lib/libaddr2line-27f05b3d42a66dd0.rlib" "/opt/rustwide/rustup-home/toolchains/beta-2023-04-20-x86_64-unknown-linux-gnu/lib/rustlib/x86_64-unknown-linux-gnu/lib/libgimli-4d73f1030321c9a2.rlib" "/opt/rustwide/rustup-home/toolchains/beta-2023-04-20-x86_64-unknown-linux-gnu/lib/rustlib/x86_64-unknown-linux-gnu/lib/librustc_demangle-2846c9e58abd0acb.rlib" "/opt/rustwide/rustup-home/toolchains/beta-2023-04-20-x86_64-unknown-linux-gnu/lib/rustlib/x86_64-unknown-linux-gnu/lib/libstd_detect-a53d0f50415947be.rlib" "/opt/rustwide/rustup-home/toolchains/beta-2023-04-20-x86_64-unknown-linux-gnu/lib/rustlib/x86_64-unknown-linux-gnu/lib/libhashbrown-d48e4b6abc25b9dc.rlib" "/opt/rustwide/rustup-home/toolchains/beta-2023-04-20-x86_64-unknown-linux-gnu/lib/rustlib/x86_64-unknown-linux-gnu/lib/libminiz_oxide-2991859439ef1207.rlib" "/opt/rustwide/rustup-home/toolchains/beta-2023-04-20-x86_64-unknown-linux-gnu/lib/rustlib/x86_64-unknown-linux-gnu/lib/libadler-8a687517e4221bae.rlib" "/opt/rustwide/rustup-home/toolchains/beta-2023-04-20-x86_64-unknown-linux-gnu/lib/rustlib/x86_64-unknown-linux-gnu/lib/librustc_std_workspace_alloc-e07b554f6a67f5b3.rlib" "/opt/rustwide/rustup-home/toolchains/beta-2023-04-20-x86_64-unknown-linux-gnu/lib/rustlib/x86_64-unknown-linux-gnu/lib/libunwind-b68238b7c3c619dd.rlib" "/opt/rustwide/rustup-home/toolchains/beta-2023-04-20-x86_64-unknown-linux-gnu/lib/rustlib/x86_64-unknown-linux-gnu/lib/libcfg_if-d5e213e896c017e4.rlib" "/opt/rustwide/rustup-home/toolchains/beta-2023-04-20-x86_64-unknown-linux-gnu/lib/rustlib/x86_64-unknown-linux-gnu/lib/liblibc-0211a3b2e61d8689.rlib" "/opt/rustwide/rustup-home/toolchains/beta-2023-04-20-x86_64-unknown-linux-gnu/lib/rustlib/x86_64-unknown-linux-gnu/lib/liballoc-b371f055239ba51f.rlib" "/opt/rustwide/rustup-home/toolchains/beta-2023-04-20-x86_64-unknown-linux-gnu/lib/rustlib/x86_64-unknown-linux-gnu/lib/librustc_std_workspace_core-e60518d2760eb01e.rlib" "/opt/rustwide/rustup-home/toolchains/beta-2023-04-20-x86_64-unknown-linux-gnu/lib/rustlib/x86_64-unknown-linux-gnu/lib/libcore-1ad943f92a4b1081.rlib" "/opt/rustwide/rustup-home/toolchains/beta-2023-04-20-x86_64-unknown-linux-gnu/lib/rustlib/x86_64-unknown-linux-gnu/lib/libcompiler_builtins-f0d6e4d0fc1e80b4.rlib" "-Wl,-Bdynamic" "-lgcc_s" "-lutil" "-lrt" "-lpthread" "-lm" "-ldl" "-lc" "-Wl,--eh-frame-hdr" "-Wl,-z,noexecstack" "-L" "/opt/rustwide/rustup-home/toolchains/beta-2023-04-20-x86_64-unknown-linux-gnu/lib/rustlib/x86_64-unknown-linux-gnu/lib" "-o" "/opt/rustwide/target/debug/deps/libthiserror_impl-f916bf4293d5edff.so" "-Wl,--gc-sections" "-shared" "-Wl,-z,relro,-z,now" "-nodefaultlibs"
[INFO] [stdout]   = note: /usr/bin/ld: final link failed: No space left on device
[INFO] [stdout]           collect2: error: ld returned 1 exit status
[INFO] [stdout]           
[INFO] [stdout] 
[INFO] [stdout] 
[INFO] [stdout] error: aborting due to previous error
[INFO] [stdout] 
[INFO] [stdout] 
[INFO] [stderr] error: could not compile `thiserror-impl` (lib) due to 2 previous errors
[INFO] [stdout] error: linking with `cc` failed: exit status: 1
[INFO] [stdout]   |
[INFO] [stdout]   = note: LC_ALL="C" PATH="/opt/rustwide/rustup-home/toolchains/beta-2023-04-20-x86_64-unknown-linux-gnu/lib/rustlib/x86_64-unknown-linux-gnu/bin:/opt/rustwide/cargo-home/bin:/usr/local/sbin:/usr/local/bin:/usr/sbin:/usr/bin:/sbin:/bin" VSLANG="1033" "cc" "-Wl,--version-script=/tmp/rustctJClvO/list" "-Wl,--no-undefined-version" "-m64" "/tmp/rustctJClvO/symbols.o" "/opt/rustwide/target/debug/deps/ouroboros_macro-84aa2d47651b7a00.ouroboros_macro.db11a683-cgu.0.rcgu.o" "/opt/rustwide/target/debug/deps/ouroboros_macro-84aa2d47651b7a00.ouroboros_macro.db11a683-cgu.1.rcgu.o" "/opt/rustwide/target/debug/deps/ouroboros_macro-84aa2d47651b7a00.ouroboros_macro.db11a683-cgu.10.rcgu.o" "/opt/rustwide/target/debug/deps/ouroboros_macro-84aa2d47651b7a00.ouroboros_macro.db11a683-cgu.11.rcgu.o" "/opt/rustwide/target/debug/deps/ouroboros_macro-84aa2d47651b7a00.ouroboros_macro.db11a683-cgu.12.rcgu.o" "/opt/rustwide/target/debug/deps/ouroboros_macro-84aa2d47651b7a00.ouroboros_macro.db11a683-cgu.13.rcgu.o" "/opt/rustwide/target/debug/deps/ouroboros_macro-84aa2d47651b7a00.ouroboros_macro.db11a683-cgu.14.rcgu.o" "/opt/rustwide/target/debug/deps/ouroboros_macro-84aa2d47651b7a00.ouroboros_macro.db11a683-cgu.15.rcgu.o" "/opt/rustwide/target/debug/deps/ouroboros_macro-84aa2d47651b7a00.ouroboros_macro.db11a683-cgu.2.rcgu.o" "/opt/rustwide/target/debug/deps/ouroboros_macro-84aa2d47651b7a00.ouroboros_macro.db11a683-cgu.3.rcgu.o" "/opt/rustwide/target/debug/deps/ouroboros_macro-84aa2d47651b7a00.ouroboros_macro.db11a683-cgu.4.rcgu.o" "/opt/rustwide/target/debug/deps/ouroboros_macro-84aa2d47651b7a00.ouroboros_macro.db11a683-cgu.5.rcgu.o" "/opt/rustwide/target/debug/deps/ouroboros_macro-84aa2d47651b7a00.ouroboros_macro.db11a683-cgu.6.rcgu.o" "/opt/rustwide/target/debug/deps/ouroboros_macro-84aa2d47651b7a00.ouroboros_macro.db11a683-cgu.7.rcgu.o" "/opt/rustwide/target/debug/deps/ouroboros_macro-84aa2d47651b7a00.ouroboros_macro.db11a683-cgu.8.rcgu.o" "/opt/rustwide/target/debug/deps/ouroboros_macro-84aa2d47651b7a00.ouroboros_macro.db11a683-cgu.9.rcgu.o" "/opt/rustwide/target/debug/deps/ouroboros_macro-84aa2d47651b7a00.axx7xke0qmivkzn.rcgu.rmeta" "/opt/rustwide/target/debug/deps/ouroboros_macro-84aa2d47651b7a00.440h7156qojqm22h.rcgu.o" "-Wl,--as-needed" "-L" "/opt/rustwide/target/debug/deps" "-L" "/opt/rustwide/rustup-home/toolchains/beta-2023-04-20-x86_64-unknown-linux-gnu/lib/rustlib/x86_64-unknown-linux-gnu/lib" "-Wl,-Bstatic" "/opt/rustwide/target/debug/deps/libproc_macro_error-44ad81cd492f6c11.rlib" "/opt/rustwide/target/debug/deps/libsyn-55f519a67d05f45c.rlib" "/opt/rustwide/target/debug/deps/libquote-dbaaf6ba260d7f35.rlib" "/opt/rustwide/target/debug/deps/libproc_macro2-7953ec271886058f.rlib" "/opt/rustwide/target/debug/deps/libunicode_xid-fb78da16da33d955.rlib" "/opt/rustwide/rustup-home/toolchains/beta-2023-04-20-x86_64-unknown-linux-gnu/lib/rustlib/x86_64-unknown-linux-gnu/lib/libproc_macro-4ae0b5c8ec17d92d.rlib" "/opt/rustwide/target/debug/deps/libinflector-af612e3246dd6605.rlib" "/opt/rustwide/rustup-home/toolchains/beta-2023-04-20-x86_64-unknown-linux-gnu/lib/rustlib/x86_64-unknown-linux-gnu/lib/libstd-0e29cc23c5e02021.rlib" "/opt/rustwide/rustup-home/toolchains/beta-2023-04-20-x86_64-unknown-linux-gnu/lib/rustlib/x86_64-unknown-linux-gnu/lib/libpanic_unwind-d903621768a861d9.rlib" "/opt/rustwide/rustup-home/toolchains/beta-2023-04-20-x86_64-unknown-linux-gnu/lib/rustlib/x86_64-unknown-linux-gnu/lib/libobject-6d0225e655f31c13.rlib" "/opt/rustwide/rustup-home/toolchains/beta-2023-04-20-x86_64-unknown-linux-gnu/lib/rustlib/x86_64-unknown-linux-gnu/lib/libmemchr-9dbaf4eac7eaa079.rlib" "/opt/rustwide/rustup-home/toolchains/beta-2023-04-20-x86_64-unknown-linux-gnu/lib/rustlib/x86_64-unknown-linux-gnu/lib/libaddr2line-27f05b3d42a66dd0.rlib" "/opt/rustwide/rustup-home/toolchains/beta-2023-04-20-x86_64-unknown-linux-gnu/lib/rustlib/x86_64-unknown-linux-gnu/lib/libgimli-4d73f1030321c9a2.rlib" "/opt/rustwide/rustup-home/toolchains/beta-2023-04-20-x86_64-unknown-linux-gnu/lib/rustlib/x86_64-unknown-linux-gnu/lib/librustc_demangle-2846c9e58abd0acb.rlib" "/opt/rustwide/rustup-home/toolchains/beta-2023-04-20-x86_64-unknown-linux-gnu/lib/rustlib/x86_64-unknown-linux-gnu/lib/libstd_detect-a53d0f50415947be.rlib" "/opt/rustwide/rustup-home/toolchains/beta-2023-04-20-x86_64-unknown-linux-gnu/lib/rustlib/x86_64-unknown-linux-gnu/lib/libhashbrown-d48e4b6abc25b9dc.rlib" "/opt/rustwide/rustup-home/toolchains/beta-2023-04-20-x86_64-unknown-linux-gnu/lib/rustlib/x86_64-unknown-linux-gnu/lib/libminiz_oxide-2991859439ef1207.rlib" "/opt/rustwide/rustup-home/toolchains/beta-2023-04-20-x86_64-unknown-linux-gnu/lib/rustlib/x86_64-unknown-linux-gnu/lib/libadler-8a687517e4221bae.rlib" "/opt/rustwide/rustup-home/toolchains/beta-2023-04-20-x86_64-unknown-linux-gnu/lib/rustlib/x86_64-unknown-linux-gnu/lib/librustc_std_workspace_alloc-e07b554f6a67f5b3.rlib" "/opt/rustwide/rustup-home/toolchains/beta-2023-04-20-x86_64-unknown-linux-gnu/lib/rustlib/x86_64-unknown-linux-gnu/lib/libunwind-b68238b7c3c619dd.rlib" "/opt/rustwide/rustup-home/toolchains/beta-2023-04-20-x86_64-unknown-linux-gnu/lib/rustlib/x86_64-unknown-linux-gnu/lib/libcfg_if-d5e213e896c017e4.rlib" "/opt/rustwide/rustup-home/toolchains/beta-2023-04-20-x86_64-unknown-linux-gnu/lib/rustlib/x86_64-unknown-linux-gnu/lib/liblibc-0211a3b2e61d8689.rlib" "/opt/rustwide/rustup-home/toolchains/beta-2023-04-20-x86_64-unknown-linux-gnu/lib/rustlib/x86_64-unknown-linux-gnu/lib/liballoc-b371f055239ba51f.rlib" "/opt/rustwide/rustup-home/toolchains/beta-2023-04-20-x86_64-unknown-linux-gnu/lib/rustlib/x86_64-unknown-linux-gnu/lib/librustc_std_workspace_core-e60518d2760eb01e.rlib" "/opt/rustwide/rustup-home/toolchains/beta-2023-04-20-x86_64-unknown-linux-gnu/lib/rustlib/x86_64-unknown-linux-gnu/lib/libcore-1ad943f92a4b1081.rlib" "/opt/rustwide/rustup-home/toolchains/beta-2023-04-20-x86_64-unknown-linux-gnu/lib/rustlib/x86_64-unknown-linux-gnu/lib/libcompiler_builtins-f0d6e4d0fc1e80b4.rlib" "-Wl,-Bdynamic" "-lgcc_s" "-lutil" "-lrt" "-lpthread" "-lm" "-ldl" "-lc" "-Wl,--eh-frame-hdr" "-Wl,-z,noexecstack" "-L" "/opt/rustwide/rustup-home/toolchains/beta-2023-04-20-x86_64-unknown-linux-gnu/lib/rustlib/x86_64-unknown-linux-gnu/lib" "-o" "/opt/rustwide/target/debug/deps/libouroboros_macro-84aa2d47651b7a00.so" "-Wl,--gc-sections" "-shared" "-Wl,-z,relro,-z,now" "-nodefaultlibs"
[INFO] [stdout]   = note: /usr/bin/ld: final link failed: No space left on device
[INFO] [stdout]           collect2: error: ld returned 1 exit status
[INFO] [stdout]           
[INFO] [stdout] 
[INFO] [stdout] 
[INFO] [stderr] error: could not compile `ouroboros_macro` (lib) due to previous error
[INFO] running `Command { std: "docker" "inspect" "811050b2db575e37beb05eede828fa1764dbdca35b53aa15563796a86a969439", kill_on_drop: false }`
[INFO] running `Command { std: "docker" "rm" "-f" "811050b2db575e37beb05eede828fa1764dbdca35b53aa15563796a86a969439", kill_on_drop: false }`
[INFO] [stdout] 811050b2db575e37beb05eede828fa1764dbdca35b53aa15563796a86a969439
