[INFO] cloning repository https://github.com/arcayne/secretsharing
[INFO] running `Command { std: "git" "-c" "credential.helper=" "-c" "credential.helper=/workspace/cargo-home/bin/git-credential-null" "clone" "--bare" "https://github.com/arcayne/secretsharing" "/workspace/cache/git-repos/https%3A%2F%2Fgithub.com%2Farcayne%2Fsecretsharing", kill_on_drop: false }`
[INFO] [stderr] Cloning into bare repository '/workspace/cache/git-repos/https%3A%2F%2Fgithub.com%2Farcayne%2Fsecretsharing'...
[INFO] running `Command { std: "git" "rev-parse" "HEAD", kill_on_drop: false }`
[INFO] [stdout] 6c8c35ac96c4939533b51aec327d7a4c706845b7
[INFO] testing arcayne/secretsharing against beta-2023-04-20 for beta-1.70-1
[INFO] running `Command { std: "git" "clone" "/workspace/cache/git-repos/https%3A%2F%2Fgithub.com%2Farcayne%2Fsecretsharing" "/workspace/builds/worker-7-tc2/source", kill_on_drop: false }`
[INFO] [stderr] Cloning into '/workspace/builds/worker-7-tc2/source'...
[INFO] [stderr] done.
[INFO] validating manifest of git repo https://github.com/arcayne/secretsharing on toolchain beta-2023-04-20
[INFO] running `Command { std: CARGO_HOME="/workspace/cargo-home" RUSTUP_HOME="/workspace/rustup-home" "/workspace/cargo-home/bin/cargo" "+beta-2023-04-20" "metadata" "--manifest-path" "Cargo.toml" "--no-deps", kill_on_drop: false }`
[INFO] started tweaking git repo https://github.com/arcayne/secretsharing
[INFO] finished tweaking git repo https://github.com/arcayne/secretsharing
[INFO] tweaked toml for git repo https://github.com/arcayne/secretsharing written to /workspace/builds/worker-7-tc2/source/Cargo.toml
[INFO] crate git repo https://github.com/arcayne/secretsharing already has a lockfile, it will not be regenerated
[INFO] running `Command { std: CARGO_HOME="/workspace/cargo-home" RUSTUP_HOME="/workspace/rustup-home" "/workspace/cargo-home/bin/cargo" "+beta-2023-04-20" "fetch" "--manifest-path" "Cargo.toml", kill_on_drop: false }`
[INFO] [stderr]     Updating crates.io index
[INFO] [stderr]  Downloading crates ...
[INFO] [stderr]   Downloaded bech32 v0.7.2
[INFO] [stderr]   Downloaded bitcoin_hashes v0.7.4
[INFO] [stderr]   Downloaded bitcoin v0.23.0
[INFO] [stderr]   Downloaded bitcoinconsensus v0.19.0-1
[INFO] running `Command { std: "docker" "create" "-v" "/var/lib/crater-agent-workspace/builds/worker-7-tc2/target:/opt/rustwide/target:rw,Z" "-v" "/var/lib/crater-agent-workspace/builds/worker-7-tc2/source:/opt/rustwide/workdir:ro,Z" "-v" "/var/lib/crater-agent-workspace/cargo-home:/opt/rustwide/cargo-home:ro,Z" "-v" "/var/lib/crater-agent-workspace/rustup-home:/opt/rustwide/rustup-home:ro,Z" "-e" "SOURCE_DIR=/opt/rustwide/workdir" "-e" "CARGO_TARGET_DIR=/opt/rustwide/target" "-e" "CARGO_HOME=/opt/rustwide/cargo-home" "-e" "RUSTUP_HOME=/opt/rustwide/rustup-home" "-w" "/opt/rustwide/workdir" "-m" "1610612736" "--user" "0:0" "--network" "none" "ghcr.io/rust-lang/crates-build-env/linux@sha256:5ff2268d62e97bff2cde7d5815dd6ed5b47097566f13b8d0ca110b04b60e07ed" "/opt/rustwide/cargo-home/bin/cargo" "+beta-2023-04-20" "metadata" "--no-deps" "--format-version=1", kill_on_drop: false }`
[INFO] [stdout] e4d3ad07b7003e5b7988da73361ba39e114afa5e38f8275cb7bea3d89c0c68a6
[INFO] running `Command { std: "docker" "start" "-a" "e4d3ad07b7003e5b7988da73361ba39e114afa5e38f8275cb7bea3d89c0c68a6", kill_on_drop: false }`
[INFO] running `Command { std: "docker" "inspect" "e4d3ad07b7003e5b7988da73361ba39e114afa5e38f8275cb7bea3d89c0c68a6", kill_on_drop: false }`
[INFO] running `Command { std: "docker" "rm" "-f" "e4d3ad07b7003e5b7988da73361ba39e114afa5e38f8275cb7bea3d89c0c68a6", kill_on_drop: false }`
[INFO] [stdout] e4d3ad07b7003e5b7988da73361ba39e114afa5e38f8275cb7bea3d89c0c68a6
[INFO] running `Command { std: "docker" "create" "-v" "/var/lib/crater-agent-workspace/builds/worker-7-tc2/target:/opt/rustwide/target:rw,Z" "-v" "/var/lib/crater-agent-workspace/builds/worker-7-tc2/source:/opt/rustwide/workdir:ro,Z" "-v" "/var/lib/crater-agent-workspace/cargo-home:/opt/rustwide/cargo-home:ro,Z" "-v" "/var/lib/crater-agent-workspace/rustup-home:/opt/rustwide/rustup-home:ro,Z" "-e" "SOURCE_DIR=/opt/rustwide/workdir" "-e" "CARGO_TARGET_DIR=/opt/rustwide/target" "-e" "CARGO_INCREMENTAL=0" "-e" "RUST_BACKTRACE=full" "-e" "RUSTFLAGS=--cap-lints=warn" "-e" "RUSTDOCFLAGS=--cap-lints=warn" "-e" "CARGO_HOME=/opt/rustwide/cargo-home" "-e" "RUSTUP_HOME=/opt/rustwide/rustup-home" "-w" "/opt/rustwide/workdir" "-m" "1610612736" "--user" "0:0" "--network" "none" "ghcr.io/rust-lang/crates-build-env/linux@sha256:5ff2268d62e97bff2cde7d5815dd6ed5b47097566f13b8d0ca110b04b60e07ed" "/opt/rustwide/cargo-home/bin/cargo" "+beta-2023-04-20" "build" "--frozen" "--message-format=json", kill_on_drop: false }`
[INFO] [stdout] cab60afd88d8142f7f932bd57340a54725004e00e78c39a1a55937402e84f0bc
[INFO] running `Command { std: "docker" "start" "-a" "cab60afd88d8142f7f932bd57340a54725004e00e78c39a1a55937402e84f0bc", kill_on_drop: false }`
[INFO] [stderr]    Compiling libc v0.2.67
[INFO] [stderr]    Compiling cc v1.0.41
[INFO] [stderr]    Compiling proc-macro2 v1.0.9
[INFO] [stderr]    Compiling serde v1.0.104
[INFO] [stderr]    Compiling syn v1.0.16
[INFO] [stderr]    Compiling ppv-lite86 v0.2.6
[INFO] [stderr]    Compiling gcc v0.3.55
[INFO] [stderr]    Compiling hex v0.3.2
[INFO] [stderr]    Compiling rustc-serialize v0.3.24
[INFO] [stderr]    Compiling bech32 v0.7.2
[INFO] [stderr]    Compiling c2-chacha v0.2.3
[INFO] [stderr]    Compiling rust-crypto v0.2.36
[INFO] [stderr]    Compiling secp256k1-sys v0.1.2
[INFO] [stderr]    Compiling bitcoinconsensus v0.19.0-1
[INFO] [stderr]    Compiling getrandom v0.1.14
[INFO] [stderr]    Compiling rand v0.4.6
[INFO] [stderr]    Compiling time v0.1.42
[INFO] [stderr]    Compiling quote v1.0.3
[INFO] [stderr]    Compiling rand_core v0.5.1
[INFO] [stderr]    Compiling rand_chacha v0.2.1
[INFO] [stderr]    Compiling rand v0.7.3
[INFO] [stderr]    Compiling rand v0.3.23
[INFO] [stderr]    Compiling serde_derive v1.0.104
[INFO] [stderr]    Compiling bitcoin_hashes v0.7.4
[INFO] [stderr]    Compiling secp256k1 v0.17.2
[INFO] [stderr]    Compiling bitcoin v0.23.0
[INFO] [stderr]    Compiling bitcoin-wallet-timepods v1.1.0 (/opt/rustwide/workdir)
[INFO] [stdout] warning: use of deprecated method `std::error::Error::description`: use the Display impl or to_string()
[INFO] [stdout]   --> src/error.rs:54:39
[INFO] [stdout]    |
[INFO] [stdout] 54 |             Error::IO(ref err) => err.description(),
[INFO] [stdout]    |                                       ^^^^^^^^^^^
[INFO] [stdout]    |
[INFO] [stdout]    = note: `#[warn(deprecated)]` on by default
[INFO] [stdout] 
[INFO] [stdout] 
[INFO] [stdout] warning: use of deprecated method `std::error::Error::description`: use the Display impl or to_string()
[INFO] [stdout]   --> src/error.rs:55:50
[INFO] [stdout]    |
[INFO] [stdout] 55 |             Error::KeyDerivation(ref err) => err.description(),
[INFO] [stdout]    |                                                  ^^^^^^^^^^^
[INFO] [stdout] 
[INFO] [stdout] 
[INFO] [stdout] warning: use of deprecated method `std::error::Error::description`: use the Display impl or to_string()
[INFO] [stdout]   --> src/error.rs:56:46
[INFO] [stdout]    |
[INFO] [stdout] 56 |             Error::SecpError(ref err) => err.description(),
[INFO] [stdout]    |                                              ^^^^^^^^^^^
[INFO] [stdout] 
[INFO] [stdout] 
[INFO] [stdout] warning: use of deprecated method `std::error::Error::description`: use the Display impl or to_string()
[INFO] [stdout]    --> src/error.rs:114:58
[INFO] [stdout]     |
[INFO] [stdout] 114 |                 io::Error::new(io::ErrorKind::Other, err.description())
[INFO] [stdout]     |                                                          ^^^^^^^^^^^
[INFO] [stdout] 
[INFO] [stdout] 
[INFO] [stdout] warning: 4 warnings emitted
[INFO] [stdout] 
[INFO] [stdout] 
[INFO] [stdout] warning: unused import: `bitcoin::Address`
[INFO] [stdout]   --> src/main.rs:15:5
[INFO] [stdout]    |
[INFO] [stdout] 15 | use bitcoin::Address;
[INFO] [stdout]    |     ^^^^^^^^^^^^^^^^
[INFO] [stdout]    |
[INFO] [stdout]    = note: `#[warn(unused_imports)]` on by default
[INFO] [stdout] 
[INFO] [stdout] 
[INFO] [stdout] warning: unused imports: `Rng`, `thread_rng`
[INFO] [stdout]   --> src/main.rs:16:12
[INFO] [stdout]    |
[INFO] [stdout] 16 | use rand::{thread_rng, Rng};
[INFO] [stdout]    |            ^^^^^^^^^^  ^^^
[INFO] [stdout] 
[INFO] [stdout] 
[INFO] [stdout] warning: unused imports: `AccountAddressType`, `Account`, `Seed`, `Unlocker`
[INFO] [stdout]   --> src/main.rs:17:15
[INFO] [stdout]    |
[INFO] [stdout] 17 | use account::{Account, AccountAddressType, MasterAccount, MasterKeyEntropy, Seed, Unlocker};
[INFO] [stdout]    |               ^^^^^^^  ^^^^^^^^^^^^^^^^^^                                   ^^^^  ^^^^^^^^
[INFO] [stdout] 
[INFO] [stdout] 
[INFO] [stdout] warning: unused import: `Share`
[INFO] [stdout]   --> src/main.rs:18:32
[INFO] [stdout]    |
[INFO] [stdout] 18 | use sss::{ShamirSecretSharing, Share};
[INFO] [stdout]    |                                ^^^^^
[INFO] [stdout] 
[INFO] [stdout] 
[INFO] [stdout] warning: use of deprecated method `std::error::Error::description`: use the Display impl or to_string()
[INFO] [stdout]   --> src/error.rs:54:39
[INFO] [stdout]    |
[INFO] [stdout] 54 |             Error::IO(ref err) => err.description(),
[INFO] [stdout]    |                                       ^^^^^^^^^^^
[INFO] [stdout]    |
[INFO] [stdout]    = note: `#[warn(deprecated)]` on by default
[INFO] [stdout] 
[INFO] [stdout] 
[INFO] [stdout] warning: use of deprecated method `std::error::Error::description`: use the Display impl or to_string()
[INFO] [stdout]   --> src/error.rs:55:50
[INFO] [stdout]    |
[INFO] [stdout] 55 |             Error::KeyDerivation(ref err) => err.description(),
[INFO] [stdout]    |                                                  ^^^^^^^^^^^
[INFO] [stdout] 
[INFO] [stdout] 
[INFO] [stdout] warning: use of deprecated method `std::error::Error::description`: use the Display impl or to_string()
[INFO] [stdout]   --> src/error.rs:56:46
[INFO] [stdout]    |
[INFO] [stdout] 56 |             Error::SecpError(ref err) => err.description(),
[INFO] [stdout]    |                                              ^^^^^^^^^^^
[INFO] [stdout] 
[INFO] [stdout] 
[INFO] [stdout] warning: use of deprecated method `std::error::Error::description`: use the Display impl or to_string()
[INFO] [stdout]    --> src/error.rs:114:58
[INFO] [stdout]     |
[INFO] [stdout] 114 |                 io::Error::new(io::ErrorKind::Other, err.description())
[INFO] [stdout]     |                                                          ^^^^^^^^^^^
[INFO] [stdout] 
[INFO] [stdout] 
[INFO] [stdout] warning: unused variable: `reconstructed_master`
[INFO] [stdout]   --> src/main.rs:47:9
[INFO] [stdout]    |
[INFO] [stdout] 47 |     let reconstructed_master = MasterAccount::from_seed(&reconstructed_seed, 0, Network::Bitcoin, PASSPHRASE).unwrap();
[INFO] [stdout]    |         ^^^^^^^^^^^^^^^^^^^^ help: if this is intentional, prefix it with an underscore: `_reconstructed_master`
[INFO] [stdout]    |
[INFO] [stdout]    = note: `#[warn(unused_variables)]` on by default
[INFO] [stdout] 
[INFO] [stdout] 
[INFO] [stdout] warning: 9 warnings emitted
[INFO] [stdout] 
[INFO] [stdout] 
[INFO] [stderr]     Finished dev [unoptimized + debuginfo] target(s) in 10.59s
[INFO] [stderr] warning: the following packages contain code that will be rejected by a future version of Rust: rustc-serialize v0.3.24
[INFO] [stderr] note: to see what the problems were, use the option `--future-incompat-report`, or run `cargo report future-incompatibilities --id 3`
[INFO] running `Command { std: "docker" "inspect" "cab60afd88d8142f7f932bd57340a54725004e00e78c39a1a55937402e84f0bc", kill_on_drop: false }`
[INFO] running `Command { std: "docker" "rm" "-f" "cab60afd88d8142f7f932bd57340a54725004e00e78c39a1a55937402e84f0bc", kill_on_drop: false }`
[INFO] [stdout] cab60afd88d8142f7f932bd57340a54725004e00e78c39a1a55937402e84f0bc
[INFO] running `Command { std: "docker" "create" "-v" "/var/lib/crater-agent-workspace/builds/worker-7-tc2/target:/opt/rustwide/target:rw,Z" "-v" "/var/lib/crater-agent-workspace/builds/worker-7-tc2/source:/opt/rustwide/workdir:ro,Z" "-v" "/var/lib/crater-agent-workspace/cargo-home:/opt/rustwide/cargo-home:ro,Z" "-v" "/var/lib/crater-agent-workspace/rustup-home:/opt/rustwide/rustup-home:ro,Z" "-e" "SOURCE_DIR=/opt/rustwide/workdir" "-e" "CARGO_TARGET_DIR=/opt/rustwide/target" "-e" "CARGO_INCREMENTAL=0" "-e" "RUST_BACKTRACE=full" "-e" "RUSTFLAGS=--cap-lints=warn" "-e" "RUSTDOCFLAGS=--cap-lints=warn" "-e" "CARGO_HOME=/opt/rustwide/cargo-home" "-e" "RUSTUP_HOME=/opt/rustwide/rustup-home" "-w" "/opt/rustwide/workdir" "-m" "1610612736" "--user" "0:0" "--network" "none" "ghcr.io/rust-lang/crates-build-env/linux@sha256:5ff2268d62e97bff2cde7d5815dd6ed5b47097566f13b8d0ca110b04b60e07ed" "/opt/rustwide/cargo-home/bin/cargo" "+beta-2023-04-20" "test" "--frozen" "--no-run" "--message-format=json", kill_on_drop: false }`
[INFO] [stdout] 2e52b5a673077f6dda0421a1577163f8a3c4e4f05d299330292e8fc3670c6eba
[INFO] running `Command { std: "docker" "start" "-a" "2e52b5a673077f6dda0421a1577163f8a3c4e4f05d299330292e8fc3670c6eba", kill_on_drop: false }`
[INFO] [stderr]    Compiling ryu v1.0.2
[INFO] [stdout] warning: use of deprecated method `std::error::Error::description`: use the Display impl or to_string()
[INFO] [stdout]   --> src/error.rs:54:39
[INFO] [stdout]    |
[INFO] [stdout] 54 |             Error::IO(ref err) => err.description(),
[INFO] [stdout]    |                                       ^^^^^^^^^^^
[INFO] [stdout]    |
[INFO] [stdout]    = note: `#[warn(deprecated)]` on by default
[INFO] [stdout] 
[INFO] [stdout] 
[INFO] [stdout] warning: use of deprecated method `std::error::Error::description`: use the Display impl or to_string()
[INFO] [stdout]   --> src/error.rs:55:50
[INFO] [stdout]    |
[INFO] [stdout] 55 |             Error::KeyDerivation(ref err) => err.description(),
[INFO] [stdout]    |                                                  ^^^^^^^^^^^
[INFO] [stdout] 
[INFO] [stdout] 
[INFO] [stdout] warning: use of deprecated method `std::error::Error::description`: use the Display impl or to_string()
[INFO] [stdout]   --> src/error.rs:56:46
[INFO] [stdout]    |
[INFO] [stdout] 56 |             Error::SecpError(ref err) => err.description(),
[INFO] [stdout]    |                                              ^^^^^^^^^^^
[INFO] [stdout] 
[INFO] [stdout] 
[INFO] [stdout] warning: use of deprecated method `std::error::Error::description`: use the Display impl or to_string()
[INFO] [stdout]    --> src/error.rs:114:58
[INFO] [stdout]     |
[INFO] [stdout] 114 |                 io::Error::new(io::ErrorKind::Other, err.description())
[INFO] [stdout]     |                                                          ^^^^^^^^^^^
[INFO] [stdout] 
[INFO] [stdout] 
[INFO] [stdout] warning: 4 warnings emitted
[INFO] [stdout] 
[INFO] [stdout] 
[INFO] [stderr]    Compiling serde_json v1.0.48
[INFO] [stderr]    Compiling bitcoin-wallet-timepods v1.1.0 (/opt/rustwide/workdir)
[INFO] [stdout] error[E0432]: unresolved import `hex`
[INFO] [stdout]    --> src/account.rs:888:9
[INFO] [stdout]     |
[INFO] [stdout] 888 |     use hex::decode;
[INFO] [stdout]     |         ^^^
[INFO] [stdout]     |         |
[INFO] [stdout]     |         unresolved import
[INFO] [stdout]     |         help: a similar path exists: `bitcoin::hashes::hex`
[INFO] [stdout] 
[INFO] [stdout] 
[INFO] [stdout] error[E0432]: unresolved import `serde_json`
[INFO] [stdout]    --> src/account.rs:890:9
[INFO] [stdout]     |
[INFO] [stdout] 890 |     use serde_json::Value;
[INFO] [stdout]     |         ^^^^^^^^^^ maybe a missing crate `serde_json`?
[INFO] [stdout]     |
[INFO] [stdout]     = help: consider adding `extern crate serde_json` to use the `serde_json` crate
[INFO] [stdout] 
[INFO] [stdout] 
[INFO] [stdout] error[E0432]: unresolved import `hex`
[INFO] [stdout]    --> src/mnemonic.rs:171:9
[INFO] [stdout]     |
[INFO] [stdout] 171 |     use hex::decode;
[INFO] [stdout]     |         ^^^
[INFO] [stdout]     |         |
[INFO] [stdout]     |         unresolved import
[INFO] [stdout]     |         help: a similar path exists: `bitcoin::hashes::hex`
[INFO] [stdout] 
[INFO] [stdout] 
[INFO] [stdout] error[E0432]: unresolved import `serde_json`
[INFO] [stdout]    --> src/mnemonic.rs:172:9
[INFO] [stdout]     |
[INFO] [stdout] 172 |     use serde_json::Value;
[INFO] [stdout]     |         ^^^^^^^^^^ maybe a missing crate `serde_json`?
[INFO] [stdout]     |
[INFO] [stdout]     = help: consider adding `extern crate serde_json` to use the `serde_json` crate
[INFO] [stdout] 
[INFO] [stdout] 
[INFO] [stdout] error[E0432]: unresolved import `serde_json`
[INFO] [stdout]    --> src/sss.rs:684:9
[INFO] [stdout]     |
[INFO] [stdout] 684 |     use serde_json::Value;
[INFO] [stdout]     |         ^^^^^^^^^^ maybe a missing crate `serde_json`?
[INFO] [stdout]     |
[INFO] [stdout]     = help: consider adding `extern crate serde_json` to use the `serde_json` crate
[INFO] [stdout] 
[INFO] [stdout] 
[INFO] [stdout] warning: unused import: `bitcoin::Address`
[INFO] [stdout]   --> src/main.rs:15:5
[INFO] [stdout]    |
[INFO] [stdout] 15 | use bitcoin::Address;
[INFO] [stdout]    |     ^^^^^^^^^^^^^^^^
[INFO] [stdout]    |
[INFO] [stdout]    = note: `#[warn(unused_imports)]` on by default
[INFO] [stdout] 
[INFO] [stdout] 
[INFO] [stdout] warning: unused imports: `Rng`, `thread_rng`
[INFO] [stdout]   --> src/main.rs:16:12
[INFO] [stdout]    |
[INFO] [stdout] 16 | use rand::{thread_rng, Rng};
[INFO] [stdout]    |            ^^^^^^^^^^  ^^^
[INFO] [stdout] 
[INFO] [stdout] 
[INFO] [stdout] warning: unused imports: `AccountAddressType`, `Account`, `Seed`, `Unlocker`
[INFO] [stdout]   --> src/main.rs:17:15
[INFO] [stdout]    |
[INFO] [stdout] 17 | use account::{Account, AccountAddressType, MasterAccount, MasterKeyEntropy, Seed, Unlocker};
[INFO] [stdout]    |               ^^^^^^^  ^^^^^^^^^^^^^^^^^^                                   ^^^^  ^^^^^^^^
[INFO] [stdout] 
[INFO] [stdout] 
[INFO] [stdout] warning: unused import: `Share`
[INFO] [stdout]   --> src/main.rs:18:32
[INFO] [stdout]    |
[INFO] [stdout] 18 | use sss::{ShamirSecretSharing, Share};
[INFO] [stdout]    |                                ^^^^^
[INFO] [stdout] 
[INFO] [stdout] 
[INFO] [stdout] warning: use of deprecated method `std::error::Error::description`: use the Display impl or to_string()
[INFO] [stdout]   --> src/error.rs:54:39
[INFO] [stdout]    |
[INFO] [stdout] 54 |             Error::IO(ref err) => err.description(),
[INFO] [stdout]    |                                       ^^^^^^^^^^^
[INFO] [stdout]    |
[INFO] [stdout]    = note: `#[warn(deprecated)]` on by default
[INFO] [stdout] 
[INFO] [stdout] 
[INFO] [stdout] warning: use of deprecated method `std::error::Error::description`: use the Display impl or to_string()
[INFO] [stdout]   --> src/error.rs:55:50
[INFO] [stdout]    |
[INFO] [stdout] 55 |             Error::KeyDerivation(ref err) => err.description(),
[INFO] [stdout]    |                                                  ^^^^^^^^^^^
[INFO] [stdout] 
[INFO] [stdout] 
[INFO] [stdout] warning: use of deprecated method `std::error::Error::description`: use the Display impl or to_string()
[INFO] [stdout]   --> src/error.rs:56:46
[INFO] [stdout]    |
[INFO] [stdout] 56 |             Error::SecpError(ref err) => err.description(),
[INFO] [stdout]    |                                              ^^^^^^^^^^^
[INFO] [stdout] 
[INFO] [stdout] 
[INFO] [stdout] warning: use of deprecated method `std::error::Error::description`: use the Display impl or to_string()
[INFO] [stdout]    --> src/error.rs:114:58
[INFO] [stdout]     |
[INFO] [stdout] 114 |                 io::Error::new(io::ErrorKind::Other, err.description())
[INFO] [stdout]     |                                                          ^^^^^^^^^^^
[INFO] [stdout] 
[INFO] [stdout] 
[INFO] [stdout] warning: use of deprecated method `std::error::Error::description`: use the Display impl or to_string()
[INFO] [stdout]   --> src/error.rs:54:39
[INFO] [stdout]    |
[INFO] [stdout] 54 |             Error::IO(ref err) => err.description(),
[INFO] [stdout]    |                                       ^^^^^^^^^^^
[INFO] [stdout]    |
[INFO] [stdout]    = note: `#[warn(deprecated)]` on by default
[INFO] [stdout] 
[INFO] [stdout] 
[INFO] [stdout] warning: use of deprecated method `std::error::Error::description`: use the Display impl or to_string()
[INFO] [stdout]   --> src/error.rs:55:50
[INFO] [stdout]    |
[INFO] [stdout] 55 |             Error::KeyDerivation(ref err) => err.description(),
[INFO] [stdout]    |                                                  ^^^^^^^^^^^
[INFO] [stdout] 
[INFO] [stdout] 
[INFO] [stdout] warning: use of deprecated method `std::error::Error::description`: use the Display impl or to_string()
[INFO] [stdout]   --> src/error.rs:56:46
[INFO] [stdout]    |
[INFO] [stdout] 56 |             Error::SecpError(ref err) => err.description(),
[INFO] [stdout]    |                                              ^^^^^^^^^^^
[INFO] [stdout] 
[INFO] [stdout] 
[INFO] [stdout] warning: use of deprecated method `std::error::Error::description`: use the Display impl or to_string()
[INFO] [stdout]    --> src/error.rs:114:58
[INFO] [stdout]     |
[INFO] [stdout] 114 |                 io::Error::new(io::ErrorKind::Other, err.description())
[INFO] [stdout]     |                                                          ^^^^^^^^^^^
[INFO] [stdout] 
[INFO] [stdout] 
[INFO] [stdout] error: aborting due to 5 previous errors; 8 warnings emitted
[INFO] [stdout] 
[INFO] [stdout] 
[INFO] [stdout] For more information about this error, try `rustc --explain E0432`.
[INFO] [stdout] 
[INFO] [stderr] error: could not compile `bitcoin-wallet-timepods` (bin "bitcoin-wallet-timepods" test) due to 6 previous errors; 8 warnings emitted
[INFO] [stderr] warning: build failed, waiting for other jobs to finish...
[INFO] [stdout] warning: 4 warnings emitted
[INFO] [stdout] 
[INFO] [stdout] 
[INFO] running `Command { std: "docker" "inspect" "2e52b5a673077f6dda0421a1577163f8a3c4e4f05d299330292e8fc3670c6eba", kill_on_drop: false }`
[INFO] running `Command { std: "docker" "rm" "-f" "2e52b5a673077f6dda0421a1577163f8a3c4e4f05d299330292e8fc3670c6eba", kill_on_drop: false }`
[INFO] [stdout] 2e52b5a673077f6dda0421a1577163f8a3c4e4f05d299330292e8fc3670c6eba
