[INFO] cloning repository https://github.com/arbaregni/BasicTranspilation
[INFO] running `Command { std: "git" "-c" "credential.helper=" "-c" "credential.helper=/workspace/cargo-home/bin/git-credential-null" "clone" "--bare" "https://github.com/arbaregni/BasicTranspilation" "/workspace/cache/git-repos/https%3A%2F%2Fgithub.com%2Farbaregni%2FBasicTranspilation", kill_on_drop: false }`
[INFO] [stderr] Cloning into bare repository '/workspace/cache/git-repos/https%3A%2F%2Fgithub.com%2Farbaregni%2FBasicTranspilation'...
[INFO] running `Command { std: "git" "rev-parse" "HEAD", kill_on_drop: false }`
[INFO] [stdout] a2f184f37868b378a5bbe94e4e7888dcf393d089
[INFO] testing arbaregni/BasicTranspilation against 1.69.0 for beta-1.70-1
[INFO] running `Command { std: "git" "clone" "/workspace/cache/git-repos/https%3A%2F%2Fgithub.com%2Farbaregni%2FBasicTranspilation" "/workspace/builds/worker-3-tc1/source", kill_on_drop: false }`
[INFO] [stderr] Cloning into '/workspace/builds/worker-3-tc1/source'...
[INFO] [stderr] done.
[INFO] validating manifest of git repo https://github.com/arbaregni/BasicTranspilation on toolchain 1.69.0
[INFO] running `Command { std: CARGO_HOME="/workspace/cargo-home" RUSTUP_HOME="/workspace/rustup-home" "/workspace/cargo-home/bin/cargo" "+1.69.0" "metadata" "--manifest-path" "Cargo.toml" "--no-deps", kill_on_drop: false }`
[INFO] started tweaking git repo https://github.com/arbaregni/BasicTranspilation
[INFO] finished tweaking git repo https://github.com/arbaregni/BasicTranspilation
[INFO] tweaked toml for git repo https://github.com/arbaregni/BasicTranspilation written to /workspace/builds/worker-3-tc1/source/Cargo.toml
[INFO] crate git repo https://github.com/arbaregni/BasicTranspilation already has a lockfile, it will not be regenerated
[INFO] running `Command { std: CARGO_HOME="/workspace/cargo-home" RUSTUP_HOME="/workspace/rustup-home" "/workspace/cargo-home/bin/cargo" "+1.69.0" "fetch" "--manifest-path" "Cargo.toml", kill_on_drop: false }`
[INFO] running `Command { std: "docker" "create" "-v" "/var/lib/crater-agent-workspace/builds/worker-3-tc1/target:/opt/rustwide/target:rw,Z" "-v" "/var/lib/crater-agent-workspace/builds/worker-3-tc1/source:/opt/rustwide/workdir:ro,Z" "-v" "/var/lib/crater-agent-workspace/cargo-home:/opt/rustwide/cargo-home:ro,Z" "-v" "/var/lib/crater-agent-workspace/rustup-home:/opt/rustwide/rustup-home:ro,Z" "-e" "SOURCE_DIR=/opt/rustwide/workdir" "-e" "CARGO_TARGET_DIR=/opt/rustwide/target" "-e" "CARGO_HOME=/opt/rustwide/cargo-home" "-e" "RUSTUP_HOME=/opt/rustwide/rustup-home" "-w" "/opt/rustwide/workdir" "-m" "1610612736" "--user" "0:0" "--network" "none" "ghcr.io/rust-lang/crates-build-env/linux@sha256:5ff2268d62e97bff2cde7d5815dd6ed5b47097566f13b8d0ca110b04b60e07ed" "/opt/rustwide/cargo-home/bin/cargo" "+1.69.0" "metadata" "--no-deps" "--format-version=1", kill_on_drop: false }`
[INFO] [stdout] b168c6db9dbbd90568a454abc8bf9584b18887c59a5c66087c2871833ae117fb
[INFO] running `Command { std: "docker" "start" "-a" "b168c6db9dbbd90568a454abc8bf9584b18887c59a5c66087c2871833ae117fb", kill_on_drop: false }`
[INFO] running `Command { std: "docker" "inspect" "b168c6db9dbbd90568a454abc8bf9584b18887c59a5c66087c2871833ae117fb", kill_on_drop: false }`
[INFO] running `Command { std: "docker" "rm" "-f" "b168c6db9dbbd90568a454abc8bf9584b18887c59a5c66087c2871833ae117fb", kill_on_drop: false }`
[INFO] [stdout] b168c6db9dbbd90568a454abc8bf9584b18887c59a5c66087c2871833ae117fb
[INFO] running `Command { std: "docker" "create" "-v" "/var/lib/crater-agent-workspace/builds/worker-3-tc1/target:/opt/rustwide/target:rw,Z" "-v" "/var/lib/crater-agent-workspace/builds/worker-3-tc1/source:/opt/rustwide/workdir:ro,Z" "-v" "/var/lib/crater-agent-workspace/cargo-home:/opt/rustwide/cargo-home:ro,Z" "-v" "/var/lib/crater-agent-workspace/rustup-home:/opt/rustwide/rustup-home:ro,Z" "-e" "SOURCE_DIR=/opt/rustwide/workdir" "-e" "CARGO_TARGET_DIR=/opt/rustwide/target" "-e" "CARGO_INCREMENTAL=0" "-e" "RUST_BACKTRACE=full" "-e" "RUSTFLAGS=--cap-lints=warn" "-e" "RUSTDOCFLAGS=--cap-lints=warn" "-e" "CARGO_HOME=/opt/rustwide/cargo-home" "-e" "RUSTUP_HOME=/opt/rustwide/rustup-home" "-w" "/opt/rustwide/workdir" "-m" "1610612736" "--user" "0:0" "--network" "none" "ghcr.io/rust-lang/crates-build-env/linux@sha256:5ff2268d62e97bff2cde7d5815dd6ed5b47097566f13b8d0ca110b04b60e07ed" "/opt/rustwide/cargo-home/bin/cargo" "+1.69.0" "build" "--frozen" "--message-format=json", kill_on_drop: false }`
[INFO] [stdout] bb0c06b7de27afb57a42dad41ce8bb7e73e1353a328b665d0d2bc2e4750c5bfe
[INFO] running `Command { std: "docker" "start" "-a" "bb0c06b7de27afb57a42dad41ce8bb7e73e1353a328b665d0d2bc2e4750c5bfe", kill_on_drop: false }`
[INFO] [stderr]    Compiling take_mut v0.2.2
[INFO] [stderr]    Compiling BasicTranspilation v0.1.0 (/opt/rustwide/workdir)
[INFO] [stdout] error[E0425]: cannot find value `at` in this scope
[INFO] [stdout]   --> src/mir.rs:33:50
[INFO] [stdout]    |
[INFO] [stdout] 33 |                 mir.push(MirStmnt::WriteAtFixed {at, expr});
[INFO] [stdout]    |                                                  ^^
[INFO] [stdout]    |
[INFO] [stdout] help: the binding `at` is available in a different scope in the same function
[INFO] [stdout]   --> src/mir.rs:26:21
[INFO] [stdout]    |
[INFO] [stdout] 26 |                 let at = self.prealloc();
[INFO] [stdout]    |                     ^^
[INFO] [stdout] 
[INFO] [stdout] 
[INFO] [stdout] error[E0412]: cannot find type `MirSymbol` in this scope
[INFO] [stdout]   --> src/mir.rs:96:52
[INFO] [stdout]    |
[INFO] [stdout] 96 | pub fn make_all_mir(m: &mut Manager) -> Result<Vec<MirSymbol>, Error> {
[INFO] [stdout]    |                                                    ^^^^^^^^^ not found in this scope
[INFO] [stdout]    |
[INFO] [stdout] help: you might be missing a type parameter
[INFO] [stdout]    |
[INFO] [stdout] 96 | pub fn make_all_mir<MirSymbol>(m: &mut Manager) -> Result<Vec<MirSymbol>, Error> {
[INFO] [stdout]    |                    +++++++++++
[INFO] [stdout] 
[INFO] [stdout] 
[INFO] [stdout] warning: unused import: `Sexpr`
[INFO] [stdout]  --> src/mir.rs:1:13
[INFO] [stdout]   |
[INFO] [stdout] 1 | use sexpr::{Sexpr, SexprId, SexprKind};
[INFO] [stdout]   |             ^^^^^
[INFO] [stdout]   |
[INFO] [stdout]   = note: `#[warn(unused_imports)]` on by default
[INFO] [stdout] 
[INFO] [stdout] 
[INFO] [stdout] error[E0599]: no variant named `Builtin` found for enum `sexpr::SexprKind`
[INFO] [stdout]   --> src/mir.rs:76:24
[INFO] [stdout]    |
[INFO] [stdout] 76 |             SexprKind::Builtin {..} => {
[INFO] [stdout]    |                        ^^^^^^^ help: there is a variant with a similar name (notice the capitalization): `BuiltIn`
[INFO] [stdout]    |
[INFO] [stdout]   ::: src/sexpr.rs:13:1
[INFO] [stdout]    |
[INFO] [stdout] 13 | pub enum SexprKind {
[INFO] [stdout]    | ------------------ variant `Builtin` not found here
[INFO] [stdout] 
[INFO] [stdout] 
[INFO] [stdout] error[E0599]: no method named `prealloc` found for reference `&Manager` in the current scope
[INFO] [stdout]   --> src/mir.rs:26:31
[INFO] [stdout]    |
[INFO] [stdout] 26 |                 let at = self.prealloc();
[INFO] [stdout]    |                               ^^^^^^^^ method not found in `&Manager`
[INFO] [stdout] 
[INFO] [stdout] 
[INFO] [stdout] error[E0614]: type `sexpr::SexprId` cannot be dereferenced
[INFO] [stdout]   --> src/mir.rs:27:42
[INFO] [stdout]    |
[INFO] [stdout] 27 |                 let expr = self.make_mir(*expr, mir);
[INFO] [stdout]    |                                          ^^^^^
[INFO] [stdout] 
[INFO] [stdout] 
[INFO] [stdout] error[E0308]: mismatched types
[INFO] [stdout]   --> src/mir.rs:28:54
[INFO] [stdout]    |
[INFO] [stdout] 28 |                 mir.push(MirStmnt::WriteAtFixed {at, expr});
[INFO] [stdout]    |                                                      ^^^^ expected `MirExpr`, found `Result<MirExpr, Error>`
[INFO] [stdout]    |
[INFO] [stdout]    = note: expected struct `MirExpr`
[INFO] [stdout]                 found enum `Result<MirExpr, util::Error>`
[INFO] [stdout] 
[INFO] [stdout] 
[INFO] [stdout] error[E0614]: type `sexpr::SexprId` cannot be dereferenced
[INFO] [stdout]   --> src/mir.rs:29:31
[INFO] [stdout]    |
[INFO] [stdout] 29 |                 self.make_mir(*body, mir);
[INFO] [stdout]    |                               ^^^^^
[INFO] [stdout] 
[INFO] [stdout] 
[INFO] [stdout] error[E0614]: type `sexpr::SexprId` cannot be dereferenced
[INFO] [stdout]   --> src/mir.rs:32:42
[INFO] [stdout]    |
[INFO] [stdout] 32 |                 let expr = self.make_mir(*expr, mir);
[INFO] [stdout]    |                                          ^^^^^
[INFO] [stdout] 
[INFO] [stdout] 
[INFO] [stdout] error[E0308]: mismatched types
[INFO] [stdout]   --> src/mir.rs:33:54
[INFO] [stdout]    |
[INFO] [stdout] 33 |                 mir.push(MirStmnt::WriteAtFixed {at, expr});
[INFO] [stdout]    |                                                      ^^^^ expected `MirExpr`, found `Result<MirExpr, Error>`
[INFO] [stdout]    |
[INFO] [stdout]    = note: expected struct `MirExpr`
[INFO] [stdout]                 found enum `Result<MirExpr, util::Error>`
[INFO] [stdout] 
[INFO] [stdout] 
[INFO] [stdout] error[E0614]: type `sexpr::SexprId` cannot be dereferenced
[INFO] [stdout]   --> src/mir.rs:36:47
[INFO] [stdout]    |
[INFO] [stdout] 36 |                 let predicate = self.make_mir(*predicate, mir);
[INFO] [stdout]    |                                               ^^^^^^^^^^
[INFO] [stdout] 
[INFO] [stdout] 
[INFO] [stdout] error[E0614]: type `sexpr::SexprId` cannot be dereferenced
[INFO] [stdout]   --> src/mir.rs:38:45
[INFO] [stdout]    |
[INFO] [stdout] 38 |                 let if_expr = self.make_mir(*if_branch, &mut if_stmnts);
[INFO] [stdout]    |                                             ^^^^^^^^^^
[INFO] [stdout] 
[INFO] [stdout] 
[INFO] [stdout] error[E0614]: type `sexpr::SexprId` cannot be dereferenced
[INFO] [stdout]   --> src/mir.rs:40:47
[INFO] [stdout]    |
[INFO] [stdout] 40 |                 let else_expr = self.make_mir(*else_branch, &mut else_stmnts);
[INFO] [stdout]    |                                               ^^^^^^^^^^^^
[INFO] [stdout] 
[INFO] [stdout] 
[INFO] [stdout] error[E0308]: mismatched types
[INFO] [stdout]   --> src/mir.rs:41:44
[INFO] [stdout]    |
[INFO] [stdout] 41 |                 mir.push(MirStmnt::IfBlock{predicate, if_stmnts, if_expr, else_stmnts, else_expr});
[INFO] [stdout]    |                                            ^^^^^^^^^ expected `MirExpr`, found `Result<MirExpr, Error>`
[INFO] [stdout]    |
[INFO] [stdout]    = note: expected struct `MirExpr`
[INFO] [stdout]                 found enum `Result<MirExpr, util::Error>`
[INFO] [stdout] 
[INFO] [stdout] 
[INFO] [stdout] error[E0308]: mismatched types
[INFO] [stdout]   --> src/mir.rs:41:66
[INFO] [stdout]    |
[INFO] [stdout] 41 |                 mir.push(MirStmnt::IfBlock{predicate, if_stmnts, if_expr, else_stmnts, else_expr});
[INFO] [stdout]    |                                                                  ^^^^^^^ expected `MirExpr`, found `Result<MirExpr, Error>`
[INFO] [stdout]    |
[INFO] [stdout]    = note: expected struct `MirExpr`
[INFO] [stdout]                 found enum `Result<MirExpr, util::Error>`
[INFO] [stdout] 
[INFO] [stdout] 
[INFO] [stdout] error[E0308]: mismatched types
[INFO] [stdout]   --> src/mir.rs:41:88
[INFO] [stdout]    |
[INFO] [stdout] 41 |                 mir.push(MirStmnt::IfBlock{predicate, if_stmnts, if_expr, else_stmnts, else_expr});
[INFO] [stdout]    |                                                                                        ^^^^^^^^^ expected `MirExpr`, found `Result<MirExpr, Error>`
[INFO] [stdout]    |
[INFO] [stdout]    = note: expected struct `MirExpr`
[INFO] [stdout]                 found enum `Result<MirExpr, util::Error>`
[INFO] [stdout] 
[INFO] [stdout] 
[INFO] [stdout] error[E0061]: this method takes 2 arguments but 1 argument was supplied
[INFO] [stdout]   --> src/mir.rs:48:26
[INFO] [stdout]    |
[INFO] [stdout] 48 |                     self.make_mir(**statement)?;
[INFO] [stdout]    |                          ^^^^^^^^------------- an argument of type `&mut Vec<MirStmnt>` is missing
[INFO] [stdout]    |
[INFO] [stdout] note: method defined here
[INFO] [stdout]   --> src/mir.rs:22:8
[INFO] [stdout]    |
[INFO] [stdout] 22 |     fn make_mir(&self, sexpr_id: SexprId, mir: &mut Vec<MirStmnt>) -> Result<MirExpr, Error> {
[INFO] [stdout]    |        ^^^^^^^^        -----------------  -----------------------
[INFO] [stdout] help: provide the argument
[INFO] [stdout]    |
[INFO] [stdout] 48 |                     self.make_mir(**statement, /* &mut Vec<MirStmnt> */)?;
[INFO] [stdout]    |                                  ~~~~~~~~~~~~~~~~~~~~~~~~~~~~~~~~~~~~~~~
[INFO] [stdout] 
[INFO] [stdout] 
[INFO] [stdout] error[E0223]: ambiguous associated type
[INFO] [stdout]   --> src/mir.rs:80:24
[INFO] [stdout]    |
[INFO] [stdout] 80 |                 return MirExpr::ReadAtFixed{};
[INFO] [stdout]    |                        ^^^^^^^^^^^^^^^^^^^^
[INFO] [stdout]    |
[INFO] [stdout] help: if there were a trait named `Example` with associated type `ReadAtFixed` implemented for `MirExpr`, you could use the fully-qualified path
[INFO] [stdout]    |
[INFO] [stdout] 80 |                 return <MirExpr as Example>::ReadAtFixed{};
[INFO] [stdout]    |                        ~~~~~~~~~~~~~~~~~~~~~~~~~~~~~~~~~
[INFO] [stdout] 
[INFO] [stdout] 
[INFO] [stdout] warning: trait objects without an explicit `dyn` are deprecated
[INFO] [stdout]   --> src/main.rs:61:29
[INFO] [stdout]    |
[INFO] [stdout] 61 |     let mut out_writer: Box<Write> = match maybe_path {
[INFO] [stdout]    |                             ^^^^^
[INFO] [stdout]    |
[INFO] [stdout]    = warning: this is accepted in the current edition (Rust 2015) but is a hard error in Rust 2021!
[INFO] [stdout]    = note: for more information, see <https://doc.rust-lang.org/nightly/edition-guide/rust-2021/warnings-promoted-to-error.html>
[INFO] [stdout]    = note: `#[warn(bare_trait_objects)]` on by default
[INFO] [stdout] help: use `dyn`
[INFO] [stdout]    |
[INFO] [stdout] 61 |     let mut out_writer: Box<dyn Write> = match maybe_path {
[INFO] [stdout]    |                             +++
[INFO] [stdout] 
[INFO] [stdout] 
[INFO] [stdout] error: aborting due to 17 previous errors; 2 warnings emitted
[INFO] [stdout] 
[INFO] [stdout] 
[INFO] [stdout] Some errors have detailed explanations: E0061, E0223, E0308, E0412, E0425, E0599, E0614.
[INFO] [stdout] 
[INFO] [stdout] For more information about an error, try `rustc --explain E0061`.
[INFO] [stdout] 
[INFO] [stderr] error: could not compile `BasicTranspilation` due to 18 previous errors; 2 warnings emitted
[INFO] running `Command { std: "docker" "inspect" "bb0c06b7de27afb57a42dad41ce8bb7e73e1353a328b665d0d2bc2e4750c5bfe", kill_on_drop: false }`
[INFO] running `Command { std: "docker" "rm" "-f" "bb0c06b7de27afb57a42dad41ce8bb7e73e1353a328b665d0d2bc2e4750c5bfe", kill_on_drop: false }`
[INFO] [stdout] bb0c06b7de27afb57a42dad41ce8bb7e73e1353a328b665d0d2bc2e4750c5bfe
