[INFO] cloning repository https://github.com/aqrun/aqblog
[INFO] running `Command { std: "git" "-c" "credential.helper=" "-c" "credential.helper=/workspace/cargo-home/bin/git-credential-null" "clone" "--bare" "https://github.com/aqrun/aqblog" "/workspace/cache/git-repos/https%3A%2F%2Fgithub.com%2Faqrun%2Faqblog", kill_on_drop: false }`
[INFO] [stderr] Cloning into bare repository '/workspace/cache/git-repos/https%3A%2F%2Fgithub.com%2Faqrun%2Faqblog'...
[INFO] running `Command { std: "git" "rev-parse" "HEAD", kill_on_drop: false }`
[INFO] [stdout] d49bdbacdb5949c8544fee5e91b2e9ef9d3e3d03
[INFO] testing aqrun/aqblog against 1.69.0 for beta-1.70-1
[INFO] running `Command { std: "git" "clone" "/workspace/cache/git-repos/https%3A%2F%2Fgithub.com%2Faqrun%2Faqblog" "/workspace/builds/worker-3-tc1/source", kill_on_drop: false }`
[INFO] [stderr] Cloning into '/workspace/builds/worker-3-tc1/source'...
[INFO] [stderr] done.
[INFO] validating manifest of git repo https://github.com/aqrun/aqblog on toolchain 1.69.0
[INFO] running `Command { std: CARGO_HOME="/workspace/cargo-home" RUSTUP_HOME="/workspace/rustup-home" "/workspace/cargo-home/bin/cargo" "+1.69.0" "metadata" "--manifest-path" "Cargo.toml" "--no-deps", kill_on_drop: false }`
[INFO] started tweaking git repo https://github.com/aqrun/aqblog
[INFO] finished tweaking git repo https://github.com/aqrun/aqblog
[INFO] tweaked toml for git repo https://github.com/aqrun/aqblog written to /workspace/builds/worker-3-tc1/source/Cargo.toml
[INFO] crate git repo https://github.com/aqrun/aqblog already has a lockfile, it will not be regenerated
[INFO] running `Command { std: CARGO_HOME="/workspace/cargo-home" RUSTUP_HOME="/workspace/rustup-home" "/workspace/cargo-home/bin/cargo" "+1.69.0" "fetch" "--manifest-path" "Cargo.toml", kill_on_drop: false }`
[INFO] [stderr]     Blocking waiting for file lock on package cache
[INFO] [stderr]     Blocking waiting for file lock on package cache
[INFO] [stderr]  Downloading crates ...
[INFO] [stderr]   Downloaded actix-files v0.2.2
[INFO] [stderr]   Downloaded actix-http-test v0.2.5
[INFO] [stderr]   Downloaded validator v0.8.0
[INFO] [stderr]   Downloaded validator_derive v0.8.0
[INFO] running `Command { std: "docker" "create" "-v" "/var/lib/crater-agent-workspace/builds/worker-3-tc1/target:/opt/rustwide/target:rw,Z" "-v" "/var/lib/crater-agent-workspace/builds/worker-3-tc1/source:/opt/rustwide/workdir:ro,Z" "-v" "/var/lib/crater-agent-workspace/cargo-home:/opt/rustwide/cargo-home:ro,Z" "-v" "/var/lib/crater-agent-workspace/rustup-home:/opt/rustwide/rustup-home:ro,Z" "-e" "SOURCE_DIR=/opt/rustwide/workdir" "-e" "CARGO_TARGET_DIR=/opt/rustwide/target" "-e" "CARGO_HOME=/opt/rustwide/cargo-home" "-e" "RUSTUP_HOME=/opt/rustwide/rustup-home" "-w" "/opt/rustwide/workdir" "-m" "1610612736" "--user" "0:0" "--network" "none" "ghcr.io/rust-lang/crates-build-env/linux@sha256:5ff2268d62e97bff2cde7d5815dd6ed5b47097566f13b8d0ca110b04b60e07ed" "/opt/rustwide/cargo-home/bin/cargo" "+1.69.0" "metadata" "--no-deps" "--format-version=1", kill_on_drop: false }`
[INFO] [stdout] 3f91af45102698dcbd232ae118bf7c133f44b40db6f68de8dc3a29fdc0df815a
[INFO] running `Command { std: "docker" "start" "-a" "3f91af45102698dcbd232ae118bf7c133f44b40db6f68de8dc3a29fdc0df815a", kill_on_drop: false }`
[INFO] running `Command { std: "docker" "inspect" "3f91af45102698dcbd232ae118bf7c133f44b40db6f68de8dc3a29fdc0df815a", kill_on_drop: false }`
[INFO] running `Command { std: "docker" "rm" "-f" "3f91af45102698dcbd232ae118bf7c133f44b40db6f68de8dc3a29fdc0df815a", kill_on_drop: false }`
[INFO] [stdout] 3f91af45102698dcbd232ae118bf7c133f44b40db6f68de8dc3a29fdc0df815a
[INFO] running `Command { std: "docker" "create" "-v" "/var/lib/crater-agent-workspace/builds/worker-3-tc1/target:/opt/rustwide/target:rw,Z" "-v" "/var/lib/crater-agent-workspace/builds/worker-3-tc1/source:/opt/rustwide/workdir:ro,Z" "-v" "/var/lib/crater-agent-workspace/cargo-home:/opt/rustwide/cargo-home:ro,Z" "-v" "/var/lib/crater-agent-workspace/rustup-home:/opt/rustwide/rustup-home:ro,Z" "-e" "SOURCE_DIR=/opt/rustwide/workdir" "-e" "CARGO_TARGET_DIR=/opt/rustwide/target" "-e" "CARGO_INCREMENTAL=0" "-e" "RUST_BACKTRACE=full" "-e" "RUSTFLAGS=--cap-lints=warn" "-e" "RUSTDOCFLAGS=--cap-lints=warn" "-e" "CARGO_HOME=/opt/rustwide/cargo-home" "-e" "RUSTUP_HOME=/opt/rustwide/rustup-home" "-w" "/opt/rustwide/workdir" "-m" "1610612736" "--user" "0:0" "--network" "none" "ghcr.io/rust-lang/crates-build-env/linux@sha256:5ff2268d62e97bff2cde7d5815dd6ed5b47097566f13b8d0ca110b04b60e07ed" "/opt/rustwide/cargo-home/bin/cargo" "+1.69.0" "build" "--frozen" "--message-format=json", kill_on_drop: false }`
[INFO] [stdout] 7172cf7e5beae295e42429493b67fbdc2829f1216d028b8e6c3232d624790beb
[INFO] running `Command { std: "docker" "start" "-a" "7172cf7e5beae295e42429493b67fbdc2829f1216d028b8e6c3232d624790beb", kill_on_drop: false }`
[INFO] [stderr]    Compiling libc v0.2.97
[INFO] [stderr]    Compiling autocfg v1.0.1
[INFO] [stderr]    Compiling proc-macro2 v1.0.27
[INFO] [stderr]    Compiling unicode-xid v0.2.2
[INFO] [stderr]    Compiling syn v1.0.73
[INFO] [stderr]    Compiling memchr v2.4.0
[INFO] [stderr]    Compiling lazy_static v1.4.0
[INFO] [stderr]    Compiling log v0.4.14
[INFO] [stderr]    Compiling futures-core v0.3.15
[INFO] [stderr]    Compiling cfg-if v0.1.10
[INFO] [stderr]    Compiling slab v0.4.3
[INFO] [stderr]    Compiling futures-sink v0.3.15
[INFO] [stderr]    Compiling cc v1.0.68
[INFO] [stderr]    Compiling scopeguard v1.1.0
[INFO] [stderr]    Compiling fnv v1.0.7
[INFO] [stderr]    Compiling proc-macro-hack v0.5.19
[INFO] [stderr]    Compiling futures-channel v0.3.15
[INFO] [stderr]    Compiling smallvec v1.6.1
[INFO] [stderr]    Compiling futures-task v0.3.15
[INFO] [stderr]    Compiling pin-project-lite v0.2.7
[INFO] [stderr]    Compiling proc-macro-nested v0.1.7
[INFO] [stderr]    Compiling bytes v0.5.6
[INFO] [stderr]    Compiling pin-project-lite v0.1.12
[INFO] [stderr]    Compiling instant v0.1.9
[INFO] [stderr]    Compiling serde_derive v1.0.126
[INFO] [stderr]    Compiling pin-utils v0.1.0
[INFO] [stderr]    Compiling futures-io v0.3.15
[INFO] [stderr]    Compiling serde v1.0.126
[INFO] [stderr]    Compiling tinyvec_macros v0.1.0
[INFO] [stderr]    Compiling matches v0.1.8
[INFO] [stderr]    Compiling futures-macro v0.3.15
[INFO] [stderr]    Compiling futures-util v0.3.15
[INFO] [stderr]    Compiling tinyvec v1.2.0
[INFO] [stderr]    Compiling lock_api v0.4.4
[INFO] [stderr]    Compiling unicode-bidi v0.3.5
[INFO] [stderr]    Compiling pin-project-internal v0.4.28
[INFO] [stderr]    Compiling num-traits v0.2.14
[INFO] [stderr]    Compiling miniz_oxide v0.4.4
[INFO] [stderr]    Compiling itoa v0.4.7
[INFO] [stderr]    Compiling convert_case v0.4.0
[INFO] [stderr]    Compiling regex-syntax v0.6.25
[INFO] [stderr]    Compiling quote v1.0.9
[INFO] [stderr]    Compiling aho-corasick v0.7.18
[INFO] [stderr]    Compiling iovec v0.1.4
[INFO] [stderr]    Compiling net2 v0.2.37
[INFO] [stderr]    Compiling signal-hook-registry v1.4.0
[INFO] [stderr]    Compiling parking_lot_core v0.8.3
[INFO] [stderr]    Compiling num_cpus v1.13.0
[INFO] [stderr]    Compiling threadpool v1.8.1
[INFO] [stderr]    Compiling mio v0.6.23
[INFO] [stderr]    Compiling parking_lot v0.11.1
[INFO] [stderr]    Compiling num-integer v0.1.44
[INFO] [stderr]    Compiling unicode-normalization v0.1.19
[INFO] [stderr]    Compiling adler v1.0.2
[INFO] [stderr]    Compiling getrandom v0.1.16
[INFO] [stderr]    Compiling backtrace v0.3.60
[INFO] [stderr]    Compiling copyless v0.1.5
[INFO] [stderr]    Compiling gimli v0.24.0
[INFO] [stderr]    Compiling failure_derive v0.1.8
[INFO] [stderr]    Compiling either v1.6.1
[INFO] [stderr]    Compiling object v0.25.3
[INFO] [stderr]    Compiling rustc-demangle v0.1.20
[INFO] [stderr]    Compiling mio-uds v0.6.8
[INFO] [stderr]    Compiling percent-encoding v2.1.0
[INFO] [stderr]    Compiling ryu v1.0.5
[INFO] [stderr]    Compiling time v0.1.44
[INFO] [stderr]    Compiling tokio v0.2.25
[INFO] [stderr]    Compiling form_urlencoded v1.0.1
[INFO] [stderr]    Compiling rand_core v0.5.1
[INFO] [stderr]    Compiling socket2 v0.3.19
[INFO] [stderr]    Compiling idna v0.2.3
[INFO] [stderr]    Compiling async-trait v0.1.50
[INFO] [stderr]    Compiling serde_json v1.0.64
[INFO] [stderr]    Compiling bytes v1.0.1
[INFO] [stderr]    Compiling quick-error v1.2.3
[INFO] [stderr]    Compiling unicode-segmentation v1.7.1
[INFO] [stderr]    Compiling rand_chacha v0.2.2
[INFO] [stderr]    Compiling regex v1.5.4
[INFO] [stderr]    Compiling match_cfg v0.1.0
[INFO] [stderr]    Compiling hostname v0.3.1
[INFO] [stderr]    Compiling rand v0.7.3
[INFO] [stderr]    Compiling url v2.2.2
[INFO] [stderr]    Compiling heck v0.3.3
[INFO] [stderr]    Compiling http v0.2.4
[INFO] [stderr]    Compiling ring v0.16.20
[INFO] [stderr]    Compiling brotli-sys v0.3.2
[INFO] [stderr]    Compiling miniz-sys v0.1.12
[INFO] [stderr]    Compiling indexmap v1.6.2
[INFO] [stderr]    Compiling tracing-core v0.1.18
[INFO] [stderr]    Compiling crc32fast v1.2.1
[INFO] [stderr]    Compiling once_cell v1.8.0
[INFO] [stderr]    Compiling byteorder v1.4.3
[INFO] [stderr]    Compiling linked-hash-map v0.5.4
[INFO] [stderr]    Compiling rand_core v0.4.2
[INFO] [stderr]    Compiling addr2line v0.15.2
[INFO] [stderr]    Compiling autocfg v0.1.7
[INFO] [stderr]    Compiling lru-cache v0.1.2
[INFO] [stderr]    Compiling tracing v0.1.26
[INFO] [stderr]    Compiling resolv-conf v0.6.3
[INFO] [stderr]    Compiling spin v0.5.2
[INFO] [stderr]    Compiling untrusted v0.7.1
[INFO] [stderr]    Compiling httparse v1.4.1
[INFO] [stderr]    Compiling encoding_rs v0.8.28
[INFO] [stderr]    Compiling hashbrown v0.9.1
[INFO] [stderr]    Compiling mime v0.3.16
[INFO] [stderr]    Compiling dtoa v0.4.8
[INFO] [stderr]    Compiling flate2 v1.0.20
[INFO] [stderr]    Compiling fxhash v0.2.1
[INFO] [stderr]    Compiling language-tags v0.2.2
[INFO] [stderr]    Compiling sha1 v0.6.0
[INFO] [stderr]    Compiling base64 v0.11.0
[INFO] [stderr]    Compiling rand_core v0.3.1
[INFO] [stderr]    Compiling pkg-config v0.3.19
[INFO] [stderr]    Compiling bytestring v1.0.0
[INFO] [stderr]    Compiling tokio-util v0.3.1
[INFO] [stderr]    Compiling synstructure v0.12.4
[INFO] [stderr]    Compiling tokio-util v0.2.0
[INFO] [stderr]    Compiling version_check v0.1.5
[INFO] [stderr]    Compiling crossbeam-utils v0.8.5
[INFO] [stderr]    Compiling version_check v0.9.3
[INFO] [stderr]    Compiling rand_pcg v0.1.2
[INFO] [stderr]    Compiling actix-codec v0.2.0
[INFO] [stderr]    Compiling rand_chacha v0.1.1
[INFO] [stderr]    Compiling nom v4.2.3
[INFO] [stderr]    Compiling memoffset v0.6.4
[INFO] [stderr]    Compiling proc-macro2 v0.4.30
[INFO] [stderr]    Compiling rand v0.6.5
[INFO] [stderr]    Compiling unicase v2.6.0
[INFO] [stderr]    Compiling idna v0.1.5
[INFO] [stderr]    Compiling crossbeam-utils v0.7.2
[INFO] [stderr]    Compiling unicode-xid v0.1.0
[INFO] [stderr]    Compiling crossbeam-epoch v0.9.5
[INFO] [stderr]    Compiling percent-encoding v1.0.1
[INFO] [stderr]    Compiling maybe-uninit v2.0.0
[INFO] [stderr]    Compiling url v1.7.2
[INFO] [stderr]    Compiling mysqlclient-sys v0.2.4
[INFO] [stderr]    Compiling libsqlite3-sys v0.22.2
[INFO] [stderr]    Compiling rand_isaac v0.1.1
[INFO] [stderr]    Compiling rand_xorshift v0.1.1
[INFO] [stderr]    Compiling rand_hc v0.1.0
[INFO] [stderr]    Compiling rand_jitter v0.1.4
[INFO] [stderr]    Compiling rand_os v0.1.3
[INFO] [stderr]    Compiling num-bigint v0.2.6
[INFO] [stderr]    Compiling arrayvec v0.4.12
[INFO] [stderr]    Compiling pq-sys v0.4.6
[INFO] [stderr]    Compiling syn v0.15.44
[INFO] [stderr]    Compiling rayon-core v1.9.1
[INFO] [stderr]    Compiling mime_guess v2.0.3
[INFO] [stderr]    Compiling quote v0.6.13
[INFO] [stderr]    Compiling scheduled-thread-pool v0.2.5
[INFO] [stderr]    Compiling parking_lot_core v0.7.2
[INFO] [stderr]    Compiling lock_api v0.3.4
[INFO] [stderr]    Compiling nodrop v0.1.14
[INFO] [stderr]    Compiling v_htmlescape v0.4.5
[INFO] [stderr]    Compiling crossbeam-channel v0.4.4
[INFO] [stderr]    Compiling r2d2 v0.8.9
[INFO] [stderr]    Compiling crossbeam-deque v0.8.0
[INFO] [stderr]    Compiling parking_lot v0.10.2
[INFO] [stderr]    Compiling crossbeam-channel v0.5.1
[INFO] [stderr]    Compiling rayon v1.5.1
[INFO] [stderr]    Compiling uuid v0.8.2
[INFO] [stderr]    Compiling base64 v0.13.0
[INFO] [stderr]    Compiling constant_time_eq v0.1.5
[INFO] [stderr]    Compiling backoff v0.1.6
[INFO] [stderr]    Compiling blake2-rfc v0.2.18
[INFO] [stderr]    Compiling humantime v1.3.0
[INFO] [stderr]    Compiling atty v0.2.14
[INFO] [stderr]    Compiling derive_more v0.99.14
[INFO] [stderr]    Compiling actix-macros v0.1.3
[INFO] [stderr]    Compiling enum-as-inner v0.3.3
[INFO] [stderr]    Compiling pin-project-internal v1.0.7
[INFO] [stderr]    Compiling actix-web-codegen v0.2.2
[INFO] [stderr]    Compiling v_escape_derive v0.5.6
[INFO] [stderr]    Compiling brotli2 v0.3.2
[INFO] [stderr]    Compiling actix_derive v0.5.0
[INFO] [stderr]    Compiling diesel_derives v1.4.1
[INFO] [stderr]    Compiling pem v0.8.3
[INFO] [stderr]    Compiling base64 v0.12.3
[INFO] [stderr]    Compiling failure v0.1.8
[INFO] [stderr]    Compiling if_chain v0.1.3
[INFO] [stderr]    Compiling scoped_threadpool v0.1.9
[INFO] [stderr]    Compiling termcolor v1.1.2
[INFO] [stderr]    Compiling listenfd v0.3.3
[INFO] [stderr]    Compiling argon2rs v0.2.5
[INFO] [stderr]    Compiling dotenv v0.14.1
[INFO] [stderr]    Compiling env_logger v0.6.2
[INFO] [stderr]    Compiling v_escape v0.7.4
[INFO] [stderr]    Compiling pin-project v1.0.7
[INFO] [stderr]    Compiling pin-project v0.4.28
[INFO] [stderr]    Compiling tracing-futures v0.2.5
[INFO] [stderr]    Compiling actix-codec v0.3.0
[INFO] [stderr]    Compiling derive_more v0.15.0
[INFO] [stderr]    Compiling actix-threadpool v0.3.3
[INFO] [stderr]    Compiling actix-rt v1.1.1
[INFO] [stderr]    Compiling actix-service v1.0.6
[INFO] [stderr]    Compiling futures-executor v0.3.15
[INFO] [stderr]    Compiling h2 v0.2.7
[INFO] [stderr]    Compiling redis-async v0.6.2
[INFO] [stderr]    Compiling futures v0.3.15
[INFO] [stderr]    Compiling trust-dns-proto v0.18.0-alpha.2
[INFO] [stderr]    Compiling actix-utils v1.0.6
[INFO] [stderr]    Compiling actix-utils v2.0.0
[INFO] [stderr]    Compiling actix-server v1.0.4
[INFO] [stderr]    Compiling actix-tls v1.0.0
[INFO] [stderr]    Compiling actix-testing v1.0.1
[INFO] [stderr]    Compiling trust-dns-resolver v0.18.0-alpha.2
[INFO] [stderr]    Compiling chrono v0.4.19
[INFO] [stderr]    Compiling serde_urlencoded v0.6.1
[INFO] [stderr]    Compiling actix-router v0.2.7
[INFO] [stderr]    Compiling uuid v0.7.4
[INFO] [stderr]    Compiling envy v0.4.2
[INFO] [stderr]    Compiling actix-connect v1.0.2
[INFO] [stderr]    Compiling simple_asn1 v0.4.1
[INFO] [stderr]    Compiling diesel v1.4.7
[INFO] [stderr]    Compiling actix-http v1.0.1
[INFO] [stderr]    Compiling validator v0.8.0
[INFO] [stderr]    Compiling jsonwebtoken v7.2.0
[INFO] [stderr]    Compiling validator_derive v0.8.0
[INFO] [stderr]    Compiling awc v1.0.1
[INFO] [stderr]    Compiling actix v0.9.0
[INFO] [stderr]    Compiling actix-web v2.0.0
[INFO] [stderr]    Compiling actix-session v0.3.0
[INFO] [stderr]    Compiling actix-files v0.2.2
[INFO] [stderr]    Compiling actix-cors v0.2.0
[INFO] [stderr]    Compiling actix-identity v0.2.1
[INFO] [stderr]    Compiling actix-redis v0.8.2
[INFO] [stderr]    Compiling r2d2-diesel v1.0.0
[INFO] [stderr]    Compiling aqblog v0.1.0 (/opt/rustwide/workdir)
[INFO] [stdout] warning: derive helper attribute is used before it is introduced
[INFO] [stdout]   --> src/database.rs:12:3
[INFO] [stdout]    |
[INFO] [stdout] 12 | #[serde(untagged)]
[INFO] [stdout]    |   ^^^^^
[INFO] [stdout] 13 | #[derive(Clone, Deserialize, Debug, PartialEq)]
[INFO] [stdout]    |                 ----------- the attribute is introduced here
[INFO] [stdout]    |
[INFO] [stdout]    = warning: this was previously accepted by the compiler but is being phased out; it will become a hard error in a future release!
[INFO] [stdout]    = note: for more information, see issue #79202 <https://github.com/rust-lang/rust/issues/79202>
[INFO] [stdout]    = note: `#[warn(legacy_derive_helpers)]` on by default
[INFO] [stdout] 
[INFO] [stdout] 
[INFO] [stdout] warning: 1 warning emitted
[INFO] [stdout] 
[INFO] [stdout] 
[INFO] [stderr]     Finished dev [unoptimized + debuginfo] target(s) in 39.20s
[INFO] [stderr] warning: the following packages contain code that will be rejected by a future version of Rust: nom v4.2.3
[INFO] [stderr] note: to see what the problems were, use the option `--future-incompat-report`, or run `cargo report future-incompatibilities --id 1`
[INFO] running `Command { std: "docker" "inspect" "7172cf7e5beae295e42429493b67fbdc2829f1216d028b8e6c3232d624790beb", kill_on_drop: false }`
[INFO] running `Command { std: "docker" "rm" "-f" "7172cf7e5beae295e42429493b67fbdc2829f1216d028b8e6c3232d624790beb", kill_on_drop: false }`
[INFO] [stdout] 7172cf7e5beae295e42429493b67fbdc2829f1216d028b8e6c3232d624790beb
[INFO] running `Command { std: "docker" "create" "-v" "/var/lib/crater-agent-workspace/builds/worker-3-tc1/target:/opt/rustwide/target:rw,Z" "-v" "/var/lib/crater-agent-workspace/builds/worker-3-tc1/source:/opt/rustwide/workdir:ro,Z" "-v" "/var/lib/crater-agent-workspace/cargo-home:/opt/rustwide/cargo-home:ro,Z" "-v" "/var/lib/crater-agent-workspace/rustup-home:/opt/rustwide/rustup-home:ro,Z" "-e" "SOURCE_DIR=/opt/rustwide/workdir" "-e" "CARGO_TARGET_DIR=/opt/rustwide/target" "-e" "CARGO_INCREMENTAL=0" "-e" "RUST_BACKTRACE=full" "-e" "RUSTFLAGS=--cap-lints=warn" "-e" "RUSTDOCFLAGS=--cap-lints=warn" "-e" "CARGO_HOME=/opt/rustwide/cargo-home" "-e" "RUSTUP_HOME=/opt/rustwide/rustup-home" "-w" "/opt/rustwide/workdir" "-m" "1610612736" "--user" "0:0" "--network" "none" "ghcr.io/rust-lang/crates-build-env/linux@sha256:5ff2268d62e97bff2cde7d5815dd6ed5b47097566f13b8d0ca110b04b60e07ed" "/opt/rustwide/cargo-home/bin/cargo" "+1.69.0" "test" "--frozen" "--no-run" "--message-format=json", kill_on_drop: false }`
[INFO] [stdout] d0501808bbdf34d19d6330214e48dbda0a27b4d5f3a4a26fe1d2acb75edc38d0
[INFO] running `Command { std: "docker" "start" "-a" "d0501808bbdf34d19d6330214e48dbda0a27b4d5f3a4a26fe1d2acb75edc38d0", kill_on_drop: false }`
[INFO] [stderr]    Compiling futures v0.1.31
[INFO] [stderr]    Compiling semver-parser v0.7.0
[INFO] [stderr]    Compiling bytes v0.4.12
[INFO] [stderr]    Compiling smallvec v0.6.14
[INFO] [stderr]    Compiling crunchy v0.2.2
[INFO] [stderr]    Compiling tiny-keccak v2.0.2
[INFO] [stderr]    Compiling getrandom v0.2.3
[INFO] [stderr]    Compiling enum-as-inner v0.2.1
[INFO] [stderr]    Compiling hashbrown v0.6.3
[INFO] [stderr]    Compiling base64 v0.10.1
[INFO] [stderr]    Compiling semver v0.9.0
[INFO] [stderr]    Compiling rustc_version v0.2.3
[INFO] [stderr]    Compiling http v0.1.21
[INFO] [stderr]    Compiling string v0.2.1
[INFO] [stderr]    Compiling parking_lot_core v0.6.2
[INFO] [stderr]    Compiling parking_lot v0.9.0
[INFO] [stderr]    Compiling const-random-macro v0.1.13
[INFO] [stderr]    Compiling const-random v0.1.13
[INFO] [stderr]    Compiling ahash v0.2.19
[INFO] [stderr]    Compiling tokio-io v0.1.13
[INFO] [stderr]    Compiling tokio-executor v0.1.10
[INFO] [stderr]    Compiling tokio-sync v0.1.8
[INFO] [stderr]    Compiling actix-service v0.4.2
[INFO] [stderr]    Compiling actix-threadpool v0.1.2
[INFO] [stderr]    Compiling tokio-timer v0.2.13
[INFO] [stderr]    Compiling tokio-current-thread v0.1.7
[INFO] [stderr]    Compiling tokio-reactor v0.1.12
[INFO] [stderr]    Compiling tokio-codec v0.1.2
[INFO] [stderr]    Compiling actix-codec v0.1.2
[INFO] [stderr]    Compiling actix-utils v0.4.7
[INFO] [stderr]    Compiling tokio-tcp v0.1.4
[INFO] [stderr]    Compiling tokio-udp v0.1.6
[INFO] [stderr]    Compiling actix-rt v0.2.6
[INFO] [stderr]    Compiling tokio-signal v0.2.9
[INFO] [stderr]    Compiling h2 v0.1.26
[INFO] [stderr]    Compiling trust-dns-proto v0.7.4
[INFO] [stderr]    Compiling actix-server-config v0.1.2
[INFO] [stderr]    Compiling actix-server v0.6.1
[INFO] [stderr]    Compiling trust-dns-resolver v0.11.1
[INFO] [stderr]    Compiling actix-connect v0.2.5
[INFO] [stderr]    Compiling actix-http v0.2.11
[INFO] [stderr]    Compiling awc v0.2.8
[INFO] [stderr]    Compiling actix-http-test v0.2.5
[INFO] [stderr]    Compiling aqblog v0.1.0 (/opt/rustwide/workdir)
[INFO] [stdout] warning: derive helper attribute is used before it is introduced
[INFO] [stdout]   --> src/database.rs:12:3
[INFO] [stdout]    |
[INFO] [stdout] 12 | #[serde(untagged)]
[INFO] [stdout]    |   ^^^^^
[INFO] [stdout] 13 | #[derive(Clone, Deserialize, Debug, PartialEq)]
[INFO] [stdout]    |                 ----------- the attribute is introduced here
[INFO] [stdout]    |
[INFO] [stdout]    = warning: this was previously accepted by the compiler but is being phased out; it will become a hard error in a future release!
[INFO] [stdout]    = note: for more information, see issue #79202 <https://github.com/rust-lang/rust/issues/79202>
[INFO] [stdout]    = note: `#[warn(legacy_derive_helpers)]` on by default
[INFO] [stdout] 
[INFO] [stdout] 
[INFO] [stdout] error[E0308]: mismatched types
[INFO] [stdout]   --> src/handlers/auth.rs:77:25
[INFO] [stdout]    |
[INFO] [stdout] 77 |         login(identity, get_data_pool(), Json(params)).await
[INFO] [stdout]    |         -----           ^^^^^^^^^^^^^^^ expected `PgConnection`, found `MysqlConnection`
[INFO] [stdout]    |         |
[INFO] [stdout]    |         arguments to this function are incorrect
[INFO] [stdout]    |
[INFO] [stdout]    = note: expected struct `actix_web::web::Data<r2d2::Pool<ConnectionManager<PgConnection>>>`
[INFO] [stdout]               found struct `actix_web::web::Data<r2d2::Pool<ConnectionManager<MysqlConnection>>>`
[INFO] [stdout] note: function defined here
[INFO] [stdout]   --> src/handlers/auth.rs:27:14
[INFO] [stdout]    |
[INFO] [stdout] 27 | pub async fn login(
[INFO] [stdout]    |              ^^^^^
[INFO] [stdout] 28 |     id: Identity,
[INFO] [stdout] 29 |     pool: Data<PoolType>,
[INFO] [stdout]    |     --------------------
[INFO] [stdout] 
[INFO] [stdout] 
[INFO] [stdout] error[E0308]: mismatched types
[INFO] [stdout]    --> src/handlers/user.rs:159:17
[INFO] [stdout]     |
[INFO] [stdout] 159 |         get_all(&pool).unwrap()
[INFO] [stdout]     |         ------- ^^^^^ expected `PgConnection`, found `MysqlConnection`
[INFO] [stdout]     |         |
[INFO] [stdout]     |         arguments to this function are incorrect
[INFO] [stdout]     |
[INFO] [stdout]     = note: expected reference `&r2d2::Pool<ConnectionManager<PgConnection>>`
[INFO] [stdout]                found reference `&r2d2::Pool<ConnectionManager<MysqlConnection>>`
[INFO] [stdout] note: function defined here
[INFO] [stdout]    --> src/models/user.rs:53:8
[INFO] [stdout]     |
[INFO] [stdout] 53  | pub fn get_all(pool: &PoolType) -> Result<UsersResponse, ApiError> {
[INFO] [stdout]     |        ^^^^^^^ ---------------
[INFO] [stdout] 
[INFO] [stdout] 
[INFO] [stdout] error[E0308]: mismatched types
[INFO] [stdout]    --> src/handlers/user.rs:170:42
[INFO] [stdout]     |
[INFO] [stdout] 170 |         let response = get_user(user_id, get_data_pool()).await.unwrap();
[INFO] [stdout]     |                        --------          ^^^^^^^^^^^^^^^ expected `PgConnection`, found `MysqlConnection`
[INFO] [stdout]     |                        |
[INFO] [stdout]     |                        arguments to this function are incorrect
[INFO] [stdout]     |
[INFO] [stdout]     = note: expected struct `actix_web::web::Data<r2d2::Pool<ConnectionManager<PgConnection>>>`
[INFO] [stdout]                found struct `actix_web::web::Data<r2d2::Pool<ConnectionManager<MysqlConnection>>>`
[INFO] [stdout] note: function defined here
[INFO] [stdout]    --> src/handlers/user.rs:66:14
[INFO] [stdout]     |
[INFO] [stdout] 66  | pub async fn get_user(
[INFO] [stdout]     |              ^^^^^^^^
[INFO] [stdout] 67  |     user_id: Path<Uuid>,
[INFO] [stdout] 68  |     pool: Data<PoolType>,
[INFO] [stdout]     |     --------------------
[INFO] [stdout] 
[INFO] [stdout] 
[INFO] [stdout] error[E0308]: mismatched types
[INFO] [stdout]    --> src/handlers/user.rs:178:42
[INFO] [stdout]     |
[INFO] [stdout] 178 |         let response = get_user(user_id, get_data_pool()).await;
[INFO] [stdout]     |                        --------          ^^^^^^^^^^^^^^^ expected `PgConnection`, found `MysqlConnection`
[INFO] [stdout]     |                        |
[INFO] [stdout]     |                        arguments to this function are incorrect
[INFO] [stdout]     |
[INFO] [stdout]     = note: expected struct `actix_web::web::Data<r2d2::Pool<ConnectionManager<PgConnection>>>`
[INFO] [stdout]                found struct `actix_web::web::Data<r2d2::Pool<ConnectionManager<MysqlConnection>>>`
[INFO] [stdout] note: function defined here
[INFO] [stdout]    --> src/handlers/user.rs:66:14
[INFO] [stdout]     |
[INFO] [stdout] 66  | pub async fn get_user(
[INFO] [stdout]     |              ^^^^^^^^
[INFO] [stdout] 67  |     user_id: Path<Uuid>,
[INFO] [stdout] 68  |     pool: Data<PoolType>,
[INFO] [stdout]     |     --------------------
[INFO] [stdout] 
[INFO] [stdout] 
[INFO] [stdout] error[E0308]: mismatched types
[INFO] [stdout]    --> src/handlers/user.rs:186:34
[INFO] [stdout]     |
[INFO] [stdout] 186 |         let response = get_users(get_data_pool()).await;
[INFO] [stdout]     |                        --------- ^^^^^^^^^^^^^^^ expected `PgConnection`, found `MysqlConnection`
[INFO] [stdout]     |                        |
[INFO] [stdout]     |                        arguments to this function are incorrect
[INFO] [stdout]     |
[INFO] [stdout]     = note: expected struct `actix_web::web::Data<r2d2::Pool<ConnectionManager<PgConnection>>>`
[INFO] [stdout]                found struct `actix_web::web::Data<r2d2::Pool<ConnectionManager<MysqlConnection>>>`
[INFO] [stdout] note: function defined here
[INFO] [stdout]    --> src/handlers/user.rs:75:14
[INFO] [stdout]     |
[INFO] [stdout] 75  | pub async fn get_users(pool: Data<PoolType>) -> Result<Json<UsersResponse>, ApiError> {
[INFO] [stdout]     |              ^^^^^^^^^ --------------------
[INFO] [stdout] 
[INFO] [stdout] 
[INFO] [stdout] error[E0308]: mismatched types
[INFO] [stdout]    --> src/handlers/user.rs:199:36
[INFO] [stdout]     |
[INFO] [stdout] 199 |         let response = create_user(get_data_pool(), Json(params.clone()))
[INFO] [stdout]     |                        ----------- ^^^^^^^^^^^^^^^ expected `PgConnection`, found `MysqlConnection`
[INFO] [stdout]     |                        |
[INFO] [stdout]     |                        arguments to this function are incorrect
[INFO] [stdout]     |
[INFO] [stdout]     = note: expected struct `actix_web::web::Data<r2d2::Pool<ConnectionManager<PgConnection>>>`
[INFO] [stdout]                found struct `actix_web::web::Data<r2d2::Pool<ConnectionManager<MysqlConnection>>>`
[INFO] [stdout] note: function defined here
[INFO] [stdout]    --> src/handlers/user.rs:81:14
[INFO] [stdout]     |
[INFO] [stdout] 81  | pub async fn create_user(
[INFO] [stdout]     |              ^^^^^^^^^^^
[INFO] [stdout] 82  |     pool: Data<PoolType>,
[INFO] [stdout]     |     --------------------
[INFO] [stdout] 
[INFO] [stdout] 
[INFO] [stdout] error[E0308]: mismatched types
[INFO] [stdout]    --> src/handlers/user.rs:214:45
[INFO] [stdout]     |
[INFO] [stdout] 214 |         let response = update_user(user_id, get_data_pool(), Json(params.clone()))
[INFO] [stdout]     |                        -----------          ^^^^^^^^^^^^^^^ expected `PgConnection`, found `MysqlConnection`
[INFO] [stdout]     |                        |
[INFO] [stdout]     |                        arguments to this function are incorrect
[INFO] [stdout]     |
[INFO] [stdout]     = note: expected struct `actix_web::web::Data<r2d2::Pool<ConnectionManager<PgConnection>>>`
[INFO] [stdout]                found struct `actix_web::web::Data<r2d2::Pool<ConnectionManager<MysqlConnection>>>`
[INFO] [stdout] note: function defined here
[INFO] [stdout]    --> src/handlers/user.rs:105:14
[INFO] [stdout]     |
[INFO] [stdout] 105 | pub async fn update_user(
[INFO] [stdout]     |              ^^^^^^^^^^^
[INFO] [stdout] 106 |     user_id: Path<Uuid>,
[INFO] [stdout] 107 |     pool: Data<PoolType>,
[INFO] [stdout]     |     --------------------
[INFO] [stdout] 
[INFO] [stdout] 
[INFO] [stdout] error[E0308]: mismatched types
[INFO] [stdout]    --> src/handlers/user.rs:225:25
[INFO] [stdout]     |
[INFO] [stdout] 225 |         let user = find(&get_pool(), user_id);
[INFO] [stdout]     |                    ---- ^^^^^^^^^^^ expected `PgConnection`, found `MysqlConnection`
[INFO] [stdout]     |                    |
[INFO] [stdout]     |                    arguments to this function are incorrect
[INFO] [stdout]     |
[INFO] [stdout]     = note: expected reference `&r2d2::Pool<ConnectionManager<PgConnection>>`
[INFO] [stdout]                found reference `&r2d2::Pool<ConnectionManager<MysqlConnection>>`
[INFO] [stdout] note: function defined here
[INFO] [stdout]    --> src/models/user.rs:63:8
[INFO] [stdout]     |
[INFO] [stdout] 63  | pub fn find(pool: &PoolType, user_id: Uuid) -> Result<UserResponse, ApiError> {
[INFO] [stdout]     |        ^^^^ ---------------
[INFO] [stdout] 
[INFO] [stdout] 
[INFO] [stdout] error[E0308]: mismatched types
[INFO] [stdout]    --> src/handlers/user.rs:227:35
[INFO] [stdout]     |
[INFO] [stdout] 227 |         delete_user(user_id_path, get_data_pool()).await.unwrap();
[INFO] [stdout]     |         -----------               ^^^^^^^^^^^^^^^ expected `PgConnection`, found `MysqlConnection`
[INFO] [stdout]     |         |
[INFO] [stdout]     |         arguments to this function are incorrect
[INFO] [stdout]     |
[INFO] [stdout]     = note: expected struct `actix_web::web::Data<r2d2::Pool<ConnectionManager<PgConnection>>>`
[INFO] [stdout]                found struct `actix_web::web::Data<r2d2::Pool<ConnectionManager<MysqlConnection>>>`
[INFO] [stdout] note: function defined here
[INFO] [stdout]    --> src/handlers/user.rs:126:14
[INFO] [stdout]     |
[INFO] [stdout] 126 | pub async fn delete_user(
[INFO] [stdout]     |              ^^^^^^^^^^^
[INFO] [stdout] 127 |     user_id: Path<Uuid>,
[INFO] [stdout] 128 |     pool: Data<PoolType>,
[INFO] [stdout]     |     --------------------
[INFO] [stdout] 
[INFO] [stdout] 
[INFO] [stdout] error[E0308]: mismatched types
[INFO] [stdout]    --> src/handlers/user.rs:228:25
[INFO] [stdout]     |
[INFO] [stdout] 228 |         let user = find(&get_pool(), user_id);
[INFO] [stdout]     |                    ---- ^^^^^^^^^^^ expected `PgConnection`, found `MysqlConnection`
[INFO] [stdout]     |                    |
[INFO] [stdout]     |                    arguments to this function are incorrect
[INFO] [stdout]     |
[INFO] [stdout]     = note: expected reference `&r2d2::Pool<ConnectionManager<PgConnection>>`
[INFO] [stdout]                found reference `&r2d2::Pool<ConnectionManager<MysqlConnection>>`
[INFO] [stdout] note: function defined here
[INFO] [stdout]    --> src/models/user.rs:63:8
[INFO] [stdout]     |
[INFO] [stdout] 63  | pub fn find(pool: &PoolType, user_id: Uuid) -> Result<UserResponse, ApiError> {
[INFO] [stdout]     |        ^^^^ ---------------
[INFO] [stdout] 
[INFO] [stdout] 
[INFO] [stdout] error[E0308]: mismatched types
[INFO] [stdout]    --> src/models/user.rs:149:17
[INFO] [stdout]     |
[INFO] [stdout] 149 |         get_all(&pool)
[INFO] [stdout]     |         ------- ^^^^^ expected `PgConnection`, found `MysqlConnection`
[INFO] [stdout]     |         |
[INFO] [stdout]     |         arguments to this function are incorrect
[INFO] [stdout]     |
[INFO] [stdout]     = note: expected reference `&r2d2::Pool<ConnectionManager<PgConnection>>`
[INFO] [stdout]                found reference `&r2d2::Pool<ConnectionManager<MysqlConnection>>`
[INFO] [stdout] note: function defined here
[INFO] [stdout]    --> src/models/user.rs:53:8
[INFO] [stdout]     |
[INFO] [stdout] 53  | pub fn get_all(pool: &PoolType) -> Result<UsersResponse, ApiError> {
[INFO] [stdout]     |        ^^^^^^^ ---------------
[INFO] [stdout] 
[INFO] [stdout] 
[INFO] [stdout] error[E0308]: mismatched types
[INFO] [stdout]    --> src/models/user.rs:164:16
[INFO] [stdout]     |
[INFO] [stdout] 164 |         create(&get_pool(), &user)
[INFO] [stdout]     |         ------ ^^^^^^^^^^^ expected `PgConnection`, found `MysqlConnection`
[INFO] [stdout]     |         |
[INFO] [stdout]     |         arguments to this function are incorrect
[INFO] [stdout]     |
[INFO] [stdout]     = note: expected reference `&r2d2::Pool<ConnectionManager<PgConnection>>`
[INFO] [stdout]                found reference `&r2d2::Pool<ConnectionManager<MysqlConnection>>`
[INFO] [stdout] note: function defined here
[INFO] [stdout]    --> src/models/user.rs:95:8
[INFO] [stdout]     |
[INFO] [stdout] 95  | pub fn create(pool: &PoolType, new_user: &User) -> Result<UserResponse, ApiError> {
[INFO] [stdout]     |        ^^^^^^ ---------------
[INFO] [stdout] 
[INFO] [stdout] 
[INFO] [stdout] error[E0308]: mismatched types
[INFO] [stdout]    --> src/models/user.rs:177:31
[INFO] [stdout]     |
[INFO] [stdout] 177 |         let found_user = find(&get_pool(), user.id).unwrap();
[INFO] [stdout]     |                          ---- ^^^^^^^^^^^ expected `PgConnection`, found `MysqlConnection`
[INFO] [stdout]     |                          |
[INFO] [stdout]     |                          arguments to this function are incorrect
[INFO] [stdout]     |
[INFO] [stdout]     = note: expected reference `&r2d2::Pool<ConnectionManager<PgConnection>>`
[INFO] [stdout]                found reference `&r2d2::Pool<ConnectionManager<MysqlConnection>>`
[INFO] [stdout] note: function defined here
[INFO] [stdout]    --> src/models/user.rs:63:8
[INFO] [stdout]     |
[INFO] [stdout] 63  | pub fn find(pool: &PoolType, user_id: Uuid) -> Result<UserResponse, ApiError> {
[INFO] [stdout]     |        ^^^^ ---------------
[INFO] [stdout] 
[INFO] [stdout] 
[INFO] [stdout] error[E0308]: mismatched types
[INFO] [stdout]    --> src/models/user.rs:184:35
[INFO] [stdout]     |
[INFO] [stdout] 184 |         let not_found_user = find(&get_pool(), user_id);
[INFO] [stdout]     |                              ---- ^^^^^^^^^^^ expected `PgConnection`, found `MysqlConnection`
[INFO] [stdout]     |                              |
[INFO] [stdout]     |                              arguments to this function are incorrect
[INFO] [stdout]     |
[INFO] [stdout]     = note: expected reference `&r2d2::Pool<ConnectionManager<PgConnection>>`
[INFO] [stdout]                found reference `&r2d2::Pool<ConnectionManager<MysqlConnection>>`
[INFO] [stdout] note: function defined here
[INFO] [stdout]    --> src/models/user.rs:63:8
[INFO] [stdout]     |
[INFO] [stdout] 63  | pub fn find(pool: &PoolType, user_id: Uuid) -> Result<UserResponse, ApiError> {
[INFO] [stdout]     |        ^^^^ ---------------
[INFO] [stdout] 
[INFO] [stdout] 
[INFO] [stdout] error[E0308]: mismatched types
[INFO] [stdout]    --> src/models/user.rs:193:31
[INFO] [stdout]     |
[INFO] [stdout] 193 |         let found_user = find(&get_pool(), unwrapped.id.clone()).unwrap();
[INFO] [stdout]     |                          ---- ^^^^^^^^^^^ expected `PgConnection`, found `MysqlConnection`
[INFO] [stdout]     |                          |
[INFO] [stdout]     |                          arguments to this function are incorrect
[INFO] [stdout]     |
[INFO] [stdout]     = note: expected reference `&r2d2::Pool<ConnectionManager<PgConnection>>`
[INFO] [stdout]                found reference `&r2d2::Pool<ConnectionManager<MysqlConnection>>`
[INFO] [stdout] note: function defined here
[INFO] [stdout]    --> src/models/user.rs:63:8
[INFO] [stdout]     |
[INFO] [stdout] 63  | pub fn find(pool: &PoolType, user_id: Uuid) -> Result<UserResponse, ApiError> {
[INFO] [stdout]     |        ^^^^ ---------------
[INFO] [stdout] 
[INFO] [stdout] 
[INFO] [stdout] error[E0308]: mismatched types
[INFO] [stdout]    --> src/models/user.rs:208:30
[INFO] [stdout]     |
[INFO] [stdout] 208 |         let updated = update(&get_pool(), &update_user);
[INFO] [stdout]     |                       ------ ^^^^^^^^^^^ expected `PgConnection`, found `MysqlConnection`
[INFO] [stdout]     |                       |
[INFO] [stdout]     |                       arguments to this function are incorrect
[INFO] [stdout]     |
[INFO] [stdout]     = note: expected reference `&r2d2::Pool<ConnectionManager<PgConnection>>`
[INFO] [stdout]                found reference `&r2d2::Pool<ConnectionManager<MysqlConnection>>`
[INFO] [stdout] note: function defined here
[INFO] [stdout]    --> src/models/user.rs:104:8
[INFO] [stdout]     |
[INFO] [stdout] 104 | pub fn update(pool: &PoolType, update_user: &UpdateUser) -> Result<UserResponse, ApiError> {
[INFO] [stdout]     |        ^^^^^^ ---------------
[INFO] [stdout] 
[INFO] [stdout] 
[INFO] [stdout] error[E0308]: mismatched types
[INFO] [stdout]    --> src/models/user.rs:210:31
[INFO] [stdout]     |
[INFO] [stdout] 210 |         let found_user = find(&get_pool(), user.id).unwrap();
[INFO] [stdout]     |                          ---- ^^^^^^^^^^^ expected `PgConnection`, found `MysqlConnection`
[INFO] [stdout]     |                          |
[INFO] [stdout]     |                          arguments to this function are incorrect
[INFO] [stdout]     |
[INFO] [stdout]     = note: expected reference `&r2d2::Pool<ConnectionManager<PgConnection>>`
[INFO] [stdout]                found reference `&r2d2::Pool<ConnectionManager<MysqlConnection>>`
[INFO] [stdout] note: function defined here
[INFO] [stdout]    --> src/models/user.rs:63:8
[INFO] [stdout]     |
[INFO] [stdout] 63  | pub fn find(pool: &PoolType, user_id: Uuid) -> Result<UserResponse, ApiError> {
[INFO] [stdout]     |        ^^^^ ---------------
[INFO] [stdout] 
[INFO] [stdout] 
[INFO] [stdout] error[E0308]: mismatched types
[INFO] [stdout]    --> src/models/user.rs:224:30
[INFO] [stdout]     |
[INFO] [stdout] 224 |         let updated = update(&get_pool(), &update_user);
[INFO] [stdout]     |                       ------ ^^^^^^^^^^^ expected `PgConnection`, found `MysqlConnection`
[INFO] [stdout]     |                       |
[INFO] [stdout]     |                       arguments to this function are incorrect
[INFO] [stdout]     |
[INFO] [stdout]     = note: expected reference `&r2d2::Pool<ConnectionManager<PgConnection>>`
[INFO] [stdout]                found reference `&r2d2::Pool<ConnectionManager<MysqlConnection>>`
[INFO] [stdout] note: function defined here
[INFO] [stdout]    --> src/models/user.rs:104:8
[INFO] [stdout]     |
[INFO] [stdout] 104 | pub fn update(pool: &PoolType, update_user: &UpdateUser) -> Result<UserResponse, ApiError> {
[INFO] [stdout]     |        ^^^^^^ ---------------
[INFO] [stdout] 
[INFO] [stdout] 
[INFO] [stdout] error[E0308]: mismatched types
[INFO] [stdout]    --> src/models/user.rs:232:25
[INFO] [stdout]     |
[INFO] [stdout] 232 |         let user = find(&get_pool(), user_id);
[INFO] [stdout]     |                    ---- ^^^^^^^^^^^ expected `PgConnection`, found `MysqlConnection`
[INFO] [stdout]     |                    |
[INFO] [stdout]     |                    arguments to this function are incorrect
[INFO] [stdout]     |
[INFO] [stdout]     = note: expected reference `&r2d2::Pool<ConnectionManager<PgConnection>>`
[INFO] [stdout]                found reference `&r2d2::Pool<ConnectionManager<MysqlConnection>>`
[INFO] [stdout] note: function defined here
[INFO] [stdout]    --> src/models/user.rs:63:8
[INFO] [stdout]     |
[INFO] [stdout] 63  | pub fn find(pool: &PoolType, user_id: Uuid) -> Result<UserResponse, ApiError> {
[INFO] [stdout]     |        ^^^^ ---------------
[INFO] [stdout] 
[INFO] [stdout] 
[INFO] [stdout] error[E0308]: mismatched types
[INFO] [stdout]    --> src/models/user.rs:234:16
[INFO] [stdout]     |
[INFO] [stdout] 234 |         delete(&get_pool(), user_id).unwrap();
[INFO] [stdout]     |         ------ ^^^^^^^^^^^ expected `PgConnection`, found `MysqlConnection`
[INFO] [stdout]     |         |
[INFO] [stdout]     |         arguments to this function are incorrect
[INFO] [stdout]     |
[INFO] [stdout]     = note: expected reference `&r2d2::Pool<ConnectionManager<PgConnection>>`
[INFO] [stdout]                found reference `&r2d2::Pool<ConnectionManager<MysqlConnection>>`
[INFO] [stdout] note: function defined here
[INFO] [stdout]    --> src/models/user.rs:116:8
[INFO] [stdout]     |
[INFO] [stdout] 116 | pub fn delete(pool: &PoolType, user_id: Uuid) -> Result<(), ApiError> {
[INFO] [stdout]     |        ^^^^^^ ---------------
[INFO] [stdout] 
[INFO] [stdout] 
[INFO] [stdout] error[E0308]: mismatched types
[INFO] [stdout]    --> src/models/user.rs:235:25
[INFO] [stdout]     |
[INFO] [stdout] 235 |         let user = find(&get_pool(), user_id);
[INFO] [stdout]     |                    ---- ^^^^^^^^^^^ expected `PgConnection`, found `MysqlConnection`
[INFO] [stdout]     |                    |
[INFO] [stdout]     |                    arguments to this function are incorrect
[INFO] [stdout]     |
[INFO] [stdout]     = note: expected reference `&r2d2::Pool<ConnectionManager<PgConnection>>`
[INFO] [stdout]                found reference `&r2d2::Pool<ConnectionManager<MysqlConnection>>`
[INFO] [stdout] note: function defined here
[INFO] [stdout]    --> src/models/user.rs:63:8
[INFO] [stdout]     |
[INFO] [stdout] 63  | pub fn find(pool: &PoolType, user_id: Uuid) -> Result<UserResponse, ApiError> {
[INFO] [stdout]     |        ^^^^ ---------------
[INFO] [stdout] 
[INFO] [stdout] 
[INFO] [stdout] error: aborting due to 21 previous errors; 1 warning emitted
[INFO] [stdout] 
[INFO] [stdout] 
[INFO] [stdout] For more information about this error, try `rustc --explain E0308`.
[INFO] [stdout] 
[INFO] [stderr] error: could not compile `aqblog` due to 22 previous errors; 1 warning emitted
[INFO] running `Command { std: "docker" "inspect" "d0501808bbdf34d19d6330214e48dbda0a27b4d5f3a4a26fe1d2acb75edc38d0", kill_on_drop: false }`
[INFO] running `Command { std: "docker" "rm" "-f" "d0501808bbdf34d19d6330214e48dbda0a27b4d5f3a4a26fe1d2acb75edc38d0", kill_on_drop: false }`
[INFO] [stdout] d0501808bbdf34d19d6330214e48dbda0a27b4d5f3a4a26fe1d2acb75edc38d0
