[INFO] cloning repository https://github.com/aq1018/fgo-import
[INFO] running `Command { std: "git" "-c" "credential.helper=" "-c" "credential.helper=/workspace/cargo-home/bin/git-credential-null" "clone" "--bare" "https://github.com/aq1018/fgo-import" "/workspace/cache/git-repos/https%3A%2F%2Fgithub.com%2Faq1018%2Ffgo-import", kill_on_drop: false }`
[INFO] [stderr] Cloning into bare repository '/workspace/cache/git-repos/https%3A%2F%2Fgithub.com%2Faq1018%2Ffgo-import'...
[INFO] [stderr] error: file write error: No space left on device
[INFO] [stderr] fatal: unable to write loose object file
[INFO] [stderr] fatal: unpack-objects failed
[WARN] Retrying crate fetch in 3 seconds (attempt 1)
[INFO] cloning repository https://github.com/aq1018/fgo-import
[INFO] running `Command { std: "git" "-c" "credential.helper=" "-c" "credential.helper=/workspace/cargo-home/bin/git-credential-null" "clone" "--bare" "https://github.com/aq1018/fgo-import" "/workspace/cache/git-repos/https%3A%2F%2Fgithub.com%2Faq1018%2Ffgo-import", kill_on_drop: false }`
[INFO] [stderr] Cloning into bare repository '/workspace/cache/git-repos/https%3A%2F%2Fgithub.com%2Faq1018%2Ffgo-import'...
[INFO] [stderr] error: unable to create temporary file: No space left on device
[INFO] [stderr] fatal: failed to write object
[INFO] [stderr] fatal: unpack-objects failed
[WARN] Retrying crate fetch in 3 seconds (attempt 2)
[INFO] cloning repository https://github.com/aq1018/fgo-import
[INFO] running `Command { std: "git" "-c" "credential.helper=" "-c" "credential.helper=/workspace/cargo-home/bin/git-credential-null" "clone" "--bare" "https://github.com/aq1018/fgo-import" "/workspace/cache/git-repos/https%3A%2F%2Fgithub.com%2Faq1018%2Ffgo-import", kill_on_drop: false }`
[INFO] [stderr] Cloning into bare repository '/workspace/cache/git-repos/https%3A%2F%2Fgithub.com%2Faq1018%2Ffgo-import'...
[INFO] [stderr] error: file write error: No space left on device
[INFO] [stderr] fatal: unable to write loose object file
[INFO] [stderr] fatal: unpack-objects failed
[WARN] Retrying crate fetch in 3 seconds (attempt 3)
[INFO] cloning repository https://github.com/aq1018/fgo-import
[INFO] running `Command { std: "git" "-c" "credential.helper=" "-c" "credential.helper=/workspace/cargo-home/bin/git-credential-null" "clone" "--bare" "https://github.com/aq1018/fgo-import" "/workspace/cache/git-repos/https%3A%2F%2Fgithub.com%2Faq1018%2Ffgo-import", kill_on_drop: false }`
[INFO] [stderr] Cloning into bare repository '/workspace/cache/git-repos/https%3A%2F%2Fgithub.com%2Faq1018%2Ffgo-import'...
[INFO] [stderr] error: unable to create temporary file: No space left on device
[INFO] [stderr] fatal: failed to write object
[INFO] [stderr] fatal: unpack-objects failed
[WARN] Retrying crate fetch in 3 seconds (attempt 4)
[INFO] cloning repository https://github.com/aq1018/fgo-import
[INFO] running `Command { std: "git" "-c" "credential.helper=" "-c" "credential.helper=/workspace/cargo-home/bin/git-credential-null" "clone" "--bare" "https://github.com/aq1018/fgo-import" "/workspace/cache/git-repos/https%3A%2F%2Fgithub.com%2Faq1018%2Ffgo-import", kill_on_drop: false }`
[INFO] [stderr] Cloning into bare repository '/workspace/cache/git-repos/https%3A%2F%2Fgithub.com%2Faq1018%2Ffgo-import'...
[INFO] [stderr] error: file write error: No space left on device
[INFO] [stderr] fatal: unable to write loose object file
[INFO] [stderr] fatal: unpack-objects failed
[WARN] Retrying crate fetch in 3 seconds (attempt 5)
[INFO] cloning repository https://github.com/aq1018/fgo-import
[INFO] running `Command { std: "git" "-c" "credential.helper=" "-c" "credential.helper=/workspace/cargo-home/bin/git-credential-null" "clone" "--bare" "https://github.com/aq1018/fgo-import" "/workspace/cache/git-repos/https%3A%2F%2Fgithub.com%2Faq1018%2Ffgo-import", kill_on_drop: false }`
[INFO] [stderr] Cloning into bare repository '/workspace/cache/git-repos/https%3A%2F%2Fgithub.com%2Faq1018%2Ffgo-import'...
[INFO] [stderr] error: file write error: No space left on device
[INFO] [stderr] fatal: unable to write loose object file
[INFO] [stderr] fatal: unpack-objects failed
[WARN] Retrying crate fetch in 3 seconds (attempt 6)
[INFO] cloning repository https://github.com/aq1018/fgo-import
[INFO] running `Command { std: "git" "-c" "credential.helper=" "-c" "credential.helper=/workspace/cargo-home/bin/git-credential-null" "clone" "--bare" "https://github.com/aq1018/fgo-import" "/workspace/cache/git-repos/https%3A%2F%2Fgithub.com%2Faq1018%2Ffgo-import", kill_on_drop: false }`
[INFO] [stderr] Cloning into bare repository '/workspace/cache/git-repos/https%3A%2F%2Fgithub.com%2Faq1018%2Ffgo-import'...
[INFO] running `Command { std: "git" "rev-parse" "HEAD", kill_on_drop: false }`
[INFO] [stdout] 79971af0ad771f3d40fe56c7fa74bc5522192549
[INFO] testing aq1018/fgo-import against 1.69.0 for beta-1.70-1
[INFO] running `Command { std: "git" "clone" "/workspace/cache/git-repos/https%3A%2F%2Fgithub.com%2Faq1018%2Ffgo-import" "/workspace/builds/worker-0-tc1/source", kill_on_drop: false }`
[INFO] [stderr] Cloning into '/workspace/builds/worker-0-tc1/source'...
[INFO] [stderr] done.
[INFO] validating manifest of git repo https://github.com/aq1018/fgo-import on toolchain 1.69.0
[INFO] running `Command { std: CARGO_HOME="/workspace/cargo-home" RUSTUP_HOME="/workspace/rustup-home" "/workspace/cargo-home/bin/cargo" "+1.69.0" "metadata" "--manifest-path" "Cargo.toml" "--no-deps", kill_on_drop: false }`
[INFO] started tweaking git repo https://github.com/aq1018/fgo-import
[INFO] finished tweaking git repo https://github.com/aq1018/fgo-import
[INFO] tweaked toml for git repo https://github.com/aq1018/fgo-import written to /workspace/builds/worker-0-tc1/source/Cargo.toml
[INFO] crate git repo https://github.com/aq1018/fgo-import already has a lockfile, it will not be regenerated
[INFO] running `Command { std: CARGO_HOME="/workspace/cargo-home" RUSTUP_HOME="/workspace/rustup-home" "/workspace/cargo-home/bin/cargo" "+1.69.0" "fetch" "--manifest-path" "Cargo.toml", kill_on_drop: false }`
[INFO] [stderr]  Downloading crates ...
[INFO] [stderr]   Downloaded siphasher v0.3.1
[INFO] [stderr]   Downloaded postgres-types v0.1.0
[INFO] [stderr]   Downloaded postgres v0.17.0
[INFO] [stderr]   Downloaded postgres-protocol v0.5.0
[INFO] [stderr]   Downloaded tokio-postgres v0.5.1
[INFO] [stderr]   Downloaded tokio v0.2.6
[INFO] running `Command { std: "docker" "create" "-v" "/var/lib/crater-agent-workspace/builds/worker-0-tc1/target:/opt/rustwide/target:rw,Z" "-v" "/var/lib/crater-agent-workspace/builds/worker-0-tc1/source:/opt/rustwide/workdir:ro,Z" "-v" "/var/lib/crater-agent-workspace/cargo-home:/opt/rustwide/cargo-home:ro,Z" "-v" "/var/lib/crater-agent-workspace/rustup-home:/opt/rustwide/rustup-home:ro,Z" "-e" "SOURCE_DIR=/opt/rustwide/workdir" "-e" "CARGO_TARGET_DIR=/opt/rustwide/target" "-e" "CARGO_HOME=/opt/rustwide/cargo-home" "-e" "RUSTUP_HOME=/opt/rustwide/rustup-home" "-w" "/opt/rustwide/workdir" "-m" "1610612736" "--user" "0:0" "--network" "none" "ghcr.io/rust-lang/crates-build-env/linux@sha256:97d61d7686bf65f8ecb15491ab51835e82dc9176a96a831f143a431b191fc501" "/opt/rustwide/cargo-home/bin/cargo" "+1.69.0" "metadata" "--no-deps" "--format-version=1", kill_on_drop: false }`
[INFO] [stdout] 341b96804784f7df1d59806ab1867b5eabb3f87b6ff614273aa9adaea3def043
[INFO] running `Command { std: "docker" "start" "-a" "341b96804784f7df1d59806ab1867b5eabb3f87b6ff614273aa9adaea3def043", kill_on_drop: false }`
[INFO] running `Command { std: "docker" "inspect" "341b96804784f7df1d59806ab1867b5eabb3f87b6ff614273aa9adaea3def043", kill_on_drop: false }`
[INFO] running `Command { std: "docker" "rm" "-f" "341b96804784f7df1d59806ab1867b5eabb3f87b6ff614273aa9adaea3def043", kill_on_drop: false }`
[INFO] [stdout] 341b96804784f7df1d59806ab1867b5eabb3f87b6ff614273aa9adaea3def043
[INFO] running `Command { std: "docker" "create" "-v" "/var/lib/crater-agent-workspace/builds/worker-0-tc1/target:/opt/rustwide/target:rw,Z" "-v" "/var/lib/crater-agent-workspace/builds/worker-0-tc1/source:/opt/rustwide/workdir:ro,Z" "-v" "/var/lib/crater-agent-workspace/cargo-home:/opt/rustwide/cargo-home:ro,Z" "-v" "/var/lib/crater-agent-workspace/rustup-home:/opt/rustwide/rustup-home:ro,Z" "-e" "SOURCE_DIR=/opt/rustwide/workdir" "-e" "CARGO_TARGET_DIR=/opt/rustwide/target" "-e" "CARGO_INCREMENTAL=0" "-e" "RUST_BACKTRACE=full" "-e" "RUSTFLAGS=--cap-lints=warn" "-e" "RUSTDOCFLAGS=--cap-lints=warn" "-e" "CARGO_HOME=/opt/rustwide/cargo-home" "-e" "RUSTUP_HOME=/opt/rustwide/rustup-home" "-w" "/opt/rustwide/workdir" "-m" "1610612736" "--user" "0:0" "--network" "none" "ghcr.io/rust-lang/crates-build-env/linux@sha256:97d61d7686bf65f8ecb15491ab51835e82dc9176a96a831f143a431b191fc501" "/opt/rustwide/cargo-home/bin/cargo" "+1.69.0" "build" "--frozen" "--message-format=json", kill_on_drop: false }`
[INFO] [stdout] 50ea325135ad4d248799da526e3385141441cb4610d98886b94d45a773ebc3d1
[INFO] running `Command { std: "docker" "start" "-a" "50ea325135ad4d248799da526e3385141441cb4610d98886b94d45a773ebc3d1", kill_on_drop: false }`
[INFO] [stderr]    Compiling libc v0.2.66
[INFO] [stderr]    Compiling cfg-if v0.1.10
[INFO] [stderr]    Compiling proc-macro2 v1.0.6
[INFO] [stderr]    Compiling typenum v1.11.2
[INFO] [stderr]    Compiling unicode-xid v0.2.0
[INFO] [stderr]    Compiling syn v1.0.11
[INFO] [stderr]    Compiling memchr v2.2.1
[INFO] [stderr]    Compiling getrandom v0.1.13
[INFO] [stderr]    Compiling slab v0.4.2
[INFO] [stderr]    Compiling log v0.4.8
[INFO] [stderr]    Compiling byteorder v1.3.2
[INFO] [stderr]    Compiling smallvec v1.1.0
[INFO] [stderr]    Compiling futures-sink v0.3.1
[INFO] [stderr]    Compiling futures-core v0.3.1
[INFO] [stderr]    Compiling proc-macro-nested v0.1.3
[INFO] [stderr]    Compiling ppv-lite86 v0.2.6
[INFO] [stderr]    Compiling byte-tools v0.3.1
[INFO] [stderr]    Compiling bytes v0.5.3
[INFO] [stderr]    Compiling matches v0.1.8
[INFO] [stderr]    Compiling subtle v1.0.0
[INFO] [stderr]    Compiling block-padding v0.1.5
[INFO] [stderr]    Compiling futures-channel v0.3.1
[INFO] [stderr]    Compiling unicode-bidi v0.3.4
[INFO] [stderr]    Compiling unicode-normalization v0.1.11
[INFO] [stderr] LLVM ERROR: IO failure on output stream: No space left on device
[INFO] [stdout] error: linking with `cc` failed: exit status: 1
[INFO] [stdout]   |
[INFO] [stdout]   = note: LC_ALL="C" PATH="/opt/rustwide/rustup-home/toolchains/1.69.0-x86_64-unknown-linux-gnu/lib/rustlib/x86_64-unknown-linux-gnu/bin:/opt/rustwide/cargo-home/bin:/usr/local/sbin:/usr/local/bin:/usr/sbin:/usr/bin:/sbin:/bin" VSLANG="1033" "cc" "-m64" "/tmp/rustcT2bxui/symbols.o" "/opt/rustwide/target/debug/build/log-f783ee0a67c6a876/build_script_build-f783ee0a67c6a876.build_script_build.3b5366bd-cgu.0.rcgu.o" "/opt/rustwide/target/debug/build/log-f783ee0a67c6a876/build_script_build-f783ee0a67c6a876.build_script_build.3b5366bd-cgu.1.rcgu.o" "/opt/rustwide/target/debug/build/log-f783ee0a67c6a876/build_script_build-f783ee0a67c6a876.build_script_build.3b5366bd-cgu.10.rcgu.o" "/opt/rustwide/target/debug/build/log-f783ee0a67c6a876/build_script_build-f783ee0a67c6a876.build_script_build.3b5366bd-cgu.11.rcgu.o" "/opt/rustwide/target/debug/build/log-f783ee0a67c6a876/build_script_build-f783ee0a67c6a876.build_script_build.3b5366bd-cgu.12.rcgu.o" "/opt/rustwide/target/debug/build/log-f783ee0a67c6a876/build_script_build-f783ee0a67c6a876.build_script_build.3b5366bd-cgu.13.rcgu.o" "/opt/rustwide/target/debug/build/log-f783ee0a67c6a876/build_script_build-f783ee0a67c6a876.build_script_build.3b5366bd-cgu.14.rcgu.o" "/opt/rustwide/target/debug/build/log-f783ee0a67c6a876/build_script_build-f783ee0a67c6a876.build_script_build.3b5366bd-cgu.15.rcgu.o" "/opt/rustwide/target/debug/build/log-f783ee0a67c6a876/build_script_build-f783ee0a67c6a876.build_script_build.3b5366bd-cgu.2.rcgu.o" "/opt/rustwide/target/debug/build/log-f783ee0a67c6a876/build_script_build-f783ee0a67c6a876.build_script_build.3b5366bd-cgu.3.rcgu.o" "/opt/rustwide/target/debug/build/log-f783ee0a67c6a876/build_script_build-f783ee0a67c6a876.build_script_build.3b5366bd-cgu.4.rcgu.o" "/opt/rustwide/target/debug/build/log-f783ee0a67c6a876/build_script_build-f783ee0a67c6a876.build_script_build.3b5366bd-cgu.5.rcgu.o" "/opt/rustwide/target/debug/build/log-f783ee0a67c6a876/build_script_build-f783ee0a67c6a876.build_script_build.3b5366bd-cgu.6.rcgu.o" "/opt/rustwide/target/debug/build/log-f783ee0a67c6a876/build_script_build-f783ee0a67c6a876.build_script_build.3b5366bd-cgu.7.rcgu.o" "/opt/rustwide/target/debug/build/log-f783ee0a67c6a876/build_script_build-f783ee0a67c6a876.build_script_build.3b5366bd-cgu.8.rcgu.o" "/opt/rustwide/target/debug/build/log-f783ee0a67c6a876/build_script_build-f783ee0a67c6a876.build_script_build.3b5366bd-cgu.9.rcgu.o" "/opt/rustwide/target/debug/build/log-f783ee0a67c6a876/build_script_build-f783ee0a67c6a876.646q3jv5bq0mfgt.rcgu.o" "-Wl,--as-needed" "-L" "/opt/rustwide/target/debug/deps" "-L" "/opt/rustwide/rustup-home/toolchains/1.69.0-x86_64-unknown-linux-gnu/lib/rustlib/x86_64-unknown-linux-gnu/lib" "-Wl,-Bstatic" "/opt/rustwide/rustup-home/toolchains/1.69.0-x86_64-unknown-linux-gnu/lib/rustlib/x86_64-unknown-linux-gnu/lib/libstd-89bc084783fdc439.rlib" "/opt/rustwide/rustup-home/toolchains/1.69.0-x86_64-unknown-linux-gnu/lib/rustlib/x86_64-unknown-linux-gnu/lib/libpanic_unwind-8bee4b287d4367c1.rlib" "/opt/rustwide/rustup-home/toolchains/1.69.0-x86_64-unknown-linux-gnu/lib/rustlib/x86_64-unknown-linux-gnu/lib/libobject-d61707aed80694c0.rlib" "/opt/rustwide/rustup-home/toolchains/1.69.0-x86_64-unknown-linux-gnu/lib/rustlib/x86_64-unknown-linux-gnu/lib/libmemchr-d85366256f22345b.rlib" "/opt/rustwide/rustup-home/toolchains/1.69.0-x86_64-unknown-linux-gnu/lib/rustlib/x86_64-unknown-linux-gnu/lib/libaddr2line-96069b86b8a8cae9.rlib" "/opt/rustwide/rustup-home/toolchains/1.69.0-x86_64-unknown-linux-gnu/lib/rustlib/x86_64-unknown-linux-gnu/lib/libgimli-d19d53abf68dfa6c.rlib" "/opt/rustwide/rustup-home/toolchains/1.69.0-x86_64-unknown-linux-gnu/lib/rustlib/x86_64-unknown-linux-gnu/lib/librustc_demangle-787cbccd19d64ac6.rlib" "/opt/rustwide/rustup-home/toolchains/1.69.0-x86_64-unknown-linux-gnu/lib/rustlib/x86_64-unknown-linux-gnu/lib/libstd_detect-b3837a36b830e0d0.rlib" "/opt/rustwide/rustup-home/toolchains/1.69.0-x86_64-unknown-linux-gnu/lib/rustlib/x86_64-unknown-linux-gnu/lib/libhashbrown-e3deb0e7e3f04966.rlib" "/opt/rustwide/rustup-home/toolchains/1.69.0-x86_64-unknown-linux-gnu/lib/rustlib/x86_64-unknown-linux-gnu/lib/libminiz_oxide-dabbb79c9815def4.rlib" "/opt/rustwide/rustup-home/toolchains/1.69.0-x86_64-unknown-linux-gnu/lib/rustlib/x86_64-unknown-linux-gnu/lib/libadler-305b01f34c9409f2.rlib" "/opt/rustwide/rustup-home/toolchains/1.69.0-x86_64-unknown-linux-gnu/lib/rustlib/x86_64-unknown-linux-gnu/lib/librustc_std_workspace_alloc-f833521df6074e73.rlib" "/opt/rustwide/rustup-home/toolchains/1.69.0-x86_64-unknown-linux-gnu/lib/rustlib/x86_64-unknown-linux-gnu/lib/libunwind-9ac333113350d171.rlib" "/opt/rustwide/rustup-home/toolchains/1.69.0-x86_64-unknown-linux-gnu/lib/rustlib/x86_64-unknown-linux-gnu/lib/libcfg_if-1c126114322d0eee.rlib" "/opt/rustwide/rustup-home/toolchains/1.69.0-x86_64-unknown-linux-gnu/lib/rustlib/x86_64-unknown-linux-gnu/lib/liblibc-bad9164fdeeecf92.rlib" "/opt/rustwide/rustup-home/toolchains/1.69.0-x86_64-unknown-linux-gnu/lib/rustlib/x86_64-unknown-linux-gnu/lib/liballoc-f9374b1e480fa681.rlib" "/opt/rustwide/rustup-home/toolchains/1.69.0-x86_64-unknown-linux-gnu/lib/rustlib/x86_64-unknown-linux-gnu/lib/librustc_std_workspace_core-207f06e41d9603af.rlib" "/opt/rustwide/rustup-home/toolchains/1.69.0-x86_64-unknown-linux-gnu/lib/rustlib/x86_64-unknown-linux-gnu/lib/libcore-7e2768e66e984e85.rlib" "/opt/rustwide/rustup-home/toolchains/1.69.0-x86_64-unknown-linux-gnu/lib/rustlib/x86_64-unknown-linux-gnu/lib/libcompiler_builtins-957b4aff41f8cd46.rlib" "-Wl,-Bdynamic" "-lgcc_s" "-lutil" "-lrt" "-lpthread" "-lm" "-ldl" "-lc" "-Wl,--eh-frame-hdr" "-Wl,-z,noexecstack" "-L" "/opt/rustwide/rustup-home/toolchains/1.69.0-x86_64-unknown-linux-gnu/lib/rustlib/x86_64-unknown-linux-gnu/lib" "-o" "/opt/rustwide/target/debug/build/log-f783ee0a67c6a876/build_script_build-f783ee0a67c6a876" "-Wl,--gc-sections" "-pie" "-Wl,-z,relro,-z,now" "-nodefaultlibs"
[INFO] [stdout]   = note: /usr/bin/ld: final link failed: No space left on device
[INFO] [stdout]           collect2: error: ld returned 1 exit status
[INFO] [stdout]           
[INFO] [stdout] 
[INFO] [stdout] 
[INFO] [stdout] error: aborting due to previous error
[INFO] [stdout] 
[INFO] [stdout] 
[INFO] [stderr] error: could not compile `memchr`
[INFO] [stderr] warning: build failed, waiting for other jobs to finish...
[INFO] [stdout] error: linking with `cc` failed: exit status: 1
[INFO] [stdout]   |
[INFO] [stdout]   = note: LC_ALL="C" PATH="/opt/rustwide/rustup-home/toolchains/1.69.0-x86_64-unknown-linux-gnu/lib/rustlib/x86_64-unknown-linux-gnu/bin:/opt/rustwide/cargo-home/bin:/usr/local/sbin:/usr/local/bin:/usr/sbin:/usr/bin:/sbin:/bin" VSLANG="1033" "cc" "-m64" "/tmp/rustcOqbFmE/symbols.o" "/opt/rustwide/target/debug/build/getrandom-d586bb9e437c85b2/build_script_build-d586bb9e437c85b2.build_script_build.679489c5-cgu.0.rcgu.o" "/opt/rustwide/target/debug/build/getrandom-d586bb9e437c85b2/build_script_build-d586bb9e437c85b2.build_script_build.679489c5-cgu.1.rcgu.o" "/opt/rustwide/target/debug/build/getrandom-d586bb9e437c85b2/build_script_build-d586bb9e437c85b2.build_script_build.679489c5-cgu.10.rcgu.o" "/opt/rustwide/target/debug/build/getrandom-d586bb9e437c85b2/build_script_build-d586bb9e437c85b2.build_script_build.679489c5-cgu.11.rcgu.o" "/opt/rustwide/target/debug/build/getrandom-d586bb9e437c85b2/build_script_build-d586bb9e437c85b2.build_script_build.679489c5-cgu.12.rcgu.o" "/opt/rustwide/target/debug/build/getrandom-d586bb9e437c85b2/build_script_build-d586bb9e437c85b2.build_script_build.679489c5-cgu.13.rcgu.o" "/opt/rustwide/target/debug/build/getrandom-d586bb9e437c85b2/build_script_build-d586bb9e437c85b2.build_script_build.679489c5-cgu.14.rcgu.o" "/opt/rustwide/target/debug/build/getrandom-d586bb9e437c85b2/build_script_build-d586bb9e437c85b2.build_script_build.679489c5-cgu.15.rcgu.o" "/opt/rustwide/target/debug/build/getrandom-d586bb9e437c85b2/build_script_build-d586bb9e437c85b2.build_script_build.679489c5-cgu.2.rcgu.o" "/opt/rustwide/target/debug/build/getrandom-d586bb9e437c85b2/build_script_build-d586bb9e437c85b2.build_script_build.679489c5-cgu.3.rcgu.o" "/opt/rustwide/target/debug/build/getrandom-d586bb9e437c85b2/build_script_build-d586bb9e437c85b2.build_script_build.679489c5-cgu.4.rcgu.o" "/opt/rustwide/target/debug/build/getrandom-d586bb9e437c85b2/build_script_build-d586bb9e437c85b2.build_script_build.679489c5-cgu.5.rcgu.o" "/opt/rustwide/target/debug/build/getrandom-d586bb9e437c85b2/build_script_build-d586bb9e437c85b2.build_script_build.679489c5-cgu.6.rcgu.o" "/opt/rustwide/target/debug/build/getrandom-d586bb9e437c85b2/build_script_build-d586bb9e437c85b2.build_script_build.679489c5-cgu.7.rcgu.o" "/opt/rustwide/target/debug/build/getrandom-d586bb9e437c85b2/build_script_build-d586bb9e437c85b2.build_script_build.679489c5-cgu.8.rcgu.o" "/opt/rustwide/target/debug/build/getrandom-d586bb9e437c85b2/build_script_build-d586bb9e437c85b2.build_script_build.679489c5-cgu.9.rcgu.o" "/opt/rustwide/target/debug/build/getrandom-d586bb9e437c85b2/build_script_build-d586bb9e437c85b2.4p988vtf06khj2tp.rcgu.o" "-Wl,--as-needed" "-L" "/opt/rustwide/target/debug/deps" "-L" "/opt/rustwide/rustup-home/toolchains/1.69.0-x86_64-unknown-linux-gnu/lib/rustlib/x86_64-unknown-linux-gnu/lib" "-Wl,-Bstatic" "/opt/rustwide/rustup-home/toolchains/1.69.0-x86_64-unknown-linux-gnu/lib/rustlib/x86_64-unknown-linux-gnu/lib/libstd-89bc084783fdc439.rlib" "/opt/rustwide/rustup-home/toolchains/1.69.0-x86_64-unknown-linux-gnu/lib/rustlib/x86_64-unknown-linux-gnu/lib/libpanic_unwind-8bee4b287d4367c1.rlib" "/opt/rustwide/rustup-home/toolchains/1.69.0-x86_64-unknown-linux-gnu/lib/rustlib/x86_64-unknown-linux-gnu/lib/libobject-d61707aed80694c0.rlib" "/opt/rustwide/rustup-home/toolchains/1.69.0-x86_64-unknown-linux-gnu/lib/rustlib/x86_64-unknown-linux-gnu/lib/libmemchr-d85366256f22345b.rlib" "/opt/rustwide/rustup-home/toolchains/1.69.0-x86_64-unknown-linux-gnu/lib/rustlib/x86_64-unknown-linux-gnu/lib/libaddr2line-96069b86b8a8cae9.rlib" "/opt/rustwide/rustup-home/toolchains/1.69.0-x86_64-unknown-linux-gnu/lib/rustlib/x86_64-unknown-linux-gnu/lib/libgimli-d19d53abf68dfa6c.rlib" "/opt/rustwide/rustup-home/toolchains/1.69.0-x86_64-unknown-linux-gnu/lib/rustlib/x86_64-unknown-linux-gnu/lib/librustc_demangle-787cbccd19d64ac6.rlib" "/opt/rustwide/rustup-home/toolchains/1.69.0-x86_64-unknown-linux-gnu/lib/rustlib/x86_64-unknown-linux-gnu/lib/libstd_detect-b3837a36b830e0d0.rlib" "/opt/rustwide/rustup-home/toolchains/1.69.0-x86_64-unknown-linux-gnu/lib/rustlib/x86_64-unknown-linux-gnu/lib/libhashbrown-e3deb0e7e3f04966.rlib" "/opt/rustwide/rustup-home/toolchains/1.69.0-x86_64-unknown-linux-gnu/lib/rustlib/x86_64-unknown-linux-gnu/lib/libminiz_oxide-dabbb79c9815def4.rlib" "/opt/rustwide/rustup-home/toolchains/1.69.0-x86_64-unknown-linux-gnu/lib/rustlib/x86_64-unknown-linux-gnu/lib/libadler-305b01f34c9409f2.rlib" "/opt/rustwide/rustup-home/toolchains/1.69.0-x86_64-unknown-linux-gnu/lib/rustlib/x86_64-unknown-linux-gnu/lib/librustc_std_workspace_alloc-f833521df6074e73.rlib" "/opt/rustwide/rustup-home/toolchains/1.69.0-x86_64-unknown-linux-gnu/lib/rustlib/x86_64-unknown-linux-gnu/lib/libunwind-9ac333113350d171.rlib" "/opt/rustwide/rustup-home/toolchains/1.69.0-x86_64-unknown-linux-gnu/lib/rustlib/x86_64-unknown-linux-gnu/lib/libcfg_if-1c126114322d0eee.rlib" "/opt/rustwide/rustup-home/toolchains/1.69.0-x86_64-unknown-linux-gnu/lib/rustlib/x86_64-unknown-linux-gnu/lib/liblibc-bad9164fdeeecf92.rlib" "/opt/rustwide/rustup-home/toolchains/1.69.0-x86_64-unknown-linux-gnu/lib/rustlib/x86_64-unknown-linux-gnu/lib/liballoc-f9374b1e480fa681.rlib" "/opt/rustwide/rustup-home/toolchains/1.69.0-x86_64-unknown-linux-gnu/lib/rustlib/x86_64-unknown-linux-gnu/lib/librustc_std_workspace_core-207f06e41d9603af.rlib" "/opt/rustwide/rustup-home/toolchains/1.69.0-x86_64-unknown-linux-gnu/lib/rustlib/x86_64-unknown-linux-gnu/lib/libcore-7e2768e66e984e85.rlib" "/opt/rustwide/rustup-home/toolchains/1.69.0-x86_64-unknown-linux-gnu/lib/rustlib/x86_64-unknown-linux-gnu/lib/libcompiler_builtins-957b4aff41f8cd46.rlib" "-Wl,-Bdynamic" "-lgcc_s" "-lutil" "-lrt" "-lpthread" "-lm" "-ldl" "-lc" "-Wl,--eh-frame-hdr" "-Wl,-z,noexecstack" "-L" "/opt/rustwide/rustup-home/toolchains/1.69.0-x86_64-unknown-linux-gnu/lib/rustlib/x86_64-unknown-linux-gnu/lib" "-o" "/opt/rustwide/target/debug/build/getrandom-d586bb9e437c85b2/build_script_build-d586bb9e437c85b2" "-Wl,--gc-sections" "-pie" "-Wl,-z,relro,-z,now" "-nodefaultlibs"
[INFO] [stdout]   = note: /usr/bin/ld: final link failed: No space left on device
[INFO] [stdout]           collect2: error: ld returned 1 exit status
[INFO] [stdout]           
[INFO] [stdout] 
[INFO] [stdout] 
[INFO] [stdout] error: aborting due to previous error
[INFO] [stdout] 
[INFO] [stdout] 
[INFO] [stderr] error: could not compile `log` due to 2 previous errors
[INFO] [stderr] error: could not compile `getrandom` due to 2 previous errors
[INFO] [stdout] error: linking with `cc` failed: exit status: 1
[INFO] [stdout]   |
[INFO] [stdout]   = note: LC_ALL="C" PATH="/opt/rustwide/rustup-home/toolchains/1.69.0-x86_64-unknown-linux-gnu/lib/rustlib/x86_64-unknown-linux-gnu/bin:/opt/rustwide/cargo-home/bin:/usr/local/sbin:/usr/local/bin:/usr/sbin:/usr/bin:/sbin:/bin" VSLANG="1033" "cc" "-m64" "/tmp/rustcO89CIW/symbols.o" "/opt/rustwide/target/debug/build/syn-5e4255e96cfc200a/build_script_build-5e4255e96cfc200a.build_script_build.d6810230-cgu.0.rcgu.o" "/opt/rustwide/target/debug/build/syn-5e4255e96cfc200a/build_script_build-5e4255e96cfc200a.build_script_build.d6810230-cgu.1.rcgu.o" "/opt/rustwide/target/debug/build/syn-5e4255e96cfc200a/build_script_build-5e4255e96cfc200a.build_script_build.d6810230-cgu.10.rcgu.o" "/opt/rustwide/target/debug/build/syn-5e4255e96cfc200a/build_script_build-5e4255e96cfc200a.build_script_build.d6810230-cgu.11.rcgu.o" "/opt/rustwide/target/debug/build/syn-5e4255e96cfc200a/build_script_build-5e4255e96cfc200a.build_script_build.d6810230-cgu.12.rcgu.o" "/opt/rustwide/target/debug/build/syn-5e4255e96cfc200a/build_script_build-5e4255e96cfc200a.build_script_build.d6810230-cgu.13.rcgu.o" "/opt/rustwide/target/debug/build/syn-5e4255e96cfc200a/build_script_build-5e4255e96cfc200a.build_script_build.d6810230-cgu.14.rcgu.o" "/opt/rustwide/target/debug/build/syn-5e4255e96cfc200a/build_script_build-5e4255e96cfc200a.build_script_build.d6810230-cgu.15.rcgu.o" "/opt/rustwide/target/debug/build/syn-5e4255e96cfc200a/build_script_build-5e4255e96cfc200a.build_script_build.d6810230-cgu.2.rcgu.o" "/opt/rustwide/target/debug/build/syn-5e4255e96cfc200a/build_script_build-5e4255e96cfc200a.build_script_build.d6810230-cgu.3.rcgu.o" "/opt/rustwide/target/debug/build/syn-5e4255e96cfc200a/build_script_build-5e4255e96cfc200a.build_script_build.d6810230-cgu.4.rcgu.o" "/opt/rustwide/target/debug/build/syn-5e4255e96cfc200a/build_script_build-5e4255e96cfc200a.build_script_build.d6810230-cgu.5.rcgu.o" "/opt/rustwide/target/debug/build/syn-5e4255e96cfc200a/build_script_build-5e4255e96cfc200a.build_script_build.d6810230-cgu.6.rcgu.o" "/opt/rustwide/target/debug/build/syn-5e4255e96cfc200a/build_script_build-5e4255e96cfc200a.build_script_build.d6810230-cgu.7.rcgu.o" "/opt/rustwide/target/debug/build/syn-5e4255e96cfc200a/build_script_build-5e4255e96cfc200a.build_script_build.d6810230-cgu.8.rcgu.o" "/opt/rustwide/target/debug/build/syn-5e4255e96cfc200a/build_script_build-5e4255e96cfc200a.build_script_build.d6810230-cgu.9.rcgu.o" "/opt/rustwide/target/debug/build/syn-5e4255e96cfc200a/build_script_build-5e4255e96cfc200a.1kj35qhzztr39ibm.rcgu.o" "-Wl,--as-needed" "-L" "/opt/rustwide/target/debug/deps" "-L" "/opt/rustwide/rustup-home/toolchains/1.69.0-x86_64-unknown-linux-gnu/lib/rustlib/x86_64-unknown-linux-gnu/lib" "-Wl,-Bstatic" "/opt/rustwide/rustup-home/toolchains/1.69.0-x86_64-unknown-linux-gnu/lib/rustlib/x86_64-unknown-linux-gnu/lib/libstd-89bc084783fdc439.rlib" "/opt/rustwide/rustup-home/toolchains/1.69.0-x86_64-unknown-linux-gnu/lib/rustlib/x86_64-unknown-linux-gnu/lib/libpanic_unwind-8bee4b287d4367c1.rlib" "/opt/rustwide/rustup-home/toolchains/1.69.0-x86_64-unknown-linux-gnu/lib/rustlib/x86_64-unknown-linux-gnu/lib/libobject-d61707aed80694c0.rlib" "/opt/rustwide/rustup-home/toolchains/1.69.0-x86_64-unknown-linux-gnu/lib/rustlib/x86_64-unknown-linux-gnu/lib/libmemchr-d85366256f22345b.rlib" "/opt/rustwide/rustup-home/toolchains/1.69.0-x86_64-unknown-linux-gnu/lib/rustlib/x86_64-unknown-linux-gnu/lib/libaddr2line-96069b86b8a8cae9.rlib" "/opt/rustwide/rustup-home/toolchains/1.69.0-x86_64-unknown-linux-gnu/lib/rustlib/x86_64-unknown-linux-gnu/lib/libgimli-d19d53abf68dfa6c.rlib" "/opt/rustwide/rustup-home/toolchains/1.69.0-x86_64-unknown-linux-gnu/lib/rustlib/x86_64-unknown-linux-gnu/lib/librustc_demangle-787cbccd19d64ac6.rlib" "/opt/rustwide/rustup-home/toolchains/1.69.0-x86_64-unknown-linux-gnu/lib/rustlib/x86_64-unknown-linux-gnu/lib/libstd_detect-b3837a36b830e0d0.rlib" "/opt/rustwide/rustup-home/toolchains/1.69.0-x86_64-unknown-linux-gnu/lib/rustlib/x86_64-unknown-linux-gnu/lib/libhashbrown-e3deb0e7e3f04966.rlib" "/opt/rustwide/rustup-home/toolchains/1.69.0-x86_64-unknown-linux-gnu/lib/rustlib/x86_64-unknown-linux-gnu/lib/libminiz_oxide-dabbb79c9815def4.rlib" "/opt/rustwide/rustup-home/toolchains/1.69.0-x86_64-unknown-linux-gnu/lib/rustlib/x86_64-unknown-linux-gnu/lib/libadler-305b01f34c9409f2.rlib" "/opt/rustwide/rustup-home/toolchains/1.69.0-x86_64-unknown-linux-gnu/lib/rustlib/x86_64-unknown-linux-gnu/lib/librustc_std_workspace_alloc-f833521df6074e73.rlib" "/opt/rustwide/rustup-home/toolchains/1.69.0-x86_64-unknown-linux-gnu/lib/rustlib/x86_64-unknown-linux-gnu/lib/libunwind-9ac333113350d171.rlib" "/opt/rustwide/rustup-home/toolchains/1.69.0-x86_64-unknown-linux-gnu/lib/rustlib/x86_64-unknown-linux-gnu/lib/libcfg_if-1c126114322d0eee.rlib" "/opt/rustwide/rustup-home/toolchains/1.69.0-x86_64-unknown-linux-gnu/lib/rustlib/x86_64-unknown-linux-gnu/lib/liblibc-bad9164fdeeecf92.rlib" "/opt/rustwide/rustup-home/toolchains/1.69.0-x86_64-unknown-linux-gnu/lib/rustlib/x86_64-unknown-linux-gnu/lib/liballoc-f9374b1e480fa681.rlib" "/opt/rustwide/rustup-home/toolchains/1.69.0-x86_64-unknown-linux-gnu/lib/rustlib/x86_64-unknown-linux-gnu/lib/librustc_std_workspace_core-207f06e41d9603af.rlib" "/opt/rustwide/rustup-home/toolchains/1.69.0-x86_64-unknown-linux-gnu/lib/rustlib/x86_64-unknown-linux-gnu/lib/libcore-7e2768e66e984e85.rlib" "/opt/rustwide/rustup-home/toolchains/1.69.0-x86_64-unknown-linux-gnu/lib/rustlib/x86_64-unknown-linux-gnu/lib/libcompiler_builtins-957b4aff41f8cd46.rlib" "-Wl,-Bdynamic" "-lgcc_s" "-lutil" "-lrt" "-lpthread" "-lm" "-ldl" "-lc" "-Wl,--eh-frame-hdr" "-Wl,-z,noexecstack" "-L" "/opt/rustwide/rustup-home/toolchains/1.69.0-x86_64-unknown-linux-gnu/lib/rustlib/x86_64-unknown-linux-gnu/lib" "-o" "/opt/rustwide/target/debug/build/syn-5e4255e96cfc200a/build_script_build-5e4255e96cfc200a" "-Wl,--gc-sections" "-pie" "-Wl,-z,relro,-z,now" "-nodefaultlibs"
[INFO] [stdout]   = note: /usr/bin/ld: final link failed: No space left on device
[INFO] [stdout]           collect2: error: ld returned 1 exit status
[INFO] [stdout]           
[INFO] [stdout] 
[INFO] [stdout] 
[INFO] [stdout] error: aborting due to previous error
[INFO] [stdout] 
[INFO] [stdout] 
[INFO] [stdout] error: linking with `cc` failed: exit status: 1
[INFO] [stdout]   |
[INFO] [stdout]   = note: LC_ALL="C" PATH="/opt/rustwide/rustup-home/toolchains/1.69.0-x86_64-unknown-linux-gnu/lib/rustlib/x86_64-unknown-linux-gnu/bin:/opt/rustwide/cargo-home/bin:/usr/local/sbin:/usr/local/bin:/usr/sbin:/usr/bin:/sbin:/bin" VSLANG="1033" "cc" "-m64" "/tmp/rustcIMuHyq/symbols.o" "/opt/rustwide/target/debug/build/proc-macro-nested-5b71d7bd2d399748/build_script_build-5b71d7bd2d399748.build_script_build.b5270f83-cgu.0.rcgu.o" "/opt/rustwide/target/debug/build/proc-macro-nested-5b71d7bd2d399748/build_script_build-5b71d7bd2d399748.build_script_build.b5270f83-cgu.1.rcgu.o" "/opt/rustwide/target/debug/build/proc-macro-nested-5b71d7bd2d399748/build_script_build-5b71d7bd2d399748.build_script_build.b5270f83-cgu.10.rcgu.o" "/opt/rustwide/target/debug/build/proc-macro-nested-5b71d7bd2d399748/build_script_build-5b71d7bd2d399748.build_script_build.b5270f83-cgu.11.rcgu.o" "/opt/rustwide/target/debug/build/proc-macro-nested-5b71d7bd2d399748/build_script_build-5b71d7bd2d399748.build_script_build.b5270f83-cgu.12.rcgu.o" "/opt/rustwide/target/debug/build/proc-macro-nested-5b71d7bd2d399748/build_script_build-5b71d7bd2d399748.build_script_build.b5270f83-cgu.13.rcgu.o" "/opt/rustwide/target/debug/build/proc-macro-nested-5b71d7bd2d399748/build_script_build-5b71d7bd2d399748.build_script_build.b5270f83-cgu.14.rcgu.o" "/opt/rustwide/target/debug/build/proc-macro-nested-5b71d7bd2d399748/build_script_build-5b71d7bd2d399748.build_script_build.b5270f83-cgu.15.rcgu.o" "/opt/rustwide/target/debug/build/proc-macro-nested-5b71d7bd2d399748/build_script_build-5b71d7bd2d399748.build_script_build.b5270f83-cgu.2.rcgu.o" "/opt/rustwide/target/debug/build/proc-macro-nested-5b71d7bd2d399748/build_script_build-5b71d7bd2d399748.build_script_build.b5270f83-cgu.3.rcgu.o" "/opt/rustwide/target/debug/build/proc-macro-nested-5b71d7bd2d399748/build_script_build-5b71d7bd2d399748.build_script_build.b5270f83-cgu.4.rcgu.o" "/opt/rustwide/target/debug/build/proc-macro-nested-5b71d7bd2d399748/build_script_build-5b71d7bd2d399748.build_script_build.b5270f83-cgu.5.rcgu.o" "/opt/rustwide/target/debug/build/proc-macro-nested-5b71d7bd2d399748/build_script_build-5b71d7bd2d399748.build_script_build.b5270f83-cgu.6.rcgu.o" "/opt/rustwide/target/debug/build/proc-macro-nested-5b71d7bd2d399748/build_script_build-5b71d7bd2d399748.build_script_build.b5270f83-cgu.7.rcgu.o" "/opt/rustwide/target/debug/build/proc-macro-nested-5b71d7bd2d399748/build_script_build-5b71d7bd2d399748.build_script_build.b5270f83-cgu.8.rcgu.o" "/opt/rustwide/target/debug/build/proc-macro-nested-5b71d7bd2d399748/build_script_build-5b71d7bd2d399748.build_script_build.b5270f83-cgu.9.rcgu.o" "/opt/rustwide/target/debug/build/proc-macro-nested-5b71d7bd2d399748/build_script_build-5b71d7bd2d399748.1vjfgevlvhsu9ja7.rcgu.o" "-Wl,--as-needed" "-L" "/opt/rustwide/target/debug/deps" "-L" "/opt/rustwide/rustup-home/toolchains/1.69.0-x86_64-unknown-linux-gnu/lib/rustlib/x86_64-unknown-linux-gnu/lib" "-Wl,-Bstatic" "/opt/rustwide/rustup-home/toolchains/1.69.0-x86_64-unknown-linux-gnu/lib/rustlib/x86_64-unknown-linux-gnu/lib/libstd-89bc084783fdc439.rlib" "/opt/rustwide/rustup-home/toolchains/1.69.0-x86_64-unknown-linux-gnu/lib/rustlib/x86_64-unknown-linux-gnu/lib/libpanic_unwind-8bee4b287d4367c1.rlib" "/opt/rustwide/rustup-home/toolchains/1.69.0-x86_64-unknown-linux-gnu/lib/rustlib/x86_64-unknown-linux-gnu/lib/libobject-d61707aed80694c0.rlib" "/opt/rustwide/rustup-home/toolchains/1.69.0-x86_64-unknown-linux-gnu/lib/rustlib/x86_64-unknown-linux-gnu/lib/libmemchr-d85366256f22345b.rlib" "/opt/rustwide/rustup-home/toolchains/1.69.0-x86_64-unknown-linux-gnu/lib/rustlib/x86_64-unknown-linux-gnu/lib/libaddr2line-96069b86b8a8cae9.rlib" "/opt/rustwide/rustup-home/toolchains/1.69.0-x86_64-unknown-linux-gnu/lib/rustlib/x86_64-unknown-linux-gnu/lib/libgimli-d19d53abf68dfa6c.rlib" "/opt/rustwide/rustup-home/toolchains/1.69.0-x86_64-unknown-linux-gnu/lib/rustlib/x86_64-unknown-linux-gnu/lib/librustc_demangle-787cbccd19d64ac6.rlib" "/opt/rustwide/rustup-home/toolchains/1.69.0-x86_64-unknown-linux-gnu/lib/rustlib/x86_64-unknown-linux-gnu/lib/libstd_detect-b3837a36b830e0d0.rlib" "/opt/rustwide/rustup-home/toolchains/1.69.0-x86_64-unknown-linux-gnu/lib/rustlib/x86_64-unknown-linux-gnu/lib/libhashbrown-e3deb0e7e3f04966.rlib" "/opt/rustwide/rustup-home/toolchains/1.69.0-x86_64-unknown-linux-gnu/lib/rustlib/x86_64-unknown-linux-gnu/lib/libminiz_oxide-dabbb79c9815def4.rlib" "/opt/rustwide/rustup-home/toolchains/1.69.0-x86_64-unknown-linux-gnu/lib/rustlib/x86_64-unknown-linux-gnu/lib/libadler-305b01f34c9409f2.rlib" "/opt/rustwide/rustup-home/toolchains/1.69.0-x86_64-unknown-linux-gnu/lib/rustlib/x86_64-unknown-linux-gnu/lib/librustc_std_workspace_alloc-f833521df6074e73.rlib" "/opt/rustwide/rustup-home/toolchains/1.69.0-x86_64-unknown-linux-gnu/lib/rustlib/x86_64-unknown-linux-gnu/lib/libunwind-9ac333113350d171.rlib" "/opt/rustwide/rustup-home/toolchains/1.69.0-x86_64-unknown-linux-gnu/lib/rustlib/x86_64-unknown-linux-gnu/lib/libcfg_if-1c126114322d0eee.rlib" "/opt/rustwide/rustup-home/toolchains/1.69.0-x86_64-unknown-linux-gnu/lib/rustlib/x86_64-unknown-linux-gnu/lib/liblibc-bad9164fdeeecf92.rlib" "/opt/rustwide/rustup-home/toolchains/1.69.0-x86_64-unknown-linux-gnu/lib/rustlib/x86_64-unknown-linux-gnu/lib/liballoc-f9374b1e480fa681.rlib" "/opt/rustwide/rustup-home/toolchains/1.69.0-x86_64-unknown-linux-gnu/lib/rustlib/x86_64-unknown-linux-gnu/lib/librustc_std_workspace_core-207f06e41d9603af.rlib" "/opt/rustwide/rustup-home/toolchains/1.69.0-x86_64-unknown-linux-gnu/lib/rustlib/x86_64-unknown-linux-gnu/lib/libcore-7e2768e66e984e85.rlib" "/opt/rustwide/rustup-home/toolchains/1.69.0-x86_64-unknown-linux-gnu/lib/rustlib/x86_64-unknown-linux-gnu/lib/libcompiler_builtins-957b4aff41f8cd46.rlib" "-Wl,-Bdynamic" "-lgcc_s" "-lutil" "-lrt" "-lpthread" "-lm" "-ldl" "-lc" "-Wl,--eh-frame-hdr" "-Wl,-z,noexecstack" "-L" "/opt/rustwide/rustup-home/toolchains/1.69.0-x86_64-unknown-linux-gnu/lib/rustlib/x86_64-unknown-linux-gnu/lib" "-o" "/opt/rustwide/target/debug/build/proc-macro-nested-5b71d7bd2d399748/build_script_build-5b71d7bd2d399748" "-Wl,--gc-sections" "-pie" "-Wl,-z,relro,-z,now" "-nodefaultlibs"
[INFO] [stdout]   = note: /usr/bin/ld: final link failed: No space left on device
[INFO] [stdout]           collect2: error: ld returned 1 exit status
[INFO] [stdout]           
[INFO] [stdout] 
[INFO] [stdout] 
[INFO] [stdout] error: aborting due to previous error
[INFO] [stdout] 
[INFO] [stdout] 
[INFO] [stderr] error: could not compile `proc-macro-nested` due to 2 previous errors
[INFO] [stderr] error: could not compile `syn` due to 2 previous errors
[INFO] [stdout] error: linking with `cc` failed: exit status: 1
[INFO] [stdout]   |
[INFO] [stdout]   = note: LC_ALL="C" PATH="/opt/rustwide/rustup-home/toolchains/1.69.0-x86_64-unknown-linux-gnu/lib/rustlib/x86_64-unknown-linux-gnu/bin:/opt/rustwide/cargo-home/bin:/usr/local/sbin:/usr/local/bin:/usr/sbin:/usr/bin:/sbin:/bin" VSLANG="1033" "cc" "-m64" "/tmp/rustc6sMuj4/symbols.o" "/opt/rustwide/target/debug/build/libc-200a3ba92888b268/build_script_build-200a3ba92888b268.build_script_build.deeb5bf2-cgu.0.rcgu.o" "/opt/rustwide/target/debug/build/libc-200a3ba92888b268/build_script_build-200a3ba92888b268.build_script_build.deeb5bf2-cgu.1.rcgu.o" "/opt/rustwide/target/debug/build/libc-200a3ba92888b268/build_script_build-200a3ba92888b268.build_script_build.deeb5bf2-cgu.10.rcgu.o" "/opt/rustwide/target/debug/build/libc-200a3ba92888b268/build_script_build-200a3ba92888b268.build_script_build.deeb5bf2-cgu.11.rcgu.o" "/opt/rustwide/target/debug/build/libc-200a3ba92888b268/build_script_build-200a3ba92888b268.build_script_build.deeb5bf2-cgu.12.rcgu.o" "/opt/rustwide/target/debug/build/libc-200a3ba92888b268/build_script_build-200a3ba92888b268.build_script_build.deeb5bf2-cgu.13.rcgu.o" "/opt/rustwide/target/debug/build/libc-200a3ba92888b268/build_script_build-200a3ba92888b268.build_script_build.deeb5bf2-cgu.14.rcgu.o" "/opt/rustwide/target/debug/build/libc-200a3ba92888b268/build_script_build-200a3ba92888b268.build_script_build.deeb5bf2-cgu.15.rcgu.o" "/opt/rustwide/target/debug/build/libc-200a3ba92888b268/build_script_build-200a3ba92888b268.build_script_build.deeb5bf2-cgu.2.rcgu.o" "/opt/rustwide/target/debug/build/libc-200a3ba92888b268/build_script_build-200a3ba92888b268.build_script_build.deeb5bf2-cgu.3.rcgu.o" "/opt/rustwide/target/debug/build/libc-200a3ba92888b268/build_script_build-200a3ba92888b268.build_script_build.deeb5bf2-cgu.4.rcgu.o" "/opt/rustwide/target/debug/build/libc-200a3ba92888b268/build_script_build-200a3ba92888b268.build_script_build.deeb5bf2-cgu.5.rcgu.o" "/opt/rustwide/target/debug/build/libc-200a3ba92888b268/build_script_build-200a3ba92888b268.build_script_build.deeb5bf2-cgu.6.rcgu.o" "/opt/rustwide/target/debug/build/libc-200a3ba92888b268/build_script_build-200a3ba92888b268.build_script_build.deeb5bf2-cgu.7.rcgu.o" "/opt/rustwide/target/debug/build/libc-200a3ba92888b268/build_script_build-200a3ba92888b268.build_script_build.deeb5bf2-cgu.8.rcgu.o" "/opt/rustwide/target/debug/build/libc-200a3ba92888b268/build_script_build-200a3ba92888b268.build_script_build.deeb5bf2-cgu.9.rcgu.o" "/opt/rustwide/target/debug/build/libc-200a3ba92888b268/build_script_build-200a3ba92888b268.2djbrcwxy90jdyr2.rcgu.o" "-Wl,--as-needed" "-L" "/opt/rustwide/target/debug/deps" "-L" "/opt/rustwide/rustup-home/toolchains/1.69.0-x86_64-unknown-linux-gnu/lib/rustlib/x86_64-unknown-linux-gnu/lib" "-Wl,-Bstatic" "/opt/rustwide/rustup-home/toolchains/1.69.0-x86_64-unknown-linux-gnu/lib/rustlib/x86_64-unknown-linux-gnu/lib/libstd-89bc084783fdc439.rlib" "/opt/rustwide/rustup-home/toolchains/1.69.0-x86_64-unknown-linux-gnu/lib/rustlib/x86_64-unknown-linux-gnu/lib/libpanic_unwind-8bee4b287d4367c1.rlib" "/opt/rustwide/rustup-home/toolchains/1.69.0-x86_64-unknown-linux-gnu/lib/rustlib/x86_64-unknown-linux-gnu/lib/libobject-d61707aed80694c0.rlib" "/opt/rustwide/rustup-home/toolchains/1.69.0-x86_64-unknown-linux-gnu/lib/rustlib/x86_64-unknown-linux-gnu/lib/libmemchr-d85366256f22345b.rlib" "/opt/rustwide/rustup-home/toolchains/1.69.0-x86_64-unknown-linux-gnu/lib/rustlib/x86_64-unknown-linux-gnu/lib/libaddr2line-96069b86b8a8cae9.rlib" "/opt/rustwide/rustup-home/toolchains/1.69.0-x86_64-unknown-linux-gnu/lib/rustlib/x86_64-unknown-linux-gnu/lib/libgimli-d19d53abf68dfa6c.rlib" "/opt/rustwide/rustup-home/toolchains/1.69.0-x86_64-unknown-linux-gnu/lib/rustlib/x86_64-unknown-linux-gnu/lib/librustc_demangle-787cbccd19d64ac6.rlib" "/opt/rustwide/rustup-home/toolchains/1.69.0-x86_64-unknown-linux-gnu/lib/rustlib/x86_64-unknown-linux-gnu/lib/libstd_detect-b3837a36b830e0d0.rlib" "/opt/rustwide/rustup-home/toolchains/1.69.0-x86_64-unknown-linux-gnu/lib/rustlib/x86_64-unknown-linux-gnu/lib/libhashbrown-e3deb0e7e3f04966.rlib" "/opt/rustwide/rustup-home/toolchains/1.69.0-x86_64-unknown-linux-gnu/lib/rustlib/x86_64-unknown-linux-gnu/lib/libminiz_oxide-dabbb79c9815def4.rlib" "/opt/rustwide/rustup-home/toolchains/1.69.0-x86_64-unknown-linux-gnu/lib/rustlib/x86_64-unknown-linux-gnu/lib/libadler-305b01f34c9409f2.rlib" "/opt/rustwide/rustup-home/toolchains/1.69.0-x86_64-unknown-linux-gnu/lib/rustlib/x86_64-unknown-linux-gnu/lib/librustc_std_workspace_alloc-f833521df6074e73.rlib" "/opt/rustwide/rustup-home/toolchains/1.69.0-x86_64-unknown-linux-gnu/lib/rustlib/x86_64-unknown-linux-gnu/lib/libunwind-9ac333113350d171.rlib" "/opt/rustwide/rustup-home/toolchains/1.69.0-x86_64-unknown-linux-gnu/lib/rustlib/x86_64-unknown-linux-gnu/lib/libcfg_if-1c126114322d0eee.rlib" "/opt/rustwide/rustup-home/toolchains/1.69.0-x86_64-unknown-linux-gnu/lib/rustlib/x86_64-unknown-linux-gnu/lib/liblibc-bad9164fdeeecf92.rlib" "/opt/rustwide/rustup-home/toolchains/1.69.0-x86_64-unknown-linux-gnu/lib/rustlib/x86_64-unknown-linux-gnu/lib/liballoc-f9374b1e480fa681.rlib" "/opt/rustwide/rustup-home/toolchains/1.69.0-x86_64-unknown-linux-gnu/lib/rustlib/x86_64-unknown-linux-gnu/lib/librustc_std_workspace_core-207f06e41d9603af.rlib" "/opt/rustwide/rustup-home/toolchains/1.69.0-x86_64-unknown-linux-gnu/lib/rustlib/x86_64-unknown-linux-gnu/lib/libcore-7e2768e66e984e85.rlib" "/opt/rustwide/rustup-home/toolchains/1.69.0-x86_64-unknown-linux-gnu/lib/rustlib/x86_64-unknown-linux-gnu/lib/libcompiler_builtins-957b4aff41f8cd46.rlib" "-Wl,-Bdynamic" "-lgcc_s" "-lutil" "-lrt" "-lpthread" "-lm" "-ldl" "-lc" "-Wl,--eh-frame-hdr" "-Wl,-z,noexecstack" "-L" "/opt/rustwide/rustup-home/toolchains/1.69.0-x86_64-unknown-linux-gnu/lib/rustlib/x86_64-unknown-linux-gnu/lib" "-o" "/opt/rustwide/target/debug/build/libc-200a3ba92888b268/build_script_build-200a3ba92888b268" "-Wl,--gc-sections" "-pie" "-Wl,-z,relro,-z,now" "-nodefaultlibs"
[INFO] [stdout]   = note: /usr/bin/ld: final link failed: No space left on device
[INFO] [stdout]           collect2: error: ld returned 1 exit status
[INFO] [stdout]           
[INFO] [stdout] 
[INFO] [stdout] 
[INFO] [stdout] error: aborting due to previous error
[INFO] [stdout] 
[INFO] [stdout] 
[INFO] [stderr] error: could not compile `libc` due to 2 previous errors
[INFO] [stdout] error: linking with `cc` failed: exit status: 1
[INFO] [stdout]   |
[INFO] [stdout]   = note: LC_ALL="C" PATH="/opt/rustwide/rustup-home/toolchains/1.69.0-x86_64-unknown-linux-gnu/lib/rustlib/x86_64-unknown-linux-gnu/bin:/opt/rustwide/cargo-home/bin:/usr/local/sbin:/usr/local/bin:/usr/sbin:/usr/bin:/sbin:/bin" VSLANG="1033" "cc" "-m64" "/tmp/rustcyNIbZn/symbols.o" "/opt/rustwide/target/debug/build/proc-macro2-d6ebd228ea9bcaab/build_script_build-d6ebd228ea9bcaab.build_script_build.3abbbca9-cgu.0.rcgu.o" "/opt/rustwide/target/debug/build/proc-macro2-d6ebd228ea9bcaab/build_script_build-d6ebd228ea9bcaab.build_script_build.3abbbca9-cgu.1.rcgu.o" "/opt/rustwide/target/debug/build/proc-macro2-d6ebd228ea9bcaab/build_script_build-d6ebd228ea9bcaab.build_script_build.3abbbca9-cgu.10.rcgu.o" "/opt/rustwide/target/debug/build/proc-macro2-d6ebd228ea9bcaab/build_script_build-d6ebd228ea9bcaab.build_script_build.3abbbca9-cgu.11.rcgu.o" "/opt/rustwide/target/debug/build/proc-macro2-d6ebd228ea9bcaab/build_script_build-d6ebd228ea9bcaab.build_script_build.3abbbca9-cgu.12.rcgu.o" "/opt/rustwide/target/debug/build/proc-macro2-d6ebd228ea9bcaab/build_script_build-d6ebd228ea9bcaab.build_script_build.3abbbca9-cgu.13.rcgu.o" "/opt/rustwide/target/debug/build/proc-macro2-d6ebd228ea9bcaab/build_script_build-d6ebd228ea9bcaab.build_script_build.3abbbca9-cgu.14.rcgu.o" "/opt/rustwide/target/debug/build/proc-macro2-d6ebd228ea9bcaab/build_script_build-d6ebd228ea9bcaab.build_script_build.3abbbca9-cgu.15.rcgu.o" "/opt/rustwide/target/debug/build/proc-macro2-d6ebd228ea9bcaab/build_script_build-d6ebd228ea9bcaab.build_script_build.3abbbca9-cgu.2.rcgu.o" "/opt/rustwide/target/debug/build/proc-macro2-d6ebd228ea9bcaab/build_script_build-d6ebd228ea9bcaab.build_script_build.3abbbca9-cgu.3.rcgu.o" "/opt/rustwide/target/debug/build/proc-macro2-d6ebd228ea9bcaab/build_script_build-d6ebd228ea9bcaab.build_script_build.3abbbca9-cgu.4.rcgu.o" "/opt/rustwide/target/debug/build/proc-macro2-d6ebd228ea9bcaab/build_script_build-d6ebd228ea9bcaab.build_script_build.3abbbca9-cgu.5.rcgu.o" "/opt/rustwide/target/debug/build/proc-macro2-d6ebd228ea9bcaab/build_script_build-d6ebd228ea9bcaab.build_script_build.3abbbca9-cgu.6.rcgu.o" "/opt/rustwide/target/debug/build/proc-macro2-d6ebd228ea9bcaab/build_script_build-d6ebd228ea9bcaab.build_script_build.3abbbca9-cgu.7.rcgu.o" "/opt/rustwide/target/debug/build/proc-macro2-d6ebd228ea9bcaab/build_script_build-d6ebd228ea9bcaab.build_script_build.3abbbca9-cgu.8.rcgu.o" "/opt/rustwide/target/debug/build/proc-macro2-d6ebd228ea9bcaab/build_script_build-d6ebd228ea9bcaab.build_script_build.3abbbca9-cgu.9.rcgu.o" "/opt/rustwide/target/debug/build/proc-macro2-d6ebd228ea9bcaab/build_script_build-d6ebd228ea9bcaab.en2px5fiawfifmp.rcgu.o" "-Wl,--as-needed" "-L" "/opt/rustwide/target/debug/deps" "-L" "/opt/rustwide/rustup-home/toolchains/1.69.0-x86_64-unknown-linux-gnu/lib/rustlib/x86_64-unknown-linux-gnu/lib" "-Wl,-Bstatic" "/opt/rustwide/rustup-home/toolchains/1.69.0-x86_64-unknown-linux-gnu/lib/rustlib/x86_64-unknown-linux-gnu/lib/libstd-89bc084783fdc439.rlib" "/opt/rustwide/rustup-home/toolchains/1.69.0-x86_64-unknown-linux-gnu/lib/rustlib/x86_64-unknown-linux-gnu/lib/libpanic_unwind-8bee4b287d4367c1.rlib" "/opt/rustwide/rustup-home/toolchains/1.69.0-x86_64-unknown-linux-gnu/lib/rustlib/x86_64-unknown-linux-gnu/lib/libobject-d61707aed80694c0.rlib" "/opt/rustwide/rustup-home/toolchains/1.69.0-x86_64-unknown-linux-gnu/lib/rustlib/x86_64-unknown-linux-gnu/lib/libmemchr-d85366256f22345b.rlib" "/opt/rustwide/rustup-home/toolchains/1.69.0-x86_64-unknown-linux-gnu/lib/rustlib/x86_64-unknown-linux-gnu/lib/libaddr2line-96069b86b8a8cae9.rlib" "/opt/rustwide/rustup-home/toolchains/1.69.0-x86_64-unknown-linux-gnu/lib/rustlib/x86_64-unknown-linux-gnu/lib/libgimli-d19d53abf68dfa6c.rlib" "/opt/rustwide/rustup-home/toolchains/1.69.0-x86_64-unknown-linux-gnu/lib/rustlib/x86_64-unknown-linux-gnu/lib/librustc_demangle-787cbccd19d64ac6.rlib" "/opt/rustwide/rustup-home/toolchains/1.69.0-x86_64-unknown-linux-gnu/lib/rustlib/x86_64-unknown-linux-gnu/lib/libstd_detect-b3837a36b830e0d0.rlib" "/opt/rustwide/rustup-home/toolchains/1.69.0-x86_64-unknown-linux-gnu/lib/rustlib/x86_64-unknown-linux-gnu/lib/libhashbrown-e3deb0e7e3f04966.rlib" "/opt/rustwide/rustup-home/toolchains/1.69.0-x86_64-unknown-linux-gnu/lib/rustlib/x86_64-unknown-linux-gnu/lib/libminiz_oxide-dabbb79c9815def4.rlib" "/opt/rustwide/rustup-home/toolchains/1.69.0-x86_64-unknown-linux-gnu/lib/rustlib/x86_64-unknown-linux-gnu/lib/libadler-305b01f34c9409f2.rlib" "/opt/rustwide/rustup-home/toolchains/1.69.0-x86_64-unknown-linux-gnu/lib/rustlib/x86_64-unknown-linux-gnu/lib/librustc_std_workspace_alloc-f833521df6074e73.rlib" "/opt/rustwide/rustup-home/toolchains/1.69.0-x86_64-unknown-linux-gnu/lib/rustlib/x86_64-unknown-linux-gnu/lib/libunwind-9ac333113350d171.rlib" "/opt/rustwide/rustup-home/toolchains/1.69.0-x86_64-unknown-linux-gnu/lib/rustlib/x86_64-unknown-linux-gnu/lib/libcfg_if-1c126114322d0eee.rlib" "/opt/rustwide/rustup-home/toolchains/1.69.0-x86_64-unknown-linux-gnu/lib/rustlib/x86_64-unknown-linux-gnu/lib/liblibc-bad9164fdeeecf92.rlib" "/opt/rustwide/rustup-home/toolchains/1.69.0-x86_64-unknown-linux-gnu/lib/rustlib/x86_64-unknown-linux-gnu/lib/liballoc-f9374b1e480fa681.rlib" "/opt/rustwide/rustup-home/toolchains/1.69.0-x86_64-unknown-linux-gnu/lib/rustlib/x86_64-unknown-linux-gnu/lib/librustc_std_workspace_core-207f06e41d9603af.rlib" "/opt/rustwide/rustup-home/toolchains/1.69.0-x86_64-unknown-linux-gnu/lib/rustlib/x86_64-unknown-linux-gnu/lib/libcore-7e2768e66e984e85.rlib" "/opt/rustwide/rustup-home/toolchains/1.69.0-x86_64-unknown-linux-gnu/lib/rustlib/x86_64-unknown-linux-gnu/lib/libcompiler_builtins-957b4aff41f8cd46.rlib" "-Wl,-Bdynamic" "-lgcc_s" "-lutil" "-lrt" "-lpthread" "-lm" "-ldl" "-lc" "-Wl,--eh-frame-hdr" "-Wl,-z,noexecstack" "-L" "/opt/rustwide/rustup-home/toolchains/1.69.0-x86_64-unknown-linux-gnu/lib/rustlib/x86_64-unknown-linux-gnu/lib" "-o" "/opt/rustwide/target/debug/build/proc-macro2-d6ebd228ea9bcaab/build_script_build-d6ebd228ea9bcaab" "-Wl,--gc-sections" "-pie" "-Wl,-z,relro,-z,now" "-nodefaultlibs"
[INFO] [stdout]   = note: /usr/bin/ld: final link failed: No space left on device
[INFO] [stdout]           collect2: error: ld returned 1 exit status
[INFO] [stdout]           
[INFO] [stdout] 
[INFO] [stdout] 
[INFO] [stdout] error: aborting due to previous error
[INFO] [stdout] 
[INFO] [stdout] 
[INFO] [stderr] error: could not compile `proc-macro2` due to 2 previous errors
[INFO] [stderr] LLVM ERROR: IO failure on output stream: No space left on device
[INFO] [stderr] thread 'rustc' panicked at 'assertion failed: pos.get() <= self.position()', compiler/rustc_metadata/src/rmeta/encoder.rs:435:9
[INFO] [stdout] error: couldn't create a temp dir: No space left on device (os error 28) at path "/opt/rustwide/target/debug/deps/rmetacNKF2x"
[INFO] [stdout] 
[INFO] [stdout] 
[INFO] [stderr] error: could not compile `futures-channel`
[INFO] [stdout] error: linking with `cc` failed: exit status: 1
[INFO] [stdout]   |
[INFO] [stdout]   = note: LC_ALL="C" PATH="/opt/rustwide/rustup-home/toolchains/1.69.0-x86_64-unknown-linux-gnu/lib/rustlib/x86_64-unknown-linux-gnu/bin:/opt/rustwide/cargo-home/bin:/usr/local/sbin:/usr/local/bin:/usr/sbin:/usr/bin:/sbin:/bin" VSLANG="1033" "cc" "-m64" "/tmp/rustcEZ95TH/symbols.o" "/opt/rustwide/target/debug/build/typenum-beaaff633c1245c7/build_script_main-beaaff633c1245c7.build_script_main.a79a80e8-cgu.0.rcgu.o" "/opt/rustwide/target/debug/build/typenum-beaaff633c1245c7/build_script_main-beaaff633c1245c7.build_script_main.a79a80e8-cgu.1.rcgu.o" "/opt/rustwide/target/debug/build/typenum-beaaff633c1245c7/build_script_main-beaaff633c1245c7.build_script_main.a79a80e8-cgu.10.rcgu.o" "/opt/rustwide/target/debug/build/typenum-beaaff633c1245c7/build_script_main-beaaff633c1245c7.build_script_main.a79a80e8-cgu.11.rcgu.o" "/opt/rustwide/target/debug/build/typenum-beaaff633c1245c7/build_script_main-beaaff633c1245c7.build_script_main.a79a80e8-cgu.12.rcgu.o" "/opt/rustwide/target/debug/build/typenum-beaaff633c1245c7/build_script_main-beaaff633c1245c7.build_script_main.a79a80e8-cgu.13.rcgu.o" "/opt/rustwide/target/debug/build/typenum-beaaff633c1245c7/build_script_main-beaaff633c1245c7.build_script_main.a79a80e8-cgu.14.rcgu.o" "/opt/rustwide/target/debug/build/typenum-beaaff633c1245c7/build_script_main-beaaff633c1245c7.build_script_main.a79a80e8-cgu.15.rcgu.o" "/opt/rustwide/target/debug/build/typenum-beaaff633c1245c7/build_script_main-beaaff633c1245c7.build_script_main.a79a80e8-cgu.2.rcgu.o" "/opt/rustwide/target/debug/build/typenum-beaaff633c1245c7/build_script_main-beaaff633c1245c7.build_script_main.a79a80e8-cgu.3.rcgu.o" "/opt/rustwide/target/debug/build/typenum-beaaff633c1245c7/build_script_main-beaaff633c1245c7.build_script_main.a79a80e8-cgu.4.rcgu.o" "/opt/rustwide/target/debug/build/typenum-beaaff633c1245c7/build_script_main-beaaff633c1245c7.build_script_main.a79a80e8-cgu.5.rcgu.o" "/opt/rustwide/target/debug/build/typenum-beaaff633c1245c7/build_script_main-beaaff633c1245c7.build_script_main.a79a80e8-cgu.6.rcgu.o" "/opt/rustwide/target/debug/build/typenum-beaaff633c1245c7/build_script_main-beaaff633c1245c7.build_script_main.a79a80e8-cgu.7.rcgu.o" "/opt/rustwide/target/debug/build/typenum-beaaff633c1245c7/build_script_main-beaaff633c1245c7.build_script_main.a79a80e8-cgu.8.rcgu.o" "/opt/rustwide/target/debug/build/typenum-beaaff633c1245c7/build_script_main-beaaff633c1245c7.build_script_main.a79a80e8-cgu.9.rcgu.o" "/opt/rustwide/target/debug/build/typenum-beaaff633c1245c7/build_script_main-beaaff633c1245c7.3ft8hzy2mkxfl7j6.rcgu.o" "-Wl,--as-needed" "-L" "/opt/rustwide/target/debug/deps" "-L" "/opt/rustwide/rustup-home/toolchains/1.69.0-x86_64-unknown-linux-gnu/lib/rustlib/x86_64-unknown-linux-gnu/lib" "-Wl,-Bstatic" "/opt/rustwide/rustup-home/toolchains/1.69.0-x86_64-unknown-linux-gnu/lib/rustlib/x86_64-unknown-linux-gnu/lib/libstd-89bc084783fdc439.rlib" "/opt/rustwide/rustup-home/toolchains/1.69.0-x86_64-unknown-linux-gnu/lib/rustlib/x86_64-unknown-linux-gnu/lib/libpanic_unwind-8bee4b287d4367c1.rlib" "/opt/rustwide/rustup-home/toolchains/1.69.0-x86_64-unknown-linux-gnu/lib/rustlib/x86_64-unknown-linux-gnu/lib/libobject-d61707aed80694c0.rlib" "/opt/rustwide/rustup-home/toolchains/1.69.0-x86_64-unknown-linux-gnu/lib/rustlib/x86_64-unknown-linux-gnu/lib/libmemchr-d85366256f22345b.rlib" "/opt/rustwide/rustup-home/toolchains/1.69.0-x86_64-unknown-linux-gnu/lib/rustlib/x86_64-unknown-linux-gnu/lib/libaddr2line-96069b86b8a8cae9.rlib" "/opt/rustwide/rustup-home/toolchains/1.69.0-x86_64-unknown-linux-gnu/lib/rustlib/x86_64-unknown-linux-gnu/lib/libgimli-d19d53abf68dfa6c.rlib" "/opt/rustwide/rustup-home/toolchains/1.69.0-x86_64-unknown-linux-gnu/lib/rustlib/x86_64-unknown-linux-gnu/lib/librustc_demangle-787cbccd19d64ac6.rlib" "/opt/rustwide/rustup-home/toolchains/1.69.0-x86_64-unknown-linux-gnu/lib/rustlib/x86_64-unknown-linux-gnu/lib/libstd_detect-b3837a36b830e0d0.rlib" "/opt/rustwide/rustup-home/toolchains/1.69.0-x86_64-unknown-linux-gnu/lib/rustlib/x86_64-unknown-linux-gnu/lib/libhashbrown-e3deb0e7e3f04966.rlib" "/opt/rustwide/rustup-home/toolchains/1.69.0-x86_64-unknown-linux-gnu/lib/rustlib/x86_64-unknown-linux-gnu/lib/libminiz_oxide-dabbb79c9815def4.rlib" "/opt/rustwide/rustup-home/toolchains/1.69.0-x86_64-unknown-linux-gnu/lib/rustlib/x86_64-unknown-linux-gnu/lib/libadler-305b01f34c9409f2.rlib" "/opt/rustwide/rustup-home/toolchains/1.69.0-x86_64-unknown-linux-gnu/lib/rustlib/x86_64-unknown-linux-gnu/lib/librustc_std_workspace_alloc-f833521df6074e73.rlib" "/opt/rustwide/rustup-home/toolchains/1.69.0-x86_64-unknown-linux-gnu/lib/rustlib/x86_64-unknown-linux-gnu/lib/libunwind-9ac333113350d171.rlib" "/opt/rustwide/rustup-home/toolchains/1.69.0-x86_64-unknown-linux-gnu/lib/rustlib/x86_64-unknown-linux-gnu/lib/libcfg_if-1c126114322d0eee.rlib" "/opt/rustwide/rustup-home/toolchains/1.69.0-x86_64-unknown-linux-gnu/lib/rustlib/x86_64-unknown-linux-gnu/lib/liblibc-bad9164fdeeecf92.rlib" "/opt/rustwide/rustup-home/toolchains/1.69.0-x86_64-unknown-linux-gnu/lib/rustlib/x86_64-unknown-linux-gnu/lib/liballoc-f9374b1e480fa681.rlib" "/opt/rustwide/rustup-home/toolchains/1.69.0-x86_64-unknown-linux-gnu/lib/rustlib/x86_64-unknown-linux-gnu/lib/librustc_std_workspace_core-207f06e41d9603af.rlib" "/opt/rustwide/rustup-home/toolchains/1.69.0-x86_64-unknown-linux-gnu/lib/rustlib/x86_64-unknown-linux-gnu/lib/libcore-7e2768e66e984e85.rlib" "/opt/rustwide/rustup-home/toolchains/1.69.0-x86_64-unknown-linux-gnu/lib/rustlib/x86_64-unknown-linux-gnu/lib/libcompiler_builtins-957b4aff41f8cd46.rlib" "-Wl,-Bdynamic" "-lgcc_s" "-lutil" "-lrt" "-lpthread" "-lm" "-ldl" "-lc" "-Wl,--eh-frame-hdr" "-Wl,-z,noexecstack" "-L" "/opt/rustwide/rustup-home/toolchains/1.69.0-x86_64-unknown-linux-gnu/lib/rustlib/x86_64-unknown-linux-gnu/lib" "-o" "/opt/rustwide/target/debug/build/typenum-beaaff633c1245c7/build_script_main-beaaff633c1245c7" "-Wl,--gc-sections" "-pie" "-Wl,-z,relro,-z,now" "-nodefaultlibs"
[INFO] [stdout]   = note: /usr/bin/ld: final link failed: No space left on device
[INFO] [stdout]           collect2: error: ld returned 1 exit status
[INFO] [stdout]           
[INFO] [stdout] 
[INFO] [stdout] 
[INFO] [stdout] error: aborting due to previous error
[INFO] [stdout] 
[INFO] [stdout] 
[INFO] [stderr] error: could not compile `typenum` due to 2 previous errors
[INFO] [stderr] error: could not compile `bytes` due to previous error
[INFO] [stdout] error: linking with `cc` failed: exit status: 1
[INFO] [stdout]   |
[INFO] [stdout]   = note: LC_ALL="C" PATH="/opt/rustwide/rustup-home/toolchains/1.69.0-x86_64-unknown-linux-gnu/lib/rustlib/x86_64-unknown-linux-gnu/bin:/opt/rustwide/cargo-home/bin:/usr/local/sbin:/usr/local/bin:/usr/sbin:/usr/bin:/sbin:/bin" VSLANG="1033" "cc" "-m64" "/tmp/rustcLW7II0/symbols.o" "/opt/rustwide/target/debug/build/byteorder-f01ac36bada3baa0/build_script_build-f01ac36bada3baa0.build_script_build.6e33e2dc-cgu.0.rcgu.o" "/opt/rustwide/target/debug/build/byteorder-f01ac36bada3baa0/build_script_build-f01ac36bada3baa0.build_script_build.6e33e2dc-cgu.1.rcgu.o" "/opt/rustwide/target/debug/build/byteorder-f01ac36bada3baa0/build_script_build-f01ac36bada3baa0.build_script_build.6e33e2dc-cgu.10.rcgu.o" "/opt/rustwide/target/debug/build/byteorder-f01ac36bada3baa0/build_script_build-f01ac36bada3baa0.build_script_build.6e33e2dc-cgu.11.rcgu.o" "/opt/rustwide/target/debug/build/byteorder-f01ac36bada3baa0/build_script_build-f01ac36bada3baa0.build_script_build.6e33e2dc-cgu.12.rcgu.o" "/opt/rustwide/target/debug/build/byteorder-f01ac36bada3baa0/build_script_build-f01ac36bada3baa0.build_script_build.6e33e2dc-cgu.13.rcgu.o" "/opt/rustwide/target/debug/build/byteorder-f01ac36bada3baa0/build_script_build-f01ac36bada3baa0.build_script_build.6e33e2dc-cgu.14.rcgu.o" "/opt/rustwide/target/debug/build/byteorder-f01ac36bada3baa0/build_script_build-f01ac36bada3baa0.build_script_build.6e33e2dc-cgu.15.rcgu.o" "/opt/rustwide/target/debug/build/byteorder-f01ac36bada3baa0/build_script_build-f01ac36bada3baa0.build_script_build.6e33e2dc-cgu.2.rcgu.o" "/opt/rustwide/target/debug/build/byteorder-f01ac36bada3baa0/build_script_build-f01ac36bada3baa0.build_script_build.6e33e2dc-cgu.3.rcgu.o" "/opt/rustwide/target/debug/build/byteorder-f01ac36bada3baa0/build_script_build-f01ac36bada3baa0.build_script_build.6e33e2dc-cgu.4.rcgu.o" "/opt/rustwide/target/debug/build/byteorder-f01ac36bada3baa0/build_script_build-f01ac36bada3baa0.build_script_build.6e33e2dc-cgu.5.rcgu.o" "/opt/rustwide/target/debug/build/byteorder-f01ac36bada3baa0/build_script_build-f01ac36bada3baa0.build_script_build.6e33e2dc-cgu.6.rcgu.o" "/opt/rustwide/target/debug/build/byteorder-f01ac36bada3baa0/build_script_build-f01ac36bada3baa0.build_script_build.6e33e2dc-cgu.7.rcgu.o" "/opt/rustwide/target/debug/build/byteorder-f01ac36bada3baa0/build_script_build-f01ac36bada3baa0.build_script_build.6e33e2dc-cgu.8.rcgu.o" "/opt/rustwide/target/debug/build/byteorder-f01ac36bada3baa0/build_script_build-f01ac36bada3baa0.build_script_build.6e33e2dc-cgu.9.rcgu.o" "/opt/rustwide/target/debug/build/byteorder-f01ac36bada3baa0/build_script_build-f01ac36bada3baa0.4qvnow474vc3rdct.rcgu.o" "-Wl,--as-needed" "-L" "/opt/rustwide/target/debug/deps" "-L" "/opt/rustwide/rustup-home/toolchains/1.69.0-x86_64-unknown-linux-gnu/lib/rustlib/x86_64-unknown-linux-gnu/lib" "-Wl,-Bstatic" "/opt/rustwide/rustup-home/toolchains/1.69.0-x86_64-unknown-linux-gnu/lib/rustlib/x86_64-unknown-linux-gnu/lib/libstd-89bc084783fdc439.rlib" "/opt/rustwide/rustup-home/toolchains/1.69.0-x86_64-unknown-linux-gnu/lib/rustlib/x86_64-unknown-linux-gnu/lib/libpanic_unwind-8bee4b287d4367c1.rlib" "/opt/rustwide/rustup-home/toolchains/1.69.0-x86_64-unknown-linux-gnu/lib/rustlib/x86_64-unknown-linux-gnu/lib/libobject-d61707aed80694c0.rlib" "/opt/rustwide/rustup-home/toolchains/1.69.0-x86_64-unknown-linux-gnu/lib/rustlib/x86_64-unknown-linux-gnu/lib/libmemchr-d85366256f22345b.rlib" "/opt/rustwide/rustup-home/toolchains/1.69.0-x86_64-unknown-linux-gnu/lib/rustlib/x86_64-unknown-linux-gnu/lib/libaddr2line-96069b86b8a8cae9.rlib" "/opt/rustwide/rustup-home/toolchains/1.69.0-x86_64-unknown-linux-gnu/lib/rustlib/x86_64-unknown-linux-gnu/lib/libgimli-d19d53abf68dfa6c.rlib" "/opt/rustwide/rustup-home/toolchains/1.69.0-x86_64-unknown-linux-gnu/lib/rustlib/x86_64-unknown-linux-gnu/lib/librustc_demangle-787cbccd19d64ac6.rlib" "/opt/rustwide/rustup-home/toolchains/1.69.0-x86_64-unknown-linux-gnu/lib/rustlib/x86_64-unknown-linux-gnu/lib/libstd_detect-b3837a36b830e0d0.rlib" "/opt/rustwide/rustup-home/toolchains/1.69.0-x86_64-unknown-linux-gnu/lib/rustlib/x86_64-unknown-linux-gnu/lib/libhashbrown-e3deb0e7e3f04966.rlib" "/opt/rustwide/rustup-home/toolchains/1.69.0-x86_64-unknown-linux-gnu/lib/rustlib/x86_64-unknown-linux-gnu/lib/libminiz_oxide-dabbb79c9815def4.rlib" "/opt/rustwide/rustup-home/toolchains/1.69.0-x86_64-unknown-linux-gnu/lib/rustlib/x86_64-unknown-linux-gnu/lib/libadler-305b01f34c9409f2.rlib" "/opt/rustwide/rustup-home/toolchains/1.69.0-x86_64-unknown-linux-gnu/lib/rustlib/x86_64-unknown-linux-gnu/lib/librustc_std_workspace_alloc-f833521df6074e73.rlib" "/opt/rustwide/rustup-home/toolchains/1.69.0-x86_64-unknown-linux-gnu/lib/rustlib/x86_64-unknown-linux-gnu/lib/libunwind-9ac333113350d171.rlib" "/opt/rustwide/rustup-home/toolchains/1.69.0-x86_64-unknown-linux-gnu/lib/rustlib/x86_64-unknown-linux-gnu/lib/libcfg_if-1c126114322d0eee.rlib" "/opt/rustwide/rustup-home/toolchains/1.69.0-x86_64-unknown-linux-gnu/lib/rustlib/x86_64-unknown-linux-gnu/lib/liblibc-bad9164fdeeecf92.rlib" "/opt/rustwide/rustup-home/toolchains/1.69.0-x86_64-unknown-linux-gnu/lib/rustlib/x86_64-unknown-linux-gnu/lib/liballoc-f9374b1e480fa681.rlib" "/opt/rustwide/rustup-home/toolchains/1.69.0-x86_64-unknown-linux-gnu/lib/rustlib/x86_64-unknown-linux-gnu/lib/librustc_std_workspace_core-207f06e41d9603af.rlib" "/opt/rustwide/rustup-home/toolchains/1.69.0-x86_64-unknown-linux-gnu/lib/rustlib/x86_64-unknown-linux-gnu/lib/libcore-7e2768e66e984e85.rlib" "/opt/rustwide/rustup-home/toolchains/1.69.0-x86_64-unknown-linux-gnu/lib/rustlib/x86_64-unknown-linux-gnu/lib/libcompiler_builtins-957b4aff41f8cd46.rlib" "-Wl,-Bdynamic" "-lgcc_s" "-lutil" "-lrt" "-lpthread" "-lm" "-ldl" "-lc" "-Wl,--eh-frame-hdr" "-Wl,-z,noexecstack" "-L" "/opt/rustwide/rustup-home/toolchains/1.69.0-x86_64-unknown-linux-gnu/lib/rustlib/x86_64-unknown-linux-gnu/lib" "-o" "/opt/rustwide/target/debug/build/byteorder-f01ac36bada3baa0/build_script_build-f01ac36bada3baa0" "-Wl,--gc-sections" "-pie" "-Wl,-z,relro,-z,now" "-nodefaultlibs"
[INFO] [stdout]   = note: /usr/bin/ld: final link failed: No space left on device
[INFO] [stdout]           collect2: error: ld returned 1 exit status
[INFO] [stdout]           
[INFO] [stdout] 
[INFO] [stdout] 
[INFO] [stdout] error: aborting due to previous error
[INFO] [stdout] 
[INFO] [stdout] 
[INFO] [stderr] error: could not compile `byteorder` due to 2 previous errors
[INFO] [stderr] error: could not compile `ppv-lite86`
[INFO] [stderr] LLVM ERROR: IO failure on output stream: No space left on device
[INFO] [stderr] error: could not compile `unicode-bidi`
[INFO] [stdout] error: couldn't create a temp dir: No space left on device (os error 28) at path "/opt/rustwide/target/debug/deps/rmeta9uYmnY"
[INFO] [stdout] 
[INFO] [stdout] 
[INFO] [stderr] error: could not compile `unicode-normalization` due to previous error
[INFO] running `Command { std: "docker" "inspect" "50ea325135ad4d248799da526e3385141441cb4610d98886b94d45a773ebc3d1", kill_on_drop: false }`
[INFO] running `Command { std: "docker" "rm" "-f" "50ea325135ad4d248799da526e3385141441cb4610d98886b94d45a773ebc3d1", kill_on_drop: false }`
[INFO] [stdout] 50ea325135ad4d248799da526e3385141441cb4610d98886b94d45a773ebc3d1
