[INFO] cloning repository https://github.com/apkipa/DwmKiller
[INFO] running `Command { std: "git" "-c" "credential.helper=" "-c" "credential.helper=/workspace/cargo-home/bin/git-credential-null" "clone" "--bare" "https://github.com/apkipa/DwmKiller" "/workspace/cache/git-repos/https%3A%2F%2Fgithub.com%2Fapkipa%2FDwmKiller", kill_on_drop: false }`
[INFO] [stderr] Cloning into bare repository '/workspace/cache/git-repos/https%3A%2F%2Fgithub.com%2Fapkipa%2FDwmKiller'...
[INFO] running `Command { std: "git" "rev-parse" "HEAD", kill_on_drop: false }`
[INFO] [stdout] 5c707a6aedb374b6e27b7bbd0dfd27be02378b94
[INFO] testing apkipa/DwmKiller against 1.69.0 for beta-1.70-1
[INFO] running `Command { std: "git" "clone" "/workspace/cache/git-repos/https%3A%2F%2Fgithub.com%2Fapkipa%2FDwmKiller" "/workspace/builds/worker-0-tc1/source", kill_on_drop: false }`
[INFO] [stderr] Cloning into '/workspace/builds/worker-0-tc1/source'...
[INFO] [stderr] done.
[INFO] validating manifest of git repo https://github.com/apkipa/DwmKiller on toolchain 1.69.0
[INFO] running `Command { std: CARGO_HOME="/workspace/cargo-home" RUSTUP_HOME="/workspace/rustup-home" "/workspace/cargo-home/bin/cargo" "+1.69.0" "metadata" "--manifest-path" "Cargo.toml" "--no-deps", kill_on_drop: false }`
[INFO] started tweaking git repo https://github.com/apkipa/DwmKiller
[INFO] finished tweaking git repo https://github.com/apkipa/DwmKiller
[INFO] tweaked toml for git repo https://github.com/apkipa/DwmKiller written to /workspace/builds/worker-0-tc1/source/Cargo.toml
[INFO] crate git repo https://github.com/apkipa/DwmKiller already has a lockfile, it will not be regenerated
[INFO] running `Command { std: CARGO_HOME="/workspace/cargo-home" RUSTUP_HOME="/workspace/rustup-home" "/workspace/cargo-home/bin/cargo" "+1.69.0" "fetch" "--manifest-path" "Cargo.toml", kill_on_drop: false }`
[INFO] running `Command { std: "docker" "create" "-v" "/var/lib/crater-agent-workspace/builds/worker-0-tc1/target:/opt/rustwide/target:rw,Z" "-v" "/var/lib/crater-agent-workspace/builds/worker-0-tc1/source:/opt/rustwide/workdir:ro,Z" "-v" "/var/lib/crater-agent-workspace/cargo-home:/opt/rustwide/cargo-home:ro,Z" "-v" "/var/lib/crater-agent-workspace/rustup-home:/opt/rustwide/rustup-home:ro,Z" "-e" "SOURCE_DIR=/opt/rustwide/workdir" "-e" "CARGO_TARGET_DIR=/opt/rustwide/target" "-e" "CARGO_HOME=/opt/rustwide/cargo-home" "-e" "RUSTUP_HOME=/opt/rustwide/rustup-home" "-w" "/opt/rustwide/workdir" "-m" "1610612736" "--user" "0:0" "--network" "none" "ghcr.io/rust-lang/crates-build-env/linux@sha256:5ff2268d62e97bff2cde7d5815dd6ed5b47097566f13b8d0ca110b04b60e07ed" "/opt/rustwide/cargo-home/bin/cargo" "+1.69.0" "metadata" "--no-deps" "--format-version=1", kill_on_drop: false }`
[INFO] [stdout] 70ea01666d3045db1ac045b3966bbe544263ba7f17de50200d1642e4b2fefefa
[INFO] running `Command { std: "docker" "start" "-a" "70ea01666d3045db1ac045b3966bbe544263ba7f17de50200d1642e4b2fefefa", kill_on_drop: false }`
[INFO] running `Command { std: "docker" "inspect" "70ea01666d3045db1ac045b3966bbe544263ba7f17de50200d1642e4b2fefefa", kill_on_drop: false }`
[INFO] running `Command { std: "docker" "rm" "-f" "70ea01666d3045db1ac045b3966bbe544263ba7f17de50200d1642e4b2fefefa", kill_on_drop: false }`
[INFO] [stdout] 70ea01666d3045db1ac045b3966bbe544263ba7f17de50200d1642e4b2fefefa
[INFO] running `Command { std: "docker" "create" "-v" "/var/lib/crater-agent-workspace/builds/worker-0-tc1/target:/opt/rustwide/target:rw,Z" "-v" "/var/lib/crater-agent-workspace/builds/worker-0-tc1/source:/opt/rustwide/workdir:ro,Z" "-v" "/var/lib/crater-agent-workspace/cargo-home:/opt/rustwide/cargo-home:ro,Z" "-v" "/var/lib/crater-agent-workspace/rustup-home:/opt/rustwide/rustup-home:ro,Z" "-e" "SOURCE_DIR=/opt/rustwide/workdir" "-e" "CARGO_TARGET_DIR=/opt/rustwide/target" "-e" "CARGO_INCREMENTAL=0" "-e" "RUST_BACKTRACE=full" "-e" "RUSTFLAGS=--cap-lints=warn" "-e" "RUSTDOCFLAGS=--cap-lints=warn" "-e" "CARGO_HOME=/opt/rustwide/cargo-home" "-e" "RUSTUP_HOME=/opt/rustwide/rustup-home" "-w" "/opt/rustwide/workdir" "-m" "1610612736" "--user" "0:0" "--network" "none" "ghcr.io/rust-lang/crates-build-env/linux@sha256:5ff2268d62e97bff2cde7d5815dd6ed5b47097566f13b8d0ca110b04b60e07ed" "/opt/rustwide/cargo-home/bin/cargo" "+1.69.0" "build" "--frozen" "--message-format=json", kill_on_drop: false }`
[INFO] [stdout] 343f0b53775aaf47062ac9c7d47ed9716eaebced8327265e6b79b4c58044f4fd
[INFO] running `Command { std: "docker" "start" "-a" "343f0b53775aaf47062ac9c7d47ed9716eaebced8327265e6b79b4c58044f4fd", kill_on_drop: false }`
[INFO] [stderr]    Compiling proc-macro2 v1.0.29
[INFO] [stderr]    Compiling syn v1.0.76
[INFO] [stderr]    Compiling windows_quote v0.19.0
[INFO] [stderr]    Compiling windows_reader v0.19.0
[INFO] [stderr]    Compiling const-sha1 v0.2.0
[INFO] [stderr]    Compiling DwmKiller v0.1.0 (/opt/rustwide/workdir)
[INFO] [stderr]    Compiling quote v1.0.9
[INFO] [stderr]    Compiling windows_gen v0.19.0
[INFO] [stderr]    Compiling windows_macros v0.19.0
[INFO] [stderr]    Compiling windows v0.19.0
[INFO] [stderr]    Compiling bindings v0.1.0 (/opt/rustwide/workdir/bindings)
[INFO] [stdout] warning: unused return value of `Box::<T>::from_raw` that must be used
[INFO] [stdout]  --> /opt/rustwide/target/debug/build/bindings-3e8f248b39d5568c/out/windows.rs:1:105732
[INFO] [stdout]   |
[INFO] [stdout] 1 | ...( * this ) . count . release ( ) ; if remaining == 0 { Box :: from_raw ( this ) ; } remaining } unsafe extern "system" fn Invoke ( thi...
[INFO] [stdout]   |                                                           ^^^^^^^^^^^^^^^^^^^^^^^^
[INFO] [stdout]   |
[INFO] [stdout]   = note: call `drop(Box::from_raw(ptr))` if you intend to drop the `Box`
[INFO] [stdout]   = note: `#[warn(unused_must_use)]` on by default
[INFO] [stdout] 
[INFO] [stdout] 
[INFO] [stdout] warning: unused return value of `Box::<T>::from_raw` that must be used
[INFO] [stdout]  --> /opt/rustwide/target/debug/build/bindings-3e8f248b39d5568c/out/windows.rs:1:261520
[INFO] [stdout]   |
[INFO] [stdout] 1 | ... { if ! value . 0 . is_null ( ) { unsafe { :: std :: boxed :: Box :: from_raw ( value . 0 ) ; } } } } } impl < 'a > :: windows :: Into...
[INFO] [stdout]   |                                               ^^^^^^^^^^^^^^^^^^^^^^^^^^^^^^^^^^^^^^^^^^^^^^^^
[INFO] [stdout]   |
[INFO] [stdout]   = note: call `drop(Box::from_raw(ptr))` if you intend to drop the `Box`
[INFO] [stdout] 
[INFO] [stdout] 
[INFO] [stdout] warning: unused return value of `Box::<T>::from_raw` that must be used
[INFO] [stdout]  --> /opt/rustwide/target/debug/build/bindings-3e8f248b39d5568c/out/windows.rs:1:263092
[INFO] [stdout]   |
[INFO] [stdout] 1 | ... { if ! value . 0 . is_null ( ) { unsafe { :: std :: boxed :: Box :: from_raw ( value . 0 ) ; } } } } } impl < 'a > :: windows :: Into...
[INFO] [stdout]   |                                               ^^^^^^^^^^^^^^^^^^^^^^^^^^^^^^^^^^^^^^^^^^^^^^^^
[INFO] [stdout]   |
[INFO] [stdout]   = note: call `drop(Box::from_raw(ptr))` if you intend to drop the `Box`
[INFO] [stdout] 
[INFO] [stdout] 
[INFO] [stdout] warning: 3 warnings emitted
[INFO] [stdout] 
[INFO] [stdout] 
[INFO] [stdout] error[E0433]: failed to resolve: could not find `windows` in `os`
[INFO] [stdout]   --> src/main.rs:36:14
[INFO] [stdout]    |
[INFO] [stdout] 36 | use std::os::windows::prelude::*;
[INFO] [stdout]    |              ^^^^^^^ could not find `windows` in `os`
[INFO] [stdout] 
[INFO] [stdout] 
[INFO] [stdout] warning: unused imports: `RO_INIT_MULTITHREADED`, `RoInitialize`, `Windows::Win32::UI::Shell::SetCurrentProcessExplicitAppUserModelID`
[INFO] [stdout]   --> src/main.rs:27:37
[INFO] [stdout]    |
[INFO] [stdout] 27 |     Windows::Win32::System::WinRT::{RoInitialize, RO_INIT_MULTITHREADED},
[INFO] [stdout]    |                                     ^^^^^^^^^^^^  ^^^^^^^^^^^^^^^^^^^^^
[INFO] [stdout] 28 |     Windows::Win32::UI::Shell::SetCurrentProcessExplicitAppUserModelID,
[INFO] [stdout]    |     ^^^^^^^^^^^^^^^^^^^^^^^^^^^^^^^^^^^^^^^^^^^^^^^^^^^^^^^^^^^^^^^^^^
[INFO] [stdout]    |
[INFO] [stdout]    = note: `#[warn(unused_imports)]` on by default
[INFO] [stdout] 
[INFO] [stdout] 
[INFO] [stdout] warning: unused import: `std::path::Path`
[INFO] [stdout]   --> src/main.rs:37:5
[INFO] [stdout]    |
[INFO] [stdout] 37 | use std::path::Path;
[INFO] [stdout]    |     ^^^^^^^^^^^^^^^
[INFO] [stdout] 
[INFO] [stdout] 
[INFO] [stdout] error[E0599]: no method named `encode_wide` found for reference `&OsStr` in the current scope
[INFO] [stdout]   --> src/main.rs:83:7
[INFO] [stdout]    |
[INFO] [stdout] 83 |     s.encode_wide().chain(Some(0)).collect()
[INFO] [stdout]    |       ^^^^^^^^^^^ method not found in `&OsStr`
[INFO] [stdout] 
[INFO] [stdout] 
[INFO] [stdout] error[E0599]: no function or associated item named `from_wide` found for struct `OsString` in the current scope
[INFO] [stdout]   --> src/main.rs:88:15
[INFO] [stdout]    |
[INFO] [stdout] 88 |     OsString::from_wide(&s[..len])
[INFO] [stdout]    |               ^^^^^^^^^ function or associated item not found in `OsString`
[INFO] [stdout] 
[INFO] [stdout] 
[INFO] [stdout] error[E0599]: no function or associated item named `from_wide` found for struct `OsString` in the current scope
[INFO] [stdout]   --> src/main.rs:93:15
[INFO] [stdout]    |
[INFO] [stdout] 93 |     OsString::from_wide(slice::from_raw_parts(ptr, len))
[INFO] [stdout]    |               ^^^^^^^^^ function or associated item not found in `OsString`
[INFO] [stdout] 
[INFO] [stdout] 
[INFO] [stdout] error[E0599]: no function or associated item named `from_wide` found for struct `OsString` in the current scope
[INFO] [stdout]    --> src/main.rs:118:23
[INFO] [stdout]     |
[INFO] [stdout] 118 |             OsString::from_wide(slice)
[INFO] [stdout]     |                       ^^^^^^^^^ function or associated item not found in `OsString`
[INFO] [stdout] 
[INFO] [stdout] 
[INFO] [stdout] error: aborting due to 5 previous errors; 2 warnings emitted
[INFO] [stdout] 
[INFO] [stdout] 
[INFO] [stdout] Some errors have detailed explanations: E0433, E0599.
[INFO] [stdout] 
[INFO] [stdout] For more information about an error, try `rustc --explain E0433`.
[INFO] [stdout] 
[INFO] [stderr] error: could not compile `DwmKiller` due to 6 previous errors; 2 warnings emitted
[INFO] running `Command { std: "docker" "inspect" "343f0b53775aaf47062ac9c7d47ed9716eaebced8327265e6b79b4c58044f4fd", kill_on_drop: false }`
[INFO] running `Command { std: "docker" "rm" "-f" "343f0b53775aaf47062ac9c7d47ed9716eaebced8327265e6b79b4c58044f4fd", kill_on_drop: false }`
[INFO] [stdout] 343f0b53775aaf47062ac9c7d47ed9716eaebced8327265e6b79b4c58044f4fd
