[INFO] cloning repository https://github.com/aol1306/shoview
[INFO] running `Command { std: "git" "-c" "credential.helper=" "-c" "credential.helper=/workspace/cargo-home/bin/git-credential-null" "clone" "--bare" "https://github.com/aol1306/shoview" "/workspace/cache/git-repos/https%3A%2F%2Fgithub.com%2Faol1306%2Fshoview", kill_on_drop: false }`
[INFO] [stderr] Cloning into bare repository '/workspace/cache/git-repos/https%3A%2F%2Fgithub.com%2Faol1306%2Fshoview'...
[INFO] running `Command { std: "git" "rev-parse" "HEAD", kill_on_drop: false }`
[INFO] [stdout] d7d7c3fb6fc1f3a1be1003ebb256c6aa0dcc53db
[INFO] testing aol1306/shoview against 1.69.0 for beta-1.70-1
[INFO] running `Command { std: "git" "clone" "/workspace/cache/git-repos/https%3A%2F%2Fgithub.com%2Faol1306%2Fshoview" "/workspace/builds/worker-7-tc1/source", kill_on_drop: false }`
[INFO] [stderr] Cloning into '/workspace/builds/worker-7-tc1/source'...
[INFO] [stderr] done.
[INFO] validating manifest of git repo https://github.com/aol1306/shoview on toolchain 1.69.0
[INFO] running `Command { std: CARGO_HOME="/workspace/cargo-home" RUSTUP_HOME="/workspace/rustup-home" "/workspace/cargo-home/bin/cargo" "+1.69.0" "metadata" "--manifest-path" "Cargo.toml" "--no-deps", kill_on_drop: false }`
[INFO] started tweaking git repo https://github.com/aol1306/shoview
[INFO] finished tweaking git repo https://github.com/aol1306/shoview
[INFO] tweaked toml for git repo https://github.com/aol1306/shoview written to /workspace/builds/worker-7-tc1/source/Cargo.toml
[INFO] crate git repo https://github.com/aol1306/shoview already has a lockfile, it will not be regenerated
[INFO] running `Command { std: CARGO_HOME="/workspace/cargo-home" RUSTUP_HOME="/workspace/rustup-home" "/workspace/cargo-home/bin/cargo" "+1.69.0" "fetch" "--manifest-path" "Cargo.toml", kill_on_drop: false }`
[INFO] running `Command { std: "docker" "create" "-v" "/var/lib/crater-agent-workspace/builds/worker-7-tc1/target:/opt/rustwide/target:rw,Z" "-v" "/var/lib/crater-agent-workspace/builds/worker-7-tc1/source:/opt/rustwide/workdir:ro,Z" "-v" "/var/lib/crater-agent-workspace/cargo-home:/opt/rustwide/cargo-home:ro,Z" "-v" "/var/lib/crater-agent-workspace/rustup-home:/opt/rustwide/rustup-home:ro,Z" "-e" "SOURCE_DIR=/opt/rustwide/workdir" "-e" "CARGO_TARGET_DIR=/opt/rustwide/target" "-e" "CARGO_HOME=/opt/rustwide/cargo-home" "-e" "RUSTUP_HOME=/opt/rustwide/rustup-home" "-w" "/opt/rustwide/workdir" "-m" "1610612736" "--user" "0:0" "--network" "none" "ghcr.io/rust-lang/crates-build-env/linux@sha256:97d61d7686bf65f8ecb15491ab51835e82dc9176a96a831f143a431b191fc501" "/opt/rustwide/cargo-home/bin/cargo" "+1.69.0" "metadata" "--no-deps" "--format-version=1", kill_on_drop: false }`
[INFO] [stdout] fef4f2fc775dfd9af95aa1a15b00bfa952f206bdbceba7b665295e71ed6cccc3
[INFO] running `Command { std: "docker" "start" "-a" "fef4f2fc775dfd9af95aa1a15b00bfa952f206bdbceba7b665295e71ed6cccc3", kill_on_drop: false }`
[INFO] running `Command { std: "docker" "inspect" "fef4f2fc775dfd9af95aa1a15b00bfa952f206bdbceba7b665295e71ed6cccc3", kill_on_drop: false }`
[INFO] running `Command { std: "docker" "rm" "-f" "fef4f2fc775dfd9af95aa1a15b00bfa952f206bdbceba7b665295e71ed6cccc3", kill_on_drop: false }`
[INFO] [stdout] fef4f2fc775dfd9af95aa1a15b00bfa952f206bdbceba7b665295e71ed6cccc3
[INFO] running `Command { std: "docker" "create" "-v" "/var/lib/crater-agent-workspace/builds/worker-7-tc1/target:/opt/rustwide/target:rw,Z" "-v" "/var/lib/crater-agent-workspace/builds/worker-7-tc1/source:/opt/rustwide/workdir:ro,Z" "-v" "/var/lib/crater-agent-workspace/cargo-home:/opt/rustwide/cargo-home:ro,Z" "-v" "/var/lib/crater-agent-workspace/rustup-home:/opt/rustwide/rustup-home:ro,Z" "-e" "SOURCE_DIR=/opt/rustwide/workdir" "-e" "CARGO_TARGET_DIR=/opt/rustwide/target" "-e" "CARGO_INCREMENTAL=0" "-e" "RUST_BACKTRACE=full" "-e" "RUSTFLAGS=--cap-lints=warn" "-e" "RUSTDOCFLAGS=--cap-lints=warn" "-e" "CARGO_HOME=/opt/rustwide/cargo-home" "-e" "RUSTUP_HOME=/opt/rustwide/rustup-home" "-w" "/opt/rustwide/workdir" "-m" "1610612736" "--user" "0:0" "--network" "none" "ghcr.io/rust-lang/crates-build-env/linux@sha256:97d61d7686bf65f8ecb15491ab51835e82dc9176a96a831f143a431b191fc501" "/opt/rustwide/cargo-home/bin/cargo" "+1.69.0" "build" "--frozen" "--message-format=json", kill_on_drop: false }`
[INFO] [stdout] 7315fff69b49629cf5a1e552fc5856801e66b7df2044a638e735a13616066e70
[INFO] running `Command { std: "docker" "start" "-a" "7315fff69b49629cf5a1e552fc5856801e66b7df2044a638e735a13616066e70", kill_on_drop: false }`
[INFO] [stderr]    Compiling libc v0.2.51
[INFO] [stderr]    Compiling autocfg v0.1.2
[INFO] [stderr]    Compiling rand_core v0.4.0
[INFO] [stderr]    Compiling typenum v1.10.0
[INFO] [stderr]    Compiling proc-macro2 v0.4.27
[INFO] [stderr]    Compiling byteorder v1.3.1
[INFO] [stderr]    Compiling num-traits v0.2.6
[INFO] [stderr]    Compiling unicode-xid v0.1.0
[INFO] [stderr]    Compiling memchr v2.2.0
[INFO] [stderr]    Compiling num-integer v0.1.39
[INFO] [stderr]    Compiling syn v0.15.31
[INFO] [stderr]    Compiling ucd-util v0.1.3
[INFO] [stderr]    Compiling serde v1.0.90
[INFO] [stderr]    Compiling arrayref v0.3.5
[INFO] [stderr]    Compiling lazy_static v1.3.0
[INFO] [stderr]    Compiling ryu v0.2.7
[INFO] [stderr]    Compiling byte-tools v0.2.0
[INFO] [stderr]    Compiling cc v1.0.35
[INFO] [stderr]    Compiling thread_local v0.3.6
[INFO] [stderr]    Compiling rand_core v0.3.1
[INFO] [stderr]    Compiling block-buffer v0.3.3
[INFO] [stderr]    Compiling ucd-trie v0.1.1
[INFO] [stderr]    Compiling rand_chacha v0.1.1
[INFO] [stdout] error: linking with `cc` failed: exit status: 1
[INFO] [stdout]   |
[INFO] [stdout]   = note: LC_ALL="C" PATH="/opt/rustwide/rustup-home/toolchains/1.69.0-x86_64-unknown-linux-gnu/lib/rustlib/x86_64-unknown-linux-gnu/bin:/opt/rustwide/cargo-home/bin:/usr/local/sbin:/usr/local/bin:/usr/sbin:/usr/bin:/sbin:/bin" VSLANG="1033" "cc" "-m64" "/tmp/rustc9swUaF/symbols.o" "/opt/rustwide/target/debug/build/serde-1133b0ad0ea2530a/build_script_build-1133b0ad0ea2530a.build_script_build.2f50685f-cgu.0.rcgu.o" "/opt/rustwide/target/debug/build/serde-1133b0ad0ea2530a/build_script_build-1133b0ad0ea2530a.build_script_build.2f50685f-cgu.1.rcgu.o" "/opt/rustwide/target/debug/build/serde-1133b0ad0ea2530a/build_script_build-1133b0ad0ea2530a.build_script_build.2f50685f-cgu.10.rcgu.o" "/opt/rustwide/target/debug/build/serde-1133b0ad0ea2530a/build_script_build-1133b0ad0ea2530a.build_script_build.2f50685f-cgu.11.rcgu.o" "/opt/rustwide/target/debug/build/serde-1133b0ad0ea2530a/build_script_build-1133b0ad0ea2530a.build_script_build.2f50685f-cgu.12.rcgu.o" "/opt/rustwide/target/debug/build/serde-1133b0ad0ea2530a/build_script_build-1133b0ad0ea2530a.build_script_build.2f50685f-cgu.13.rcgu.o" "/opt/rustwide/target/debug/build/serde-1133b0ad0ea2530a/build_script_build-1133b0ad0ea2530a.build_script_build.2f50685f-cgu.14.rcgu.o" "/opt/rustwide/target/debug/build/serde-1133b0ad0ea2530a/build_script_build-1133b0ad0ea2530a.build_script_build.2f50685f-cgu.15.rcgu.o" "/opt/rustwide/target/debug/build/serde-1133b0ad0ea2530a/build_script_build-1133b0ad0ea2530a.build_script_build.2f50685f-cgu.2.rcgu.o" "/opt/rustwide/target/debug/build/serde-1133b0ad0ea2530a/build_script_build-1133b0ad0ea2530a.build_script_build.2f50685f-cgu.3.rcgu.o" "/opt/rustwide/target/debug/build/serde-1133b0ad0ea2530a/build_script_build-1133b0ad0ea2530a.build_script_build.2f50685f-cgu.4.rcgu.o" "/opt/rustwide/target/debug/build/serde-1133b0ad0ea2530a/build_script_build-1133b0ad0ea2530a.build_script_build.2f50685f-cgu.5.rcgu.o" "/opt/rustwide/target/debug/build/serde-1133b0ad0ea2530a/build_script_build-1133b0ad0ea2530a.build_script_build.2f50685f-cgu.6.rcgu.o" "/opt/rustwide/target/debug/build/serde-1133b0ad0ea2530a/build_script_build-1133b0ad0ea2530a.build_script_build.2f50685f-cgu.7.rcgu.o" "/opt/rustwide/target/debug/build/serde-1133b0ad0ea2530a/build_script_build-1133b0ad0ea2530a.build_script_build.2f50685f-cgu.8.rcgu.o" "/opt/rustwide/target/debug/build/serde-1133b0ad0ea2530a/build_script_build-1133b0ad0ea2530a.build_script_build.2f50685f-cgu.9.rcgu.o" "/opt/rustwide/target/debug/build/serde-1133b0ad0ea2530a/build_script_build-1133b0ad0ea2530a.1j7ksvvoh5pygkpy.rcgu.o" "-Wl,--as-needed" "-L" "/opt/rustwide/target/debug/deps" "-L" "/opt/rustwide/rustup-home/toolchains/1.69.0-x86_64-unknown-linux-gnu/lib/rustlib/x86_64-unknown-linux-gnu/lib" "-Wl,-Bstatic" "/opt/rustwide/rustup-home/toolchains/1.69.0-x86_64-unknown-linux-gnu/lib/rustlib/x86_64-unknown-linux-gnu/lib/libstd-89bc084783fdc439.rlib" "/opt/rustwide/rustup-home/toolchains/1.69.0-x86_64-unknown-linux-gnu/lib/rustlib/x86_64-unknown-linux-gnu/lib/libpanic_unwind-8bee4b287d4367c1.rlib" "/opt/rustwide/rustup-home/toolchains/1.69.0-x86_64-unknown-linux-gnu/lib/rustlib/x86_64-unknown-linux-gnu/lib/libobject-d61707aed80694c0.rlib" "/opt/rustwide/rustup-home/toolchains/1.69.0-x86_64-unknown-linux-gnu/lib/rustlib/x86_64-unknown-linux-gnu/lib/libmemchr-d85366256f22345b.rlib" "/opt/rustwide/rustup-home/toolchains/1.69.0-x86_64-unknown-linux-gnu/lib/rustlib/x86_64-unknown-linux-gnu/lib/libaddr2line-96069b86b8a8cae9.rlib" "/opt/rustwide/rustup-home/toolchains/1.69.0-x86_64-unknown-linux-gnu/lib/rustlib/x86_64-unknown-linux-gnu/lib/libgimli-d19d53abf68dfa6c.rlib" "/opt/rustwide/rustup-home/toolchains/1.69.0-x86_64-unknown-linux-gnu/lib/rustlib/x86_64-unknown-linux-gnu/lib/librustc_demangle-787cbccd19d64ac6.rlib" "/opt/rustwide/rustup-home/toolchains/1.69.0-x86_64-unknown-linux-gnu/lib/rustlib/x86_64-unknown-linux-gnu/lib/libstd_detect-b3837a36b830e0d0.rlib" "/opt/rustwide/rustup-home/toolchains/1.69.0-x86_64-unknown-linux-gnu/lib/rustlib/x86_64-unknown-linux-gnu/lib/libhashbrown-e3deb0e7e3f04966.rlib" "/opt/rustwide/rustup-home/toolchains/1.69.0-x86_64-unknown-linux-gnu/lib/rustlib/x86_64-unknown-linux-gnu/lib/libminiz_oxide-dabbb79c9815def4.rlib" "/opt/rustwide/rustup-home/toolchains/1.69.0-x86_64-unknown-linux-gnu/lib/rustlib/x86_64-unknown-linux-gnu/lib/libadler-305b01f34c9409f2.rlib" "/opt/rustwide/rustup-home/toolchains/1.69.0-x86_64-unknown-linux-gnu/lib/rustlib/x86_64-unknown-linux-gnu/lib/librustc_std_workspace_alloc-f833521df6074e73.rlib" "/opt/rustwide/rustup-home/toolchains/1.69.0-x86_64-unknown-linux-gnu/lib/rustlib/x86_64-unknown-linux-gnu/lib/libunwind-9ac333113350d171.rlib" "/opt/rustwide/rustup-home/toolchains/1.69.0-x86_64-unknown-linux-gnu/lib/rustlib/x86_64-unknown-linux-gnu/lib/libcfg_if-1c126114322d0eee.rlib" "/opt/rustwide/rustup-home/toolchains/1.69.0-x86_64-unknown-linux-gnu/lib/rustlib/x86_64-unknown-linux-gnu/lib/liblibc-bad9164fdeeecf92.rlib" "/opt/rustwide/rustup-home/toolchains/1.69.0-x86_64-unknown-linux-gnu/lib/rustlib/x86_64-unknown-linux-gnu/lib/liballoc-f9374b1e480fa681.rlib" "/opt/rustwide/rustup-home/toolchains/1.69.0-x86_64-unknown-linux-gnu/lib/rustlib/x86_64-unknown-linux-gnu/lib/librustc_std_workspace_core-207f06e41d9603af.rlib" "/opt/rustwide/rustup-home/toolchains/1.69.0-x86_64-unknown-linux-gnu/lib/rustlib/x86_64-unknown-linux-gnu/lib/libcore-7e2768e66e984e85.rlib" "/opt/rustwide/rustup-home/toolchains/1.69.0-x86_64-unknown-linux-gnu/lib/rustlib/x86_64-unknown-linux-gnu/lib/libcompiler_builtins-957b4aff41f8cd46.rlib" "-Wl,-Bdynamic" "-lgcc_s" "-lutil" "-lrt" "-lpthread" "-lm" "-ldl" "-lc" "-Wl,--eh-frame-hdr" "-Wl,-z,noexecstack" "-L" "/opt/rustwide/rustup-home/toolchains/1.69.0-x86_64-unknown-linux-gnu/lib/rustlib/x86_64-unknown-linux-gnu/lib" "-o" "/opt/rustwide/target/debug/build/serde-1133b0ad0ea2530a/build_script_build-1133b0ad0ea2530a" "-Wl,--gc-sections" "-pie" "-Wl,-z,relro,-z,now" "-nodefaultlibs"
[INFO] [stdout]   = note: /usr/bin/ld: final link failed: No space left on device
[INFO] [stdout]           collect2: error: ld returned 1 exit status
[INFO] [stdout]           
[INFO] [stdout] 
[INFO] [stdout] 
[INFO] [stdout] error: aborting due to previous error
[INFO] [stdout] 
[INFO] [stdout] 
[INFO] [stdout] error: linking with `cc` failed: exit status: 1
[INFO] [stdout]   |
[INFO] [stdout]   = note: LC_ALL="C" PATH="/opt/rustwide/rustup-home/toolchains/1.69.0-x86_64-unknown-linux-gnu/lib/rustlib/x86_64-unknown-linux-gnu/bin:/opt/rustwide/cargo-home/bin:/usr/local/sbin:/usr/local/bin:/usr/sbin:/usr/bin:/sbin:/bin" VSLANG="1033" "cc" "-m64" "/tmp/rustcvdBOjP/symbols.o" "/opt/rustwide/target/debug/build/num-integer-dfd3da042b6fc2b1/build_script_build-dfd3da042b6fc2b1.build_script_build.4f0d80bb-cgu.0.rcgu.o" "/opt/rustwide/target/debug/build/num-integer-dfd3da042b6fc2b1/build_script_build-dfd3da042b6fc2b1.build_script_build.4f0d80bb-cgu.1.rcgu.o" "/opt/rustwide/target/debug/build/num-integer-dfd3da042b6fc2b1/build_script_build-dfd3da042b6fc2b1.build_script_build.4f0d80bb-cgu.10.rcgu.o" "/opt/rustwide/target/debug/build/num-integer-dfd3da042b6fc2b1/build_script_build-dfd3da042b6fc2b1.build_script_build.4f0d80bb-cgu.11.rcgu.o" "/opt/rustwide/target/debug/build/num-integer-dfd3da042b6fc2b1/build_script_build-dfd3da042b6fc2b1.build_script_build.4f0d80bb-cgu.12.rcgu.o" "/opt/rustwide/target/debug/build/num-integer-dfd3da042b6fc2b1/build_script_build-dfd3da042b6fc2b1.build_script_build.4f0d80bb-cgu.13.rcgu.o" "/opt/rustwide/target/debug/build/num-integer-dfd3da042b6fc2b1/build_script_build-dfd3da042b6fc2b1.build_script_build.4f0d80bb-cgu.14.rcgu.o" "/opt/rustwide/target/debug/build/num-integer-dfd3da042b6fc2b1/build_script_build-dfd3da042b6fc2b1.build_script_build.4f0d80bb-cgu.15.rcgu.o" "/opt/rustwide/target/debug/build/num-integer-dfd3da042b6fc2b1/build_script_build-dfd3da042b6fc2b1.build_script_build.4f0d80bb-cgu.2.rcgu.o" "/opt/rustwide/target/debug/build/num-integer-dfd3da042b6fc2b1/build_script_build-dfd3da042b6fc2b1.build_script_build.4f0d80bb-cgu.3.rcgu.o" "/opt/rustwide/target/debug/build/num-integer-dfd3da042b6fc2b1/build_script_build-dfd3da042b6fc2b1.build_script_build.4f0d80bb-cgu.4.rcgu.o" "/opt/rustwide/target/debug/build/num-integer-dfd3da042b6fc2b1/build_script_build-dfd3da042b6fc2b1.build_script_build.4f0d80bb-cgu.5.rcgu.o" "/opt/rustwide/target/debug/build/num-integer-dfd3da042b6fc2b1/build_script_build-dfd3da042b6fc2b1.build_script_build.4f0d80bb-cgu.6.rcgu.o" "/opt/rustwide/target/debug/build/num-integer-dfd3da042b6fc2b1/build_script_build-dfd3da042b6fc2b1.build_script_build.4f0d80bb-cgu.7.rcgu.o" "/opt/rustwide/target/debug/build/num-integer-dfd3da042b6fc2b1/build_script_build-dfd3da042b6fc2b1.build_script_build.4f0d80bb-cgu.8.rcgu.o" "/opt/rustwide/target/debug/build/num-integer-dfd3da042b6fc2b1/build_script_build-dfd3da042b6fc2b1.build_script_build.4f0d80bb-cgu.9.rcgu.o" "/opt/rustwide/target/debug/build/num-integer-dfd3da042b6fc2b1/build_script_build-dfd3da042b6fc2b1.val9hxwifk1nid6.rcgu.o" "-Wl,--as-needed" "-L" "/opt/rustwide/target/debug/deps" "-L" "/opt/rustwide/rustup-home/toolchains/1.69.0-x86_64-unknown-linux-gnu/lib/rustlib/x86_64-unknown-linux-gnu/lib" "-Wl,-Bstatic" "/opt/rustwide/rustup-home/toolchains/1.69.0-x86_64-unknown-linux-gnu/lib/rustlib/x86_64-unknown-linux-gnu/lib/libstd-89bc084783fdc439.rlib" "/opt/rustwide/rustup-home/toolchains/1.69.0-x86_64-unknown-linux-gnu/lib/rustlib/x86_64-unknown-linux-gnu/lib/libpanic_unwind-8bee4b287d4367c1.rlib" "/opt/rustwide/rustup-home/toolchains/1.69.0-x86_64-unknown-linux-gnu/lib/rustlib/x86_64-unknown-linux-gnu/lib/libobject-d61707aed80694c0.rlib" "/opt/rustwide/rustup-home/toolchains/1.69.0-x86_64-unknown-linux-gnu/lib/rustlib/x86_64-unknown-linux-gnu/lib/libmemchr-d85366256f22345b.rlib" "/opt/rustwide/rustup-home/toolchains/1.69.0-x86_64-unknown-linux-gnu/lib/rustlib/x86_64-unknown-linux-gnu/lib/libaddr2line-96069b86b8a8cae9.rlib" "/opt/rustwide/rustup-home/toolchains/1.69.0-x86_64-unknown-linux-gnu/lib/rustlib/x86_64-unknown-linux-gnu/lib/libgimli-d19d53abf68dfa6c.rlib" "/opt/rustwide/rustup-home/toolchains/1.69.0-x86_64-unknown-linux-gnu/lib/rustlib/x86_64-unknown-linux-gnu/lib/librustc_demangle-787cbccd19d64ac6.rlib" "/opt/rustwide/rustup-home/toolchains/1.69.0-x86_64-unknown-linux-gnu/lib/rustlib/x86_64-unknown-linux-gnu/lib/libstd_detect-b3837a36b830e0d0.rlib" "/opt/rustwide/rustup-home/toolchains/1.69.0-x86_64-unknown-linux-gnu/lib/rustlib/x86_64-unknown-linux-gnu/lib/libhashbrown-e3deb0e7e3f04966.rlib" "/opt/rustwide/rustup-home/toolchains/1.69.0-x86_64-unknown-linux-gnu/lib/rustlib/x86_64-unknown-linux-gnu/lib/libminiz_oxide-dabbb79c9815def4.rlib" "/opt/rustwide/rustup-home/toolchains/1.69.0-x86_64-unknown-linux-gnu/lib/rustlib/x86_64-unknown-linux-gnu/lib/libadler-305b01f34c9409f2.rlib" "/opt/rustwide/rustup-home/toolchains/1.69.0-x86_64-unknown-linux-gnu/lib/rustlib/x86_64-unknown-linux-gnu/lib/librustc_std_workspace_alloc-f833521df6074e73.rlib" "/opt/rustwide/rustup-home/toolchains/1.69.0-x86_64-unknown-linux-gnu/lib/rustlib/x86_64-unknown-linux-gnu/lib/libunwind-9ac333113350d171.rlib" "/opt/rustwide/rustup-home/toolchains/1.69.0-x86_64-unknown-linux-gnu/lib/rustlib/x86_64-unknown-linux-gnu/lib/libcfg_if-1c126114322d0eee.rlib" "/opt/rustwide/rustup-home/toolchains/1.69.0-x86_64-unknown-linux-gnu/lib/rustlib/x86_64-unknown-linux-gnu/lib/liblibc-bad9164fdeeecf92.rlib" "/opt/rustwide/rustup-home/toolchains/1.69.0-x86_64-unknown-linux-gnu/lib/rustlib/x86_64-unknown-linux-gnu/lib/liballoc-f9374b1e480fa681.rlib" "/opt/rustwide/rustup-home/toolchains/1.69.0-x86_64-unknown-linux-gnu/lib/rustlib/x86_64-unknown-linux-gnu/lib/librustc_std_workspace_core-207f06e41d9603af.rlib" "/opt/rustwide/rustup-home/toolchains/1.69.0-x86_64-unknown-linux-gnu/lib/rustlib/x86_64-unknown-linux-gnu/lib/libcore-7e2768e66e984e85.rlib" "/opt/rustwide/rustup-home/toolchains/1.69.0-x86_64-unknown-linux-gnu/lib/rustlib/x86_64-unknown-linux-gnu/lib/libcompiler_builtins-957b4aff41f8cd46.rlib" "-Wl,-Bdynamic" "-lgcc_s" "-lutil" "-lrt" "-lpthread" "-lm" "-ldl" "-lc" "-Wl,--eh-frame-hdr" "-Wl,-z,noexecstack" "-L" "/opt/rustwide/rustup-home/toolchains/1.69.0-x86_64-unknown-linux-gnu/lib/rustlib/x86_64-unknown-linux-gnu/lib" "-o" "/opt/rustwide/target/debug/build/num-integer-dfd3da042b6fc2b1/build_script_build-dfd3da042b6fc2b1" "-Wl,--gc-sections" "-pie" "-Wl,-z,relro,-z,now" "-nodefaultlibs"
[INFO] [stdout]   = note: /usr/bin/ld: final link failed: No space left on device
[INFO] [stdout]           collect2: error: ld returned 1 exit status
[INFO] [stdout]           
[INFO] [stdout] 
[INFO] [stdout] 
[INFO] [stdout] error: aborting due to previous error
[INFO] [stdout] 
[INFO] [stdout] 
[INFO] [stdout] error: linking with `cc` failed: exit status: 1
[INFO] [stdout]   |
[INFO] [stdout]   = note: LC_ALL="C" PATH="/opt/rustwide/rustup-home/toolchains/1.69.0-x86_64-unknown-linux-gnu/lib/rustlib/x86_64-unknown-linux-gnu/bin:/opt/rustwide/cargo-home/bin:/usr/local/sbin:/usr/local/bin:/usr/sbin:/usr/bin:/sbin:/bin" VSLANG="1033" "cc" "-m64" "/tmp/rustc9hSxnC/symbols.o" "/opt/rustwide/target/debug/build/libc-359b0356e7450c15/build_script_build-359b0356e7450c15.build_script_build.5230caa0-cgu.0.rcgu.o" "/opt/rustwide/target/debug/build/libc-359b0356e7450c15/build_script_build-359b0356e7450c15.build_script_build.5230caa0-cgu.1.rcgu.o" "/opt/rustwide/target/debug/build/libc-359b0356e7450c15/build_script_build-359b0356e7450c15.build_script_build.5230caa0-cgu.10.rcgu.o" "/opt/rustwide/target/debug/build/libc-359b0356e7450c15/build_script_build-359b0356e7450c15.build_script_build.5230caa0-cgu.11.rcgu.o" "/opt/rustwide/target/debug/build/libc-359b0356e7450c15/build_script_build-359b0356e7450c15.build_script_build.5230caa0-cgu.12.rcgu.o" "/opt/rustwide/target/debug/build/libc-359b0356e7450c15/build_script_build-359b0356e7450c15.build_script_build.5230caa0-cgu.13.rcgu.o" "/opt/rustwide/target/debug/build/libc-359b0356e7450c15/build_script_build-359b0356e7450c15.build_script_build.5230caa0-cgu.14.rcgu.o" "/opt/rustwide/target/debug/build/libc-359b0356e7450c15/build_script_build-359b0356e7450c15.build_script_build.5230caa0-cgu.15.rcgu.o" "/opt/rustwide/target/debug/build/libc-359b0356e7450c15/build_script_build-359b0356e7450c15.build_script_build.5230caa0-cgu.2.rcgu.o" "/opt/rustwide/target/debug/build/libc-359b0356e7450c15/build_script_build-359b0356e7450c15.build_script_build.5230caa0-cgu.3.rcgu.o" "/opt/rustwide/target/debug/build/libc-359b0356e7450c15/build_script_build-359b0356e7450c15.build_script_build.5230caa0-cgu.4.rcgu.o" "/opt/rustwide/target/debug/build/libc-359b0356e7450c15/build_script_build-359b0356e7450c15.build_script_build.5230caa0-cgu.5.rcgu.o" "/opt/rustwide/target/debug/build/libc-359b0356e7450c15/build_script_build-359b0356e7450c15.build_script_build.5230caa0-cgu.6.rcgu.o" "/opt/rustwide/target/debug/build/libc-359b0356e7450c15/build_script_build-359b0356e7450c15.build_script_build.5230caa0-cgu.7.rcgu.o" "/opt/rustwide/target/debug/build/libc-359b0356e7450c15/build_script_build-359b0356e7450c15.build_script_build.5230caa0-cgu.8.rcgu.o" "/opt/rustwide/target/debug/build/libc-359b0356e7450c15/build_script_build-359b0356e7450c15.build_script_build.5230caa0-cgu.9.rcgu.o" "/opt/rustwide/target/debug/build/libc-359b0356e7450c15/build_script_build-359b0356e7450c15.4oxh14q5r5dkami2.rcgu.o" "-Wl,--as-needed" "-L" "/opt/rustwide/target/debug/deps" "-L" "/opt/rustwide/rustup-home/toolchains/1.69.0-x86_64-unknown-linux-gnu/lib/rustlib/x86_64-unknown-linux-gnu/lib" "-Wl,-Bstatic" "/opt/rustwide/rustup-home/toolchains/1.69.0-x86_64-unknown-linux-gnu/lib/rustlib/x86_64-unknown-linux-gnu/lib/libstd-89bc084783fdc439.rlib" "/opt/rustwide/rustup-home/toolchains/1.69.0-x86_64-unknown-linux-gnu/lib/rustlib/x86_64-unknown-linux-gnu/lib/libpanic_unwind-8bee4b287d4367c1.rlib" "/opt/rustwide/rustup-home/toolchains/1.69.0-x86_64-unknown-linux-gnu/lib/rustlib/x86_64-unknown-linux-gnu/lib/libobject-d61707aed80694c0.rlib" "/opt/rustwide/rustup-home/toolchains/1.69.0-x86_64-unknown-linux-gnu/lib/rustlib/x86_64-unknown-linux-gnu/lib/libmemchr-d85366256f22345b.rlib" "/opt/rustwide/rustup-home/toolchains/1.69.0-x86_64-unknown-linux-gnu/lib/rustlib/x86_64-unknown-linux-gnu/lib/libaddr2line-96069b86b8a8cae9.rlib" "/opt/rustwide/rustup-home/toolchains/1.69.0-x86_64-unknown-linux-gnu/lib/rustlib/x86_64-unknown-linux-gnu/lib/libgimli-d19d53abf68dfa6c.rlib" "/opt/rustwide/rustup-home/toolchains/1.69.0-x86_64-unknown-linux-gnu/lib/rustlib/x86_64-unknown-linux-gnu/lib/librustc_demangle-787cbccd19d64ac6.rlib" "/opt/rustwide/rustup-home/toolchains/1.69.0-x86_64-unknown-linux-gnu/lib/rustlib/x86_64-unknown-linux-gnu/lib/libstd_detect-b3837a36b830e0d0.rlib" "/opt/rustwide/rustup-home/toolchains/1.69.0-x86_64-unknown-linux-gnu/lib/rustlib/x86_64-unknown-linux-gnu/lib/libhashbrown-e3deb0e7e3f04966.rlib" "/opt/rustwide/rustup-home/toolchains/1.69.0-x86_64-unknown-linux-gnu/lib/rustlib/x86_64-unknown-linux-gnu/lib/libminiz_oxide-dabbb79c9815def4.rlib" "/opt/rustwide/rustup-home/toolchains/1.69.0-x86_64-unknown-linux-gnu/lib/rustlib/x86_64-unknown-linux-gnu/lib/libadler-305b01f34c9409f2.rlib" "/opt/rustwide/rustup-home/toolchains/1.69.0-x86_64-unknown-linux-gnu/lib/rustlib/x86_64-unknown-linux-gnu/lib/librustc_std_workspace_alloc-f833521df6074e73.rlib" "/opt/rustwide/rustup-home/toolchains/1.69.0-x86_64-unknown-linux-gnu/lib/rustlib/x86_64-unknown-linux-gnu/lib/libunwind-9ac333113350d171.rlib" "/opt/rustwide/rustup-home/toolchains/1.69.0-x86_64-unknown-linux-gnu/lib/rustlib/x86_64-unknown-linux-gnu/lib/libcfg_if-1c126114322d0eee.rlib" "/opt/rustwide/rustup-home/toolchains/1.69.0-x86_64-unknown-linux-gnu/lib/rustlib/x86_64-unknown-linux-gnu/lib/liblibc-bad9164fdeeecf92.rlib" "/opt/rustwide/rustup-home/toolchains/1.69.0-x86_64-unknown-linux-gnu/lib/rustlib/x86_64-unknown-linux-gnu/lib/liballoc-f9374b1e480fa681.rlib" "/opt/rustwide/rustup-home/toolchains/1.69.0-x86_64-unknown-linux-gnu/lib/rustlib/x86_64-unknown-linux-gnu/lib/librustc_std_workspace_core-207f06e41d9603af.rlib" "/opt/rustwide/rustup-home/toolchains/1.69.0-x86_64-unknown-linux-gnu/lib/rustlib/x86_64-unknown-linux-gnu/lib/libcore-7e2768e66e984e85.rlib" "/opt/rustwide/rustup-home/toolchains/1.69.0-x86_64-unknown-linux-gnu/lib/rustlib/x86_64-unknown-linux-gnu/lib/libcompiler_builtins-957b4aff41f8cd46.rlib" "-Wl,-Bdynamic" "-lgcc_s" "-lutil" "-lrt" "-lpthread" "-lm" "-ldl" "-lc" "-Wl,--eh-frame-hdr" "-Wl,-z,noexecstack" "-L" "/opt/rustwide/rustup-home/toolchains/1.69.0-x86_64-unknown-linux-gnu/lib/rustlib/x86_64-unknown-linux-gnu/lib" "-o" "/opt/rustwide/target/debug/build/libc-359b0356e7450c15/build_script_build-359b0356e7450c15" "-Wl,--gc-sections" "-pie" "-Wl,-z,relro,-z,now" "-nodefaultlibs"
[INFO] [stdout]   = note: /usr/bin/ld: final link failed: No space left on device
[INFO] [stdout]           collect2: error: ld returned 1 exit status
[INFO] [stdout]           
[INFO] [stdout] 
[INFO] [stdout] 
[INFO] [stdout] error: aborting due to previous error
[INFO] [stdout] 
[INFO] [stdout] 
[INFO] [stderr]    Compiling rand_pcg v0.1.2
[INFO] [stderr] error: could not compile `serde` due to 2 previous errors
[INFO] [stderr] warning: build failed, waiting for other jobs to finish...
[INFO] [stderr] error: could not compile `libc` due to 2 previous errors
[INFO] [stderr] error: could not compile `num-integer` due to 2 previous errors
[INFO] [stdout] error: linking with `cc` failed: exit status: 1
[INFO] [stdout]   |
[INFO] [stdout]   = note: LC_ALL="C" PATH="/opt/rustwide/rustup-home/toolchains/1.69.0-x86_64-unknown-linux-gnu/lib/rustlib/x86_64-unknown-linux-gnu/bin:/opt/rustwide/cargo-home/bin:/usr/local/sbin:/usr/local/bin:/usr/sbin:/usr/bin:/sbin:/bin" VSLANG="1033" "cc" "-m64" "/tmp/rustcWtNuVG/symbols.o" "/opt/rustwide/target/debug/build/syn-edda61feada029c8/build_script_build-edda61feada029c8.build_script_build.62c4e8c0-cgu.0.rcgu.o" "/opt/rustwide/target/debug/build/syn-edda61feada029c8/build_script_build-edda61feada029c8.build_script_build.62c4e8c0-cgu.1.rcgu.o" "/opt/rustwide/target/debug/build/syn-edda61feada029c8/build_script_build-edda61feada029c8.build_script_build.62c4e8c0-cgu.10.rcgu.o" "/opt/rustwide/target/debug/build/syn-edda61feada029c8/build_script_build-edda61feada029c8.build_script_build.62c4e8c0-cgu.11.rcgu.o" "/opt/rustwide/target/debug/build/syn-edda61feada029c8/build_script_build-edda61feada029c8.build_script_build.62c4e8c0-cgu.12.rcgu.o" "/opt/rustwide/target/debug/build/syn-edda61feada029c8/build_script_build-edda61feada029c8.build_script_build.62c4e8c0-cgu.13.rcgu.o" "/opt/rustwide/target/debug/build/syn-edda61feada029c8/build_script_build-edda61feada029c8.build_script_build.62c4e8c0-cgu.14.rcgu.o" "/opt/rustwide/target/debug/build/syn-edda61feada029c8/build_script_build-edda61feada029c8.build_script_build.62c4e8c0-cgu.15.rcgu.o" "/opt/rustwide/target/debug/build/syn-edda61feada029c8/build_script_build-edda61feada029c8.build_script_build.62c4e8c0-cgu.2.rcgu.o" "/opt/rustwide/target/debug/build/syn-edda61feada029c8/build_script_build-edda61feada029c8.build_script_build.62c4e8c0-cgu.3.rcgu.o" "/opt/rustwide/target/debug/build/syn-edda61feada029c8/build_script_build-edda61feada029c8.build_script_build.62c4e8c0-cgu.4.rcgu.o" "/opt/rustwide/target/debug/build/syn-edda61feada029c8/build_script_build-edda61feada029c8.build_script_build.62c4e8c0-cgu.5.rcgu.o" "/opt/rustwide/target/debug/build/syn-edda61feada029c8/build_script_build-edda61feada029c8.build_script_build.62c4e8c0-cgu.6.rcgu.o" "/opt/rustwide/target/debug/build/syn-edda61feada029c8/build_script_build-edda61feada029c8.build_script_build.62c4e8c0-cgu.7.rcgu.o" "/opt/rustwide/target/debug/build/syn-edda61feada029c8/build_script_build-edda61feada029c8.build_script_build.62c4e8c0-cgu.8.rcgu.o" "/opt/rustwide/target/debug/build/syn-edda61feada029c8/build_script_build-edda61feada029c8.build_script_build.62c4e8c0-cgu.9.rcgu.o" "/opt/rustwide/target/debug/build/syn-edda61feada029c8/build_script_build-edda61feada029c8.2v6xfvxzvdd2ydfy.rcgu.o" "-Wl,--as-needed" "-L" "/opt/rustwide/target/debug/deps" "-L" "/opt/rustwide/rustup-home/toolchains/1.69.0-x86_64-unknown-linux-gnu/lib/rustlib/x86_64-unknown-linux-gnu/lib" "-Wl,-Bstatic" "/opt/rustwide/rustup-home/toolchains/1.69.0-x86_64-unknown-linux-gnu/lib/rustlib/x86_64-unknown-linux-gnu/lib/libstd-89bc084783fdc439.rlib" "/opt/rustwide/rustup-home/toolchains/1.69.0-x86_64-unknown-linux-gnu/lib/rustlib/x86_64-unknown-linux-gnu/lib/libpanic_unwind-8bee4b287d4367c1.rlib" "/opt/rustwide/rustup-home/toolchains/1.69.0-x86_64-unknown-linux-gnu/lib/rustlib/x86_64-unknown-linux-gnu/lib/libobject-d61707aed80694c0.rlib" "/opt/rustwide/rustup-home/toolchains/1.69.0-x86_64-unknown-linux-gnu/lib/rustlib/x86_64-unknown-linux-gnu/lib/libmemchr-d85366256f22345b.rlib" "/opt/rustwide/rustup-home/toolchains/1.69.0-x86_64-unknown-linux-gnu/lib/rustlib/x86_64-unknown-linux-gnu/lib/libaddr2line-96069b86b8a8cae9.rlib" "/opt/rustwide/rustup-home/toolchains/1.69.0-x86_64-unknown-linux-gnu/lib/rustlib/x86_64-unknown-linux-gnu/lib/libgimli-d19d53abf68dfa6c.rlib" "/opt/rustwide/rustup-home/toolchains/1.69.0-x86_64-unknown-linux-gnu/lib/rustlib/x86_64-unknown-linux-gnu/lib/librustc_demangle-787cbccd19d64ac6.rlib" "/opt/rustwide/rustup-home/toolchains/1.69.0-x86_64-unknown-linux-gnu/lib/rustlib/x86_64-unknown-linux-gnu/lib/libstd_detect-b3837a36b830e0d0.rlib" "/opt/rustwide/rustup-home/toolchains/1.69.0-x86_64-unknown-linux-gnu/lib/rustlib/x86_64-unknown-linux-gnu/lib/libhashbrown-e3deb0e7e3f04966.rlib" "/opt/rustwide/rustup-home/toolchains/1.69.0-x86_64-unknown-linux-gnu/lib/rustlib/x86_64-unknown-linux-gnu/lib/libminiz_oxide-dabbb79c9815def4.rlib" "/opt/rustwide/rustup-home/toolchains/1.69.0-x86_64-unknown-linux-gnu/lib/rustlib/x86_64-unknown-linux-gnu/lib/libadler-305b01f34c9409f2.rlib" "/opt/rustwide/rustup-home/toolchains/1.69.0-x86_64-unknown-linux-gnu/lib/rustlib/x86_64-unknown-linux-gnu/lib/librustc_std_workspace_alloc-f833521df6074e73.rlib" "/opt/rustwide/rustup-home/toolchains/1.69.0-x86_64-unknown-linux-gnu/lib/rustlib/x86_64-unknown-linux-gnu/lib/libunwind-9ac333113350d171.rlib" "/opt/rustwide/rustup-home/toolchains/1.69.0-x86_64-unknown-linux-gnu/lib/rustlib/x86_64-unknown-linux-gnu/lib/libcfg_if-1c126114322d0eee.rlib" "/opt/rustwide/rustup-home/toolchains/1.69.0-x86_64-unknown-linux-gnu/lib/rustlib/x86_64-unknown-linux-gnu/lib/liblibc-bad9164fdeeecf92.rlib" "/opt/rustwide/rustup-home/toolchains/1.69.0-x86_64-unknown-linux-gnu/lib/rustlib/x86_64-unknown-linux-gnu/lib/liballoc-f9374b1e480fa681.rlib" "/opt/rustwide/rustup-home/toolchains/1.69.0-x86_64-unknown-linux-gnu/lib/rustlib/x86_64-unknown-linux-gnu/lib/librustc_std_workspace_core-207f06e41d9603af.rlib" "/opt/rustwide/rustup-home/toolchains/1.69.0-x86_64-unknown-linux-gnu/lib/rustlib/x86_64-unknown-linux-gnu/lib/libcore-7e2768e66e984e85.rlib" "/opt/rustwide/rustup-home/toolchains/1.69.0-x86_64-unknown-linux-gnu/lib/rustlib/x86_64-unknown-linux-gnu/lib/libcompiler_builtins-957b4aff41f8cd46.rlib" "-Wl,-Bdynamic" "-lgcc_s" "-lutil" "-lrt" "-lpthread" "-lm" "-ldl" "-lc" "-Wl,--eh-frame-hdr" "-Wl,-z,noexecstack" "-L" "/opt/rustwide/rustup-home/toolchains/1.69.0-x86_64-unknown-linux-gnu/lib/rustlib/x86_64-unknown-linux-gnu/lib" "-o" "/opt/rustwide/target/debug/build/syn-edda61feada029c8/build_script_build-edda61feada029c8" "-Wl,--gc-sections" "-pie" "-Wl,-z,relro,-z,now" "-nodefaultlibs"
[INFO] [stdout]   = note: /usr/bin/ld: final link failed: No space left on device
[INFO] [stdout]           collect2: error: ld returned 1 exit status
[INFO] [stdout]           
[INFO] [stdout] 
[INFO] [stdout] 
[INFO] [stdout] error: aborting due to previous error
[INFO] [stdout] 
[INFO] [stdout] 
[INFO] [stdout] error: linking with `cc` failed: exit status: 1
[INFO] [stdout]   |
[INFO] [stdout]   = note: LC_ALL="C" PATH="/opt/rustwide/rustup-home/toolchains/1.69.0-x86_64-unknown-linux-gnu/lib/rustlib/x86_64-unknown-linux-gnu/bin:/opt/rustwide/cargo-home/bin:/usr/local/sbin:/usr/local/bin:/usr/sbin:/usr/bin:/sbin:/bin" VSLANG="1033" "cc" "-m64" "/tmp/rustcgVthbP/symbols.o" "/opt/rustwide/target/debug/build/proc-macro2-7c8b79e48711b5bc/build_script_build-7c8b79e48711b5bc.build_script_build.225cce47-cgu.0.rcgu.o" "/opt/rustwide/target/debug/build/proc-macro2-7c8b79e48711b5bc/build_script_build-7c8b79e48711b5bc.build_script_build.225cce47-cgu.1.rcgu.o" "/opt/rustwide/target/debug/build/proc-macro2-7c8b79e48711b5bc/build_script_build-7c8b79e48711b5bc.build_script_build.225cce47-cgu.10.rcgu.o" "/opt/rustwide/target/debug/build/proc-macro2-7c8b79e48711b5bc/build_script_build-7c8b79e48711b5bc.build_script_build.225cce47-cgu.11.rcgu.o" "/opt/rustwide/target/debug/build/proc-macro2-7c8b79e48711b5bc/build_script_build-7c8b79e48711b5bc.build_script_build.225cce47-cgu.12.rcgu.o" "/opt/rustwide/target/debug/build/proc-macro2-7c8b79e48711b5bc/build_script_build-7c8b79e48711b5bc.build_script_build.225cce47-cgu.13.rcgu.o" "/opt/rustwide/target/debug/build/proc-macro2-7c8b79e48711b5bc/build_script_build-7c8b79e48711b5bc.build_script_build.225cce47-cgu.14.rcgu.o" "/opt/rustwide/target/debug/build/proc-macro2-7c8b79e48711b5bc/build_script_build-7c8b79e48711b5bc.build_script_build.225cce47-cgu.15.rcgu.o" "/opt/rustwide/target/debug/build/proc-macro2-7c8b79e48711b5bc/build_script_build-7c8b79e48711b5bc.build_script_build.225cce47-cgu.2.rcgu.o" "/opt/rustwide/target/debug/build/proc-macro2-7c8b79e48711b5bc/build_script_build-7c8b79e48711b5bc.build_script_build.225cce47-cgu.3.rcgu.o" "/opt/rustwide/target/debug/build/proc-macro2-7c8b79e48711b5bc/build_script_build-7c8b79e48711b5bc.build_script_build.225cce47-cgu.4.rcgu.o" "/opt/rustwide/target/debug/build/proc-macro2-7c8b79e48711b5bc/build_script_build-7c8b79e48711b5bc.build_script_build.225cce47-cgu.5.rcgu.o" "/opt/rustwide/target/debug/build/proc-macro2-7c8b79e48711b5bc/build_script_build-7c8b79e48711b5bc.build_script_build.225cce47-cgu.6.rcgu.o" "/opt/rustwide/target/debug/build/proc-macro2-7c8b79e48711b5bc/build_script_build-7c8b79e48711b5bc.build_script_build.225cce47-cgu.7.rcgu.o" "/opt/rustwide/target/debug/build/proc-macro2-7c8b79e48711b5bc/build_script_build-7c8b79e48711b5bc.build_script_build.225cce47-cgu.8.rcgu.o" "/opt/rustwide/target/debug/build/proc-macro2-7c8b79e48711b5bc/build_script_build-7c8b79e48711b5bc.build_script_build.225cce47-cgu.9.rcgu.o" "/opt/rustwide/target/debug/build/proc-macro2-7c8b79e48711b5bc/build_script_build-7c8b79e48711b5bc.12rqp8m22epixrzr.rcgu.o" "-Wl,--as-needed" "-L" "/opt/rustwide/target/debug/deps" "-L" "/opt/rustwide/rustup-home/toolchains/1.69.0-x86_64-unknown-linux-gnu/lib/rustlib/x86_64-unknown-linux-gnu/lib" "-Wl,-Bstatic" "/opt/rustwide/rustup-home/toolchains/1.69.0-x86_64-unknown-linux-gnu/lib/rustlib/x86_64-unknown-linux-gnu/lib/libstd-89bc084783fdc439.rlib" "/opt/rustwide/rustup-home/toolchains/1.69.0-x86_64-unknown-linux-gnu/lib/rustlib/x86_64-unknown-linux-gnu/lib/libpanic_unwind-8bee4b287d4367c1.rlib" "/opt/rustwide/rustup-home/toolchains/1.69.0-x86_64-unknown-linux-gnu/lib/rustlib/x86_64-unknown-linux-gnu/lib/libobject-d61707aed80694c0.rlib" "/opt/rustwide/rustup-home/toolchains/1.69.0-x86_64-unknown-linux-gnu/lib/rustlib/x86_64-unknown-linux-gnu/lib/libmemchr-d85366256f22345b.rlib" "/opt/rustwide/rustup-home/toolchains/1.69.0-x86_64-unknown-linux-gnu/lib/rustlib/x86_64-unknown-linux-gnu/lib/libaddr2line-96069b86b8a8cae9.rlib" "/opt/rustwide/rustup-home/toolchains/1.69.0-x86_64-unknown-linux-gnu/lib/rustlib/x86_64-unknown-linux-gnu/lib/libgimli-d19d53abf68dfa6c.rlib" "/opt/rustwide/rustup-home/toolchains/1.69.0-x86_64-unknown-linux-gnu/lib/rustlib/x86_64-unknown-linux-gnu/lib/librustc_demangle-787cbccd19d64ac6.rlib" "/opt/rustwide/rustup-home/toolchains/1.69.0-x86_64-unknown-linux-gnu/lib/rustlib/x86_64-unknown-linux-gnu/lib/libstd_detect-b3837a36b830e0d0.rlib" "/opt/rustwide/rustup-home/toolchains/1.69.0-x86_64-unknown-linux-gnu/lib/rustlib/x86_64-unknown-linux-gnu/lib/libhashbrown-e3deb0e7e3f04966.rlib" "/opt/rustwide/rustup-home/toolchains/1.69.0-x86_64-unknown-linux-gnu/lib/rustlib/x86_64-unknown-linux-gnu/lib/libminiz_oxide-dabbb79c9815def4.rlib" "/opt/rustwide/rustup-home/toolchains/1.69.0-x86_64-unknown-linux-gnu/lib/rustlib/x86_64-unknown-linux-gnu/lib/libadler-305b01f34c9409f2.rlib" "/opt/rustwide/rustup-home/toolchains/1.69.0-x86_64-unknown-linux-gnu/lib/rustlib/x86_64-unknown-linux-gnu/lib/librustc_std_workspace_alloc-f833521df6074e73.rlib" "/opt/rustwide/rustup-home/toolchains/1.69.0-x86_64-unknown-linux-gnu/lib/rustlib/x86_64-unknown-linux-gnu/lib/libunwind-9ac333113350d171.rlib" "/opt/rustwide/rustup-home/toolchains/1.69.0-x86_64-unknown-linux-gnu/lib/rustlib/x86_64-unknown-linux-gnu/lib/libcfg_if-1c126114322d0eee.rlib" "/opt/rustwide/rustup-home/toolchains/1.69.0-x86_64-unknown-linux-gnu/lib/rustlib/x86_64-unknown-linux-gnu/lib/liblibc-bad9164fdeeecf92.rlib" "/opt/rustwide/rustup-home/toolchains/1.69.0-x86_64-unknown-linux-gnu/lib/rustlib/x86_64-unknown-linux-gnu/lib/liballoc-f9374b1e480fa681.rlib" "/opt/rustwide/rustup-home/toolchains/1.69.0-x86_64-unknown-linux-gnu/lib/rustlib/x86_64-unknown-linux-gnu/lib/librustc_std_workspace_core-207f06e41d9603af.rlib" "/opt/rustwide/rustup-home/toolchains/1.69.0-x86_64-unknown-linux-gnu/lib/rustlib/x86_64-unknown-linux-gnu/lib/libcore-7e2768e66e984e85.rlib" "/opt/rustwide/rustup-home/toolchains/1.69.0-x86_64-unknown-linux-gnu/lib/rustlib/x86_64-unknown-linux-gnu/lib/libcompiler_builtins-957b4aff41f8cd46.rlib" "-Wl,-Bdynamic" "-lgcc_s" "-lutil" "-lrt" "-lpthread" "-lm" "-ldl" "-lc" "-Wl,--eh-frame-hdr" "-Wl,-z,noexecstack" "-L" "/opt/rustwide/rustup-home/toolchains/1.69.0-x86_64-unknown-linux-gnu/lib/rustlib/x86_64-unknown-linux-gnu/lib" "-o" "/opt/rustwide/target/debug/build/proc-macro2-7c8b79e48711b5bc/build_script_build-7c8b79e48711b5bc" "-Wl,--gc-sections" "-pie" "-Wl,-z,relro,-z,now" "-nodefaultlibs"
[INFO] [stdout]   = note: /usr/bin/ld: final link failed: No space left on device
[INFO] [stdout]           collect2: error: ld returned 1 exit status
[INFO] [stdout]           
[INFO] [stdout] 
[INFO] [stdout] 
[INFO] [stdout] error: aborting due to previous error
[INFO] [stdout] 
[INFO] [stdout] 
[INFO] [stderr] error: could not compile `syn` due to 2 previous errors
[INFO] [stderr] error: could not compile `proc-macro2` due to 2 previous errors
[INFO] [stderr] LLVM ERROR: IO failure on output stream: No space left on device
[INFO] [stderr] error: could not compile `thread_local`
[INFO] [stdout] error: linking with `cc` failed: exit status: 1
[INFO] [stdout]   |
[INFO] [stdout]   = note: LC_ALL="C" PATH="/opt/rustwide/rustup-home/toolchains/1.69.0-x86_64-unknown-linux-gnu/lib/rustlib/x86_64-unknown-linux-gnu/bin:/opt/rustwide/cargo-home/bin:/usr/local/sbin:/usr/local/bin:/usr/sbin:/usr/bin:/sbin:/bin" VSLANG="1033" "cc" "-m64" "/tmp/rustcAUsZXQ/symbols.o" "/opt/rustwide/target/debug/build/byteorder-5faaab66fdc11b42/build_script_build-5faaab66fdc11b42.build_script_build.ca4212ac-cgu.0.rcgu.o" "/opt/rustwide/target/debug/build/byteorder-5faaab66fdc11b42/build_script_build-5faaab66fdc11b42.build_script_build.ca4212ac-cgu.1.rcgu.o" "/opt/rustwide/target/debug/build/byteorder-5faaab66fdc11b42/build_script_build-5faaab66fdc11b42.build_script_build.ca4212ac-cgu.10.rcgu.o" "/opt/rustwide/target/debug/build/byteorder-5faaab66fdc11b42/build_script_build-5faaab66fdc11b42.build_script_build.ca4212ac-cgu.11.rcgu.o" "/opt/rustwide/target/debug/build/byteorder-5faaab66fdc11b42/build_script_build-5faaab66fdc11b42.build_script_build.ca4212ac-cgu.12.rcgu.o" "/opt/rustwide/target/debug/build/byteorder-5faaab66fdc11b42/build_script_build-5faaab66fdc11b42.build_script_build.ca4212ac-cgu.13.rcgu.o" "/opt/rustwide/target/debug/build/byteorder-5faaab66fdc11b42/build_script_build-5faaab66fdc11b42.build_script_build.ca4212ac-cgu.14.rcgu.o" "/opt/rustwide/target/debug/build/byteorder-5faaab66fdc11b42/build_script_build-5faaab66fdc11b42.build_script_build.ca4212ac-cgu.15.rcgu.o" "/opt/rustwide/target/debug/build/byteorder-5faaab66fdc11b42/build_script_build-5faaab66fdc11b42.build_script_build.ca4212ac-cgu.2.rcgu.o" "/opt/rustwide/target/debug/build/byteorder-5faaab66fdc11b42/build_script_build-5faaab66fdc11b42.build_script_build.ca4212ac-cgu.3.rcgu.o" "/opt/rustwide/target/debug/build/byteorder-5faaab66fdc11b42/build_script_build-5faaab66fdc11b42.build_script_build.ca4212ac-cgu.4.rcgu.o" "/opt/rustwide/target/debug/build/byteorder-5faaab66fdc11b42/build_script_build-5faaab66fdc11b42.build_script_build.ca4212ac-cgu.5.rcgu.o" "/opt/rustwide/target/debug/build/byteorder-5faaab66fdc11b42/build_script_build-5faaab66fdc11b42.build_script_build.ca4212ac-cgu.6.rcgu.o" "/opt/rustwide/target/debug/build/byteorder-5faaab66fdc11b42/build_script_build-5faaab66fdc11b42.build_script_build.ca4212ac-cgu.7.rcgu.o" "/opt/rustwide/target/debug/build/byteorder-5faaab66fdc11b42/build_script_build-5faaab66fdc11b42.build_script_build.ca4212ac-cgu.8.rcgu.o" "/opt/rustwide/target/debug/build/byteorder-5faaab66fdc11b42/build_script_build-5faaab66fdc11b42.build_script_build.ca4212ac-cgu.9.rcgu.o" "/opt/rustwide/target/debug/build/byteorder-5faaab66fdc11b42/build_script_build-5faaab66fdc11b42.2vevyfj1792qz5n.rcgu.o" "-Wl,--as-needed" "-L" "/opt/rustwide/target/debug/deps" "-L" "/opt/rustwide/rustup-home/toolchains/1.69.0-x86_64-unknown-linux-gnu/lib/rustlib/x86_64-unknown-linux-gnu/lib" "-Wl,-Bstatic" "/opt/rustwide/rustup-home/toolchains/1.69.0-x86_64-unknown-linux-gnu/lib/rustlib/x86_64-unknown-linux-gnu/lib/libstd-89bc084783fdc439.rlib" "/opt/rustwide/rustup-home/toolchains/1.69.0-x86_64-unknown-linux-gnu/lib/rustlib/x86_64-unknown-linux-gnu/lib/libpanic_unwind-8bee4b287d4367c1.rlib" "/opt/rustwide/rustup-home/toolchains/1.69.0-x86_64-unknown-linux-gnu/lib/rustlib/x86_64-unknown-linux-gnu/lib/libobject-d61707aed80694c0.rlib" "/opt/rustwide/rustup-home/toolchains/1.69.0-x86_64-unknown-linux-gnu/lib/rustlib/x86_64-unknown-linux-gnu/lib/libmemchr-d85366256f22345b.rlib" "/opt/rustwide/rustup-home/toolchains/1.69.0-x86_64-unknown-linux-gnu/lib/rustlib/x86_64-unknown-linux-gnu/lib/libaddr2line-96069b86b8a8cae9.rlib" "/opt/rustwide/rustup-home/toolchains/1.69.0-x86_64-unknown-linux-gnu/lib/rustlib/x86_64-unknown-linux-gnu/lib/libgimli-d19d53abf68dfa6c.rlib" "/opt/rustwide/rustup-home/toolchains/1.69.0-x86_64-unknown-linux-gnu/lib/rustlib/x86_64-unknown-linux-gnu/lib/librustc_demangle-787cbccd19d64ac6.rlib" "/opt/rustwide/rustup-home/toolchains/1.69.0-x86_64-unknown-linux-gnu/lib/rustlib/x86_64-unknown-linux-gnu/lib/libstd_detect-b3837a36b830e0d0.rlib" "/opt/rustwide/rustup-home/toolchains/1.69.0-x86_64-unknown-linux-gnu/lib/rustlib/x86_64-unknown-linux-gnu/lib/libhashbrown-e3deb0e7e3f04966.rlib" "/opt/rustwide/rustup-home/toolchains/1.69.0-x86_64-unknown-linux-gnu/lib/rustlib/x86_64-unknown-linux-gnu/lib/libminiz_oxide-dabbb79c9815def4.rlib" "/opt/rustwide/rustup-home/toolchains/1.69.0-x86_64-unknown-linux-gnu/lib/rustlib/x86_64-unknown-linux-gnu/lib/libadler-305b01f34c9409f2.rlib" "/opt/rustwide/rustup-home/toolchains/1.69.0-x86_64-unknown-linux-gnu/lib/rustlib/x86_64-unknown-linux-gnu/lib/librustc_std_workspace_alloc-f833521df6074e73.rlib" "/opt/rustwide/rustup-home/toolchains/1.69.0-x86_64-unknown-linux-gnu/lib/rustlib/x86_64-unknown-linux-gnu/lib/libunwind-9ac333113350d171.rlib" "/opt/rustwide/rustup-home/toolchains/1.69.0-x86_64-unknown-linux-gnu/lib/rustlib/x86_64-unknown-linux-gnu/lib/libcfg_if-1c126114322d0eee.rlib" "/opt/rustwide/rustup-home/toolchains/1.69.0-x86_64-unknown-linux-gnu/lib/rustlib/x86_64-unknown-linux-gnu/lib/liblibc-bad9164fdeeecf92.rlib" "/opt/rustwide/rustup-home/toolchains/1.69.0-x86_64-unknown-linux-gnu/lib/rustlib/x86_64-unknown-linux-gnu/lib/liballoc-f9374b1e480fa681.rlib" "/opt/rustwide/rustup-home/toolchains/1.69.0-x86_64-unknown-linux-gnu/lib/rustlib/x86_64-unknown-linux-gnu/lib/librustc_std_workspace_core-207f06e41d9603af.rlib" "/opt/rustwide/rustup-home/toolchains/1.69.0-x86_64-unknown-linux-gnu/lib/rustlib/x86_64-unknown-linux-gnu/lib/libcore-7e2768e66e984e85.rlib" "/opt/rustwide/rustup-home/toolchains/1.69.0-x86_64-unknown-linux-gnu/lib/rustlib/x86_64-unknown-linux-gnu/lib/libcompiler_builtins-957b4aff41f8cd46.rlib" "-Wl,-Bdynamic" "-lgcc_s" "-lutil" "-lrt" "-lpthread" "-lm" "-ldl" "-lc" "-Wl,--eh-frame-hdr" "-Wl,-z,noexecstack" "-L" "/opt/rustwide/rustup-home/toolchains/1.69.0-x86_64-unknown-linux-gnu/lib/rustlib/x86_64-unknown-linux-gnu/lib" "-o" "/opt/rustwide/target/debug/build/byteorder-5faaab66fdc11b42/build_script_build-5faaab66fdc11b42" "-Wl,--gc-sections" "-pie" "-Wl,-z,relro,-z,now" "-nodefaultlibs"
[INFO] [stdout]   = note: /usr/bin/ld: final link failed: No space left on device
[INFO] [stdout]           collect2: error: ld returned 1 exit status
[INFO] [stdout]           
[INFO] [stdout] 
[INFO] [stdout] 
[INFO] [stdout] error: aborting due to previous error
[INFO] [stdout] 
[INFO] [stdout] 
[INFO] [stderr] error: could not compile `byteorder` due to 2 previous errors
[INFO] [stderr] LLVM ERROR: IO failure on output stream: No space left on device
[INFO] [stderr] error: could not compile `rand_pcg`
[INFO] [stdout] error: linking with `cc` failed: exit status: 1
[INFO] [stdout]   |
[INFO] [stdout]   = note: LC_ALL="C" PATH="/opt/rustwide/rustup-home/toolchains/1.69.0-x86_64-unknown-linux-gnu/lib/rustlib/x86_64-unknown-linux-gnu/bin:/opt/rustwide/cargo-home/bin:/usr/local/sbin:/usr/local/bin:/usr/sbin:/usr/bin:/sbin:/bin" VSLANG="1033" "cc" "-m64" "/tmp/rustczBtib4/symbols.o" "/opt/rustwide/target/debug/build/memchr-9d8138b1300debd7/build_script_build-9d8138b1300debd7.build_script_build.98e04f1f-cgu.0.rcgu.o" "/opt/rustwide/target/debug/build/memchr-9d8138b1300debd7/build_script_build-9d8138b1300debd7.build_script_build.98e04f1f-cgu.1.rcgu.o" "/opt/rustwide/target/debug/build/memchr-9d8138b1300debd7/build_script_build-9d8138b1300debd7.build_script_build.98e04f1f-cgu.10.rcgu.o" "/opt/rustwide/target/debug/build/memchr-9d8138b1300debd7/build_script_build-9d8138b1300debd7.build_script_build.98e04f1f-cgu.11.rcgu.o" "/opt/rustwide/target/debug/build/memchr-9d8138b1300debd7/build_script_build-9d8138b1300debd7.build_script_build.98e04f1f-cgu.12.rcgu.o" "/opt/rustwide/target/debug/build/memchr-9d8138b1300debd7/build_script_build-9d8138b1300debd7.build_script_build.98e04f1f-cgu.13.rcgu.o" "/opt/rustwide/target/debug/build/memchr-9d8138b1300debd7/build_script_build-9d8138b1300debd7.build_script_build.98e04f1f-cgu.14.rcgu.o" "/opt/rustwide/target/debug/build/memchr-9d8138b1300debd7/build_script_build-9d8138b1300debd7.build_script_build.98e04f1f-cgu.15.rcgu.o" "/opt/rustwide/target/debug/build/memchr-9d8138b1300debd7/build_script_build-9d8138b1300debd7.build_script_build.98e04f1f-cgu.2.rcgu.o" "/opt/rustwide/target/debug/build/memchr-9d8138b1300debd7/build_script_build-9d8138b1300debd7.build_script_build.98e04f1f-cgu.3.rcgu.o" "/opt/rustwide/target/debug/build/memchr-9d8138b1300debd7/build_script_build-9d8138b1300debd7.build_script_build.98e04f1f-cgu.4.rcgu.o" "/opt/rustwide/target/debug/build/memchr-9d8138b1300debd7/build_script_build-9d8138b1300debd7.build_script_build.98e04f1f-cgu.5.rcgu.o" "/opt/rustwide/target/debug/build/memchr-9d8138b1300debd7/build_script_build-9d8138b1300debd7.build_script_build.98e04f1f-cgu.6.rcgu.o" "/opt/rustwide/target/debug/build/memchr-9d8138b1300debd7/build_script_build-9d8138b1300debd7.build_script_build.98e04f1f-cgu.7.rcgu.o" "/opt/rustwide/target/debug/build/memchr-9d8138b1300debd7/build_script_build-9d8138b1300debd7.build_script_build.98e04f1f-cgu.8.rcgu.o" "/opt/rustwide/target/debug/build/memchr-9d8138b1300debd7/build_script_build-9d8138b1300debd7.build_script_build.98e04f1f-cgu.9.rcgu.o" "/opt/rustwide/target/debug/build/memchr-9d8138b1300debd7/build_script_build-9d8138b1300debd7.1aw2jx2sqyuii4fu.rcgu.o" "-Wl,--as-needed" "-L" "/opt/rustwide/target/debug/deps" "-L" "/opt/rustwide/rustup-home/toolchains/1.69.0-x86_64-unknown-linux-gnu/lib/rustlib/x86_64-unknown-linux-gnu/lib" "-Wl,-Bstatic" "/opt/rustwide/rustup-home/toolchains/1.69.0-x86_64-unknown-linux-gnu/lib/rustlib/x86_64-unknown-linux-gnu/lib/libstd-89bc084783fdc439.rlib" "/opt/rustwide/rustup-home/toolchains/1.69.0-x86_64-unknown-linux-gnu/lib/rustlib/x86_64-unknown-linux-gnu/lib/libpanic_unwind-8bee4b287d4367c1.rlib" "/opt/rustwide/rustup-home/toolchains/1.69.0-x86_64-unknown-linux-gnu/lib/rustlib/x86_64-unknown-linux-gnu/lib/libobject-d61707aed80694c0.rlib" "/opt/rustwide/rustup-home/toolchains/1.69.0-x86_64-unknown-linux-gnu/lib/rustlib/x86_64-unknown-linux-gnu/lib/libmemchr-d85366256f22345b.rlib" "/opt/rustwide/rustup-home/toolchains/1.69.0-x86_64-unknown-linux-gnu/lib/rustlib/x86_64-unknown-linux-gnu/lib/libaddr2line-96069b86b8a8cae9.rlib" "/opt/rustwide/rustup-home/toolchains/1.69.0-x86_64-unknown-linux-gnu/lib/rustlib/x86_64-unknown-linux-gnu/lib/libgimli-d19d53abf68dfa6c.rlib" "/opt/rustwide/rustup-home/toolchains/1.69.0-x86_64-unknown-linux-gnu/lib/rustlib/x86_64-unknown-linux-gnu/lib/librustc_demangle-787cbccd19d64ac6.rlib" "/opt/rustwide/rustup-home/toolchains/1.69.0-x86_64-unknown-linux-gnu/lib/rustlib/x86_64-unknown-linux-gnu/lib/libstd_detect-b3837a36b830e0d0.rlib" "/opt/rustwide/rustup-home/toolchains/1.69.0-x86_64-unknown-linux-gnu/lib/rustlib/x86_64-unknown-linux-gnu/lib/libhashbrown-e3deb0e7e3f04966.rlib" "/opt/rustwide/rustup-home/toolchains/1.69.0-x86_64-unknown-linux-gnu/lib/rustlib/x86_64-unknown-linux-gnu/lib/libminiz_oxide-dabbb79c9815def4.rlib" "/opt/rustwide/rustup-home/toolchains/1.69.0-x86_64-unknown-linux-gnu/lib/rustlib/x86_64-unknown-linux-gnu/lib/libadler-305b01f34c9409f2.rlib" "/opt/rustwide/rustup-home/toolchains/1.69.0-x86_64-unknown-linux-gnu/lib/rustlib/x86_64-unknown-linux-gnu/lib/librustc_std_workspace_alloc-f833521df6074e73.rlib" "/opt/rustwide/rustup-home/toolchains/1.69.0-x86_64-unknown-linux-gnu/lib/rustlib/x86_64-unknown-linux-gnu/lib/libunwind-9ac333113350d171.rlib" "/opt/rustwide/rustup-home/toolchains/1.69.0-x86_64-unknown-linux-gnu/lib/rustlib/x86_64-unknown-linux-gnu/lib/libcfg_if-1c126114322d0eee.rlib" "/opt/rustwide/rustup-home/toolchains/1.69.0-x86_64-unknown-linux-gnu/lib/rustlib/x86_64-unknown-linux-gnu/lib/liblibc-bad9164fdeeecf92.rlib" "/opt/rustwide/rustup-home/toolchains/1.69.0-x86_64-unknown-linux-gnu/lib/rustlib/x86_64-unknown-linux-gnu/lib/liballoc-f9374b1e480fa681.rlib" "/opt/rustwide/rustup-home/toolchains/1.69.0-x86_64-unknown-linux-gnu/lib/rustlib/x86_64-unknown-linux-gnu/lib/librustc_std_workspace_core-207f06e41d9603af.rlib" "/opt/rustwide/rustup-home/toolchains/1.69.0-x86_64-unknown-linux-gnu/lib/rustlib/x86_64-unknown-linux-gnu/lib/libcore-7e2768e66e984e85.rlib" "/opt/rustwide/rustup-home/toolchains/1.69.0-x86_64-unknown-linux-gnu/lib/rustlib/x86_64-unknown-linux-gnu/lib/libcompiler_builtins-957b4aff41f8cd46.rlib" "-Wl,-Bdynamic" "-lgcc_s" "-lutil" "-lrt" "-lpthread" "-lm" "-ldl" "-lc" "-Wl,--eh-frame-hdr" "-Wl,-z,noexecstack" "-L" "/opt/rustwide/rustup-home/toolchains/1.69.0-x86_64-unknown-linux-gnu/lib/rustlib/x86_64-unknown-linux-gnu/lib" "-o" "/opt/rustwide/target/debug/build/memchr-9d8138b1300debd7/build_script_build-9d8138b1300debd7" "-Wl,--gc-sections" "-pie" "-Wl,-z,relro,-z,now" "-nodefaultlibs"
[INFO] [stdout]   = note: /usr/bin/ld: final link failed: No space left on device
[INFO] [stdout]           collect2: error: ld returned 1 exit status
[INFO] [stdout]           
[INFO] [stdout] 
[INFO] [stdout] 
[INFO] [stdout] error: aborting due to previous error
[INFO] [stdout] 
[INFO] [stdout] 
[INFO] [stderr] error: could not compile `memchr` due to 2 previous errors
[INFO] [stdout] error: linking with `cc` failed: exit status: 1
[INFO] [stdout]   |
[INFO] [stdout]   = note: LC_ALL="C" PATH="/opt/rustwide/rustup-home/toolchains/1.69.0-x86_64-unknown-linux-gnu/lib/rustlib/x86_64-unknown-linux-gnu/bin:/opt/rustwide/cargo-home/bin:/usr/local/sbin:/usr/local/bin:/usr/sbin:/usr/bin:/sbin:/bin" VSLANG="1033" "cc" "-m64" "/tmp/rustcKgs0Pi/symbols.o" "/opt/rustwide/target/debug/build/typenum-d91e01f08a8a1d93/build_script_main-d91e01f08a8a1d93.build_script_main.3e132b40-cgu.0.rcgu.o" "/opt/rustwide/target/debug/build/typenum-d91e01f08a8a1d93/build_script_main-d91e01f08a8a1d93.build_script_main.3e132b40-cgu.1.rcgu.o" "/opt/rustwide/target/debug/build/typenum-d91e01f08a8a1d93/build_script_main-d91e01f08a8a1d93.build_script_main.3e132b40-cgu.10.rcgu.o" "/opt/rustwide/target/debug/build/typenum-d91e01f08a8a1d93/build_script_main-d91e01f08a8a1d93.build_script_main.3e132b40-cgu.11.rcgu.o" "/opt/rustwide/target/debug/build/typenum-d91e01f08a8a1d93/build_script_main-d91e01f08a8a1d93.build_script_main.3e132b40-cgu.12.rcgu.o" "/opt/rustwide/target/debug/build/typenum-d91e01f08a8a1d93/build_script_main-d91e01f08a8a1d93.build_script_main.3e132b40-cgu.13.rcgu.o" "/opt/rustwide/target/debug/build/typenum-d91e01f08a8a1d93/build_script_main-d91e01f08a8a1d93.build_script_main.3e132b40-cgu.14.rcgu.o" "/opt/rustwide/target/debug/build/typenum-d91e01f08a8a1d93/build_script_main-d91e01f08a8a1d93.build_script_main.3e132b40-cgu.15.rcgu.o" "/opt/rustwide/target/debug/build/typenum-d91e01f08a8a1d93/build_script_main-d91e01f08a8a1d93.build_script_main.3e132b40-cgu.2.rcgu.o" "/opt/rustwide/target/debug/build/typenum-d91e01f08a8a1d93/build_script_main-d91e01f08a8a1d93.build_script_main.3e132b40-cgu.3.rcgu.o" "/opt/rustwide/target/debug/build/typenum-d91e01f08a8a1d93/build_script_main-d91e01f08a8a1d93.build_script_main.3e132b40-cgu.4.rcgu.o" "/opt/rustwide/target/debug/build/typenum-d91e01f08a8a1d93/build_script_main-d91e01f08a8a1d93.build_script_main.3e132b40-cgu.5.rcgu.o" "/opt/rustwide/target/debug/build/typenum-d91e01f08a8a1d93/build_script_main-d91e01f08a8a1d93.build_script_main.3e132b40-cgu.6.rcgu.o" "/opt/rustwide/target/debug/build/typenum-d91e01f08a8a1d93/build_script_main-d91e01f08a8a1d93.build_script_main.3e132b40-cgu.7.rcgu.o" "/opt/rustwide/target/debug/build/typenum-d91e01f08a8a1d93/build_script_main-d91e01f08a8a1d93.build_script_main.3e132b40-cgu.8.rcgu.o" "/opt/rustwide/target/debug/build/typenum-d91e01f08a8a1d93/build_script_main-d91e01f08a8a1d93.build_script_main.3e132b40-cgu.9.rcgu.o" "/opt/rustwide/target/debug/build/typenum-d91e01f08a8a1d93/build_script_main-d91e01f08a8a1d93.2jq96e2irpl39g1q.rcgu.o" "-Wl,--as-needed" "-L" "/opt/rustwide/target/debug/deps" "-L" "/opt/rustwide/rustup-home/toolchains/1.69.0-x86_64-unknown-linux-gnu/lib/rustlib/x86_64-unknown-linux-gnu/lib" "-Wl,-Bstatic" "/opt/rustwide/rustup-home/toolchains/1.69.0-x86_64-unknown-linux-gnu/lib/rustlib/x86_64-unknown-linux-gnu/lib/libstd-89bc084783fdc439.rlib" "/opt/rustwide/rustup-home/toolchains/1.69.0-x86_64-unknown-linux-gnu/lib/rustlib/x86_64-unknown-linux-gnu/lib/libpanic_unwind-8bee4b287d4367c1.rlib" "/opt/rustwide/rustup-home/toolchains/1.69.0-x86_64-unknown-linux-gnu/lib/rustlib/x86_64-unknown-linux-gnu/lib/libobject-d61707aed80694c0.rlib" "/opt/rustwide/rustup-home/toolchains/1.69.0-x86_64-unknown-linux-gnu/lib/rustlib/x86_64-unknown-linux-gnu/lib/libmemchr-d85366256f22345b.rlib" "/opt/rustwide/rustup-home/toolchains/1.69.0-x86_64-unknown-linux-gnu/lib/rustlib/x86_64-unknown-linux-gnu/lib/libaddr2line-96069b86b8a8cae9.rlib" "/opt/rustwide/rustup-home/toolchains/1.69.0-x86_64-unknown-linux-gnu/lib/rustlib/x86_64-unknown-linux-gnu/lib/libgimli-d19d53abf68dfa6c.rlib" "/opt/rustwide/rustup-home/toolchains/1.69.0-x86_64-unknown-linux-gnu/lib/rustlib/x86_64-unknown-linux-gnu/lib/librustc_demangle-787cbccd19d64ac6.rlib" "/opt/rustwide/rustup-home/toolchains/1.69.0-x86_64-unknown-linux-gnu/lib/rustlib/x86_64-unknown-linux-gnu/lib/libstd_detect-b3837a36b830e0d0.rlib" "/opt/rustwide/rustup-home/toolchains/1.69.0-x86_64-unknown-linux-gnu/lib/rustlib/x86_64-unknown-linux-gnu/lib/libhashbrown-e3deb0e7e3f04966.rlib" "/opt/rustwide/rustup-home/toolchains/1.69.0-x86_64-unknown-linux-gnu/lib/rustlib/x86_64-unknown-linux-gnu/lib/libminiz_oxide-dabbb79c9815def4.rlib" "/opt/rustwide/rustup-home/toolchains/1.69.0-x86_64-unknown-linux-gnu/lib/rustlib/x86_64-unknown-linux-gnu/lib/libadler-305b01f34c9409f2.rlib" "/opt/rustwide/rustup-home/toolchains/1.69.0-x86_64-unknown-linux-gnu/lib/rustlib/x86_64-unknown-linux-gnu/lib/librustc_std_workspace_alloc-f833521df6074e73.rlib" "/opt/rustwide/rustup-home/toolchains/1.69.0-x86_64-unknown-linux-gnu/lib/rustlib/x86_64-unknown-linux-gnu/lib/libunwind-9ac333113350d171.rlib" "/opt/rustwide/rustup-home/toolchains/1.69.0-x86_64-unknown-linux-gnu/lib/rustlib/x86_64-unknown-linux-gnu/lib/libcfg_if-1c126114322d0eee.rlib" "/opt/rustwide/rustup-home/toolchains/1.69.0-x86_64-unknown-linux-gnu/lib/rustlib/x86_64-unknown-linux-gnu/lib/liblibc-bad9164fdeeecf92.rlib" "/opt/rustwide/rustup-home/toolchains/1.69.0-x86_64-unknown-linux-gnu/lib/rustlib/x86_64-unknown-linux-gnu/lib/liballoc-f9374b1e480fa681.rlib" "/opt/rustwide/rustup-home/toolchains/1.69.0-x86_64-unknown-linux-gnu/lib/rustlib/x86_64-unknown-linux-gnu/lib/librustc_std_workspace_core-207f06e41d9603af.rlib" "/opt/rustwide/rustup-home/toolchains/1.69.0-x86_64-unknown-linux-gnu/lib/rustlib/x86_64-unknown-linux-gnu/lib/libcore-7e2768e66e984e85.rlib" "/opt/rustwide/rustup-home/toolchains/1.69.0-x86_64-unknown-linux-gnu/lib/rustlib/x86_64-unknown-linux-gnu/lib/libcompiler_builtins-957b4aff41f8cd46.rlib" "-Wl,-Bdynamic" "-lgcc_s" "-lutil" "-lrt" "-lpthread" "-lm" "-ldl" "-lc" "-Wl,--eh-frame-hdr" "-Wl,-z,noexecstack" "-L" "/opt/rustwide/rustup-home/toolchains/1.69.0-x86_64-unknown-linux-gnu/lib/rustlib/x86_64-unknown-linux-gnu/lib" "-o" "/opt/rustwide/target/debug/build/typenum-d91e01f08a8a1d93/build_script_main-d91e01f08a8a1d93" "-Wl,--gc-sections" "-pie" "-Wl,-z,relro,-z,now" "-nodefaultlibs"
[INFO] [stdout]   = note: /usr/bin/ld: final link failed: No space left on device
[INFO] [stdout]           collect2: error: ld returned 1 exit status
[INFO] [stdout]           
[INFO] [stdout] 
[INFO] [stdout] 
[INFO] [stdout] error: aborting due to previous error
[INFO] [stdout] 
[INFO] [stdout] 
[INFO] [stderr] error: could not compile `typenum` due to 2 previous errors
[INFO] [stderr] error: could not parse/generate dep info at: /opt/rustwide/target/debug/deps/block_buffer-b8bd975ffa3d57dd.d
[INFO] [stderr] 
[INFO] [stderr] Caused by:
[INFO] [stderr]   failed to write `/opt/rustwide/target/debug/.fingerprint/block-buffer-b8bd975ffa3d57dd/dep-lib-block-buffer`
[INFO] [stderr] 
[INFO] [stderr] Caused by:
[INFO] [stderr]   No space left on device (os error 28)
[INFO] [stderr] LLVM ERROR: IO failure on output stream: No space left on device
[INFO] [stdout] error: linking with `cc` failed: exit status: 1
[INFO] [stdout]   |
[INFO] [stdout]   = note: LC_ALL="C" PATH="/opt/rustwide/rustup-home/toolchains/1.69.0-x86_64-unknown-linux-gnu/lib/rustlib/x86_64-unknown-linux-gnu/bin:/opt/rustwide/cargo-home/bin:/usr/local/sbin:/usr/local/bin:/usr/sbin:/usr/bin:/sbin:/bin" VSLANG="1033" "cc" "-m64" "/tmp/rustcQSp8il/symbols.o" "/opt/rustwide/target/debug/build/rand_chacha-945bf6063eaadc7f/build_script_build-945bf6063eaadc7f.build_script_build.9df66d57-cgu.0.rcgu.o" "/opt/rustwide/target/debug/build/rand_chacha-945bf6063eaadc7f/build_script_build-945bf6063eaadc7f.build_script_build.9df66d57-cgu.1.rcgu.o" "/opt/rustwide/target/debug/build/rand_chacha-945bf6063eaadc7f/build_script_build-945bf6063eaadc7f.build_script_build.9df66d57-cgu.2.rcgu.o" "/opt/rustwide/target/debug/build/rand_chacha-945bf6063eaadc7f/build_script_build-945bf6063eaadc7f.build_script_build.9df66d57-cgu.3.rcgu.o" "/opt/rustwide/target/debug/build/rand_chacha-945bf6063eaadc7f/build_script_build-945bf6063eaadc7f.build_script_build.9df66d57-cgu.4.rcgu.o" "/opt/rustwide/target/debug/build/rand_chacha-945bf6063eaadc7f/build_script_build-945bf6063eaadc7f.build_script_build.9df66d57-cgu.5.rcgu.o" "/opt/rustwide/target/debug/build/rand_chacha-945bf6063eaadc7f/build_script_build-945bf6063eaadc7f.3cg9p8l27c23rwrx.rcgu.o" "-Wl,--as-needed" "-L" "/opt/rustwide/target/debug/deps" "-L" "/opt/rustwide/rustup-home/toolchains/1.69.0-x86_64-unknown-linux-gnu/lib/rustlib/x86_64-unknown-linux-gnu/lib" "-Wl,-Bstatic" "/opt/rustwide/target/debug/deps/libautocfg-f6eebaeb156e3d58.rlib" "/opt/rustwide/rustup-home/toolchains/1.69.0-x86_64-unknown-linux-gnu/lib/rustlib/x86_64-unknown-linux-gnu/lib/libstd-89bc084783fdc439.rlib" "/opt/rustwide/rustup-home/toolchains/1.69.0-x86_64-unknown-linux-gnu/lib/rustlib/x86_64-unknown-linux-gnu/lib/libpanic_unwind-8bee4b287d4367c1.rlib" "/opt/rustwide/rustup-home/toolchains/1.69.0-x86_64-unknown-linux-gnu/lib/rustlib/x86_64-unknown-linux-gnu/lib/libobject-d61707aed80694c0.rlib" "/opt/rustwide/rustup-home/toolchains/1.69.0-x86_64-unknown-linux-gnu/lib/rustlib/x86_64-unknown-linux-gnu/lib/libmemchr-d85366256f22345b.rlib" "/opt/rustwide/rustup-home/toolchains/1.69.0-x86_64-unknown-linux-gnu/lib/rustlib/x86_64-unknown-linux-gnu/lib/libaddr2line-96069b86b8a8cae9.rlib" "/opt/rustwide/rustup-home/toolchains/1.69.0-x86_64-unknown-linux-gnu/lib/rustlib/x86_64-unknown-linux-gnu/lib/libgimli-d19d53abf68dfa6c.rlib" "/opt/rustwide/rustup-home/toolchains/1.69.0-x86_64-unknown-linux-gnu/lib/rustlib/x86_64-unknown-linux-gnu/lib/librustc_demangle-787cbccd19d64ac6.rlib" "/opt/rustwide/rustup-home/toolchains/1.69.0-x86_64-unknown-linux-gnu/lib/rustlib/x86_64-unknown-linux-gnu/lib/libstd_detect-b3837a36b830e0d0.rlib" "/opt/rustwide/rustup-home/toolchains/1.69.0-x86_64-unknown-linux-gnu/lib/rustlib/x86_64-unknown-linux-gnu/lib/libhashbrown-e3deb0e7e3f04966.rlib" "/opt/rustwide/rustup-home/toolchains/1.69.0-x86_64-unknown-linux-gnu/lib/rustlib/x86_64-unknown-linux-gnu/lib/libminiz_oxide-dabbb79c9815def4.rlib" "/opt/rustwide/rustup-home/toolchains/1.69.0-x86_64-unknown-linux-gnu/lib/rustlib/x86_64-unknown-linux-gnu/lib/libadler-305b01f34c9409f2.rlib" "/opt/rustwide/rustup-home/toolchains/1.69.0-x86_64-unknown-linux-gnu/lib/rustlib/x86_64-unknown-linux-gnu/lib/librustc_std_workspace_alloc-f833521df6074e73.rlib" "/opt/rustwide/rustup-home/toolchains/1.69.0-x86_64-unknown-linux-gnu/lib/rustlib/x86_64-unknown-linux-gnu/lib/libunwind-9ac333113350d171.rlib" "/opt/rustwide/rustup-home/toolchains/1.69.0-x86_64-unknown-linux-gnu/lib/rustlib/x86_64-unknown-linux-gnu/lib/libcfg_if-1c126114322d0eee.rlib" "/opt/rustwide/rustup-home/toolchains/1.69.0-x86_64-unknown-linux-gnu/lib/rustlib/x86_64-unknown-linux-gnu/lib/liblibc-bad9164fdeeecf92.rlib" "/opt/rustwide/rustup-home/toolchains/1.69.0-x86_64-unknown-linux-gnu/lib/rustlib/x86_64-unknown-linux-gnu/lib/liballoc-f9374b1e480fa681.rlib" "/opt/rustwide/rustup-home/toolchains/1.69.0-x86_64-unknown-linux-gnu/lib/rustlib/x86_64-unknown-linux-gnu/lib/librustc_std_workspace_core-207f06e41d9603af.rlib" "/opt/rustwide/rustup-home/toolchains/1.69.0-x86_64-unknown-linux-gnu/lib/rustlib/x86_64-unknown-linux-gnu/lib/libcore-7e2768e66e984e85.rlib" "/opt/rustwide/rustup-home/toolchains/1.69.0-x86_64-unknown-linux-gnu/lib/rustlib/x86_64-unknown-linux-gnu/lib/libcompiler_builtins-957b4aff41f8cd46.rlib" "-Wl,-Bdynamic" "-lgcc_s" "-lutil" "-lrt" "-lpthread" "-lm" "-ldl" "-lc" "-Wl,--eh-frame-hdr" "-Wl,-z,noexecstack" "-L" "/opt/rustwide/rustup-home/toolchains/1.69.0-x86_64-unknown-linux-gnu/lib/rustlib/x86_64-unknown-linux-gnu/lib" "-o" "/opt/rustwide/target/debug/build/rand_chacha-945bf6063eaadc7f/build_script_build-945bf6063eaadc7f" "-Wl,--gc-sections" "-pie" "-Wl,-z,relro,-z,now" "-nodefaultlibs"
[INFO] [stdout]   = note: /usr/bin/ld: final link failed: No space left on device
[INFO] [stdout]           collect2: error: ld returned 1 exit status
[INFO] [stdout]           
[INFO] [stdout] 
[INFO] [stdout] 
[INFO] [stdout] error: aborting due to previous error
[INFO] [stdout] 
[INFO] [stdout] 
[INFO] [stderr] error: could not compile `ucd-trie`
[INFO] [stderr] error: could not compile `rand_chacha` due to 2 previous errors
[INFO] [stderr] LLVM ERROR: IO failure on output stream: No space left on device
[INFO] [stderr] error: could not compile `cc`
[INFO] running `Command { std: "docker" "inspect" "7315fff69b49629cf5a1e552fc5856801e66b7df2044a638e735a13616066e70", kill_on_drop: false }`
[INFO] running `Command { std: "docker" "rm" "-f" "7315fff69b49629cf5a1e552fc5856801e66b7df2044a638e735a13616066e70", kill_on_drop: false }`
[INFO] [stdout] 7315fff69b49629cf5a1e552fc5856801e66b7df2044a638e735a13616066e70
