[INFO] cloning repository https://github.com/aochagavia/IbanCalculator
[INFO] running `Command { std: "git" "-c" "credential.helper=" "-c" "credential.helper=/workspace/cargo-home/bin/git-credential-null" "clone" "--bare" "https://github.com/aochagavia/IbanCalculator" "/workspace/cache/git-repos/https%3A%2F%2Fgithub.com%2Faochagavia%2FIbanCalculator", kill_on_drop: false }`
[INFO] [stderr] Cloning into bare repository '/workspace/cache/git-repos/https%3A%2F%2Fgithub.com%2Faochagavia%2FIbanCalculator'...
[INFO] running `Command { std: "git" "rev-parse" "HEAD", kill_on_drop: false }`
[INFO] [stdout] 2b8aa82f5f6b4991c3775e904f67a878a95028f2
[INFO] testing aochagavia/IbanCalculator against 1.69.0 for beta-1.70-1
[INFO] running `Command { std: "git" "clone" "/workspace/cache/git-repos/https%3A%2F%2Fgithub.com%2Faochagavia%2FIbanCalculator" "/workspace/builds/worker-0-tc1/source", kill_on_drop: false }`
[INFO] [stderr] Cloning into '/workspace/builds/worker-0-tc1/source'...
[INFO] [stderr] done.
[INFO] validating manifest of git repo https://github.com/aochagavia/IbanCalculator on toolchain 1.69.0
[INFO] running `Command { std: CARGO_HOME="/workspace/cargo-home" RUSTUP_HOME="/workspace/rustup-home" "/workspace/cargo-home/bin/cargo" "+1.69.0" "metadata" "--manifest-path" "Cargo.toml" "--no-deps", kill_on_drop: false }`
[INFO] started tweaking git repo https://github.com/aochagavia/IbanCalculator
[INFO] finished tweaking git repo https://github.com/aochagavia/IbanCalculator
[INFO] tweaked toml for git repo https://github.com/aochagavia/IbanCalculator written to /workspace/builds/worker-0-tc1/source/Cargo.toml
[INFO] crate git repo https://github.com/aochagavia/IbanCalculator already has a lockfile, it will not be regenerated
[INFO] running `Command { std: CARGO_HOME="/workspace/cargo-home" RUSTUP_HOME="/workspace/rustup-home" "/workspace/cargo-home/bin/cargo" "+1.69.0" "fetch" "--manifest-path" "Cargo.toml", kill_on_drop: false }`
[INFO] [stderr]     Blocking waiting for file lock on package cache
[INFO] [stderr]     Blocking waiting for file lock on package cache
[INFO] [stderr]  Downloading crates ...
[INFO] [stderr]   Downloaded num_cpus v1.2.0
[INFO] [stderr]   Downloaded rayon v0.5.0
[INFO] running `Command { std: "docker" "create" "-v" "/var/lib/crater-agent-workspace/builds/worker-0-tc1/target:/opt/rustwide/target:rw,Z" "-v" "/var/lib/crater-agent-workspace/builds/worker-0-tc1/source:/opt/rustwide/workdir:ro,Z" "-v" "/var/lib/crater-agent-workspace/cargo-home:/opt/rustwide/cargo-home:ro,Z" "-v" "/var/lib/crater-agent-workspace/rustup-home:/opt/rustwide/rustup-home:ro,Z" "-e" "SOURCE_DIR=/opt/rustwide/workdir" "-e" "CARGO_TARGET_DIR=/opt/rustwide/target" "-e" "CARGO_HOME=/opt/rustwide/cargo-home" "-e" "RUSTUP_HOME=/opt/rustwide/rustup-home" "-w" "/opt/rustwide/workdir" "-m" "1610612736" "--user" "0:0" "--network" "none" "ghcr.io/rust-lang/crates-build-env/linux@sha256:5ff2268d62e97bff2cde7d5815dd6ed5b47097566f13b8d0ca110b04b60e07ed" "/opt/rustwide/cargo-home/bin/cargo" "+1.69.0" "metadata" "--no-deps" "--format-version=1", kill_on_drop: false }`
[INFO] [stdout] 1376527c68f8b97094857e8cc798c4d0d7363d0d3c3d1af0a4e7f7e1a1fc465a
[INFO] running `Command { std: "docker" "start" "-a" "1376527c68f8b97094857e8cc798c4d0d7363d0d3c3d1af0a4e7f7e1a1fc465a", kill_on_drop: false }`
[INFO] running `Command { std: "docker" "inspect" "1376527c68f8b97094857e8cc798c4d0d7363d0d3c3d1af0a4e7f7e1a1fc465a", kill_on_drop: false }`
[INFO] running `Command { std: "docker" "rm" "-f" "1376527c68f8b97094857e8cc798c4d0d7363d0d3c3d1af0a4e7f7e1a1fc465a", kill_on_drop: false }`
[INFO] [stdout] 1376527c68f8b97094857e8cc798c4d0d7363d0d3c3d1af0a4e7f7e1a1fc465a
[INFO] running `Command { std: "docker" "create" "-v" "/var/lib/crater-agent-workspace/builds/worker-0-tc1/target:/opt/rustwide/target:rw,Z" "-v" "/var/lib/crater-agent-workspace/builds/worker-0-tc1/source:/opt/rustwide/workdir:ro,Z" "-v" "/var/lib/crater-agent-workspace/cargo-home:/opt/rustwide/cargo-home:ro,Z" "-v" "/var/lib/crater-agent-workspace/rustup-home:/opt/rustwide/rustup-home:ro,Z" "-e" "SOURCE_DIR=/opt/rustwide/workdir" "-e" "CARGO_TARGET_DIR=/opt/rustwide/target" "-e" "CARGO_INCREMENTAL=0" "-e" "RUST_BACKTRACE=full" "-e" "RUSTFLAGS=--cap-lints=warn" "-e" "RUSTDOCFLAGS=--cap-lints=warn" "-e" "CARGO_HOME=/opt/rustwide/cargo-home" "-e" "RUSTUP_HOME=/opt/rustwide/rustup-home" "-w" "/opt/rustwide/workdir" "-m" "1610612736" "--user" "0:0" "--network" "none" "ghcr.io/rust-lang/crates-build-env/linux@sha256:5ff2268d62e97bff2cde7d5815dd6ed5b47097566f13b8d0ca110b04b60e07ed" "/opt/rustwide/cargo-home/bin/cargo" "+1.69.0" "build" "--frozen" "--message-format=json", kill_on_drop: false }`
[INFO] [stdout] 6737e3b31d9605944cc0e5b0af0eea5f0dd19e34a7ba0e6838e29ac34846ff40
[INFO] running `Command { std: "docker" "start" "-a" "6737e3b31d9605944cc0e5b0af0eea5f0dd19e34a7ba0e6838e29ac34846ff40", kill_on_drop: false }`
[INFO] [stderr]    Compiling libc v0.2.17
[INFO] [stderr]    Compiling sha1 v0.2.0
[INFO] [stderr]    Compiling rand v0.3.15
[INFO] [stderr]    Compiling num_cpus v1.2.0
[INFO] [stderr]    Compiling deque v0.3.1
[INFO] [stderr]    Compiling rayon v0.5.0
[INFO] [stderr]    Compiling iban_calculator v0.1.0 (/opt/rustwide/workdir)
[INFO] [stdout] error[E0557]: feature has been removed
[INFO] [stdout]  --> src/main.rs:2:12
[INFO] [stdout]   |
[INFO] [stdout] 2 | #![feature(optin_builtin_traits)]
[INFO] [stdout]   |            ^^^^^^^^^^^^^^^^^^^^ feature has been removed
[INFO] [stdout]   |
[INFO] [stdout]   = note: renamed to `auto_traits`
[INFO] [stdout] 
[INFO] [stdout] 
[INFO] [stdout] error[E0554]: `#![feature]` may not be used on the stable release channel
[INFO] [stdout]  --> src/main.rs:1:1
[INFO] [stdout]   |
[INFO] [stdout] 1 | #![feature(conservative_impl_trait)]
[INFO] [stdout]   | ^^^^^^^^^^^^^^^^^^^^^^^^^^^^^^^^^^^^ help: remove the attribute
[INFO] [stdout]   |
[INFO] [stdout]   = help: the feature `conservative_impl_trait` has been stable since `1.26.0` and no longer requires an attribute to enable
[INFO] [stdout] 
[INFO] [stdout] 
[INFO] [stdout] error[E0554]: `#![feature]` may not be used on the stable release channel
[INFO] [stdout]  --> src/main.rs:2:1
[INFO] [stdout]   |
[INFO] [stdout] 2 | #![feature(optin_builtin_traits)]
[INFO] [stdout]   | ^^^^^^^^^^^^^^^^^^^^^^^^^^^^^^^^^
[INFO] [stdout] 
[INFO] [stdout] 
[INFO] [stdout] warning: the feature `conservative_impl_trait` has been stable since 1.26.0 and no longer requires an attribute to enable
[INFO] [stdout]  --> src/main.rs:1:12
[INFO] [stdout]   |
[INFO] [stdout] 1 | #![feature(conservative_impl_trait)]
[INFO] [stdout]   |            ^^^^^^^^^^^^^^^^^^^^^^^
[INFO] [stdout]   |
[INFO] [stdout]   = note: `#[warn(stable_features)]` on by default
[INFO] [stdout] 
[INFO] [stdout] 
[INFO] [stdout] warning: use of deprecated method `std::sync::atomic::AtomicBool::compare_and_swap`: Use `compare_exchange` or `compare_exchange_weak` instead
[INFO] [stdout]   --> src/lock/advanced_spin_lock.rs:23:25
[INFO] [stdout]    |
[INFO] [stdout] 23 |         while self.lock.compare_and_swap(false, true, Ordering::SeqCst) {
[INFO] [stdout]    |                         ^^^^^^^^^^^^^^^^
[INFO] [stdout]    |
[INFO] [stdout]    = note: `#[warn(deprecated)]` on by default
[INFO] [stdout] 
[INFO] [stdout] 
[INFO] [stdout] warning: use of deprecated method `std::sync::atomic::AtomicBool::compare_and_swap`: Use `compare_exchange` or `compare_exchange_weak` instead
[INFO] [stdout]   --> src/lock/spin_lock.rs:48:31
[INFO] [stdout]    |
[INFO] [stdout] 48 |         while self.lock_taken.compare_and_swap(false, true, Ordering::SeqCst) {}
[INFO] [stdout]    |                               ^^^^^^^^^^^^^^^^
[INFO] [stdout] 
[INFO] [stdout] 
[INFO] [stdout] warning: use of deprecated method `core::str::<impl str>::trim_right`: superseded by `trim_end`
[INFO] [stdout]   --> src/parse.rs:24:29
[INFO] [stdout]    |
[INFO] [stdout] 24 |     let args: Vec<_> = line.trim_right().split_whitespace().collect();
[INFO] [stdout]    |                             ^^^^^^^^^^
[INFO] [stdout]    |
[INFO] [stdout] help: replace the use of the deprecated method
[INFO] [stdout]    |
[INFO] [stdout] 24 |     let args: Vec<_> = line.trim_end().split_whitespace().collect();
[INFO] [stdout]    |                             ~~~~~~~~
[INFO] [stdout] 
[INFO] [stdout] 
[INFO] [stdout] error: aborting due to 3 previous errors; 4 warnings emitted
[INFO] [stdout] 
[INFO] [stdout] 
[INFO] [stdout] Some errors have detailed explanations: E0554, E0557.
[INFO] [stdout] 
[INFO] [stdout] For more information about an error, try `rustc --explain E0554`.
[INFO] [stdout] 
[INFO] [stderr] error: could not compile `iban_calculator` due to 4 previous errors; 4 warnings emitted
[INFO] running `Command { std: "docker" "inspect" "6737e3b31d9605944cc0e5b0af0eea5f0dd19e34a7ba0e6838e29ac34846ff40", kill_on_drop: false }`
[INFO] running `Command { std: "docker" "rm" "-f" "6737e3b31d9605944cc0e5b0af0eea5f0dd19e34a7ba0e6838e29ac34846ff40", kill_on_drop: false }`
[INFO] [stdout] 6737e3b31d9605944cc0e5b0af0eea5f0dd19e34a7ba0e6838e29ac34846ff40
