[INFO] cloning repository https://github.com/anta40/rust-sqlite-api
[INFO] running `Command { std: "git" "-c" "credential.helper=" "-c" "credential.helper=/workspace/cargo-home/bin/git-credential-null" "clone" "--bare" "https://github.com/anta40/rust-sqlite-api" "/workspace/cache/git-repos/https%3A%2F%2Fgithub.com%2Fanta40%2Frust-sqlite-api", kill_on_drop: false }`
[INFO] [stderr] Cloning into bare repository '/workspace/cache/git-repos/https%3A%2F%2Fgithub.com%2Fanta40%2Frust-sqlite-api'...
[INFO] running `Command { std: "git" "rev-parse" "HEAD", kill_on_drop: false }`
[INFO] [stdout] 3d985ac18b52468dc599d0b8fcada0601706791f
[INFO] testing anta40/rust-sqlite-api against 1.69.0 for beta-1.70-1
[INFO] running `Command { std: "git" "clone" "/workspace/cache/git-repos/https%3A%2F%2Fgithub.com%2Fanta40%2Frust-sqlite-api" "/workspace/builds/worker-2-tc1/source", kill_on_drop: false }`
[INFO] [stderr] Cloning into '/workspace/builds/worker-2-tc1/source'...
[INFO] [stderr] done.
[INFO] validating manifest of git repo https://github.com/anta40/rust-sqlite-api on toolchain 1.69.0
[INFO] running `Command { std: CARGO_HOME="/workspace/cargo-home" RUSTUP_HOME="/workspace/rustup-home" "/workspace/cargo-home/bin/cargo" "+1.69.0" "metadata" "--manifest-path" "Cargo.toml" "--no-deps", kill_on_drop: false }`
[INFO] started tweaking git repo https://github.com/anta40/rust-sqlite-api
[INFO] finished tweaking git repo https://github.com/anta40/rust-sqlite-api
[INFO] tweaked toml for git repo https://github.com/anta40/rust-sqlite-api written to /workspace/builds/worker-2-tc1/source/Cargo.toml
[INFO] crate git repo https://github.com/anta40/rust-sqlite-api already has a lockfile, it will not be regenerated
[INFO] running `Command { std: CARGO_HOME="/workspace/cargo-home" RUSTUP_HOME="/workspace/rustup-home" "/workspace/cargo-home/bin/cargo" "+1.69.0" "fetch" "--manifest-path" "Cargo.toml", kill_on_drop: false }`
[INFO] running `Command { std: "docker" "create" "-v" "/var/lib/crater-agent-workspace/builds/worker-2-tc1/target:/opt/rustwide/target:rw,Z" "-v" "/var/lib/crater-agent-workspace/builds/worker-2-tc1/source:/opt/rustwide/workdir:ro,Z" "-v" "/var/lib/crater-agent-workspace/cargo-home:/opt/rustwide/cargo-home:ro,Z" "-v" "/var/lib/crater-agent-workspace/rustup-home:/opt/rustwide/rustup-home:ro,Z" "-e" "SOURCE_DIR=/opt/rustwide/workdir" "-e" "CARGO_TARGET_DIR=/opt/rustwide/target" "-e" "CARGO_HOME=/opt/rustwide/cargo-home" "-e" "RUSTUP_HOME=/opt/rustwide/rustup-home" "-w" "/opt/rustwide/workdir" "-m" "1610612736" "--user" "0:0" "--network" "none" "ghcr.io/rust-lang/crates-build-env/linux@sha256:5ff2268d62e97bff2cde7d5815dd6ed5b47097566f13b8d0ca110b04b60e07ed" "/opt/rustwide/cargo-home/bin/cargo" "+1.69.0" "metadata" "--no-deps" "--format-version=1", kill_on_drop: false }`
[INFO] [stdout] 3ad0af33e2597a82090a85eb63d441ec2e24378ea1f6d190b766a3ef2880923b
[INFO] running `Command { std: "docker" "start" "-a" "3ad0af33e2597a82090a85eb63d441ec2e24378ea1f6d190b766a3ef2880923b", kill_on_drop: false }`
[INFO] running `Command { std: "docker" "inspect" "3ad0af33e2597a82090a85eb63d441ec2e24378ea1f6d190b766a3ef2880923b", kill_on_drop: false }`
[INFO] running `Command { std: "docker" "rm" "-f" "3ad0af33e2597a82090a85eb63d441ec2e24378ea1f6d190b766a3ef2880923b", kill_on_drop: false }`
[INFO] [stdout] 3ad0af33e2597a82090a85eb63d441ec2e24378ea1f6d190b766a3ef2880923b
[INFO] running `Command { std: "docker" "create" "-v" "/var/lib/crater-agent-workspace/builds/worker-2-tc1/target:/opt/rustwide/target:rw,Z" "-v" "/var/lib/crater-agent-workspace/builds/worker-2-tc1/source:/opt/rustwide/workdir:ro,Z" "-v" "/var/lib/crater-agent-workspace/cargo-home:/opt/rustwide/cargo-home:ro,Z" "-v" "/var/lib/crater-agent-workspace/rustup-home:/opt/rustwide/rustup-home:ro,Z" "-e" "SOURCE_DIR=/opt/rustwide/workdir" "-e" "CARGO_TARGET_DIR=/opt/rustwide/target" "-e" "CARGO_INCREMENTAL=0" "-e" "RUST_BACKTRACE=full" "-e" "RUSTFLAGS=--cap-lints=warn" "-e" "RUSTDOCFLAGS=--cap-lints=warn" "-e" "CARGO_HOME=/opt/rustwide/cargo-home" "-e" "RUSTUP_HOME=/opt/rustwide/rustup-home" "-w" "/opt/rustwide/workdir" "-m" "1610612736" "--user" "0:0" "--network" "none" "ghcr.io/rust-lang/crates-build-env/linux@sha256:5ff2268d62e97bff2cde7d5815dd6ed5b47097566f13b8d0ca110b04b60e07ed" "/opt/rustwide/cargo-home/bin/cargo" "+1.69.0" "build" "--frozen" "--message-format=json", kill_on_drop: false }`
[INFO] [stdout] 7a1a061f862fcf327785c224cadbc0ed9b58a7897130a62e9fbc62801976ee3c
[INFO] running `Command { std: "docker" "start" "-a" "7a1a061f862fcf327785c224cadbc0ed9b58a7897130a62e9fbc62801976ee3c", kill_on_drop: false }`
[INFO] [stderr]    Compiling libc v0.2.103
[INFO] [stderr]    Compiling proc-macro2 v1.0.29
[INFO] [stderr]    Compiling unicode-xid v0.2.2
[INFO] [stderr]    Compiling syn v1.0.78
[INFO] [stderr]    Compiling cfg-if v1.0.0
[INFO] [stderr]    Compiling autocfg v1.0.1
[INFO] [stderr]    Compiling memchr v2.4.1
[INFO] [stderr]    Compiling log v0.4.14
[INFO] [stderr]    Compiling futures-core v0.3.17
[INFO] [stderr]    Compiling slab v0.4.4
[INFO] [stderr]    Compiling futures-sink v0.3.17
[INFO] [stderr]    Compiling lazy_static v1.4.0
[INFO] [stderr]    Compiling cfg-if v0.1.10
[INFO] [stderr]    Compiling futures-channel v0.3.17
[INFO] [stderr]    Compiling proc-macro-hack v0.5.19
[INFO] [stderr]    Compiling proc-macro-nested v0.1.7
[INFO] [stderr]    Compiling pin-project-lite v0.2.7
[INFO] [stderr]    Compiling futures-task v0.3.17
[INFO] [stderr]    Compiling smallvec v1.7.0
[INFO] [stderr]    Compiling pin-project-lite v0.1.12
[INFO] [stderr]    Compiling bytes v0.5.6
[INFO] [stderr]    Compiling parking_lot_core v0.8.5
[INFO] [stderr]    Compiling pin-utils v0.1.0
[INFO] [stderr]    Compiling futures-io v0.3.17
[INFO] [stderr]    Compiling instant v0.1.11
[INFO] [stderr]    Compiling scopeguard v1.1.0
[INFO] [stderr]    Compiling pin-project-internal v0.4.28
[INFO] [stderr]    Compiling cc v1.0.70
[INFO] [stderr]    Compiling lock_api v0.4.5
[INFO] [stderr]    Compiling convert_case v0.4.0
[INFO] [stderr]    Compiling getrandom v0.1.16
[INFO] [stderr]    Compiling tinyvec_macros v0.1.0
[INFO] [stderr]    Compiling futures-macro v0.3.17
[INFO] [stderr]    Compiling futures-util v0.3.17
[INFO] [stderr]    Compiling miniz_oxide v0.4.4
[INFO] [stderr]    Compiling bitflags v1.3.2
[INFO] [stderr]    Compiling tinyvec v1.5.0
[INFO] [stderr]    Compiling adler v1.0.2
[INFO] [stderr]    Compiling copyless v0.1.5
[INFO] [stderr]    Compiling matches v0.1.9
[INFO] [stderr]    Compiling itoa v0.4.8
[INFO] [stderr]    Compiling failure_derive v0.1.8
[INFO] [stderr]    Compiling quote v1.0.10
[INFO] [stderr]    Compiling percent-encoding v2.1.0
[INFO] [stderr]    Compiling either v1.6.1
[INFO] [stderr]    Compiling iovec v0.1.4
[INFO] [stderr]    Compiling net2 v0.2.37
[INFO] [stderr]    Compiling signal-hook-registry v1.4.0
[INFO] [stderr]    Compiling num_cpus v1.13.0
[INFO] [stderr]    Compiling gimli v0.25.0
[INFO] [stderr]    Compiling parking_lot v0.11.2
[INFO] [stderr]    Compiling mio v0.6.23
[INFO] [stderr]    Compiling threadpool v1.8.1
[INFO] [stderr]    Compiling serde_derive v1.0.130
[INFO] [stderr]    Compiling unicode-bidi v0.3.6
[INFO] [stderr]    Compiling rand_core v0.5.1
[INFO] [stderr]    Compiling form_urlencoded v1.0.1
[INFO] [stderr]    Compiling socket2 v0.3.19
[INFO] [stderr]    Compiling object v0.26.2
[INFO] [stderr]    Compiling backtrace v0.3.61
[INFO] [stderr]    Compiling unicode-normalization v0.1.19
[INFO] [stderr]    Compiling bytes v1.1.0
[INFO] [stderr]    Compiling ppv-lite86 v0.2.10
[INFO] [stderr]    Compiling serde v1.0.130
[INFO] [stderr]    Compiling async-trait v0.1.51
[INFO] [stderr]    Compiling unicode-segmentation v1.8.0
[INFO] [stderr]    Compiling rustc-demangle v0.1.21
[INFO] [stderr]    Compiling num-traits v0.2.14
[INFO] [stderr]    Compiling mio-uds v0.6.8
[INFO] [stderr]    Compiling fnv v1.0.7
[INFO] [stderr]    Compiling tokio v0.2.25
[INFO] [stderr]    Compiling match_cfg v0.1.0
[INFO] [stderr]    Compiling rand_chacha v0.2.2
[INFO] [stderr]    Compiling hostname v0.3.1
[INFO] [stderr]    Compiling heck v0.3.3
[INFO] [stderr]    Compiling http v0.2.5
[INFO] [stderr]    Compiling brotli-sys v0.3.2
[INFO] [stderr]    Compiling num-integer v0.1.44
[INFO] [stderr]    Compiling indexmap v1.7.0
[INFO] [stderr]    Compiling rand v0.7.3
[INFO] [stderr]    Compiling idna v0.2.3
[INFO] [stderr]    Compiling tracing-core v0.1.21
[INFO] [stderr]    Compiling linked-hash-map v0.5.4
[INFO] [stderr]    Compiling crc32fast v1.2.1
[INFO] [stderr]    Compiling quick-error v1.2.3
[INFO] [stderr]    Compiling ryu v1.0.5
[INFO] [stderr]    Compiling resolv-conf v0.6.3
[INFO] [stderr]    Compiling lru-cache v0.1.2
[INFO] [stderr]    Compiling tracing v0.1.28
[INFO] [stderr]    Compiling url v2.2.2
[INFO] [stderr]    Compiling aho-corasick v0.7.18
[INFO] [stderr]    Compiling hashbrown v0.11.2
[INFO] [stderr]    Compiling addr2line v0.16.0
[INFO] [stderr]    Compiling httparse v1.5.1
[INFO] [stderr]    Compiling byteorder v1.4.3
[INFO] [stderr]    Compiling serde_json v1.0.68
[INFO] [stderr]    Compiling encoding_rs v0.8.28
[INFO] [stderr]    Compiling regex-syntax v0.6.25
[INFO] [stderr]    Compiling time v0.1.44
[INFO] [stderr]    Compiling dtoa v0.4.8
[INFO] [stderr]    Compiling pkg-config v0.3.20
[INFO] [stderr]    Compiling flate2 v1.0.22
[INFO] [stderr]    Compiling chrono v0.4.19
[INFO] [stderr]    Compiling fxhash v0.2.1
[INFO] [stderr]    Compiling base64 v0.11.0
[INFO] [stderr]    Compiling sha1 v0.6.0
[INFO] [stderr]    Compiling mime v0.3.16
[INFO] [stderr]    Compiling libsqlite3-sys v0.12.0
[INFO] [stderr]    Compiling language-tags v0.2.2
[INFO] [stderr]    Compiling bytestring v1.0.0
[INFO] [stderr]    Compiling scheduled-thread-pool v0.2.5
[INFO] [stderr]    Compiling anyhow v1.0.44
[INFO] [stderr]    Compiling tokio-util v0.3.1
[INFO] [stderr]    Compiling tokio-util v0.2.0
[INFO] [stderr]    Compiling r2d2 v0.8.9
[INFO] [stderr]    Compiling dotenv v0.15.0
[INFO] [stderr]    Compiling actix-codec v0.2.0
[INFO] [stderr]    Compiling synstructure v0.12.5
[INFO] [stderr]    Compiling regex v1.5.4
[INFO] [stderr]    Compiling derive_more v0.99.16
[INFO] [stderr]    Compiling actix-macros v0.1.3
[INFO] [stderr]    Compiling pin-project-internal v1.0.8
[INFO] [stderr]    Compiling enum-as-inner v0.3.3
[INFO] [stderr]    Compiling diesel_derives v1.4.1
[INFO] [stderr]    Compiling actix-web-codegen v0.2.2
[INFO] [stderr]    Compiling failure v0.1.8
[INFO] [stderr]    Compiling brotli2 v0.3.2
[INFO] [stderr]    Compiling pin-project v1.0.8
[INFO] [stderr]    Compiling pin-project v0.4.28
[INFO] [stderr]    Compiling tracing-futures v0.2.5
[INFO] [stderr]    Compiling actix-codec v0.3.0
[INFO] [stderr]    Compiling actix-threadpool v0.3.3
[INFO] [stderr]    Compiling diesel v1.4.8
[INFO] [stderr]    Compiling futures-executor v0.3.17
[INFO] [stderr]    Compiling actix-rt v1.1.1
[INFO] [stderr]    Compiling actix-service v1.0.6
[INFO] [stderr]    Compiling h2 v0.2.7
[INFO] [stderr]    Compiling futures v0.3.17
[INFO] [stderr]    Compiling trust-dns-proto v0.18.0-alpha.2
[INFO] [stderr]    Compiling actix-utils v1.0.6
[INFO] [stderr]    Compiling actix-utils v2.0.0
[INFO] [stderr]    Compiling actix-server v1.0.4
[INFO] [stderr]    Compiling actix-tls v1.0.0
[INFO] [stderr]    Compiling actix-testing v1.0.1
[INFO] [stderr]    Compiling trust-dns-resolver v0.18.0-alpha.2
[INFO] [stderr]    Compiling serde_urlencoded v0.6.1
[INFO] [stderr]    Compiling actix-router v0.2.7
[INFO] [stderr]    Compiling actix-connect v1.0.2
[INFO] [stderr]    Compiling actix-http v1.0.1
[INFO] [stderr]    Compiling awc v1.0.1
[INFO] [stderr]    Compiling actix-web v2.0.0
[INFO] [stderr]    Compiling rust-sqlite-api v0.1.0 (/opt/rustwide/workdir)
[INFO] [stdout] error: expected identifier, found `::`
[INFO] [stdout]   --> src/main.rs:20:35
[INFO] [stdout]    |
[INFO] [stdout] 20 |         .build(ConnectionManager::::new(database_url))
[INFO] [stdout]    |                                   ^^ expected identifier
[INFO] [stdout] 
[INFO] [stdout] 
[INFO] [stdout] error: field expressions cannot have generic arguments
[INFO] [stdout]   --> src/routes.rs:34:10
[INFO] [stdout]    |
[INFO] [stdout] 34 |         .first::(&db_connection)
[INFO] [stdout]    |          ^^^^^^^^^^^^^^^^^^^^^^^
[INFO] [stdout] 
[INFO] [stdout] 
[INFO] [stdout] error: field expressions cannot have generic arguments
[INFO] [stdout]   --> src/routes.rs:65:24
[INFO] [stdout]    |
[INFO] [stdout] 65 |     let result = users.load::(&db_connection)?;
[INFO] [stdout]    |                        ^^^^^^^^^^^^^^^^^^^^^^
[INFO] [stdout] 
[INFO] [stdout] 
[INFO] [stdout] error: expected identifier
[INFO] [stdout]   --> src/main.rs:20:35
[INFO] [stdout]    |
[INFO] [stdout] 20 |         .build(ConnectionManager::::new(database_url))
[INFO] [stdout]    |                                   ^
[INFO] [stdout] 
[INFO] [stdout] 
[INFO] [stdout] warning: unused import: `UserJson`
[INFO] [stdout]  --> src/routes.rs:1:27
[INFO] [stdout]   |
[INFO] [stdout] 1 | use crate::models::{User, UserJson, UserNew};
[INFO] [stdout]   |                           ^^^^^^^^
[INFO] [stdout]   |
[INFO] [stdout]   = note: `#[warn(unused_imports)]` on by default
[INFO] [stdout] 
[INFO] [stdout] 
[INFO] [stdout] warning: unused import: `crate::Pool`
[INFO] [stdout]  --> src/routes.rs:2:5
[INFO] [stdout]   |
[INFO] [stdout] 2 | use crate::Pool;
[INFO] [stdout]   |     ^^^^^^^^^^^
[INFO] [stdout] 
[INFO] [stdout] 
[INFO] [stdout] warning: unused imports: `App`, `HttpServer`, `web`
[INFO] [stdout]  --> src/main.rs:8:17
[INFO] [stdout]   |
[INFO] [stdout] 8 | use actix_web::{web, App, HttpServer};
[INFO] [stdout]   |                 ^^^  ^^^  ^^^^^^^^^^
[INFO] [stdout] 
[INFO] [stdout] 
[INFO] [stdout] warning: unused import: `diesel::SqliteConnection`
[INFO] [stdout]   --> src/main.rs:10:5
[INFO] [stdout]    |
[INFO] [stdout] 10 | use diesel::SqliteConnection;
[INFO] [stdout]    |     ^^^^^^^^^^^^^^^^^^^^^^^^
[INFO] [stdout] 
[INFO] [stdout] 
[INFO] [stdout] error[E0601]: `main` function not found in crate `rust_sqlite_api`
[INFO] [stdout]   --> src/main.rs:33:2
[INFO] [stdout]    |
[INFO] [stdout] 33 | }
[INFO] [stdout]    |  ^ consider adding a `main` function to `src/main.rs`
[INFO] [stdout] 
[INFO] [stdout] 
[INFO] [stdout] error[E0107]: missing generics for struct `ConnectionManager`
[INFO] [stdout]   --> src/main.rs:12:28
[INFO] [stdout]    |
[INFO] [stdout] 12 | pub type Pool = r2d2::Pool<ConnectionManager>;
[INFO] [stdout]    |                            ^^^^^^^^^^^^^^^^^ expected 1 generic argument
[INFO] [stdout]    |
[INFO] [stdout] note: struct defined here, with 1 generic parameter: `T`
[INFO] [stdout]   --> /opt/rustwide/cargo-home/registry/src/github.com-1ecc6299db9ec823/diesel-1.4.8/src/r2d2.rs:32:12
[INFO] [stdout]    |
[INFO] [stdout] 32 | pub struct ConnectionManager<T> {
[INFO] [stdout]    |            ^^^^^^^^^^^^^^^^^ -
[INFO] [stdout] help: add missing generic argument
[INFO] [stdout]    |
[INFO] [stdout] 12 | pub type Pool = r2d2::Pool<ConnectionManager<T>>;
[INFO] [stdout]    |                                             +++
[INFO] [stdout] 
[INFO] [stdout] 
[INFO] [stdout] error[E0107]: missing generics for struct `Data`
[INFO] [stdout]   --> src/routes.rs:16:16
[INFO] [stdout]    |
[INFO] [stdout] 16 |     pool: web::Data,
[INFO] [stdout]    |                ^^^^ expected 1 generic argument
[INFO] [stdout]    |
[INFO] [stdout] note: struct defined here, with 1 generic parameter: `T`
[INFO] [stdout]   --> /opt/rustwide/cargo-home/registry/src/github.com-1ecc6299db9ec823/actix-web-2.0.0/src/data.rs:66:12
[INFO] [stdout]    |
[INFO] [stdout] 66 | pub struct Data<T>(Arc<T>);
[INFO] [stdout]    |            ^^^^ -
[INFO] [stdout] help: add missing generic argument
[INFO] [stdout]    |
[INFO] [stdout] 16 |     pool: web::Data<T>,
[INFO] [stdout]    |                    +++
[INFO] [stdout] 
[INFO] [stdout] 
[INFO] [stdout] error[E0107]: missing generics for struct `Json`
[INFO] [stdout]   --> src/routes.rs:17:16
[INFO] [stdout]    |
[INFO] [stdout] 17 |     item: web::Json,
[INFO] [stdout]    |                ^^^^ expected 1 generic argument
[INFO] [stdout]    |
[INFO] [stdout] note: struct defined here, with 1 generic parameter: `T`
[INFO] [stdout]   --> /opt/rustwide/cargo-home/registry/src/github.com-1ecc6299db9ec823/actix-web-2.0.0/src/types/json.rs:83:12
[INFO] [stdout]    |
[INFO] [stdout] 83 | pub struct Json<T>(pub T);
[INFO] [stdout]    |            ^^^^ -
[INFO] [stdout] help: add missing generic argument
[INFO] [stdout]    |
[INFO] [stdout] 17 |     item: web::Json<T>,
[INFO] [stdout]    |                    +++
[INFO] [stdout] 
[INFO] [stdout] 
[INFO] [stdout] error[E0107]: missing generics for struct `Data`
[INFO] [stdout]   --> src/routes.rs:26:16
[INFO] [stdout]    |
[INFO] [stdout] 26 |     pool: web::Data,
[INFO] [stdout]    |                ^^^^ expected 1 generic argument
[INFO] [stdout]    |
[INFO] [stdout] note: struct defined here, with 1 generic parameter: `T`
[INFO] [stdout]   --> /opt/rustwide/cargo-home/registry/src/github.com-1ecc6299db9ec823/actix-web-2.0.0/src/data.rs:66:12
[INFO] [stdout]    |
[INFO] [stdout] 66 | pub struct Data<T>(Arc<T>);
[INFO] [stdout]    |            ^^^^ -
[INFO] [stdout] help: add missing generic argument
[INFO] [stdout]    |
[INFO] [stdout] 26 |     pool: web::Data<T>,
[INFO] [stdout]    |                    +++
[INFO] [stdout] 
[INFO] [stdout] 
[INFO] [stdout] error[E0107]: missing generics for struct `Json`
[INFO] [stdout]   --> src/routes.rs:27:16
[INFO] [stdout]    |
[INFO] [stdout] 27 |     item: web::Json,
[INFO] [stdout]    |                ^^^^ expected 1 generic argument
[INFO] [stdout]    |
[INFO] [stdout] note: struct defined here, with 1 generic parameter: `T`
[INFO] [stdout]   --> /opt/rustwide/cargo-home/registry/src/github.com-1ecc6299db9ec823/actix-web-2.0.0/src/types/json.rs:83:12
[INFO] [stdout]    |
[INFO] [stdout] 83 | pub struct Json<T>(pub T);
[INFO] [stdout]    |            ^^^^ -
[INFO] [stdout] help: add missing generic argument
[INFO] [stdout]    |
[INFO] [stdout] 27 |     item: web::Json<T>,
[INFO] [stdout]    |                    +++
[INFO] [stdout] 
[INFO] [stdout] 
[INFO] [stdout] error[E0107]: missing generics for struct `Data`
[INFO] [stdout]   --> src/routes.rs:55:35
[INFO] [stdout]    |
[INFO] [stdout] 55 | pub async fn get_users(pool: web::Data) -> Result<HttpResponse, Error> {
[INFO] [stdout]    |                                   ^^^^ expected 1 generic argument
[INFO] [stdout]    |
[INFO] [stdout] note: struct defined here, with 1 generic parameter: `T`
[INFO] [stdout]   --> /opt/rustwide/cargo-home/registry/src/github.com-1ecc6299db9ec823/actix-web-2.0.0/src/data.rs:66:12
[INFO] [stdout]    |
[INFO] [stdout] 66 | pub struct Data<T>(Arc<T>);
[INFO] [stdout]    |            ^^^^ -
[INFO] [stdout] help: add missing generic argument
[INFO] [stdout]    |
[INFO] [stdout] 55 | pub async fn get_users(pool: web::Data<T>) -> Result<HttpResponse, Error> {
[INFO] [stdout]    |                                       +++
[INFO] [stdout] 
[INFO] [stdout] 
[INFO] [stdout] error[E0107]: missing generics for struct `Data`
[INFO] [stdout]   --> src/routes.rs:62:32
[INFO] [stdout]    |
[INFO] [stdout] 62 | async fn list_users(pool: web::Data) -> Result<Vec, diesel::result::Error> {
[INFO] [stdout]    |                                ^^^^ expected 1 generic argument
[INFO] [stdout]    |
[INFO] [stdout] note: struct defined here, with 1 generic parameter: `T`
[INFO] [stdout]   --> /opt/rustwide/cargo-home/registry/src/github.com-1ecc6299db9ec823/actix-web-2.0.0/src/data.rs:66:12
[INFO] [stdout]    |
[INFO] [stdout] 66 | pub struct Data<T>(Arc<T>);
[INFO] [stdout]    |            ^^^^ -
[INFO] [stdout] help: add missing generic argument
[INFO] [stdout]    |
[INFO] [stdout] 62 | async fn list_users(pool: web::Data<T>) -> Result<Vec, diesel::result::Error> {
[INFO] [stdout]    |                                    +++
[INFO] [stdout] 
[INFO] [stdout] 
[INFO] [stdout] error[E0107]: missing generics for struct `Vec`
[INFO] [stdout]   --> src/routes.rs:62:48
[INFO] [stdout]    |
[INFO] [stdout] 62 | async fn list_users(pool: web::Data) -> Result<Vec, diesel::result::Error> {
[INFO] [stdout]    |                                                ^^^ expected at least 1 generic argument
[INFO] [stdout]    |
[INFO] [stdout] help: add missing generic argument
[INFO] [stdout]    |
[INFO] [stdout] 62 | async fn list_users(pool: web::Data) -> Result<Vec<T>, diesel::result::Error> {
[INFO] [stdout]    |                                                   +++
[INFO] [stdout] 
[INFO] [stdout] 
[INFO] [stdout] error: aborting due to 13 previous errors; 4 warnings emitted
[INFO] [stdout] 
[INFO] [stdout] 
[INFO] [stdout] Some errors have detailed explanations: E0107, E0601.
[INFO] [stdout] 
[INFO] [stdout] For more information about an error, try `rustc --explain E0107`.
[INFO] [stdout] 
[INFO] [stderr] error: could not compile `rust-sqlite-api` due to 14 previous errors; 4 warnings emitted
[INFO] running `Command { std: "docker" "inspect" "7a1a061f862fcf327785c224cadbc0ed9b58a7897130a62e9fbc62801976ee3c", kill_on_drop: false }`
[INFO] running `Command { std: "docker" "rm" "-f" "7a1a061f862fcf327785c224cadbc0ed9b58a7897130a62e9fbc62801976ee3c", kill_on_drop: false }`
[INFO] [stdout] 7a1a061f862fcf327785c224cadbc0ed9b58a7897130a62e9fbc62801976ee3c
