[INFO] cloning repository https://github.com/anookinov-training-ground/rust-call-me
[INFO] running `Command { std: "git" "-c" "credential.helper=" "-c" "credential.helper=/workspace/cargo-home/bin/git-credential-null" "clone" "--bare" "https://github.com/anookinov-training-ground/rust-call-me" "/workspace/cache/git-repos/https%3A%2F%2Fgithub.com%2Fanookinov-training-ground%2Frust-call-me", kill_on_drop: false }`
[INFO] [stderr] Cloning into bare repository '/workspace/cache/git-repos/https%3A%2F%2Fgithub.com%2Fanookinov-training-ground%2Frust-call-me'...
[INFO] running `Command { std: "git" "rev-parse" "HEAD", kill_on_drop: false }`
[INFO] [stdout] d3725d86947729c8923b7e59787f180f9046197d
[INFO] testing anookinov-training-ground/rust-call-me against 1.69.0 for beta-1.70-1
[INFO] running `Command { std: "git" "clone" "/workspace/cache/git-repos/https%3A%2F%2Fgithub.com%2Fanookinov-training-ground%2Frust-call-me" "/workspace/builds/worker-7-tc1/source", kill_on_drop: false }`
[INFO] [stderr] Cloning into '/workspace/builds/worker-7-tc1/source'...
[INFO] [stderr] done.
[INFO] validating manifest of git repo https://github.com/anookinov-training-ground/rust-call-me on toolchain 1.69.0
[INFO] running `Command { std: CARGO_HOME="/workspace/cargo-home" RUSTUP_HOME="/workspace/rustup-home" "/workspace/cargo-home/bin/cargo" "+1.69.0" "metadata" "--manifest-path" "Cargo.toml" "--no-deps", kill_on_drop: false }`
[INFO] started tweaking git repo https://github.com/anookinov-training-ground/rust-call-me
[INFO] finished tweaking git repo https://github.com/anookinov-training-ground/rust-call-me
[INFO] tweaked toml for git repo https://github.com/anookinov-training-ground/rust-call-me written to /workspace/builds/worker-7-tc1/source/Cargo.toml
[INFO] crate git repo https://github.com/anookinov-training-ground/rust-call-me already has a lockfile, it will not be regenerated
[INFO] running `Command { std: CARGO_HOME="/workspace/cargo-home" RUSTUP_HOME="/workspace/rustup-home" "/workspace/cargo-home/bin/cargo" "+1.69.0" "fetch" "--manifest-path" "Cargo.toml", kill_on_drop: false }`
[INFO] running `Command { std: "docker" "create" "-v" "/var/lib/crater-agent-workspace/builds/worker-7-tc1/target:/opt/rustwide/target:rw,Z" "-v" "/var/lib/crater-agent-workspace/builds/worker-7-tc1/source:/opt/rustwide/workdir:ro,Z" "-v" "/var/lib/crater-agent-workspace/cargo-home:/opt/rustwide/cargo-home:ro,Z" "-v" "/var/lib/crater-agent-workspace/rustup-home:/opt/rustwide/rustup-home:ro,Z" "-e" "SOURCE_DIR=/opt/rustwide/workdir" "-e" "CARGO_TARGET_DIR=/opt/rustwide/target" "-e" "CARGO_HOME=/opt/rustwide/cargo-home" "-e" "RUSTUP_HOME=/opt/rustwide/rustup-home" "-w" "/opt/rustwide/workdir" "-m" "1610612736" "--user" "0:0" "--network" "none" "ghcr.io/rust-lang/crates-build-env/linux@sha256:97d61d7686bf65f8ecb15491ab51835e82dc9176a96a831f143a431b191fc501" "/opt/rustwide/cargo-home/bin/cargo" "+1.69.0" "metadata" "--no-deps" "--format-version=1", kill_on_drop: false }`
[INFO] [stdout] a573bbd3f5dae4f06ccdd626c5cc3a49ead53a7e39db94ecc9231b2659ac1dda
[INFO] running `Command { std: "docker" "start" "-a" "a573bbd3f5dae4f06ccdd626c5cc3a49ead53a7e39db94ecc9231b2659ac1dda", kill_on_drop: false }`
[INFO] running `Command { std: "docker" "inspect" "a573bbd3f5dae4f06ccdd626c5cc3a49ead53a7e39db94ecc9231b2659ac1dda", kill_on_drop: false }`
[INFO] running `Command { std: "docker" "rm" "-f" "a573bbd3f5dae4f06ccdd626c5cc3a49ead53a7e39db94ecc9231b2659ac1dda", kill_on_drop: false }`
[INFO] [stdout] a573bbd3f5dae4f06ccdd626c5cc3a49ead53a7e39db94ecc9231b2659ac1dda
[INFO] running `Command { std: "docker" "create" "-v" "/var/lib/crater-agent-workspace/builds/worker-7-tc1/target:/opt/rustwide/target:rw,Z" "-v" "/var/lib/crater-agent-workspace/builds/worker-7-tc1/source:/opt/rustwide/workdir:ro,Z" "-v" "/var/lib/crater-agent-workspace/cargo-home:/opt/rustwide/cargo-home:ro,Z" "-v" "/var/lib/crater-agent-workspace/rustup-home:/opt/rustwide/rustup-home:ro,Z" "-e" "SOURCE_DIR=/opt/rustwide/workdir" "-e" "CARGO_TARGET_DIR=/opt/rustwide/target" "-e" "CARGO_INCREMENTAL=0" "-e" "RUST_BACKTRACE=full" "-e" "RUSTFLAGS=--cap-lints=warn" "-e" "RUSTDOCFLAGS=--cap-lints=warn" "-e" "CARGO_HOME=/opt/rustwide/cargo-home" "-e" "RUSTUP_HOME=/opt/rustwide/rustup-home" "-w" "/opt/rustwide/workdir" "-m" "1610612736" "--user" "0:0" "--network" "none" "ghcr.io/rust-lang/crates-build-env/linux@sha256:97d61d7686bf65f8ecb15491ab51835e82dc9176a96a831f143a431b191fc501" "/opt/rustwide/cargo-home/bin/cargo" "+1.69.0" "build" "--frozen" "--message-format=json", kill_on_drop: false }`
[INFO] [stdout] ed807eec32473d6955c5042194316a60a878808ca7decad26d0bbff905865135
[INFO] running `Command { std: "docker" "start" "-a" "ed807eec32473d6955c5042194316a60a878808ca7decad26d0bbff905865135", kill_on_drop: false }`
[INFO] [stderr]    Compiling call-me v0.1.0 (/opt/rustwide/workdir)
[INFO] [stdout] error[E0554]: `#![feature]` may not be used on the stable release channel
[INFO] [stdout]  --> src/main.rs:1:1
[INFO] [stdout]   |
[INFO] [stdout] 1 | #![feature(const_trait_impl, const_fn_trait_bound)]
[INFO] [stdout]   | ^^^^^^^^^^^^^^^^^^^^^^^^^^^^^^^^^^^^^^^^^^^^^^^^^^^
[INFO] [stdout]   |
[INFO] [stdout]   = help: the feature `const_fn_trait_bound` has been stable since `1.61.0` and no longer requires an attribute to enable
[INFO] [stdout] 
[INFO] [stdout] 
[INFO] [stdout] error[E0728]: `await` is only allowed inside `async` functions and blocks
[INFO] [stdout]    --> src/main.rs:102:19
[INFO] [stdout]     |
[INFO] [stdout] 5   | fn main() {
[INFO] [stdout]     |    ---- this is not `async`
[INFO] [stdout] ...
[INFO] [stdout] 102 |     quox_lt(|x| x).await;
[INFO] [stdout]     |                   ^^^^^^ only allowed inside `async` functions and blocks
[INFO] [stdout] 
[INFO] [stdout] 
[INFO] [stdout] warning: the feature `const_fn_trait_bound` has been stable since 1.61.0 and no longer requires an attribute to enable
[INFO] [stdout]  --> src/main.rs:1:30
[INFO] [stdout]   |
[INFO] [stdout] 1 | #![feature(const_trait_impl, const_fn_trait_bound)]
[INFO] [stdout]   |                              ^^^^^^^^^^^^^^^^^^^^
[INFO] [stdout]   |
[INFO] [stdout]   = note: `#[warn(stable_features)]` on by default
[INFO] [stdout] 
[INFO] [stdout] 
[INFO] [stdout] error[E0308]: mismatched types
[INFO] [stdout]   --> src/main.rs:90:31
[INFO] [stdout]    |
[INFO] [stdout] 90 |     let f: &mut dyn FnMut() = &f;
[INFO] [stdout]    |            ----------------   ^^ types differ in mutability
[INFO] [stdout]    |            |
[INFO] [stdout]    |            expected due to this
[INFO] [stdout]    |
[INFO] [stdout]    = note: expected mutable reference `&mut dyn FnMut()`
[INFO] [stdout]                       found reference `&&dyn Fn()`
[INFO] [stdout] 
[INFO] [stdout] 
[INFO] [stdout] error[E0277]: the trait bound `[closure@src/main.rs:116:13: 116:15]: ~const FnOnce<()>` is not satisfied
[INFO] [stdout]    --> src/main.rs:119:9
[INFO] [stdout]     |
[INFO] [stdout] 119 |     foo(x);
[INFO] [stdout]     |     --- ^ expected an `FnOnce<()>` closure, found `[closure@src/main.rs:116:13: 116:15]`
[INFO] [stdout]     |     |
[INFO] [stdout]     |     required by a bound introduced by this call
[INFO] [stdout]     |
[INFO] [stdout]     = help: the trait `~const FnOnce<()>` is not implemented for closure `[closure@src/main.rs:116:13: 116:15]`
[INFO] [stdout] note: the trait `FnOnce<()>` is implemented for `[closure@src/main.rs:116:13: 116:15]`, but that implementation is not `const`
[INFO] [stdout]    --> src/main.rs:119:9
[INFO] [stdout]     |
[INFO] [stdout] 119 |     foo(x);
[INFO] [stdout]     |         ^
[INFO] [stdout]     = note: wrap the `[closure@src/main.rs:116:13: 116:15]` in a closure with no arguments: `|| { /* code */ }`
[INFO] [stdout] note: required by a bound in `foo`
[INFO] [stdout]    --> src/main.rs:126:17
[INFO] [stdout]     |
[INFO] [stdout] 126 | const fn foo<F: ~const FnOnce()>(f: F) {
[INFO] [stdout]     |                 ^^^^^^^^^^^^^^^ required by this bound in `foo`
[INFO] [stdout] 
[INFO] [stdout] 
[INFO] [stdout] error: aborting due to 4 previous errors; 1 warning emitted
[INFO] [stdout] 
[INFO] [stdout] 
[INFO] [stdout] Some errors have detailed explanations: E0277, E0308, E0554, E0728.
[INFO] [stdout] 
[INFO] [stdout] For more information about an error, try `rustc --explain E0277`.
[INFO] [stdout] 
[INFO] [stderr] error: could not compile `call-me` due to 5 previous errors; 1 warning emitted
[INFO] running `Command { std: "docker" "inspect" "ed807eec32473d6955c5042194316a60a878808ca7decad26d0bbff905865135", kill_on_drop: false }`
[INFO] running `Command { std: "docker" "rm" "-f" "ed807eec32473d6955c5042194316a60a878808ca7decad26d0bbff905865135", kill_on_drop: false }`
[INFO] [stdout] ed807eec32473d6955c5042194316a60a878808ca7decad26d0bbff905865135
