[INFO] cloning repository https://github.com/angelorendina/wasm-lz77
[INFO] running `Command { std: "git" "-c" "credential.helper=" "-c" "credential.helper=/workspace/cargo-home/bin/git-credential-null" "clone" "--bare" "https://github.com/angelorendina/wasm-lz77" "/workspace/cache/git-repos/https%3A%2F%2Fgithub.com%2Fangelorendina%2Fwasm-lz77", kill_on_drop: false }`
[INFO] [stderr] Cloning into bare repository '/workspace/cache/git-repos/https%3A%2F%2Fgithub.com%2Fangelorendina%2Fwasm-lz77'...
[INFO] running `Command { std: "git" "rev-parse" "HEAD", kill_on_drop: false }`
[INFO] [stdout] 8fabb540752dce2548eab35a55bc7d3bedf4eed2
[INFO] testing angelorendina/wasm-lz77 against 1.69.0 for beta-1.70-1
[INFO] running `Command { std: "git" "clone" "/workspace/cache/git-repos/https%3A%2F%2Fgithub.com%2Fangelorendina%2Fwasm-lz77" "/workspace/builds/worker-5-tc1/source", kill_on_drop: false }`
[INFO] [stderr] Cloning into '/workspace/builds/worker-5-tc1/source'...
[INFO] [stderr] done.
[INFO] validating manifest of git repo https://github.com/angelorendina/wasm-lz77 on toolchain 1.69.0
[INFO] running `Command { std: CARGO_HOME="/workspace/cargo-home" RUSTUP_HOME="/workspace/rustup-home" "/workspace/cargo-home/bin/cargo" "+1.69.0" "metadata" "--manifest-path" "Cargo.toml" "--no-deps", kill_on_drop: false }`
[INFO] started tweaking git repo https://github.com/angelorendina/wasm-lz77
[INFO] finished tweaking git repo https://github.com/angelorendina/wasm-lz77
[INFO] tweaked toml for git repo https://github.com/angelorendina/wasm-lz77 written to /workspace/builds/worker-5-tc1/source/Cargo.toml
[INFO] crate git repo https://github.com/angelorendina/wasm-lz77 already has a lockfile, it will not be regenerated
[INFO] running `Command { std: CARGO_HOME="/workspace/cargo-home" RUSTUP_HOME="/workspace/rustup-home" "/workspace/cargo-home/bin/cargo" "+1.69.0" "fetch" "--manifest-path" "Cargo.toml", kill_on_drop: false }`
[INFO] running `Command { std: "docker" "create" "-v" "/var/lib/crater-agent-workspace/builds/worker-5-tc1/target:/opt/rustwide/target:rw,Z" "-v" "/var/lib/crater-agent-workspace/builds/worker-5-tc1/source:/opt/rustwide/workdir:ro,Z" "-v" "/var/lib/crater-agent-workspace/cargo-home:/opt/rustwide/cargo-home:ro,Z" "-v" "/var/lib/crater-agent-workspace/rustup-home:/opt/rustwide/rustup-home:ro,Z" "-e" "SOURCE_DIR=/opt/rustwide/workdir" "-e" "CARGO_TARGET_DIR=/opt/rustwide/target" "-e" "CARGO_HOME=/opt/rustwide/cargo-home" "-e" "RUSTUP_HOME=/opt/rustwide/rustup-home" "-w" "/opt/rustwide/workdir" "-m" "1610612736" "--user" "0:0" "--network" "none" "ghcr.io/rust-lang/crates-build-env/linux@sha256:5ff2268d62e97bff2cde7d5815dd6ed5b47097566f13b8d0ca110b04b60e07ed" "/opt/rustwide/cargo-home/bin/cargo" "+1.69.0" "metadata" "--no-deps" "--format-version=1", kill_on_drop: false }`
[INFO] [stdout] 56112e917125ed98f1d569ac8a96e3a1292f9018fc4cfa686927c007cd16265a
[INFO] running `Command { std: "docker" "start" "-a" "56112e917125ed98f1d569ac8a96e3a1292f9018fc4cfa686927c007cd16265a", kill_on_drop: false }`
[INFO] running `Command { std: "docker" "inspect" "56112e917125ed98f1d569ac8a96e3a1292f9018fc4cfa686927c007cd16265a", kill_on_drop: false }`
[INFO] running `Command { std: "docker" "rm" "-f" "56112e917125ed98f1d569ac8a96e3a1292f9018fc4cfa686927c007cd16265a", kill_on_drop: false }`
[INFO] [stdout] 56112e917125ed98f1d569ac8a96e3a1292f9018fc4cfa686927c007cd16265a
[INFO] running `Command { std: "docker" "create" "-v" "/var/lib/crater-agent-workspace/builds/worker-5-tc1/target:/opt/rustwide/target:rw,Z" "-v" "/var/lib/crater-agent-workspace/builds/worker-5-tc1/source:/opt/rustwide/workdir:ro,Z" "-v" "/var/lib/crater-agent-workspace/cargo-home:/opt/rustwide/cargo-home:ro,Z" "-v" "/var/lib/crater-agent-workspace/rustup-home:/opt/rustwide/rustup-home:ro,Z" "-e" "SOURCE_DIR=/opt/rustwide/workdir" "-e" "CARGO_TARGET_DIR=/opt/rustwide/target" "-e" "CARGO_INCREMENTAL=0" "-e" "RUST_BACKTRACE=full" "-e" "RUSTFLAGS=--cap-lints=warn" "-e" "RUSTDOCFLAGS=--cap-lints=warn" "-e" "CARGO_HOME=/opt/rustwide/cargo-home" "-e" "RUSTUP_HOME=/opt/rustwide/rustup-home" "-w" "/opt/rustwide/workdir" "-m" "1610612736" "--user" "0:0" "--network" "none" "ghcr.io/rust-lang/crates-build-env/linux@sha256:5ff2268d62e97bff2cde7d5815dd6ed5b47097566f13b8d0ca110b04b60e07ed" "/opt/rustwide/cargo-home/bin/cargo" "+1.69.0" "build" "--frozen" "--message-format=json", kill_on_drop: false }`
[INFO] [stdout] 86b7f4a74f35a615381d3f29320b68526a597885cd9cd3bd3b0a056062e67fa6
[INFO] running `Command { std: "docker" "start" "-a" "86b7f4a74f35a615381d3f29320b68526a597885cd9cd3bd3b0a056062e67fa6", kill_on_drop: false }`
[INFO] [stderr]    Compiling proc-macro2 v1.0.24
[INFO] [stderr]    Compiling unicode-xid v0.2.1
[INFO] [stderr]    Compiling wasm-bindgen-shared v0.2.69
[INFO] [stderr]    Compiling log v0.4.11
[INFO] [stderr]    Compiling syn v1.0.58
[INFO] [stderr]    Compiling cfg-if v0.1.10
[INFO] [stderr]    Compiling bumpalo v3.4.0
[INFO] [stderr]    Compiling lazy_static v1.4.0
[INFO] [stderr]    Compiling autocfg v1.0.1
[INFO] [stderr]    Compiling wasm-bindgen v0.2.69
[INFO] [stderr]    Compiling cfg-if v1.0.0
[INFO] [stderr]    Compiling num-traits v0.2.14
[INFO] [stderr]    Compiling quote v1.0.8
[INFO] [stderr]    Compiling wasm-bindgen-backend v0.2.69
[INFO] [stderr]    Compiling wasm-bindgen-macro-support v0.2.69
[INFO] [stderr]    Compiling wasm-bindgen-macro v0.2.69
[INFO] [stderr]    Compiling lz77 v0.1.0 (/opt/rustwide/workdir)
[INFO] [stdout] warning: function `from_string` is never used
[INFO] [stdout]  --> src/lz77/encode.rs:9:8
[INFO] [stdout]   |
[INFO] [stdout] 9 | pub fn from_string<U>(input: &str) -> Vec<Code<char, U>>
[INFO] [stdout]   |        ^^^^^^^^^^^
[INFO] [stdout]   |
[INFO] [stdout]   = note: `#[warn(dead_code)]` on by default
[INFO] [stdout] 
[INFO] [stdout] 
[INFO] [stdout] warning: function `to_string` is never used
[INFO] [stdout]  --> src/lz77/decode.rs:8:8
[INFO] [stdout]   |
[INFO] [stdout] 8 | pub fn to_string<U>(encoded: &[Code<char, U>]) -> String
[INFO] [stdout]   |        ^^^^^^^^^
[INFO] [stdout] 
[INFO] [stdout] 
[INFO] [stdout] warning: function `decode` is never used
[INFO] [stdout]   --> src/lz77/decode.rs:20:8
[INFO] [stdout]    |
[INFO] [stdout] 20 | pub fn decode<T, U>(encoded: &[Code<T, U>]) -> Vec<T>
[INFO] [stdout]    |        ^^^^^^
[INFO] [stdout] 
[INFO] [stdout] 
[INFO] [stdout] warning: 3 warnings emitted
[INFO] [stdout] 
[INFO] [stdout] 
[INFO] [stderr]     Finished dev [unoptimized + debuginfo] target(s) in 7.50s
[INFO] running `Command { std: "docker" "inspect" "86b7f4a74f35a615381d3f29320b68526a597885cd9cd3bd3b0a056062e67fa6", kill_on_drop: false }`
[INFO] running `Command { std: "docker" "rm" "-f" "86b7f4a74f35a615381d3f29320b68526a597885cd9cd3bd3b0a056062e67fa6", kill_on_drop: false }`
[INFO] [stdout] 86b7f4a74f35a615381d3f29320b68526a597885cd9cd3bd3b0a056062e67fa6
[INFO] running `Command { std: "docker" "create" "-v" "/var/lib/crater-agent-workspace/builds/worker-5-tc1/target:/opt/rustwide/target:rw,Z" "-v" "/var/lib/crater-agent-workspace/builds/worker-5-tc1/source:/opt/rustwide/workdir:ro,Z" "-v" "/var/lib/crater-agent-workspace/cargo-home:/opt/rustwide/cargo-home:ro,Z" "-v" "/var/lib/crater-agent-workspace/rustup-home:/opt/rustwide/rustup-home:ro,Z" "-e" "SOURCE_DIR=/opt/rustwide/workdir" "-e" "CARGO_TARGET_DIR=/opt/rustwide/target" "-e" "CARGO_INCREMENTAL=0" "-e" "RUST_BACKTRACE=full" "-e" "RUSTFLAGS=--cap-lints=warn" "-e" "RUSTDOCFLAGS=--cap-lints=warn" "-e" "CARGO_HOME=/opt/rustwide/cargo-home" "-e" "RUSTUP_HOME=/opt/rustwide/rustup-home" "-w" "/opt/rustwide/workdir" "-m" "1610612736" "--user" "0:0" "--network" "none" "ghcr.io/rust-lang/crates-build-env/linux@sha256:5ff2268d62e97bff2cde7d5815dd6ed5b47097566f13b8d0ca110b04b60e07ed" "/opt/rustwide/cargo-home/bin/cargo" "+1.69.0" "test" "--frozen" "--no-run" "--message-format=json", kill_on_drop: false }`
[INFO] [stdout] f28b7d0d06abf001aab7968ebdc803bd104d267680b7733361aa5cce86a51169
[INFO] running `Command { std: "docker" "start" "-a" "f28b7d0d06abf001aab7968ebdc803bd104d267680b7733361aa5cce86a51169", kill_on_drop: false }`
[INFO] [stderr]     Blocking waiting for file lock on package cache
[INFO] [stderr]    Compiling lz77 v0.1.0 (/opt/rustwide/workdir)
[INFO] [stdout] error[E0277]: `lz77::Code<u8, u8>` doesn't implement `Debug`
[INFO] [stdout]    --> src/lz77/encode.rs:158:9
[INFO] [stdout]     |
[INFO] [stdout] 158 |         assert_eq!(found_code, expected_code);
[INFO] [stdout]     |         ^^^^^^^^^^^^^^^^^^^^^^^^^^^^^^^^^^^^^ `lz77::Code<u8, u8>` cannot be formatted using `{:?}`
[INFO] [stdout]     |
[INFO] [stdout]     = help: the trait `Debug` is not implemented for `lz77::Code<u8, u8>`
[INFO] [stdout]     = note: add `#[derive(Debug)]` to `lz77::Code<u8, u8>` or manually `impl Debug for lz77::Code<u8, u8>`
[INFO] [stdout]     = note: this error originates in the macro `assert_eq` (in Nightly builds, run with -Z macro-backtrace for more info)
[INFO] [stdout] help: consider annotating `lz77::Code<u8, u8>` with `#[derive(Debug)]`
[INFO] [stdout]    --> src/lz77.rs:13:1
[INFO] [stdout]     |
[INFO] [stdout] 13  | #[derive(Debug)]
[INFO] [stdout]     |
[INFO] [stdout] 
[INFO] [stdout] 
[INFO] [stdout] error[E0277]: `lz77::Code<u8, u8>` doesn't implement `Debug`
[INFO] [stdout]    --> src/lz77/encode.rs:158:9
[INFO] [stdout]     |
[INFO] [stdout] 158 |         assert_eq!(found_code, expected_code);
[INFO] [stdout]     |         ^^^^^^^^^^^^^^^^^^^^^^^^^^^^^^^^^^^^^ `lz77::Code<u8, u8>` cannot be formatted using `{:?}`
[INFO] [stdout]     |
[INFO] [stdout]     = help: the trait `Debug` is not implemented for `lz77::Code<u8, u8>`
[INFO] [stdout]     = note: add `#[derive(Debug)]` to `lz77::Code<u8, u8>` or manually `impl Debug for lz77::Code<u8, u8>`
[INFO] [stdout]     = note: this error originates in the macro `assert_eq` (in Nightly builds, run with -Z macro-backtrace for more info)
[INFO] [stdout] help: consider annotating `lz77::Code<u8, u8>` with `#[derive(Debug)]`
[INFO] [stdout]    --> src/lz77.rs:13:1
[INFO] [stdout]     |
[INFO] [stdout] 13  | #[derive(Debug)]
[INFO] [stdout]     |
[INFO] [stdout] 
[INFO] [stdout] 
[INFO] [stdout] error[E0277]: `lz77::Code<u8, u8>` doesn't implement `Debug`
[INFO] [stdout]    --> src/lz77/encode.rs:158:9
[INFO] [stdout]     |
[INFO] [stdout] 158 |         assert_eq!(found_code, expected_code);
[INFO] [stdout]     |         ^^^^^^^^^^^^^^^^^^^^^^^^^^^^^^^^^^^^^ `lz77::Code<u8, u8>` cannot be formatted using `{:?}`
[INFO] [stdout]     |
[INFO] [stdout]     = help: the trait `Debug` is not implemented for `lz77::Code<u8, u8>`
[INFO] [stdout]     = note: add `#[derive(Debug)]` to `lz77::Code<u8, u8>` or manually `impl Debug for lz77::Code<u8, u8>`
[INFO] [stdout]     = note: this error originates in the macro `assert_eq` (in Nightly builds, run with -Z macro-backtrace for more info)
[INFO] [stdout] help: consider annotating `lz77::Code<u8, u8>` with `#[derive(Debug)]`
[INFO] [stdout]    --> src/lz77.rs:13:1
[INFO] [stdout]     |
[INFO] [stdout] 13  | #[derive(Debug)]
[INFO] [stdout]     |
[INFO] [stdout] 
[INFO] [stdout] 
[INFO] [stdout] error[E0277]: `lz77::Code<u8, u8>` doesn't implement `Debug`
[INFO] [stdout]    --> src/lz77/encode.rs:158:9
[INFO] [stdout]     |
[INFO] [stdout] 158 |         assert_eq!(found_code, expected_code);
[INFO] [stdout]     |         ^^^^^^^^^^^^^^^^^^^^^^^^^^^^^^^^^^^^^ `lz77::Code<u8, u8>` cannot be formatted using `{:?}`
[INFO] [stdout]     |
[INFO] [stdout]     = help: the trait `Debug` is not implemented for `lz77::Code<u8, u8>`
[INFO] [stdout]     = note: add `#[derive(Debug)]` to `lz77::Code<u8, u8>` or manually `impl Debug for lz77::Code<u8, u8>`
[INFO] [stdout]     = note: this error originates in the macro `assert_eq` (in Nightly builds, run with -Z macro-backtrace for more info)
[INFO] [stdout] help: consider annotating `lz77::Code<u8, u8>` with `#[derive(Debug)]`
[INFO] [stdout]    --> src/lz77.rs:13:1
[INFO] [stdout]     |
[INFO] [stdout] 13  | #[derive(Debug)]
[INFO] [stdout]     |
[INFO] [stdout] 
[INFO] [stdout] 
[INFO] [stdout] error[E0277]: `lz77::Code<u8, u8>` doesn't implement `Debug`
[INFO] [stdout]    --> src/lz77/encode.rs:171:9
[INFO] [stdout]     |
[INFO] [stdout] 171 |         assert_eq!(found_code, expected_code);
[INFO] [stdout]     |         ^^^^^^^^^^^^^^^^^^^^^^^^^^^^^^^^^^^^^ `lz77::Code<u8, u8>` cannot be formatted using `{:?}`
[INFO] [stdout]     |
[INFO] [stdout]     = help: the trait `Debug` is not implemented for `lz77::Code<u8, u8>`
[INFO] [stdout]     = note: add `#[derive(Debug)]` to `lz77::Code<u8, u8>` or manually `impl Debug for lz77::Code<u8, u8>`
[INFO] [stdout]     = note: this error originates in the macro `assert_eq` (in Nightly builds, run with -Z macro-backtrace for more info)
[INFO] [stdout] help: consider annotating `lz77::Code<u8, u8>` with `#[derive(Debug)]`
[INFO] [stdout]    --> src/lz77.rs:13:1
[INFO] [stdout]     |
[INFO] [stdout] 13  | #[derive(Debug)]
[INFO] [stdout]     |
[INFO] [stdout] 
[INFO] [stdout] 
[INFO] [stdout] error[E0277]: `lz77::Code<u8, u8>` doesn't implement `Debug`
[INFO] [stdout]    --> src/lz77/encode.rs:171:9
[INFO] [stdout]     |
[INFO] [stdout] 171 |         assert_eq!(found_code, expected_code);
[INFO] [stdout]     |         ^^^^^^^^^^^^^^^^^^^^^^^^^^^^^^^^^^^^^ `lz77::Code<u8, u8>` cannot be formatted using `{:?}`
[INFO] [stdout]     |
[INFO] [stdout]     = help: the trait `Debug` is not implemented for `lz77::Code<u8, u8>`
[INFO] [stdout]     = note: add `#[derive(Debug)]` to `lz77::Code<u8, u8>` or manually `impl Debug for lz77::Code<u8, u8>`
[INFO] [stdout]     = note: this error originates in the macro `assert_eq` (in Nightly builds, run with -Z macro-backtrace for more info)
[INFO] [stdout] help: consider annotating `lz77::Code<u8, u8>` with `#[derive(Debug)]`
[INFO] [stdout]    --> src/lz77.rs:13:1
[INFO] [stdout]     |
[INFO] [stdout] 13  | #[derive(Debug)]
[INFO] [stdout]     |
[INFO] [stdout] 
[INFO] [stdout] 
[INFO] [stdout] error[E0277]: `lz77::Code<u8, u8>` doesn't implement `Debug`
[INFO] [stdout]    --> src/lz77/encode.rs:171:9
[INFO] [stdout]     |
[INFO] [stdout] 171 |         assert_eq!(found_code, expected_code);
[INFO] [stdout]     |         ^^^^^^^^^^^^^^^^^^^^^^^^^^^^^^^^^^^^^ `lz77::Code<u8, u8>` cannot be formatted using `{:?}`
[INFO] [stdout]     |
[INFO] [stdout]     = help: the trait `Debug` is not implemented for `lz77::Code<u8, u8>`
[INFO] [stdout]     = note: add `#[derive(Debug)]` to `lz77::Code<u8, u8>` or manually `impl Debug for lz77::Code<u8, u8>`
[INFO] [stdout]     = note: this error originates in the macro `assert_eq` (in Nightly builds, run with -Z macro-backtrace for more info)
[INFO] [stdout] help: consider annotating `lz77::Code<u8, u8>` with `#[derive(Debug)]`
[INFO] [stdout]    --> src/lz77.rs:13:1
[INFO] [stdout]     |
[INFO] [stdout] 13  | #[derive(Debug)]
[INFO] [stdout]     |
[INFO] [stdout] 
[INFO] [stdout] 
[INFO] [stdout] error[E0277]: `lz77::Code<u8, u8>` doesn't implement `Debug`
[INFO] [stdout]    --> src/lz77/encode.rs:171:9
[INFO] [stdout]     |
[INFO] [stdout] 171 |         assert_eq!(found_code, expected_code);
[INFO] [stdout]     |         ^^^^^^^^^^^^^^^^^^^^^^^^^^^^^^^^^^^^^ `lz77::Code<u8, u8>` cannot be formatted using `{:?}`
[INFO] [stdout]     |
[INFO] [stdout]     = help: the trait `Debug` is not implemented for `lz77::Code<u8, u8>`
[INFO] [stdout]     = note: add `#[derive(Debug)]` to `lz77::Code<u8, u8>` or manually `impl Debug for lz77::Code<u8, u8>`
[INFO] [stdout]     = note: this error originates in the macro `assert_eq` (in Nightly builds, run with -Z macro-backtrace for more info)
[INFO] [stdout] help: consider annotating `lz77::Code<u8, u8>` with `#[derive(Debug)]`
[INFO] [stdout]    --> src/lz77.rs:13:1
[INFO] [stdout]     |
[INFO] [stdout] 13  | #[derive(Debug)]
[INFO] [stdout]     |
[INFO] [stdout] 
[INFO] [stdout] 
[INFO] [stdout] error[E0277]: `lz77::Code<u8, u8>` doesn't implement `Debug`
[INFO] [stdout]    --> src/lz77/encode.rs:184:9
[INFO] [stdout]     |
[INFO] [stdout] 184 |         assert_eq!(found_code, expected_code);
[INFO] [stdout]     |         ^^^^^^^^^^^^^^^^^^^^^^^^^^^^^^^^^^^^^ `lz77::Code<u8, u8>` cannot be formatted using `{:?}`
[INFO] [stdout]     |
[INFO] [stdout]     = help: the trait `Debug` is not implemented for `lz77::Code<u8, u8>`
[INFO] [stdout]     = note: add `#[derive(Debug)]` to `lz77::Code<u8, u8>` or manually `impl Debug for lz77::Code<u8, u8>`
[INFO] [stdout]     = note: this error originates in the macro `assert_eq` (in Nightly builds, run with -Z macro-backtrace for more info)
[INFO] [stdout] help: consider annotating `lz77::Code<u8, u8>` with `#[derive(Debug)]`
[INFO] [stdout]    --> src/lz77.rs:13:1
[INFO] [stdout]     |
[INFO] [stdout] 13  | #[derive(Debug)]
[INFO] [stdout]     |
[INFO] [stdout] 
[INFO] [stdout] 
[INFO] [stdout] error[E0277]: `lz77::Code<u8, u8>` doesn't implement `Debug`
[INFO] [stdout]    --> src/lz77/encode.rs:184:9
[INFO] [stdout]     |
[INFO] [stdout] 184 |         assert_eq!(found_code, expected_code);
[INFO] [stdout]     |         ^^^^^^^^^^^^^^^^^^^^^^^^^^^^^^^^^^^^^ `lz77::Code<u8, u8>` cannot be formatted using `{:?}`
[INFO] [stdout]     |
[INFO] [stdout]     = help: the trait `Debug` is not implemented for `lz77::Code<u8, u8>`
[INFO] [stdout]     = note: add `#[derive(Debug)]` to `lz77::Code<u8, u8>` or manually `impl Debug for lz77::Code<u8, u8>`
[INFO] [stdout]     = note: this error originates in the macro `assert_eq` (in Nightly builds, run with -Z macro-backtrace for more info)
[INFO] [stdout] help: consider annotating `lz77::Code<u8, u8>` with `#[derive(Debug)]`
[INFO] [stdout]    --> src/lz77.rs:13:1
[INFO] [stdout]     |
[INFO] [stdout] 13  | #[derive(Debug)]
[INFO] [stdout]     |
[INFO] [stdout] 
[INFO] [stdout] 
[INFO] [stdout] error[E0277]: `lz77::Code<u8, u8>` doesn't implement `Debug`
[INFO] [stdout]    --> src/lz77/encode.rs:184:9
[INFO] [stdout]     |
[INFO] [stdout] 184 |         assert_eq!(found_code, expected_code);
[INFO] [stdout]     |         ^^^^^^^^^^^^^^^^^^^^^^^^^^^^^^^^^^^^^ `lz77::Code<u8, u8>` cannot be formatted using `{:?}`
[INFO] [stdout]     |
[INFO] [stdout]     = help: the trait `Debug` is not implemented for `lz77::Code<u8, u8>`
[INFO] [stdout]     = note: add `#[derive(Debug)]` to `lz77::Code<u8, u8>` or manually `impl Debug for lz77::Code<u8, u8>`
[INFO] [stdout]     = note: this error originates in the macro `assert_eq` (in Nightly builds, run with -Z macro-backtrace for more info)
[INFO] [stdout] help: consider annotating `lz77::Code<u8, u8>` with `#[derive(Debug)]`
[INFO] [stdout]    --> src/lz77.rs:13:1
[INFO] [stdout]     |
[INFO] [stdout] 13  | #[derive(Debug)]
[INFO] [stdout]     |
[INFO] [stdout] 
[INFO] [stdout] 
[INFO] [stdout] error[E0277]: `lz77::Code<u8, u8>` doesn't implement `Debug`
[INFO] [stdout]    --> src/lz77/encode.rs:184:9
[INFO] [stdout]     |
[INFO] [stdout] 184 |         assert_eq!(found_code, expected_code);
[INFO] [stdout]     |         ^^^^^^^^^^^^^^^^^^^^^^^^^^^^^^^^^^^^^ `lz77::Code<u8, u8>` cannot be formatted using `{:?}`
[INFO] [stdout]     |
[INFO] [stdout]     = help: the trait `Debug` is not implemented for `lz77::Code<u8, u8>`
[INFO] [stdout]     = note: add `#[derive(Debug)]` to `lz77::Code<u8, u8>` or manually `impl Debug for lz77::Code<u8, u8>`
[INFO] [stdout]     = note: this error originates in the macro `assert_eq` (in Nightly builds, run with -Z macro-backtrace for more info)
[INFO] [stdout] help: consider annotating `lz77::Code<u8, u8>` with `#[derive(Debug)]`
[INFO] [stdout]    --> src/lz77.rs:13:1
[INFO] [stdout]     |
[INFO] [stdout] 13  | #[derive(Debug)]
[INFO] [stdout]     |
[INFO] [stdout] 
[INFO] [stdout] 
[INFO] [stdout] error[E0277]: `lz77::Code<u8, u8>` doesn't implement `Debug`
[INFO] [stdout]    --> src/lz77/encode.rs:197:9
[INFO] [stdout]     |
[INFO] [stdout] 197 |         assert_eq!(found_code, expected_code);
[INFO] [stdout]     |         ^^^^^^^^^^^^^^^^^^^^^^^^^^^^^^^^^^^^^ `lz77::Code<u8, u8>` cannot be formatted using `{:?}`
[INFO] [stdout]     |
[INFO] [stdout]     = help: the trait `Debug` is not implemented for `lz77::Code<u8, u8>`
[INFO] [stdout]     = note: add `#[derive(Debug)]` to `lz77::Code<u8, u8>` or manually `impl Debug for lz77::Code<u8, u8>`
[INFO] [stdout]     = note: this error originates in the macro `assert_eq` (in Nightly builds, run with -Z macro-backtrace for more info)
[INFO] [stdout] help: consider annotating `lz77::Code<u8, u8>` with `#[derive(Debug)]`
[INFO] [stdout]    --> src/lz77.rs:13:1
[INFO] [stdout]     |
[INFO] [stdout] 13  | #[derive(Debug)]
[INFO] [stdout]     |
[INFO] [stdout] 
[INFO] [stdout] 
[INFO] [stdout] error[E0277]: `lz77::Code<u8, u8>` doesn't implement `Debug`
[INFO] [stdout]    --> src/lz77/encode.rs:197:9
[INFO] [stdout]     |
[INFO] [stdout] 197 |         assert_eq!(found_code, expected_code);
[INFO] [stdout]     |         ^^^^^^^^^^^^^^^^^^^^^^^^^^^^^^^^^^^^^ `lz77::Code<u8, u8>` cannot be formatted using `{:?}`
[INFO] [stdout]     |
[INFO] [stdout]     = help: the trait `Debug` is not implemented for `lz77::Code<u8, u8>`
[INFO] [stdout]     = note: add `#[derive(Debug)]` to `lz77::Code<u8, u8>` or manually `impl Debug for lz77::Code<u8, u8>`
[INFO] [stdout]     = note: this error originates in the macro `assert_eq` (in Nightly builds, run with -Z macro-backtrace for more info)
[INFO] [stdout] help: consider annotating `lz77::Code<u8, u8>` with `#[derive(Debug)]`
[INFO] [stdout]    --> src/lz77.rs:13:1
[INFO] [stdout]     |
[INFO] [stdout] 13  | #[derive(Debug)]
[INFO] [stdout]     |
[INFO] [stdout] 
[INFO] [stdout] 
[INFO] [stdout] error[E0277]: `lz77::Code<u8, u8>` doesn't implement `Debug`
[INFO] [stdout]    --> src/lz77/encode.rs:197:9
[INFO] [stdout]     |
[INFO] [stdout] 197 |         assert_eq!(found_code, expected_code);
[INFO] [stdout]     |         ^^^^^^^^^^^^^^^^^^^^^^^^^^^^^^^^^^^^^ `lz77::Code<u8, u8>` cannot be formatted using `{:?}`
[INFO] [stdout]     |
[INFO] [stdout]     = help: the trait `Debug` is not implemented for `lz77::Code<u8, u8>`
[INFO] [stdout]     = note: add `#[derive(Debug)]` to `lz77::Code<u8, u8>` or manually `impl Debug for lz77::Code<u8, u8>`
[INFO] [stdout]     = note: this error originates in the macro `assert_eq` (in Nightly builds, run with -Z macro-backtrace for more info)
[INFO] [stdout] help: consider annotating `lz77::Code<u8, u8>` with `#[derive(Debug)]`
[INFO] [stdout]    --> src/lz77.rs:13:1
[INFO] [stdout]     |
[INFO] [stdout] 13  | #[derive(Debug)]
[INFO] [stdout]     |
[INFO] [stdout] 
[INFO] [stdout] 
[INFO] [stdout] error[E0277]: `lz77::Code<u8, u8>` doesn't implement `Debug`
[INFO] [stdout]    --> src/lz77/encode.rs:197:9
[INFO] [stdout]     |
[INFO] [stdout] 197 |         assert_eq!(found_code, expected_code);
[INFO] [stdout]     |         ^^^^^^^^^^^^^^^^^^^^^^^^^^^^^^^^^^^^^ `lz77::Code<u8, u8>` cannot be formatted using `{:?}`
[INFO] [stdout]     |
[INFO] [stdout]     = help: the trait `Debug` is not implemented for `lz77::Code<u8, u8>`
[INFO] [stdout]     = note: add `#[derive(Debug)]` to `lz77::Code<u8, u8>` or manually `impl Debug for lz77::Code<u8, u8>`
[INFO] [stdout]     = note: this error originates in the macro `assert_eq` (in Nightly builds, run with -Z macro-backtrace for more info)
[INFO] [stdout] help: consider annotating `lz77::Code<u8, u8>` with `#[derive(Debug)]`
[INFO] [stdout]    --> src/lz77.rs:13:1
[INFO] [stdout]     |
[INFO] [stdout] 13  | #[derive(Debug)]
[INFO] [stdout]     |
[INFO] [stdout] 
[INFO] [stdout] 
[INFO] [stdout] error[E0277]: `lz77::Code<u8, u8>` doesn't implement `Debug`
[INFO] [stdout]    --> src/lz77/encode.rs:210:9
[INFO] [stdout]     |
[INFO] [stdout] 210 |         assert_eq!(found_code, expected_code);
[INFO] [stdout]     |         ^^^^^^^^^^^^^^^^^^^^^^^^^^^^^^^^^^^^^ `lz77::Code<u8, u8>` cannot be formatted using `{:?}`
[INFO] [stdout]     |
[INFO] [stdout]     = help: the trait `Debug` is not implemented for `lz77::Code<u8, u8>`
[INFO] [stdout]     = note: add `#[derive(Debug)]` to `lz77::Code<u8, u8>` or manually `impl Debug for lz77::Code<u8, u8>`
[INFO] [stdout]     = note: this error originates in the macro `assert_eq` (in Nightly builds, run with -Z macro-backtrace for more info)
[INFO] [stdout] help: consider annotating `lz77::Code<u8, u8>` with `#[derive(Debug)]`
[INFO] [stdout]    --> src/lz77.rs:13:1
[INFO] [stdout]     |
[INFO] [stdout] 13  | #[derive(Debug)]
[INFO] [stdout]     |
[INFO] [stdout] 
[INFO] [stdout] 
[INFO] [stdout] error[E0277]: `lz77::Code<u8, u8>` doesn't implement `Debug`
[INFO] [stdout]    --> src/lz77/encode.rs:210:9
[INFO] [stdout]     |
[INFO] [stdout] 210 |         assert_eq!(found_code, expected_code);
[INFO] [stdout]     |         ^^^^^^^^^^^^^^^^^^^^^^^^^^^^^^^^^^^^^ `lz77::Code<u8, u8>` cannot be formatted using `{:?}`
[INFO] [stdout]     |
[INFO] [stdout]     = help: the trait `Debug` is not implemented for `lz77::Code<u8, u8>`
[INFO] [stdout]     = note: add `#[derive(Debug)]` to `lz77::Code<u8, u8>` or manually `impl Debug for lz77::Code<u8, u8>`
[INFO] [stdout]     = note: this error originates in the macro `assert_eq` (in Nightly builds, run with -Z macro-backtrace for more info)
[INFO] [stdout] help: consider annotating `lz77::Code<u8, u8>` with `#[derive(Debug)]`
[INFO] [stdout]    --> src/lz77.rs:13:1
[INFO] [stdout]     |
[INFO] [stdout] 13  | #[derive(Debug)]
[INFO] [stdout]     |
[INFO] [stdout] 
[INFO] [stdout] 
[INFO] [stdout] error[E0277]: `lz77::Code<u8, u8>` doesn't implement `Debug`
[INFO] [stdout]    --> src/lz77/encode.rs:210:9
[INFO] [stdout]     |
[INFO] [stdout] 210 |         assert_eq!(found_code, expected_code);
[INFO] [stdout]     |         ^^^^^^^^^^^^^^^^^^^^^^^^^^^^^^^^^^^^^ `lz77::Code<u8, u8>` cannot be formatted using `{:?}`
[INFO] [stdout]     |
[INFO] [stdout]     = help: the trait `Debug` is not implemented for `lz77::Code<u8, u8>`
[INFO] [stdout]     = note: add `#[derive(Debug)]` to `lz77::Code<u8, u8>` or manually `impl Debug for lz77::Code<u8, u8>`
[INFO] [stdout]     = note: this error originates in the macro `assert_eq` (in Nightly builds, run with -Z macro-backtrace for more info)
[INFO] [stdout] help: consider annotating `lz77::Code<u8, u8>` with `#[derive(Debug)]`
[INFO] [stdout]    --> src/lz77.rs:13:1
[INFO] [stdout]     |
[INFO] [stdout] 13  | #[derive(Debug)]
[INFO] [stdout]     |
[INFO] [stdout] 
[INFO] [stdout] 
[INFO] [stdout] error[E0277]: `lz77::Code<u8, u8>` doesn't implement `Debug`
[INFO] [stdout]    --> src/lz77/encode.rs:210:9
[INFO] [stdout]     |
[INFO] [stdout] 210 |         assert_eq!(found_code, expected_code);
[INFO] [stdout]     |         ^^^^^^^^^^^^^^^^^^^^^^^^^^^^^^^^^^^^^ `lz77::Code<u8, u8>` cannot be formatted using `{:?}`
[INFO] [stdout]     |
[INFO] [stdout]     = help: the trait `Debug` is not implemented for `lz77::Code<u8, u8>`
[INFO] [stdout]     = note: add `#[derive(Debug)]` to `lz77::Code<u8, u8>` or manually `impl Debug for lz77::Code<u8, u8>`
[INFO] [stdout]     = note: this error originates in the macro `assert_eq` (in Nightly builds, run with -Z macro-backtrace for more info)
[INFO] [stdout] help: consider annotating `lz77::Code<u8, u8>` with `#[derive(Debug)]`
[INFO] [stdout]    --> src/lz77.rs:13:1
[INFO] [stdout]     |
[INFO] [stdout] 13  | #[derive(Debug)]
[INFO] [stdout]     |
[INFO] [stdout] 
[INFO] [stdout] 
[INFO] [stdout] error[E0277]: `lz77::Code<u8, u8>` doesn't implement `Debug`
[INFO] [stdout]    --> src/lz77/encode.rs:223:9
[INFO] [stdout]     |
[INFO] [stdout] 223 |         assert_eq!(found_code, expected_code);
[INFO] [stdout]     |         ^^^^^^^^^^^^^^^^^^^^^^^^^^^^^^^^^^^^^ `lz77::Code<u8, u8>` cannot be formatted using `{:?}`
[INFO] [stdout]     |
[INFO] [stdout]     = help: the trait `Debug` is not implemented for `lz77::Code<u8, u8>`
[INFO] [stdout]     = note: add `#[derive(Debug)]` to `lz77::Code<u8, u8>` or manually `impl Debug for lz77::Code<u8, u8>`
[INFO] [stdout]     = note: this error originates in the macro `assert_eq` (in Nightly builds, run with -Z macro-backtrace for more info)
[INFO] [stdout] help: consider annotating `lz77::Code<u8, u8>` with `#[derive(Debug)]`
[INFO] [stdout]    --> src/lz77.rs:13:1
[INFO] [stdout]     |
[INFO] [stdout] 13  | #[derive(Debug)]
[INFO] [stdout]     |
[INFO] [stdout] 
[INFO] [stdout] 
[INFO] [stdout] error[E0277]: `lz77::Code<u8, u8>` doesn't implement `Debug`
[INFO] [stdout]    --> src/lz77/encode.rs:223:9
[INFO] [stdout]     |
[INFO] [stdout] 223 |         assert_eq!(found_code, expected_code);
[INFO] [stdout]     |         ^^^^^^^^^^^^^^^^^^^^^^^^^^^^^^^^^^^^^ `lz77::Code<u8, u8>` cannot be formatted using `{:?}`
[INFO] [stdout]     |
[INFO] [stdout]     = help: the trait `Debug` is not implemented for `lz77::Code<u8, u8>`
[INFO] [stdout]     = note: add `#[derive(Debug)]` to `lz77::Code<u8, u8>` or manually `impl Debug for lz77::Code<u8, u8>`
[INFO] [stdout]     = note: this error originates in the macro `assert_eq` (in Nightly builds, run with -Z macro-backtrace for more info)
[INFO] [stdout] help: consider annotating `lz77::Code<u8, u8>` with `#[derive(Debug)]`
[INFO] [stdout]    --> src/lz77.rs:13:1
[INFO] [stdout]     |
[INFO] [stdout] 13  | #[derive(Debug)]
[INFO] [stdout]     |
[INFO] [stdout] 
[INFO] [stdout] 
[INFO] [stdout] error[E0277]: `lz77::Code<u8, u8>` doesn't implement `Debug`
[INFO] [stdout]    --> src/lz77/encode.rs:223:9
[INFO] [stdout]     |
[INFO] [stdout] 223 |         assert_eq!(found_code, expected_code);
[INFO] [stdout]     |         ^^^^^^^^^^^^^^^^^^^^^^^^^^^^^^^^^^^^^ `lz77::Code<u8, u8>` cannot be formatted using `{:?}`
[INFO] [stdout]     |
[INFO] [stdout]     = help: the trait `Debug` is not implemented for `lz77::Code<u8, u8>`
[INFO] [stdout]     = note: add `#[derive(Debug)]` to `lz77::Code<u8, u8>` or manually `impl Debug for lz77::Code<u8, u8>`
[INFO] [stdout]     = note: this error originates in the macro `assert_eq` (in Nightly builds, run with -Z macro-backtrace for more info)
[INFO] [stdout] help: consider annotating `lz77::Code<u8, u8>` with `#[derive(Debug)]`
[INFO] [stdout]    --> src/lz77.rs:13:1
[INFO] [stdout]     |
[INFO] [stdout] 13  | #[derive(Debug)]
[INFO] [stdout]     |
[INFO] [stdout] 
[INFO] [stdout] 
[INFO] [stdout] error[E0277]: `lz77::Code<u8, u8>` doesn't implement `Debug`
[INFO] [stdout]    --> src/lz77/encode.rs:223:9
[INFO] [stdout]     |
[INFO] [stdout] 223 |         assert_eq!(found_code, expected_code);
[INFO] [stdout]     |         ^^^^^^^^^^^^^^^^^^^^^^^^^^^^^^^^^^^^^ `lz77::Code<u8, u8>` cannot be formatted using `{:?}`
[INFO] [stdout]     |
[INFO] [stdout]     = help: the trait `Debug` is not implemented for `lz77::Code<u8, u8>`
[INFO] [stdout]     = note: add `#[derive(Debug)]` to `lz77::Code<u8, u8>` or manually `impl Debug for lz77::Code<u8, u8>`
[INFO] [stdout]     = note: this error originates in the macro `assert_eq` (in Nightly builds, run with -Z macro-backtrace for more info)
[INFO] [stdout] help: consider annotating `lz77::Code<u8, u8>` with `#[derive(Debug)]`
[INFO] [stdout]    --> src/lz77.rs:13:1
[INFO] [stdout]     |
[INFO] [stdout] 13  | #[derive(Debug)]
[INFO] [stdout]     |
[INFO] [stdout] 
[INFO] [stdout] 
[INFO] [stdout] error[E0277]: `lz77::Code<u8, u8>` doesn't implement `Debug`
[INFO] [stdout]    --> src/lz77/encode.rs:236:9
[INFO] [stdout]     |
[INFO] [stdout] 236 |         assert_eq!(found_code, expected_code);
[INFO] [stdout]     |         ^^^^^^^^^^^^^^^^^^^^^^^^^^^^^^^^^^^^^ `lz77::Code<u8, u8>` cannot be formatted using `{:?}`
[INFO] [stdout]     |
[INFO] [stdout]     = help: the trait `Debug` is not implemented for `lz77::Code<u8, u8>`
[INFO] [stdout]     = note: add `#[derive(Debug)]` to `lz77::Code<u8, u8>` or manually `impl Debug for lz77::Code<u8, u8>`
[INFO] [stdout]     = note: this error originates in the macro `assert_eq` (in Nightly builds, run with -Z macro-backtrace for more info)
[INFO] [stdout] help: consider annotating `lz77::Code<u8, u8>` with `#[derive(Debug)]`
[INFO] [stdout]    --> src/lz77.rs:13:1
[INFO] [stdout]     |
[INFO] [stdout] 13  | #[derive(Debug)]
[INFO] [stdout]     |
[INFO] [stdout] 
[INFO] [stdout] 
[INFO] [stdout] error[E0277]: `lz77::Code<u8, u8>` doesn't implement `Debug`
[INFO] [stdout]    --> src/lz77/encode.rs:236:9
[INFO] [stdout]     |
[INFO] [stdout] 236 |         assert_eq!(found_code, expected_code);
[INFO] [stdout]     |         ^^^^^^^^^^^^^^^^^^^^^^^^^^^^^^^^^^^^^ `lz77::Code<u8, u8>` cannot be formatted using `{:?}`
[INFO] [stdout]     |
[INFO] [stdout]     = help: the trait `Debug` is not implemented for `lz77::Code<u8, u8>`
[INFO] [stdout]     = note: add `#[derive(Debug)]` to `lz77::Code<u8, u8>` or manually `impl Debug for lz77::Code<u8, u8>`
[INFO] [stdout]     = note: this error originates in the macro `assert_eq` (in Nightly builds, run with -Z macro-backtrace for more info)
[INFO] [stdout] help: consider annotating `lz77::Code<u8, u8>` with `#[derive(Debug)]`
[INFO] [stdout]    --> src/lz77.rs:13:1
[INFO] [stdout]     |
[INFO] [stdout] 13  | #[derive(Debug)]
[INFO] [stdout]     |
[INFO] [stdout] 
[INFO] [stdout] 
[INFO] [stdout] error[E0277]: `lz77::Code<u8, u8>` doesn't implement `Debug`
[INFO] [stdout]    --> src/lz77/encode.rs:236:9
[INFO] [stdout]     |
[INFO] [stdout] 236 |         assert_eq!(found_code, expected_code);
[INFO] [stdout]     |         ^^^^^^^^^^^^^^^^^^^^^^^^^^^^^^^^^^^^^ `lz77::Code<u8, u8>` cannot be formatted using `{:?}`
[INFO] [stdout]     |
[INFO] [stdout]     = help: the trait `Debug` is not implemented for `lz77::Code<u8, u8>`
[INFO] [stdout]     = note: add `#[derive(Debug)]` to `lz77::Code<u8, u8>` or manually `impl Debug for lz77::Code<u8, u8>`
[INFO] [stdout]     = note: this error originates in the macro `assert_eq` (in Nightly builds, run with -Z macro-backtrace for more info)
[INFO] [stdout] help: consider annotating `lz77::Code<u8, u8>` with `#[derive(Debug)]`
[INFO] [stdout]    --> src/lz77.rs:13:1
[INFO] [stdout]     |
[INFO] [stdout] 13  | #[derive(Debug)]
[INFO] [stdout]     |
[INFO] [stdout] 
[INFO] [stdout] 
[INFO] [stdout] error[E0277]: `lz77::Code<u8, u8>` doesn't implement `Debug`
[INFO] [stdout]    --> src/lz77/encode.rs:236:9
[INFO] [stdout]     |
[INFO] [stdout] 236 |         assert_eq!(found_code, expected_code);
[INFO] [stdout]     |         ^^^^^^^^^^^^^^^^^^^^^^^^^^^^^^^^^^^^^ `lz77::Code<u8, u8>` cannot be formatted using `{:?}`
[INFO] [stdout]     |
[INFO] [stdout]     = help: the trait `Debug` is not implemented for `lz77::Code<u8, u8>`
[INFO] [stdout]     = note: add `#[derive(Debug)]` to `lz77::Code<u8, u8>` or manually `impl Debug for lz77::Code<u8, u8>`
[INFO] [stdout]     = note: this error originates in the macro `assert_eq` (in Nightly builds, run with -Z macro-backtrace for more info)
[INFO] [stdout] help: consider annotating `lz77::Code<u8, u8>` with `#[derive(Debug)]`
[INFO] [stdout]    --> src/lz77.rs:13:1
[INFO] [stdout]     |
[INFO] [stdout] 13  | #[derive(Debug)]
[INFO] [stdout]     |
[INFO] [stdout] 
[INFO] [stdout] 
[INFO] [stdout] error[E0277]: `lz77::Code<u8, u8>` doesn't implement `Debug`
[INFO] [stdout]    --> src/lz77/encode.rs:255:9
[INFO] [stdout]     |
[INFO] [stdout] 255 |         assert_eq!(found_encoding, expected_encoding);
[INFO] [stdout]     |         ^^^^^^^^^^^^^^^^^^^^^^^^^^^^^^^^^^^^^^^^^^^^^ `lz77::Code<u8, u8>` cannot be formatted using `{:?}`
[INFO] [stdout]     |
[INFO] [stdout]     = help: the trait `Debug` is not implemented for `lz77::Code<u8, u8>`
[INFO] [stdout]     = note: add `#[derive(Debug)]` to `lz77::Code<u8, u8>` or manually `impl Debug for lz77::Code<u8, u8>`
[INFO] [stdout]     = help: the trait `Debug` is implemented for `Vec<T, A>`
[INFO] [stdout]     = note: this error originates in the macro `assert_eq` (in Nightly builds, run with -Z macro-backtrace for more info)
[INFO] [stdout] help: consider annotating `lz77::Code<u8, u8>` with `#[derive(Debug)]`
[INFO] [stdout]    --> src/lz77.rs:13:1
[INFO] [stdout]     |
[INFO] [stdout] 13  | #[derive(Debug)]
[INFO] [stdout]     |
[INFO] [stdout] 
[INFO] [stdout] 
[INFO] [stdout] error[E0277]: `lz77::Code<u8, u8>` doesn't implement `Debug`
[INFO] [stdout]    --> src/lz77/encode.rs:255:9
[INFO] [stdout]     |
[INFO] [stdout] 255 |         assert_eq!(found_encoding, expected_encoding);
[INFO] [stdout]     |         ^^^^^^^^^^^^^^^^^^^^^^^^^^^^^^^^^^^^^^^^^^^^^ `lz77::Code<u8, u8>` cannot be formatted using `{:?}`
[INFO] [stdout]     |
[INFO] [stdout]     = help: the trait `Debug` is not implemented for `lz77::Code<u8, u8>`
[INFO] [stdout]     = note: add `#[derive(Debug)]` to `lz77::Code<u8, u8>` or manually `impl Debug for lz77::Code<u8, u8>`
[INFO] [stdout]     = help: the trait `Debug` is implemented for `Vec<T, A>`
[INFO] [stdout]     = note: this error originates in the macro `assert_eq` (in Nightly builds, run with -Z macro-backtrace for more info)
[INFO] [stdout] help: consider annotating `lz77::Code<u8, u8>` with `#[derive(Debug)]`
[INFO] [stdout]    --> src/lz77.rs:13:1
[INFO] [stdout]     |
[INFO] [stdout] 13  | #[derive(Debug)]
[INFO] [stdout]     |
[INFO] [stdout] 
[INFO] [stdout] 
[INFO] [stdout] error[E0277]: `lz77::Code<u8, u8>` doesn't implement `Debug`
[INFO] [stdout]    --> src/lz77/encode.rs:255:9
[INFO] [stdout]     |
[INFO] [stdout] 255 |         assert_eq!(found_encoding, expected_encoding);
[INFO] [stdout]     |         ^^^^^^^^^^^^^^^^^^^^^^^^^^^^^^^^^^^^^^^^^^^^^ `lz77::Code<u8, u8>` cannot be formatted using `{:?}`
[INFO] [stdout]     |
[INFO] [stdout]     = help: the trait `Debug` is not implemented for `lz77::Code<u8, u8>`
[INFO] [stdout]     = note: add `#[derive(Debug)]` to `lz77::Code<u8, u8>` or manually `impl Debug for lz77::Code<u8, u8>`
[INFO] [stdout]     = help: the trait `Debug` is implemented for `Vec<T, A>`
[INFO] [stdout]     = note: this error originates in the macro `assert_eq` (in Nightly builds, run with -Z macro-backtrace for more info)
[INFO] [stdout] help: consider annotating `lz77::Code<u8, u8>` with `#[derive(Debug)]`
[INFO] [stdout]    --> src/lz77.rs:13:1
[INFO] [stdout]     |
[INFO] [stdout] 13  | #[derive(Debug)]
[INFO] [stdout]     |
[INFO] [stdout] 
[INFO] [stdout] 
[INFO] [stdout] error[E0277]: `lz77::Code<u8, u8>` doesn't implement `Debug`
[INFO] [stdout]    --> src/lz77/encode.rs:255:9
[INFO] [stdout]     |
[INFO] [stdout] 255 |         assert_eq!(found_encoding, expected_encoding);
[INFO] [stdout]     |         ^^^^^^^^^^^^^^^^^^^^^^^^^^^^^^^^^^^^^^^^^^^^^ `lz77::Code<u8, u8>` cannot be formatted using `{:?}`
[INFO] [stdout]     |
[INFO] [stdout]     = help: the trait `Debug` is not implemented for `lz77::Code<u8, u8>`
[INFO] [stdout]     = note: add `#[derive(Debug)]` to `lz77::Code<u8, u8>` or manually `impl Debug for lz77::Code<u8, u8>`
[INFO] [stdout]     = help: the trait `Debug` is implemented for `Vec<T, A>`
[INFO] [stdout]     = note: this error originates in the macro `assert_eq` (in Nightly builds, run with -Z macro-backtrace for more info)
[INFO] [stdout] help: consider annotating `lz77::Code<u8, u8>` with `#[derive(Debug)]`
[INFO] [stdout]    --> src/lz77.rs:13:1
[INFO] [stdout]     |
[INFO] [stdout] 13  | #[derive(Debug)]
[INFO] [stdout]     |
[INFO] [stdout] 
[INFO] [stdout] 
[INFO] [stdout] error[E0277]: `lz77::Code<u8, u8>` doesn't implement `Debug`
[INFO] [stdout]    --> src/lz77/encode.rs:269:9
[INFO] [stdout]     |
[INFO] [stdout] 269 |         assert_eq!(found_encoding, expected_encoding);
[INFO] [stdout]     |         ^^^^^^^^^^^^^^^^^^^^^^^^^^^^^^^^^^^^^^^^^^^^^ `lz77::Code<u8, u8>` cannot be formatted using `{:?}`
[INFO] [stdout]     |
[INFO] [stdout]     = help: the trait `Debug` is not implemented for `lz77::Code<u8, u8>`
[INFO] [stdout]     = note: add `#[derive(Debug)]` to `lz77::Code<u8, u8>` or manually `impl Debug for lz77::Code<u8, u8>`
[INFO] [stdout]     = help: the trait `Debug` is implemented for `Vec<T, A>`
[INFO] [stdout]     = note: this error originates in the macro `assert_eq` (in Nightly builds, run with -Z macro-backtrace for more info)
[INFO] [stdout] help: consider annotating `lz77::Code<u8, u8>` with `#[derive(Debug)]`
[INFO] [stdout]    --> src/lz77.rs:13:1
[INFO] [stdout]     |
[INFO] [stdout] 13  | #[derive(Debug)]
[INFO] [stdout]     |
[INFO] [stdout] 
[INFO] [stdout] 
[INFO] [stdout] error[E0277]: `lz77::Code<u8, u8>` doesn't implement `Debug`
[INFO] [stdout]    --> src/lz77/encode.rs:269:9
[INFO] [stdout]     |
[INFO] [stdout] 269 |         assert_eq!(found_encoding, expected_encoding);
[INFO] [stdout]     |         ^^^^^^^^^^^^^^^^^^^^^^^^^^^^^^^^^^^^^^^^^^^^^ `lz77::Code<u8, u8>` cannot be formatted using `{:?}`
[INFO] [stdout]     |
[INFO] [stdout]     = help: the trait `Debug` is not implemented for `lz77::Code<u8, u8>`
[INFO] [stdout]     = note: add `#[derive(Debug)]` to `lz77::Code<u8, u8>` or manually `impl Debug for lz77::Code<u8, u8>`
[INFO] [stdout]     = help: the trait `Debug` is implemented for `Vec<T, A>`
[INFO] [stdout]     = note: this error originates in the macro `assert_eq` (in Nightly builds, run with -Z macro-backtrace for more info)
[INFO] [stdout] help: consider annotating `lz77::Code<u8, u8>` with `#[derive(Debug)]`
[INFO] [stdout]    --> src/lz77.rs:13:1
[INFO] [stdout]     |
[INFO] [stdout] 13  | #[derive(Debug)]
[INFO] [stdout]     |
[INFO] [stdout] 
[INFO] [stdout] 
[INFO] [stdout] error[E0277]: `lz77::Code<u8, u8>` doesn't implement `Debug`
[INFO] [stdout]    --> src/lz77/encode.rs:269:9
[INFO] [stdout]     |
[INFO] [stdout] 269 |         assert_eq!(found_encoding, expected_encoding);
[INFO] [stdout]     |         ^^^^^^^^^^^^^^^^^^^^^^^^^^^^^^^^^^^^^^^^^^^^^ `lz77::Code<u8, u8>` cannot be formatted using `{:?}`
[INFO] [stdout]     |
[INFO] [stdout]     = help: the trait `Debug` is not implemented for `lz77::Code<u8, u8>`
[INFO] [stdout]     = note: add `#[derive(Debug)]` to `lz77::Code<u8, u8>` or manually `impl Debug for lz77::Code<u8, u8>`
[INFO] [stdout]     = help: the trait `Debug` is implemented for `Vec<T, A>`
[INFO] [stdout]     = note: this error originates in the macro `assert_eq` (in Nightly builds, run with -Z macro-backtrace for more info)
[INFO] [stdout] help: consider annotating `lz77::Code<u8, u8>` with `#[derive(Debug)]`
[INFO] [stdout]    --> src/lz77.rs:13:1
[INFO] [stdout]     |
[INFO] [stdout] 13  | #[derive(Debug)]
[INFO] [stdout]     |
[INFO] [stdout] 
[INFO] [stdout] 
[INFO] [stdout] error[E0277]: `lz77::Code<u8, u8>` doesn't implement `Debug`
[INFO] [stdout]    --> src/lz77/encode.rs:269:9
[INFO] [stdout]     |
[INFO] [stdout] 269 |         assert_eq!(found_encoding, expected_encoding);
[INFO] [stdout]     |         ^^^^^^^^^^^^^^^^^^^^^^^^^^^^^^^^^^^^^^^^^^^^^ `lz77::Code<u8, u8>` cannot be formatted using `{:?}`
[INFO] [stdout]     |
[INFO] [stdout]     = help: the trait `Debug` is not implemented for `lz77::Code<u8, u8>`
[INFO] [stdout]     = note: add `#[derive(Debug)]` to `lz77::Code<u8, u8>` or manually `impl Debug for lz77::Code<u8, u8>`
[INFO] [stdout]     = help: the trait `Debug` is implemented for `Vec<T, A>`
[INFO] [stdout]     = note: this error originates in the macro `assert_eq` (in Nightly builds, run with -Z macro-backtrace for more info)
[INFO] [stdout] help: consider annotating `lz77::Code<u8, u8>` with `#[derive(Debug)]`
[INFO] [stdout]    --> src/lz77.rs:13:1
[INFO] [stdout]     |
[INFO] [stdout] 13  | #[derive(Debug)]
[INFO] [stdout]     |
[INFO] [stdout] 
[INFO] [stdout] 
[INFO] [stdout] error[E0277]: `lz77::Code<char, u8>` doesn't implement `Debug`
[INFO] [stdout]    --> src/lz77/encode.rs:282:9
[INFO] [stdout]     |
[INFO] [stdout] 282 |         assert_eq!(found_encoding, expected_encoding);
[INFO] [stdout]     |         ^^^^^^^^^^^^^^^^^^^^^^^^^^^^^^^^^^^^^^^^^^^^^ `lz77::Code<char, u8>` cannot be formatted using `{:?}`
[INFO] [stdout]     |
[INFO] [stdout]     = help: the trait `Debug` is not implemented for `lz77::Code<char, u8>`
[INFO] [stdout]     = note: add `#[derive(Debug)]` to `lz77::Code<char, u8>` or manually `impl Debug for lz77::Code<char, u8>`
[INFO] [stdout]     = help: the trait `Debug` is implemented for `Vec<T, A>`
[INFO] [stdout]     = note: this error originates in the macro `assert_eq` (in Nightly builds, run with -Z macro-backtrace for more info)
[INFO] [stdout] help: consider annotating `lz77::Code<char, u8>` with `#[derive(Debug)]`
[INFO] [stdout]    --> src/lz77.rs:13:1
[INFO] [stdout]     |
[INFO] [stdout] 13  | #[derive(Debug)]
[INFO] [stdout]     |
[INFO] [stdout] 
[INFO] [stdout] 
[INFO] [stdout] error[E0277]: `lz77::Code<char, u8>` doesn't implement `Debug`
[INFO] [stdout]    --> src/lz77/encode.rs:282:9
[INFO] [stdout]     |
[INFO] [stdout] 282 |         assert_eq!(found_encoding, expected_encoding);
[INFO] [stdout]     |         ^^^^^^^^^^^^^^^^^^^^^^^^^^^^^^^^^^^^^^^^^^^^^ `lz77::Code<char, u8>` cannot be formatted using `{:?}`
[INFO] [stdout]     |
[INFO] [stdout]     = help: the trait `Debug` is not implemented for `lz77::Code<char, u8>`
[INFO] [stdout]     = note: add `#[derive(Debug)]` to `lz77::Code<char, u8>` or manually `impl Debug for lz77::Code<char, u8>`
[INFO] [stdout]     = help: the trait `Debug` is implemented for `Vec<T, A>`
[INFO] [stdout]     = note: this error originates in the macro `assert_eq` (in Nightly builds, run with -Z macro-backtrace for more info)
[INFO] [stdout] help: consider annotating `lz77::Code<char, u8>` with `#[derive(Debug)]`
[INFO] [stdout]    --> src/lz77.rs:13:1
[INFO] [stdout]     |
[INFO] [stdout] 13  | #[derive(Debug)]
[INFO] [stdout]     |
[INFO] [stdout] 
[INFO] [stdout] 
[INFO] [stdout] error[E0277]: `lz77::Code<char, u8>` doesn't implement `Debug`
[INFO] [stdout]    --> src/lz77/encode.rs:282:9
[INFO] [stdout]     |
[INFO] [stdout] 282 |         assert_eq!(found_encoding, expected_encoding);
[INFO] [stdout]     |         ^^^^^^^^^^^^^^^^^^^^^^^^^^^^^^^^^^^^^^^^^^^^^ `lz77::Code<char, u8>` cannot be formatted using `{:?}`
[INFO] [stdout]     |
[INFO] [stdout]     = help: the trait `Debug` is not implemented for `lz77::Code<char, u8>`
[INFO] [stdout]     = note: add `#[derive(Debug)]` to `lz77::Code<char, u8>` or manually `impl Debug for lz77::Code<char, u8>`
[INFO] [stdout]     = help: the trait `Debug` is implemented for `Vec<T, A>`
[INFO] [stdout]     = note: this error originates in the macro `assert_eq` (in Nightly builds, run with -Z macro-backtrace for more info)
[INFO] [stdout] help: consider annotating `lz77::Code<char, u8>` with `#[derive(Debug)]`
[INFO] [stdout]    --> src/lz77.rs:13:1
[INFO] [stdout]     |
[INFO] [stdout] 13  | #[derive(Debug)]
[INFO] [stdout]     |
[INFO] [stdout] 
[INFO] [stdout] 
[INFO] [stdout] error[E0277]: `lz77::Code<char, u8>` doesn't implement `Debug`
[INFO] [stdout]    --> src/lz77/encode.rs:282:9
[INFO] [stdout]     |
[INFO] [stdout] 282 |         assert_eq!(found_encoding, expected_encoding);
[INFO] [stdout]     |         ^^^^^^^^^^^^^^^^^^^^^^^^^^^^^^^^^^^^^^^^^^^^^ `lz77::Code<char, u8>` cannot be formatted using `{:?}`
[INFO] [stdout]     |
[INFO] [stdout]     = help: the trait `Debug` is not implemented for `lz77::Code<char, u8>`
[INFO] [stdout]     = note: add `#[derive(Debug)]` to `lz77::Code<char, u8>` or manually `impl Debug for lz77::Code<char, u8>`
[INFO] [stdout]     = help: the trait `Debug` is implemented for `Vec<T, A>`
[INFO] [stdout]     = note: this error originates in the macro `assert_eq` (in Nightly builds, run with -Z macro-backtrace for more info)
[INFO] [stdout] help: consider annotating `lz77::Code<char, u8>` with `#[derive(Debug)]`
[INFO] [stdout]    --> src/lz77.rs:13:1
[INFO] [stdout]     |
[INFO] [stdout] 13  | #[derive(Debug)]
[INFO] [stdout]     |
[INFO] [stdout] 
[INFO] [stdout] 
[INFO] [stdout] error[E0277]: `lz77::Code<char, u8>` doesn't implement `Debug`
[INFO] [stdout]    --> src/lz77/encode.rs:296:9
[INFO] [stdout]     |
[INFO] [stdout] 296 |         assert_eq!(found_encoding, expected_encoding);
[INFO] [stdout]     |         ^^^^^^^^^^^^^^^^^^^^^^^^^^^^^^^^^^^^^^^^^^^^^ `lz77::Code<char, u8>` cannot be formatted using `{:?}`
[INFO] [stdout]     |
[INFO] [stdout]     = help: the trait `Debug` is not implemented for `lz77::Code<char, u8>`
[INFO] [stdout]     = note: add `#[derive(Debug)]` to `lz77::Code<char, u8>` or manually `impl Debug for lz77::Code<char, u8>`
[INFO] [stdout]     = help: the trait `Debug` is implemented for `Vec<T, A>`
[INFO] [stdout]     = note: this error originates in the macro `assert_eq` (in Nightly builds, run with -Z macro-backtrace for more info)
[INFO] [stdout] help: consider annotating `lz77::Code<char, u8>` with `#[derive(Debug)]`
[INFO] [stdout]    --> src/lz77.rs:13:1
[INFO] [stdout]     |
[INFO] [stdout] 13  | #[derive(Debug)]
[INFO] [stdout]     |
[INFO] [stdout] 
[INFO] [stdout] 
[INFO] [stdout] error[E0277]: `lz77::Code<char, u8>` doesn't implement `Debug`
[INFO] [stdout]    --> src/lz77/encode.rs:296:9
[INFO] [stdout]     |
[INFO] [stdout] 296 |         assert_eq!(found_encoding, expected_encoding);
[INFO] [stdout]     |         ^^^^^^^^^^^^^^^^^^^^^^^^^^^^^^^^^^^^^^^^^^^^^ `lz77::Code<char, u8>` cannot be formatted using `{:?}`
[INFO] [stdout]     |
[INFO] [stdout]     = help: the trait `Debug` is not implemented for `lz77::Code<char, u8>`
[INFO] [stdout]     = note: add `#[derive(Debug)]` to `lz77::Code<char, u8>` or manually `impl Debug for lz77::Code<char, u8>`
[INFO] [stdout]     = help: the trait `Debug` is implemented for `Vec<T, A>`
[INFO] [stdout]     = note: this error originates in the macro `assert_eq` (in Nightly builds, run with -Z macro-backtrace for more info)
[INFO] [stdout] help: consider annotating `lz77::Code<char, u8>` with `#[derive(Debug)]`
[INFO] [stdout]    --> src/lz77.rs:13:1
[INFO] [stdout]     |
[INFO] [stdout] 13  | #[derive(Debug)]
[INFO] [stdout]     |
[INFO] [stdout] 
[INFO] [stdout] 
[INFO] [stdout] error[E0277]: `lz77::Code<char, u8>` doesn't implement `Debug`
[INFO] [stdout]    --> src/lz77/encode.rs:296:9
[INFO] [stdout]     |
[INFO] [stdout] 296 |         assert_eq!(found_encoding, expected_encoding);
[INFO] [stdout]     |         ^^^^^^^^^^^^^^^^^^^^^^^^^^^^^^^^^^^^^^^^^^^^^ `lz77::Code<char, u8>` cannot be formatted using `{:?}`
[INFO] [stdout]     |
[INFO] [stdout]     = help: the trait `Debug` is not implemented for `lz77::Code<char, u8>`
[INFO] [stdout]     = note: add `#[derive(Debug)]` to `lz77::Code<char, u8>` or manually `impl Debug for lz77::Code<char, u8>`
[INFO] [stdout]     = help: the trait `Debug` is implemented for `Vec<T, A>`
[INFO] [stdout]     = note: this error originates in the macro `assert_eq` (in Nightly builds, run with -Z macro-backtrace for more info)
[INFO] [stdout] help: consider annotating `lz77::Code<char, u8>` with `#[derive(Debug)]`
[INFO] [stdout]    --> src/lz77.rs:13:1
[INFO] [stdout]     |
[INFO] [stdout] 13  | #[derive(Debug)]
[INFO] [stdout]     |
[INFO] [stdout] 
[INFO] [stdout] 
[INFO] [stdout] error[E0277]: `lz77::Code<char, u8>` doesn't implement `Debug`
[INFO] [stdout]    --> src/lz77/encode.rs:296:9
[INFO] [stdout]     |
[INFO] [stdout] 296 |         assert_eq!(found_encoding, expected_encoding);
[INFO] [stdout]     |         ^^^^^^^^^^^^^^^^^^^^^^^^^^^^^^^^^^^^^^^^^^^^^ `lz77::Code<char, u8>` cannot be formatted using `{:?}`
[INFO] [stdout]     |
[INFO] [stdout]     = help: the trait `Debug` is not implemented for `lz77::Code<char, u8>`
[INFO] [stdout]     = note: add `#[derive(Debug)]` to `lz77::Code<char, u8>` or manually `impl Debug for lz77::Code<char, u8>`
[INFO] [stdout]     = help: the trait `Debug` is implemented for `Vec<T, A>`
[INFO] [stdout]     = note: this error originates in the macro `assert_eq` (in Nightly builds, run with -Z macro-backtrace for more info)
[INFO] [stdout] help: consider annotating `lz77::Code<char, u8>` with `#[derive(Debug)]`
[INFO] [stdout]    --> src/lz77.rs:13:1
[INFO] [stdout]     |
[INFO] [stdout] 13  | #[derive(Debug)]
[INFO] [stdout]     |
[INFO] [stdout] 
[INFO] [stdout] 
[INFO] [stdout] error[E0277]: `lz77::Code<char, u8>` doesn't implement `Debug`
[INFO] [stdout]    --> src/lz77/encode.rs:310:9
[INFO] [stdout]     |
[INFO] [stdout] 310 |         assert_eq!(found_encoding, expected_encoding);
[INFO] [stdout]     |         ^^^^^^^^^^^^^^^^^^^^^^^^^^^^^^^^^^^^^^^^^^^^^ `lz77::Code<char, u8>` cannot be formatted using `{:?}`
[INFO] [stdout]     |
[INFO] [stdout]     = help: the trait `Debug` is not implemented for `lz77::Code<char, u8>`
[INFO] [stdout]     = note: add `#[derive(Debug)]` to `lz77::Code<char, u8>` or manually `impl Debug for lz77::Code<char, u8>`
[INFO] [stdout]     = help: the trait `Debug` is implemented for `Vec<T, A>`
[INFO] [stdout]     = note: this error originates in the macro `assert_eq` (in Nightly builds, run with -Z macro-backtrace for more info)
[INFO] [stdout] help: consider annotating `lz77::Code<char, u8>` with `#[derive(Debug)]`
[INFO] [stdout]    --> src/lz77.rs:13:1
[INFO] [stdout]     |
[INFO] [stdout] 13  | #[derive(Debug)]
[INFO] [stdout]     |
[INFO] [stdout] 
[INFO] [stdout] 
[INFO] [stdout] error[E0277]: `lz77::Code<char, u8>` doesn't implement `Debug`
[INFO] [stdout]    --> src/lz77/encode.rs:310:9
[INFO] [stdout]     |
[INFO] [stdout] 310 |         assert_eq!(found_encoding, expected_encoding);
[INFO] [stdout]     |         ^^^^^^^^^^^^^^^^^^^^^^^^^^^^^^^^^^^^^^^^^^^^^ `lz77::Code<char, u8>` cannot be formatted using `{:?}`
[INFO] [stdout]     |
[INFO] [stdout]     = help: the trait `Debug` is not implemented for `lz77::Code<char, u8>`
[INFO] [stdout]     = note: add `#[derive(Debug)]` to `lz77::Code<char, u8>` or manually `impl Debug for lz77::Code<char, u8>`
[INFO] [stdout]     = help: the trait `Debug` is implemented for `Vec<T, A>`
[INFO] [stdout]     = note: this error originates in the macro `assert_eq` (in Nightly builds, run with -Z macro-backtrace for more info)
[INFO] [stdout] help: consider annotating `lz77::Code<char, u8>` with `#[derive(Debug)]`
[INFO] [stdout]    --> src/lz77.rs:13:1
[INFO] [stdout]     |
[INFO] [stdout] 13  | #[derive(Debug)]
[INFO] [stdout]     |
[INFO] [stdout] 
[INFO] [stdout] 
[INFO] [stdout] error[E0277]: `lz77::Code<char, u8>` doesn't implement `Debug`
[INFO] [stdout]    --> src/lz77/encode.rs:310:9
[INFO] [stdout]     |
[INFO] [stdout] 310 |         assert_eq!(found_encoding, expected_encoding);
[INFO] [stdout]     |         ^^^^^^^^^^^^^^^^^^^^^^^^^^^^^^^^^^^^^^^^^^^^^ `lz77::Code<char, u8>` cannot be formatted using `{:?}`
[INFO] [stdout]     |
[INFO] [stdout]     = help: the trait `Debug` is not implemented for `lz77::Code<char, u8>`
[INFO] [stdout]     = note: add `#[derive(Debug)]` to `lz77::Code<char, u8>` or manually `impl Debug for lz77::Code<char, u8>`
[INFO] [stdout]     = help: the trait `Debug` is implemented for `Vec<T, A>`
[INFO] [stdout]     = note: this error originates in the macro `assert_eq` (in Nightly builds, run with -Z macro-backtrace for more info)
[INFO] [stdout] help: consider annotating `lz77::Code<char, u8>` with `#[derive(Debug)]`
[INFO] [stdout]    --> src/lz77.rs:13:1
[INFO] [stdout]     |
[INFO] [stdout] 13  | #[derive(Debug)]
[INFO] [stdout]     |
[INFO] [stdout] 
[INFO] [stdout] 
[INFO] [stdout] error[E0277]: `lz77::Code<char, u8>` doesn't implement `Debug`
[INFO] [stdout]    --> src/lz77/encode.rs:310:9
[INFO] [stdout]     |
[INFO] [stdout] 310 |         assert_eq!(found_encoding, expected_encoding);
[INFO] [stdout]     |         ^^^^^^^^^^^^^^^^^^^^^^^^^^^^^^^^^^^^^^^^^^^^^ `lz77::Code<char, u8>` cannot be formatted using `{:?}`
[INFO] [stdout]     |
[INFO] [stdout]     = help: the trait `Debug` is not implemented for `lz77::Code<char, u8>`
[INFO] [stdout]     = note: add `#[derive(Debug)]` to `lz77::Code<char, u8>` or manually `impl Debug for lz77::Code<char, u8>`
[INFO] [stdout]     = help: the trait `Debug` is implemented for `Vec<T, A>`
[INFO] [stdout]     = note: this error originates in the macro `assert_eq` (in Nightly builds, run with -Z macro-backtrace for more info)
[INFO] [stdout] help: consider annotating `lz77::Code<char, u8>` with `#[derive(Debug)]`
[INFO] [stdout]    --> src/lz77.rs:13:1
[INFO] [stdout]     |
[INFO] [stdout] 13  | #[derive(Debug)]
[INFO] [stdout]     |
[INFO] [stdout] 
[INFO] [stdout] 
[INFO] [stdout] error: aborting due to 24 previous errors
[INFO] [stdout] 
[INFO] [stdout] 
[INFO] [stdout] For more information about this error, try `rustc --explain E0277`.
[INFO] [stdout] 
[INFO] [stdout] error: aborting due to 24 previous errors
[INFO] [stdout] 
[INFO] [stdout] 
[INFO] [stdout] For more information about this error, try `rustc --explain E0277`.
[INFO] [stdout] 
[INFO] [stderr] error: could not compile `lz77` due to 25 previous errors
[INFO] [stderr] warning: build failed, waiting for other jobs to finish...
[INFO] [stderr] error: could not compile `lz77` due to 25 previous errors
[INFO] running `Command { std: "docker" "inspect" "f28b7d0d06abf001aab7968ebdc803bd104d267680b7733361aa5cce86a51169", kill_on_drop: false }`
[INFO] running `Command { std: "docker" "rm" "-f" "f28b7d0d06abf001aab7968ebdc803bd104d267680b7733361aa5cce86a51169", kill_on_drop: false }`
[INFO] [stdout] f28b7d0d06abf001aab7968ebdc803bd104d267680b7733361aa5cce86a51169
