[INFO] cloning repository https://github.com/andyblarblar/ttssh
[INFO] running `Command { std: "git" "-c" "credential.helper=" "-c" "credential.helper=/workspace/cargo-home/bin/git-credential-null" "clone" "--bare" "https://github.com/andyblarblar/ttssh" "/workspace/cache/git-repos/https%3A%2F%2Fgithub.com%2Fandyblarblar%2Fttssh", kill_on_drop: false }`
[INFO] [stderr] Cloning into bare repository '/workspace/cache/git-repos/https%3A%2F%2Fgithub.com%2Fandyblarblar%2Fttssh'...
[INFO] running `Command { std: "git" "rev-parse" "HEAD", kill_on_drop: false }`
[INFO] [stdout] 26f029c01b70915f10585a10d4aaac1868da1fb3
[INFO] testing andyblarblar/ttssh against beta-2023-04-20 for beta-1.70-1
[INFO] running `Command { std: "git" "clone" "/workspace/cache/git-repos/https%3A%2F%2Fgithub.com%2Fandyblarblar%2Fttssh" "/workspace/builds/worker-3-tc2/source", kill_on_drop: false }`
[INFO] [stderr] Cloning into '/workspace/builds/worker-3-tc2/source'...
[INFO] [stderr] done.
[INFO] validating manifest of git repo https://github.com/andyblarblar/ttssh on toolchain beta-2023-04-20
[INFO] running `Command { std: CARGO_HOME="/workspace/cargo-home" RUSTUP_HOME="/workspace/rustup-home" "/workspace/cargo-home/bin/cargo" "+beta-2023-04-20" "metadata" "--manifest-path" "Cargo.toml" "--no-deps", kill_on_drop: false }`
[INFO] started tweaking git repo https://github.com/andyblarblar/ttssh
[INFO] finished tweaking git repo https://github.com/andyblarblar/ttssh
[INFO] tweaked toml for git repo https://github.com/andyblarblar/ttssh written to /workspace/builds/worker-3-tc2/source/Cargo.toml
[INFO] crate git repo https://github.com/andyblarblar/ttssh already has a lockfile, it will not be regenerated
[INFO] running `Command { std: CARGO_HOME="/workspace/cargo-home" RUSTUP_HOME="/workspace/rustup-home" "/workspace/cargo-home/bin/cargo" "+beta-2023-04-20" "fetch" "--manifest-path" "Cargo.toml", kill_on_drop: false }`
[INFO] [stderr]     Updating crates.io index
[INFO] [stderr]  Downloading crates ...
[INFO] [stderr]   Downloaded speech-dispatcher-sys v0.5.2
[INFO] [stderr]   Downloaded speech-dispatcher v0.10.0
[INFO] [stderr]   Downloaded tts v0.20.1
[INFO] running `Command { std: "docker" "create" "-v" "/var/lib/crater-agent-workspace/builds/worker-3-tc2/target:/opt/rustwide/target:rw,Z" "-v" "/var/lib/crater-agent-workspace/builds/worker-3-tc2/source:/opt/rustwide/workdir:ro,Z" "-v" "/var/lib/crater-agent-workspace/cargo-home:/opt/rustwide/cargo-home:ro,Z" "-v" "/var/lib/crater-agent-workspace/rustup-home:/opt/rustwide/rustup-home:ro,Z" "-e" "SOURCE_DIR=/opt/rustwide/workdir" "-e" "CARGO_TARGET_DIR=/opt/rustwide/target" "-e" "CARGO_HOME=/opt/rustwide/cargo-home" "-e" "RUSTUP_HOME=/opt/rustwide/rustup-home" "-w" "/opt/rustwide/workdir" "-m" "1610612736" "--user" "0:0" "--network" "none" "ghcr.io/rust-lang/crates-build-env/linux@sha256:5ff2268d62e97bff2cde7d5815dd6ed5b47097566f13b8d0ca110b04b60e07ed" "/opt/rustwide/cargo-home/bin/cargo" "+beta-2023-04-20" "metadata" "--no-deps" "--format-version=1", kill_on_drop: false }`
[INFO] [stdout] 73638e636d308c7204573d98b0195cbd232ed568ce6cc270cdd0b7086ab586d9
[INFO] running `Command { std: "docker" "start" "-a" "73638e636d308c7204573d98b0195cbd232ed568ce6cc270cdd0b7086ab586d9", kill_on_drop: false }`
[INFO] running `Command { std: "docker" "inspect" "73638e636d308c7204573d98b0195cbd232ed568ce6cc270cdd0b7086ab586d9", kill_on_drop: false }`
[INFO] running `Command { std: "docker" "rm" "-f" "73638e636d308c7204573d98b0195cbd232ed568ce6cc270cdd0b7086ab586d9", kill_on_drop: false }`
[INFO] [stdout] 73638e636d308c7204573d98b0195cbd232ed568ce6cc270cdd0b7086ab586d9
[INFO] running `Command { std: "docker" "create" "-v" "/var/lib/crater-agent-workspace/builds/worker-3-tc2/target:/opt/rustwide/target:rw,Z" "-v" "/var/lib/crater-agent-workspace/builds/worker-3-tc2/source:/opt/rustwide/workdir:ro,Z" "-v" "/var/lib/crater-agent-workspace/cargo-home:/opt/rustwide/cargo-home:ro,Z" "-v" "/var/lib/crater-agent-workspace/rustup-home:/opt/rustwide/rustup-home:ro,Z" "-e" "SOURCE_DIR=/opt/rustwide/workdir" "-e" "CARGO_TARGET_DIR=/opt/rustwide/target" "-e" "CARGO_INCREMENTAL=0" "-e" "RUST_BACKTRACE=full" "-e" "RUSTFLAGS=--cap-lints=warn" "-e" "RUSTDOCFLAGS=--cap-lints=warn" "-e" "CARGO_HOME=/opt/rustwide/cargo-home" "-e" "RUSTUP_HOME=/opt/rustwide/rustup-home" "-w" "/opt/rustwide/workdir" "-m" "1610612736" "--user" "0:0" "--network" "none" "ghcr.io/rust-lang/crates-build-env/linux@sha256:5ff2268d62e97bff2cde7d5815dd6ed5b47097566f13b8d0ca110b04b60e07ed" "/opt/rustwide/cargo-home/bin/cargo" "+beta-2023-04-20" "build" "--frozen" "--message-format=json", kill_on_drop: false }`
[INFO] [stdout] 390b237cfd63c3fcb5ce8e3d001ba004f7a625acbaeb7847de500103a39e6624
[INFO] running `Command { std: "docker" "start" "-a" "390b237cfd63c3fcb5ce8e3d001ba004f7a625acbaeb7847de500103a39e6624", kill_on_drop: false }`
[INFO] [stderr]    Compiling proc-macro2 v1.0.36
[INFO] [stderr]    Compiling unicode-xid v0.2.2
[INFO] [stderr]    Compiling libc v0.2.112
[INFO] [stderr]    Compiling memchr v2.4.1
[INFO] [stderr]    Compiling cfg-if v1.0.0
[INFO] [stderr]    Compiling version_check v0.9.4
[INFO] [stderr]    Compiling glob v0.3.0
[INFO] [stderr]    Compiling log v0.4.14
[INFO] [stderr]    Compiling minimal-lexical v0.2.1
[INFO] [stderr]    Compiling regex-syntax v0.6.25
[INFO] [stderr]    Compiling unicode-width v0.1.9
[INFO] [stderr]    Compiling syn v1.0.85
[INFO] [stderr]    Compiling strsim v0.8.0
[INFO] [stderr]    Compiling vec_map v0.8.2
[INFO] [stderr]    Compiling either v1.6.1
[INFO] [stderr]    Compiling ansi_term v0.12.1
[INFO] [stderr]    Compiling libloading v0.7.3
[INFO] [stderr]    Compiling textwrap v0.11.0
[INFO] [stderr]    Compiling termcolor v1.1.2
[INFO] [stderr]    Compiling bindgen v0.59.2
[INFO] [stderr]    Compiling bitflags v1.3.2
[INFO] [stderr]    Compiling humantime v2.1.0
[INFO] [stderr]    Compiling lazycell v1.3.0
[INFO] [stderr]    Compiling shlex v1.1.0
[INFO] [stderr]    Compiling lazy_static v1.4.0
[INFO] [stderr]    Compiling peeking_take_while v0.1.2
[INFO] [stderr]    Compiling rustc-hash v1.1.0
[INFO] [stderr]    Compiling gcc v0.3.55
[INFO] [stderr]    Compiling clang-sys v1.3.0
[INFO] [stderr]    Compiling nom v7.1.0
[INFO] [stderr]    Compiling tts v0.20.1
[INFO] [stderr]    Compiling dyn-clone v1.0.4
[INFO] [stderr]    Compiling quote v1.0.14
[INFO] [stderr]    Compiling aho-corasick v0.7.18
[INFO] [stderr]    Compiling atty v0.2.14
[INFO] [stderr]    Compiling which v4.2.2
[INFO] [stderr]    Compiling clap v2.34.0
[INFO] [stderr]    Compiling regex v1.5.4
[INFO] [stderr]    Compiling cexpr v0.6.0
[INFO] [stderr]    Compiling env_logger v0.9.0
[INFO] [stderr]    Compiling dyn-clonable-impl v0.9.0
[INFO] [stderr]    Compiling thiserror-impl v1.0.30
[INFO] [stderr]    Compiling dyn-clonable v0.9.0
[INFO] [stderr]    Compiling thiserror v1.0.30
[INFO] [stderr]    Compiling speech-dispatcher-sys v0.5.2
[INFO] [stderr]    Compiling speech-dispatcher v0.10.0
[INFO] [stdout] error[E0308]: mismatched types
[INFO] [stdout]   --> /opt/rustwide/cargo-home/registry/src/index.crates.io-6f17d22bba15001f/speech-dispatcher-0.10.0/src/lib.rs:35:13
[INFO] [stdout]    |
[INFO] [stdout] 35 |     Male1 = SPDVoiceType::SPD_MALE1,
[INFO] [stdout]    |             ^^^^^^^^^^^^^^^^^^^^^^^ expected `u32`, found `i32`
[INFO] [stdout] 
[INFO] [stdout] 
[INFO] [stdout] error[E0308]: mismatched types
[INFO] [stdout]   --> /opt/rustwide/cargo-home/registry/src/index.crates.io-6f17d22bba15001f/speech-dispatcher-0.10.0/src/lib.rs:36:13
[INFO] [stdout]    |
[INFO] [stdout] 36 |     Male2 = SPDVoiceType::SPD_MALE2,
[INFO] [stdout]    |             ^^^^^^^^^^^^^^^^^^^^^^^ expected `u32`, found `i32`
[INFO] [stdout] 
[INFO] [stdout] 
[INFO] [stdout] error[E0308]: mismatched types
[INFO] [stdout]   --> /opt/rustwide/cargo-home/registry/src/index.crates.io-6f17d22bba15001f/speech-dispatcher-0.10.0/src/lib.rs:37:13
[INFO] [stdout]    |
[INFO] [stdout] 37 |     Male3 = SPDVoiceType::SPD_MALE3,
[INFO] [stdout]    |             ^^^^^^^^^^^^^^^^^^^^^^^ expected `u32`, found `i32`
[INFO] [stdout] 
[INFO] [stdout] 
[INFO] [stdout] error[E0308]: mismatched types
[INFO] [stdout]   --> /opt/rustwide/cargo-home/registry/src/index.crates.io-6f17d22bba15001f/speech-dispatcher-0.10.0/src/lib.rs:38:15
[INFO] [stdout]    |
[INFO] [stdout] 38 |     Female1 = SPDVoiceType::SPD_FEMALE1,
[INFO] [stdout]    |               ^^^^^^^^^^^^^^^^^^^^^^^^^ expected `u32`, found `i32`
[INFO] [stdout] 
[INFO] [stdout] 
[INFO] [stdout] error[E0308]: mismatched types
[INFO] [stdout]   --> /opt/rustwide/cargo-home/registry/src/index.crates.io-6f17d22bba15001f/speech-dispatcher-0.10.0/src/lib.rs:39:15
[INFO] [stdout]    |
[INFO] [stdout] 39 |     Female2 = SPDVoiceType::SPD_FEMALE2,
[INFO] [stdout]    |               ^^^^^^^^^^^^^^^^^^^^^^^^^ expected `u32`, found `i32`
[INFO] [stdout] 
[INFO] [stdout] 
[INFO] [stdout] error[E0308]: mismatched types
[INFO] [stdout]   --> /opt/rustwide/cargo-home/registry/src/index.crates.io-6f17d22bba15001f/speech-dispatcher-0.10.0/src/lib.rs:40:15
[INFO] [stdout]    |
[INFO] [stdout] 40 |     Female3 = SPDVoiceType::SPD_FEMALE3,
[INFO] [stdout]    |               ^^^^^^^^^^^^^^^^^^^^^^^^^ expected `u32`, found `i32`
[INFO] [stdout] 
[INFO] [stdout] 
[INFO] [stdout] error[E0308]: mismatched types
[INFO] [stdout]   --> /opt/rustwide/cargo-home/registry/src/index.crates.io-6f17d22bba15001f/speech-dispatcher-0.10.0/src/lib.rs:41:17
[INFO] [stdout]    |
[INFO] [stdout] 41 |     ChildMale = SPDVoiceType::SPD_CHILD_MALE,
[INFO] [stdout]    |                 ^^^^^^^^^^^^^^^^^^^^^^^^^^^^ expected `u32`, found `i32`
[INFO] [stdout] 
[INFO] [stdout] 
[INFO] [stdout] error[E0308]: mismatched types
[INFO] [stdout]   --> /opt/rustwide/cargo-home/registry/src/index.crates.io-6f17d22bba15001f/speech-dispatcher-0.10.0/src/lib.rs:42:19
[INFO] [stdout]    |
[INFO] [stdout] 42 |     ChildFemale = SPDVoiceType::SPD_CHILD_FEMALE,
[INFO] [stdout]    |                   ^^^^^^^^^^^^^^^^^^^^^^^^^^^^^^ expected `u32`, found `i32`
[INFO] [stdout] 
[INFO] [stdout] 
[INFO] [stdout] error: aborting due to 8 previous errors
[INFO] [stdout] 
[INFO] [stdout] 
[INFO] [stdout] For more information about this error, try `rustc --explain E0308`.
[INFO] [stdout] 
[INFO] [stderr] error: could not compile `speech-dispatcher` (lib) due to 9 previous errors
[INFO] running `Command { std: "docker" "inspect" "390b237cfd63c3fcb5ce8e3d001ba004f7a625acbaeb7847de500103a39e6624", kill_on_drop: false }`
[INFO] running `Command { std: "docker" "rm" "-f" "390b237cfd63c3fcb5ce8e3d001ba004f7a625acbaeb7847de500103a39e6624", kill_on_drop: false }`
[INFO] [stdout] 390b237cfd63c3fcb5ce8e3d001ba004f7a625acbaeb7847de500103a39e6624
