[INFO] cloning repository https://github.com/andrewkroh/elastic-ingest-wasm-rust-sdk
[INFO] running `Command { std: "git" "-c" "credential.helper=" "-c" "credential.helper=/workspace/cargo-home/bin/git-credential-null" "clone" "--bare" "https://github.com/andrewkroh/elastic-ingest-wasm-rust-sdk" "/workspace/cache/git-repos/https%3A%2F%2Fgithub.com%2Fandrewkroh%2Felastic-ingest-wasm-rust-sdk", kill_on_drop: false }`
[INFO] [stderr] Cloning into bare repository '/workspace/cache/git-repos/https%3A%2F%2Fgithub.com%2Fandrewkroh%2Felastic-ingest-wasm-rust-sdk'...
[INFO] running `Command { std: "git" "rev-parse" "HEAD", kill_on_drop: false }`
[INFO] [stdout] 85d074e89d480a4b066176f1b5c141fa45061604
[INFO] testing andrewkroh/elastic-ingest-wasm-rust-sdk against beta-2023-04-20 for beta-1.70-1
[INFO] running `Command { std: "git" "clone" "/workspace/cache/git-repos/https%3A%2F%2Fgithub.com%2Fandrewkroh%2Felastic-ingest-wasm-rust-sdk" "/workspace/builds/worker-4-tc2/source", kill_on_drop: false }`
[INFO] [stderr] Cloning into '/workspace/builds/worker-4-tc2/source'...
[INFO] [stderr] done.
[INFO] validating manifest of git repo https://github.com/andrewkroh/elastic-ingest-wasm-rust-sdk on toolchain beta-2023-04-20
[INFO] running `Command { std: CARGO_HOME="/workspace/cargo-home" RUSTUP_HOME="/workspace/rustup-home" "/workspace/cargo-home/bin/cargo" "+beta-2023-04-20" "metadata" "--manifest-path" "Cargo.toml" "--no-deps", kill_on_drop: false }`
[INFO] removed /workspace/builds/worker-4-tc2/source/.cargo/config
[INFO] started tweaking git repo https://github.com/andrewkroh/elastic-ingest-wasm-rust-sdk
[INFO] removed 0 missing examples
[INFO] finished tweaking git repo https://github.com/andrewkroh/elastic-ingest-wasm-rust-sdk
[INFO] tweaked toml for git repo https://github.com/andrewkroh/elastic-ingest-wasm-rust-sdk written to /workspace/builds/worker-4-tc2/source/Cargo.toml
[INFO] crate git repo https://github.com/andrewkroh/elastic-ingest-wasm-rust-sdk already has a lockfile, it will not be regenerated
[INFO] running `Command { std: CARGO_HOME="/workspace/cargo-home" RUSTUP_HOME="/workspace/rustup-home" "/workspace/cargo-home/bin/cargo" "+beta-2023-04-20" "fetch" "--manifest-path" "Cargo.toml", kill_on_drop: false }`
[INFO] [stderr]  Downloading crates ...
[INFO] [stderr]   Downloaded serde_derive v1.0.128
[INFO] [stderr]   Downloaded serde v1.0.128
[INFO] running `Command { std: "docker" "create" "-v" "/var/lib/crater-agent-workspace/builds/worker-4-tc2/target:/opt/rustwide/target:rw,Z" "-v" "/var/lib/crater-agent-workspace/builds/worker-4-tc2/source:/opt/rustwide/workdir:ro,Z" "-v" "/var/lib/crater-agent-workspace/cargo-home:/opt/rustwide/cargo-home:ro,Z" "-v" "/var/lib/crater-agent-workspace/rustup-home:/opt/rustwide/rustup-home:ro,Z" "-e" "SOURCE_DIR=/opt/rustwide/workdir" "-e" "CARGO_TARGET_DIR=/opt/rustwide/target" "-e" "CARGO_HOME=/opt/rustwide/cargo-home" "-e" "RUSTUP_HOME=/opt/rustwide/rustup-home" "-w" "/opt/rustwide/workdir" "-m" "1610612736" "--user" "0:0" "--network" "none" "ghcr.io/rust-lang/crates-build-env/linux@sha256:5ff2268d62e97bff2cde7d5815dd6ed5b47097566f13b8d0ca110b04b60e07ed" "/opt/rustwide/cargo-home/bin/cargo" "+beta-2023-04-20" "metadata" "--no-deps" "--format-version=1", kill_on_drop: false }`
[INFO] [stdout] 6d3f88d96cfea6ab7f4adb3ded37c196de666be6e4d1a393fca9707d1c5fb4b1
[INFO] running `Command { std: "docker" "start" "-a" "6d3f88d96cfea6ab7f4adb3ded37c196de666be6e4d1a393fca9707d1c5fb4b1", kill_on_drop: false }`
[INFO] running `Command { std: "docker" "inspect" "6d3f88d96cfea6ab7f4adb3ded37c196de666be6e4d1a393fca9707d1c5fb4b1", kill_on_drop: false }`
[INFO] running `Command { std: "docker" "rm" "-f" "6d3f88d96cfea6ab7f4adb3ded37c196de666be6e4d1a393fca9707d1c5fb4b1", kill_on_drop: false }`
[INFO] [stdout] 6d3f88d96cfea6ab7f4adb3ded37c196de666be6e4d1a393fca9707d1c5fb4b1
[INFO] running `Command { std: "docker" "create" "-v" "/var/lib/crater-agent-workspace/builds/worker-4-tc2/target:/opt/rustwide/target:rw,Z" "-v" "/var/lib/crater-agent-workspace/builds/worker-4-tc2/source:/opt/rustwide/workdir:ro,Z" "-v" "/var/lib/crater-agent-workspace/cargo-home:/opt/rustwide/cargo-home:ro,Z" "-v" "/var/lib/crater-agent-workspace/rustup-home:/opt/rustwide/rustup-home:ro,Z" "-e" "SOURCE_DIR=/opt/rustwide/workdir" "-e" "CARGO_TARGET_DIR=/opt/rustwide/target" "-e" "CARGO_INCREMENTAL=0" "-e" "RUST_BACKTRACE=full" "-e" "RUSTFLAGS=--cap-lints=warn" "-e" "RUSTDOCFLAGS=--cap-lints=warn" "-e" "CARGO_HOME=/opt/rustwide/cargo-home" "-e" "RUSTUP_HOME=/opt/rustwide/rustup-home" "-w" "/opt/rustwide/workdir" "-m" "1610612736" "--user" "0:0" "--network" "none" "ghcr.io/rust-lang/crates-build-env/linux@sha256:5ff2268d62e97bff2cde7d5815dd6ed5b47097566f13b8d0ca110b04b60e07ed" "/opt/rustwide/cargo-home/bin/cargo" "+beta-2023-04-20" "build" "--frozen" "--message-format=json", kill_on_drop: false }`
[INFO] [stdout] a9b857452017ed070ed6fa85736419fbe1448663ddca8a9f14e3030008c457e7
[INFO] running `Command { std: "docker" "start" "-a" "a9b857452017ed070ed6fa85736419fbe1448663ddca8a9f14e3030008c457e7", kill_on_drop: false }`
[INFO] [stderr]    Compiling elastic_ingest v0.1.0 (/opt/rustwide/workdir)
[INFO] [stdout] error[E0425]: cannot find function `elastic_get_field` in this scope
[INFO] [stdout]   --> src/hostcalls.rs:37:15
[INFO] [stdout]    |
[INFO] [stdout] 37 |         match elastic_get_field(
[INFO] [stdout]    |               ^^^^^^^^^^^^^^^^^ not found in this scope
[INFO] [stdout] 
[INFO] [stdout] 
[INFO] [stdout] error[E0425]: cannot find function `elastic_put_field` in this scope
[INFO] [stdout]   --> src/hostcalls.rs:77:15
[INFO] [stdout]    |
[INFO] [stdout] 77 |         match elastic_put_field(key.as_ptr(), key.len(), value.as_ptr(), value.len()) {
[INFO] [stdout]    |               ^^^^^^^^^^^^^^^^^ not found in this scope
[INFO] [stdout] 
[INFO] [stdout] 
[INFO] [stdout] error[E0425]: cannot find function `elastic_log` in this scope
[INFO] [stdout]   --> src/hostcalls.rs:92:15
[INFO] [stdout]    |
[INFO] [stdout] 92 |         match elastic_log(level as i32, message.as_ptr(), message.len()) {
[INFO] [stdout]    |               ^^^^^^^^^^^ not found in this scope
[INFO] [stdout] 
[INFO] [stdout] 
[INFO] [stdout] error[E0425]: cannot find function `elastic_get_current_time_nanoseconds` in this scope
[INFO] [stdout]    --> src/hostcalls.rs:108:15
[INFO] [stdout]     |
[INFO] [stdout] 108 |         match elastic_get_current_time_nanoseconds(&mut return_time) {
[INFO] [stdout]     |               ^^^^^^^^^^^^^^^^^^^^^^^^^^^^^^^^^^^^ not found in this scope
[INFO] [stdout] 
[INFO] [stdout] 
[INFO] [stdout] error: aborting due to 4 previous errors
[INFO] [stdout] 
[INFO] [stdout] 
[INFO] [stdout] For more information about this error, try `rustc --explain E0425`.
[INFO] [stdout] 
[INFO] [stderr] error: could not compile `elastic_ingest` (lib) due to 5 previous errors
[INFO] running `Command { std: "docker" "inspect" "a9b857452017ed070ed6fa85736419fbe1448663ddca8a9f14e3030008c457e7", kill_on_drop: false }`
[INFO] running `Command { std: "docker" "rm" "-f" "a9b857452017ed070ed6fa85736419fbe1448663ddca8a9f14e3030008c457e7", kill_on_drop: false }`
[INFO] [stdout] a9b857452017ed070ed6fa85736419fbe1448663ddca8a9f14e3030008c457e7
