[INFO] cloning repository https://github.com/anatse/kators
[INFO] running `Command { std: "git" "-c" "credential.helper=" "-c" "credential.helper=/workspace/cargo-home/bin/git-credential-null" "clone" "--bare" "https://github.com/anatse/kators" "/workspace/cache/git-repos/https%3A%2F%2Fgithub.com%2Fanatse%2Fkators", kill_on_drop: false }`
[INFO] [stderr] Cloning into bare repository '/workspace/cache/git-repos/https%3A%2F%2Fgithub.com%2Fanatse%2Fkators'...
[INFO] running `Command { std: "git" "rev-parse" "HEAD", kill_on_drop: false }`
[INFO] [stdout] 423689217ac7aaff98215fd8b537d9f140d9c2cf
[INFO] testing anatse/kators against 1.69.0 for beta-1.70-1
[INFO] running `Command { std: "git" "clone" "/workspace/cache/git-repos/https%3A%2F%2Fgithub.com%2Fanatse%2Fkators" "/workspace/builds/worker-2-tc1/source", kill_on_drop: false }`
[INFO] [stderr] Cloning into '/workspace/builds/worker-2-tc1/source'...
[INFO] [stderr] done.
[INFO] validating manifest of git repo https://github.com/anatse/kators on toolchain 1.69.0
[INFO] running `Command { std: CARGO_HOME="/workspace/cargo-home" RUSTUP_HOME="/workspace/rustup-home" "/workspace/cargo-home/bin/cargo" "+1.69.0" "metadata" "--manifest-path" "Cargo.toml" "--no-deps", kill_on_drop: false }`
[INFO] started tweaking git repo https://github.com/anatse/kators
[INFO] finished tweaking git repo https://github.com/anatse/kators
[INFO] tweaked toml for git repo https://github.com/anatse/kators written to /workspace/builds/worker-2-tc1/source/Cargo.toml
[INFO] crate git repo https://github.com/anatse/kators already has a lockfile, it will not be regenerated
[INFO] running `Command { std: CARGO_HOME="/workspace/cargo-home" RUSTUP_HOME="/workspace/rustup-home" "/workspace/cargo-home/bin/cargo" "+1.69.0" "fetch" "--manifest-path" "Cargo.toml", kill_on_drop: false }`
[INFO] [stderr]  Downloading crates ...
[INFO] [stderr]   Downloaded mio v0.8.1
[INFO] [stderr]   Downloaded rdkafka v0.28.0
[INFO] [stderr]   Downloaded libz-sys v1.1.5
[INFO] [stderr]   Downloaded openssl-src v111.18.0+1.1.1n
[INFO] [stderr]   Downloaded rdkafka-sys v4.2.0+1.8.2
[INFO] running `Command { std: "docker" "create" "-v" "/var/lib/crater-agent-workspace/builds/worker-2-tc1/target:/opt/rustwide/target:rw,Z" "-v" "/var/lib/crater-agent-workspace/builds/worker-2-tc1/source:/opt/rustwide/workdir:ro,Z" "-v" "/var/lib/crater-agent-workspace/cargo-home:/opt/rustwide/cargo-home:ro,Z" "-v" "/var/lib/crater-agent-workspace/rustup-home:/opt/rustwide/rustup-home:ro,Z" "-e" "SOURCE_DIR=/opt/rustwide/workdir" "-e" "CARGO_TARGET_DIR=/opt/rustwide/target" "-e" "CARGO_HOME=/opt/rustwide/cargo-home" "-e" "RUSTUP_HOME=/opt/rustwide/rustup-home" "-w" "/opt/rustwide/workdir" "-m" "1610612736" "--user" "0:0" "--network" "none" "ghcr.io/rust-lang/crates-build-env/linux@sha256:5ff2268d62e97bff2cde7d5815dd6ed5b47097566f13b8d0ca110b04b60e07ed" "/opt/rustwide/cargo-home/bin/cargo" "+1.69.0" "metadata" "--no-deps" "--format-version=1", kill_on_drop: false }`
[INFO] [stdout] 3cd71e5e3b32ec3cab3ed46bd02f027ac4d115133f915cd44e7da262a4c83eab
[INFO] running `Command { std: "docker" "start" "-a" "3cd71e5e3b32ec3cab3ed46bd02f027ac4d115133f915cd44e7da262a4c83eab", kill_on_drop: false }`
[INFO] running `Command { std: "docker" "inspect" "3cd71e5e3b32ec3cab3ed46bd02f027ac4d115133f915cd44e7da262a4c83eab", kill_on_drop: false }`
[INFO] running `Command { std: "docker" "rm" "-f" "3cd71e5e3b32ec3cab3ed46bd02f027ac4d115133f915cd44e7da262a4c83eab", kill_on_drop: false }`
[INFO] [stdout] 3cd71e5e3b32ec3cab3ed46bd02f027ac4d115133f915cd44e7da262a4c83eab
[INFO] running `Command { std: "docker" "create" "-v" "/var/lib/crater-agent-workspace/builds/worker-2-tc1/target:/opt/rustwide/target:rw,Z" "-v" "/var/lib/crater-agent-workspace/builds/worker-2-tc1/source:/opt/rustwide/workdir:ro,Z" "-v" "/var/lib/crater-agent-workspace/cargo-home:/opt/rustwide/cargo-home:ro,Z" "-v" "/var/lib/crater-agent-workspace/rustup-home:/opt/rustwide/rustup-home:ro,Z" "-e" "SOURCE_DIR=/opt/rustwide/workdir" "-e" "CARGO_TARGET_DIR=/opt/rustwide/target" "-e" "CARGO_INCREMENTAL=0" "-e" "RUST_BACKTRACE=full" "-e" "RUSTFLAGS=--cap-lints=warn" "-e" "RUSTDOCFLAGS=--cap-lints=warn" "-e" "CARGO_HOME=/opt/rustwide/cargo-home" "-e" "RUSTUP_HOME=/opt/rustwide/rustup-home" "-w" "/opt/rustwide/workdir" "-m" "1610612736" "--user" "0:0" "--network" "none" "ghcr.io/rust-lang/crates-build-env/linux@sha256:5ff2268d62e97bff2cde7d5815dd6ed5b47097566f13b8d0ca110b04b60e07ed" "/opt/rustwide/cargo-home/bin/cargo" "+1.69.0" "build" "--frozen" "--message-format=json", kill_on_drop: false }`
[INFO] [stdout] 8d0b155d85e967781eca0e71771131f832316b77509ce95ae74854ed502c0cfc
[INFO] running `Command { std: "docker" "start" "-a" "8d0b155d85e967781eca0e71771131f832316b77509ce95ae74854ed502c0cfc", kill_on_drop: false }`
[INFO] [stderr]    Compiling libc v0.2.120
[INFO] [stderr]    Compiling cfg-if v1.0.0
[INFO] [stderr]    Compiling proc-macro2 v1.0.36
[INFO] [stderr]    Compiling unicode-xid v0.2.2
[INFO] [stderr]    Compiling autocfg v1.1.0
[INFO] [stderr]    Compiling syn v1.0.89
[INFO] [stderr]    Compiling pkg-config v0.3.24
[INFO] [stderr]    Compiling memchr v2.4.1
[INFO] [stderr]    Compiling lazy_static v1.4.0
[INFO] [stderr]    Compiling once_cell v1.10.0
[INFO] [stderr]    Compiling xml-rs v0.8.4
[INFO] [stderr]    Compiling log v0.4.14
[INFO] [stderr]    Compiling bitflags v1.3.2
[INFO] [stderr]    Compiling futures-core v0.3.21
[INFO] [stderr]    Compiling pin-project-lite v0.2.8
[INFO] [stderr]    Compiling smallvec v1.8.0
[INFO] [stderr]    Compiling serde v1.0.136
[INFO] [stderr]    Compiling serde_derive v1.0.136
[INFO] [stderr]    Compiling libloading v0.7.3
[INFO] [stderr]    Compiling dlib v0.5.0
[INFO] [stderr]    Compiling downcast-rs v1.2.0
[INFO] [stderr]    Compiling memoffset v0.6.5
[INFO] [stderr]    Compiling futures-io v0.3.21
[INFO] [stderr]    Compiling khronos_api v3.1.0
[INFO] [stderr]    Compiling scoped-tls v1.0.0
[INFO] [stderr]    Compiling ppv-lite86 v0.2.16
[INFO] [stderr]    Compiling minimal-lexical v0.2.1
[INFO] [stderr]    Compiling slab v0.4.5
[INFO] [stderr]    Compiling futures-task v0.3.21
[INFO] [stderr]    Compiling futures-channel v0.3.21
[INFO] [stderr]    Compiling wayland-sys v0.29.4
[INFO] [stderr]    Compiling futures-sink v0.3.21
[INFO] [stderr]    Compiling futures-util v0.3.21
[INFO] [stderr]    Compiling version_check v0.9.4
[INFO] [stderr]    Compiling nom v7.1.1
[INFO] [stderr]    Compiling aho-corasick v0.7.18
[INFO] [stderr]    Compiling smithay-client-toolkit v0.15.3
[INFO] [stderr]    Compiling byteorder v1.4.3
[INFO] [stderr]    Compiling quote v1.0.15
[INFO] [stderr]    Compiling gl_generator v0.14.0
[INFO] [stderr]    Compiling scopeguard v1.1.0
[INFO] [stderr]    Compiling jobserver v0.1.24
[INFO] [stderr]    Compiling cache-padded v1.2.0
[INFO] [stderr]    Compiling pin-utils v0.1.0
[INFO] [stderr]    Compiling ahash v0.7.6
[INFO] [stderr]    Compiling wayland-scanner v0.29.4
[INFO] [stderr]    Compiling parking_lot_core v0.8.5
[INFO] [stderr]    Compiling concurrent-queue v1.2.2
[INFO] [stderr]    Compiling quick-xml v0.22.0
[INFO] [stderr]    Compiling x11-dl v2.19.1
[INFO] [stderr]    Compiling cc v1.0.73
[INFO] [stderr]    Compiling tracing-core v0.1.23
[INFO] [stderr]    Compiling instant v0.1.12
[INFO] [stderr]    Compiling percent-encoding v2.1.0
[INFO] [stderr]    Compiling ttf-parser v0.15.0
[INFO] [stderr]    Compiling tinyvec_macros v0.1.0
[INFO] [stderr]    Compiling parking v2.0.0
[INFO] [stderr]    Compiling waker-fn v1.1.0
[INFO] [stderr]    Compiling fastrand v1.7.0
[INFO] [stderr]    Compiling getrandom v0.2.5
[INFO] [stderr]    Compiling nix v0.22.3
[INFO] [stderr]    Compiling memmap2 v0.3.1
[INFO] [stderr]    Compiling openssl-src v111.18.0+1.1.1n
[INFO] [stderr]    Compiling rand_core v0.6.3
[INFO] [stderr]    Compiling event-listener v2.5.2
[INFO] [stderr]    Compiling xcb v0.10.1
[INFO] [stderr]    Compiling futures-lite v1.12.0
[INFO] [stderr]    Compiling rand_chacha v0.3.1
[INFO] [stderr]    Compiling tinyvec v1.5.1
[INFO] [stderr]    Compiling lock_api v0.4.6
[INFO] [stderr]    Compiling ahash v0.4.7
[INFO] [stderr]    Compiling rand v0.8.5
[INFO] [stderr]    Compiling async-trait v0.1.52
[INFO] [stderr]    Compiling static_assertions v1.1.0
[INFO] [stderr]    Compiling openssl-sys v0.9.72
[INFO] [stderr]    Compiling matches v0.1.9
[INFO] [stderr]    Compiling ab_glyph_rasterizer v0.1.5
[INFO] [stderr]    Compiling regex-syntax v0.6.25
[INFO] [stderr]    Compiling zstd-sys v1.6.2+zstd.1.5.1
[INFO] [stderr]    Compiling wayland-client v0.29.4
[INFO] [stderr]    Compiling wayland-protocols v0.29.4
[INFO] [stderr]    Compiling xcursor v0.3.4
[INFO] [stderr]    Compiling hashbrown v0.9.1
[INFO] [stderr]    Compiling parking_lot v0.11.2
[INFO] [stderr]    Compiling unicode-normalization v0.1.19
[INFO] [stderr]    Compiling dlv-list v0.2.3
[INFO] [stderr]    Compiling socket2 v0.4.4
[INFO] [stderr]    Compiling polling v2.2.0
[INFO] [stderr]    Compiling sha1_smol v1.0.0
[INFO] [stderr]    Compiling owned_ttf_parser v0.15.0
[INFO] [stderr]    Compiling hex v0.4.3
[INFO] [stderr]    Compiling ab_glyph v0.2.15
[INFO] [stderr]    Compiling toml v0.5.8
[INFO] [stderr]    Compiling easy-parallel v3.2.0
[INFO] [stderr]    Compiling cty v0.2.2
[INFO] [stderr]    Compiling unicode-bidi v0.3.7
[INFO] [stderr]    Compiling winit v0.26.1
[INFO] [stderr]    Compiling nohash-hasher v0.2.0
[INFO] [stderr]    Compiling async-task v4.2.0
[INFO] [stderr]    Compiling atomic_refcell v0.1.8
[INFO] [stderr]    Compiling async-broadcast v0.3.4
[INFO] [stderr]    Compiling async-executor v1.4.1
[INFO] [stderr]    Compiling idna v0.2.3
[INFO] [stderr]    Compiling raw-window-handle v0.4.2
[INFO] [stderr]    Compiling regex v1.5.5
[INFO] [stderr]    Compiling async-io v1.6.0
[INFO] [stderr]    Compiling sha1 v0.6.1
[INFO] [stderr]    Compiling ordered-multimap v0.3.1
[INFO] [stderr]    Compiling form_urlencoded v1.0.1
[INFO] [stderr]    Compiling libz-sys v1.1.5
[INFO] [stderr]    Compiling async-lock v2.5.0
[INFO] [stderr]    Compiling async-channel v1.6.1
[INFO] [stderr]    Compiling glutin_glx_sys v0.1.7
[INFO] [stderr]    Compiling wayland-commons v0.29.4
[INFO] [stderr]    Compiling calloop v0.9.3
[INFO] [stderr]    Compiling glutin_egl_sys v0.1.5
[INFO] [stderr]    Compiling mio v0.8.1
[INFO] [stderr]    Compiling dirs-sys v0.3.6
[INFO] [stderr]    Compiling nix v0.23.1
[INFO] [stderr]    Compiling ordered-stream v0.0.1
[INFO] [stderr]    Compiling indexmap v1.8.0
[INFO] [stderr]    Compiling num-traits v0.2.14
[INFO] [stderr]    Compiling dark-light v0.2.1
[INFO] [stderr]    Compiling dirs v4.0.0
[INFO] [stderr]    Compiling url v2.2.2
[INFO] [stderr]    Compiling rust-ini v0.17.0
[INFO] [stderr]    Compiling shared_library v0.1.9
[INFO] [stderr]    Compiling num-integer v0.1.44
[INFO] [stderr]    Compiling x11-clipboard v0.5.3
[INFO] [stderr]    Compiling hashbrown v0.11.2
[INFO] [stderr]    Compiling crossbeam-utils v0.8.8
[INFO] [stderr]    Compiling detect-desktop-environment v0.2.0
[INFO] [stderr]    Compiling dconf_rs v0.3.0
[INFO] [stderr]    Compiling serde_json v1.0.79
[INFO] [stderr]    Compiling zstd-safe v4.1.3+zstd.1.5.1
[INFO] [stderr]    Compiling webbrowser v0.6.0
[INFO] [stderr]    Compiling osmesa-sys v0.1.2
[INFO] [stderr]    Compiling rdkafka-sys v4.2.0+1.8.2
[INFO] [stderr]    Compiling wayland-cursor v0.29.4
[INFO] [stderr]    Compiling wayland-egl v0.29.4
[INFO] [stderr]    Compiling crossbeam-epoch v0.9.8
[INFO] [stderr]    Compiling crc32fast v1.3.2
[INFO] [stderr]    Compiling ryu v1.0.9
[INFO] [stderr]    Compiling itoa v1.0.1
[INFO] [stderr]    Compiling glow v0.11.2
[INFO] [stderr]    Compiling anyhow v1.0.56
[INFO] [stderr]    Compiling foreign-types-shared v0.1.1
[INFO] [stderr]    Compiling openssl v0.10.38
[INFO] [stderr]    Compiling foreign-types v0.3.2
[INFO] [stderr]    Compiling tracing-log v0.1.2
[INFO] [stderr]    Compiling fs2 v0.4.3
[INFO] [stderr]    Compiling atty v0.2.14
[INFO] [stderr]    Compiling fxhash v0.2.1
[INFO] [stderr]    Compiling thread_local v1.1.4
[INFO] [stderr]    Compiling sharded-slab v0.1.4
[INFO] [stderr]    Compiling tokio v1.17.0
[INFO] [stderr]    Compiling base64 v0.13.0
[INFO] [stderr]    Compiling termcolor v1.1.3
[INFO] [stderr]    Compiling ansi_term v0.12.1
[INFO] [stderr]    Compiling chrono v0.4.19
[INFO] [stderr]    Compiling humantime v2.1.0
[INFO] [stderr]    Compiling tracing-subscriber v0.3.9
[INFO] [stderr]    Compiling thiserror-impl v1.0.30
[INFO] [stderr]    Compiling futures-macro v0.3.21
[INFO] [stderr]    Compiling enumflags2_derive v0.7.3
[INFO] [stderr] LLVM ERROR: IO failure on output stream: No space left on device
[INFO] [stderr] LLVM ERROR: IO failure on output stream: No space left on device
[INFO] [stderr] LLVM ERROR: IO failure on output stream: No space left on device
[INFO] [stderr] error: could not compile `enumflags2_derive`
[INFO] [stderr] warning: build failed, waiting for other jobs to finish...
[INFO] [stderr] LLVM ERROR: IO failure on output stream: No space left on device
[INFO] [stderr] error: could not compile `futures-macro`
[INFO] [stderr] error: could not compile `thiserror-impl`
[INFO] [stderr] LLVM ERROR: IO failure on output stream: No space left on device
[INFO] [stderr] error: could not compile `nix`
[INFO] [stderr] LLVM ERROR: IO failure on output stream: No space left on device
[INFO] [stderr] error: could not compile `tokio`
[INFO] [stderr] LLVM ERROR: IO failure on output stream: No space left on device
[INFO] [stderr] error: could not compile `regex-syntax`
[INFO] [stderr] error: could not compile `regex`
[INFO] [stderr] LLVM ERROR: IO failure on output stream: No space left on device
[INFO] [stderr] error: could not compile `tracing-subscriber`
[INFO] [stderr] error: failed to run custom build command for `openssl-sys v0.9.72`
[INFO] [stderr] note: To improve backtraces for build dependencies, set the CARGO_PROFILE_DEV_BUILD_OVERRIDE_DEBUG=true environment variable to enable debug information generation.
[INFO] [stderr] 
[INFO] [stderr] Caused by:
[INFO] [stderr]   process didn't exit successfully: `/opt/rustwide/target/debug/build/openssl-sys-1062dd81aa01ebee/build-script-main` (exit status: 101)
[INFO] [stderr]   --- stdout
[INFO] [stderr]   cargo:rustc-cfg=const_fn
[INFO] [stderr]   cargo:rerun-if-env-changed=X86_64_UNKNOWN_LINUX_GNU_OPENSSL_NO_VENDOR
[INFO] [stderr]   X86_64_UNKNOWN_LINUX_GNU_OPENSSL_NO_VENDOR unset
[INFO] [stderr]   cargo:rerun-if-env-changed=OPENSSL_NO_VENDOR
[INFO] [stderr]   OPENSSL_NO_VENDOR unset
[INFO] [stderr]   CC_x86_64-unknown-linux-gnu = None
[INFO] [stderr]   CC_x86_64_unknown_linux_gnu = None
[INFO] [stderr]   HOST_CC = None
[INFO] [stderr]   CC = None
[INFO] [stderr]   CFLAGS_x86_64-unknown-linux-gnu = None
[INFO] [stderr]   CFLAGS_x86_64_unknown_linux_gnu = None
[INFO] [stderr]   HOST_CFLAGS = None
[INFO] [stderr]   CFLAGS = None
[INFO] [stderr]   CRATE_CC_NO_DEFAULTS = None
[INFO] [stderr]   DEBUG = Some("true")
[INFO] [stderr]   CARGO_CFG_TARGET_FEATURE = Some("fxsr,sse,sse2")
[INFO] [stderr]   running cd "/opt/rustwide/target/debug/build/openssl-sys-06634a40fc55fe58/out/openssl-build/build/src" && CC="cc" "perl" "./Configure" "--prefix=/opt/rustwide/target/debug/build/openssl-sys-06634a40fc55fe58/out/openssl-build/install" "no-dso" "no-shared" "no-ssl3" "no-unit-test" "no-comp" "no-zlib" "no-zlib-dynamic" "no-md2" "no-rc5" "no-weak-ssl-ciphers" "no-camellia" "no-idea" "no-seed" "linux-x86_64" "-O2" "-ffunction-sections" "-fdata-sections" "-fPIC" "-g" "-fno-omit-frame-pointer" "-m64"
[INFO] [stderr]   Configuring OpenSSL version 1.1.1n (0x101010efL) for linux-x86_64
[INFO] [stderr]   Using os-specific seed configuration
[INFO] [stderr]   Creating configdata.pm
[INFO] [stderr]   Creating Makefile
[INFO] [stderr] 
[INFO] [stderr]   **********************************************************************
[INFO] [stderr]   ***                                                                ***
[INFO] [stderr]   ***   OpenSSL has been successfully configured                     ***
[INFO] [stderr]   ***                                                                ***
[INFO] [stderr]   ***   If you encounter a problem while building, please open an    ***
[INFO] [stderr]   ***   issue on GitHub <https://github.com/openssl/openssl/issues>  ***
[INFO] [stderr]   ***   and include the output from the following command:           ***
[INFO] [stderr]   ***                                                                ***
[INFO] [stderr]   ***       perl configdata.pm --dump                                ***
[INFO] [stderr]   ***                                                                ***
[INFO] [stderr]   ***   (If you are new to OpenSSL, you might want to consult the    ***
[INFO] [stderr]   ***   'Troubleshooting' section in the INSTALL file first)         ***
[INFO] [stderr]   ***                                                                ***
[INFO] [stderr]   **********************************************************************
[INFO] [stderr]   running cd "/opt/rustwide/target/debug/build/openssl-sys-06634a40fc55fe58/out/openssl-build/build/src" && "make" "depend"
[INFO] [stderr]   running cd "/opt/rustwide/target/debug/build/openssl-sys-06634a40fc55fe58/out/openssl-build/build/src" && MAKEFLAGS="-j --jobserver-fds=10,11 --jobserver-auth=10,11" "make" "build_libs"
[INFO] [stderr]   /usr/bin/perl "-I." -Mconfigdata "util/dofile.pl" \
[INFO] [stderr]       "-oMakefile" include/crypto/bn_conf.h.in > include/crypto/bn_conf.h
[INFO] [stderr]   /usr/bin/perl "-I." -Mconfigdata "util/dofile.pl" \
[INFO] [stderr]       "-oMakefile" include/crypto/dso_conf.h.in > include/crypto/dso_conf.h
[INFO] [stderr]   /usr/bin/perl "-I." -Mconfigdata "util/dofile.pl" \
[INFO] [stderr]       "-oMakefile" include/openssl/opensslconf.h.in > include/openssl/opensslconf.h
[INFO] [stderr]   make depend && make _build_libs
[INFO] [stderr]   make[1]: Entering directory '/opt/rustwide/target/debug/build/openssl-sys-06634a40fc55fe58/out/openssl-build/build/src'
[INFO] [stderr]   make[1]: Leaving directory '/opt/rustwide/target/debug/build/openssl-sys-06634a40fc55fe58/out/openssl-build/build/src'
[INFO] [stderr]   make[1]: Entering directory '/opt/rustwide/target/debug/build/openssl-sys-06634a40fc55fe58/out/openssl-build/build/src'
[INFO] [stderr]   cc  -I. -Iinclude -fPIC -pthread -m64 -Wa,--noexecstack -Wall -O3 -O2 -ffunction-sections -fdata-sections -fPIC -g -fno-omit-frame-pointer -m64 -DOPENSSL_USE_NODELETE -DL_ENDIAN -DOPENSSL_PIC -DOPENSSL_CPUID_OBJ -DOPENSSL_IA32_SSE2 -DOPENSSL_BN_ASM_MONT -DOPENSSL_BN_ASM_MONT5 -DOPENSSL_BN_ASM_GF2m -DSHA1_ASM -DSHA256_ASM -DSHA512_ASM -DKECCAK1600_ASM -DRC4_ASM -DMD5_ASM -DAESNI_ASM -DVPAES_ASM -DGHASH_ASM -DECP_NISTZ256_ASM -DX25519_ASM -DPOLY1305_ASM -DOPENSSLDIR="\"/opt/rustwide/target/debug/build/openssl-sys-06634a40fc55fe58/out/openssl-build/install/ssl\"" -DENGINESDIR="\"/opt/rustwide/target/debug/build/openssl-sys-06634a40fc55fe58/out/openssl-build/install/lib/engines-1.1\"" -DNDEBUG  -MMD -MF apps/app_rand.d.tmp -MT apps/app_rand.o -c -o apps/app_rand.o apps/app_rand.c
[INFO] [stderr]   cc  -I. -Iinclude -fPIC -pthread -m64 -Wa,--noexecstack -Wall -O3 -O2 -ffunction-sections -fdata-sections -fPIC -g -fno-omit-frame-pointer -m64 -DOPENSSL_USE_NODELETE -DL_ENDIAN -DOPENSSL_PIC -DOPENSSL_CPUID_OBJ -DOPENSSL_IA32_SSE2 -DOPENSSL_BN_ASM_MONT -DOPENSSL_BN_ASM_MONT5 -DOPENSSL_BN_ASM_GF2m -DSHA1_ASM -DSHA256_ASM -DSHA512_ASM -DKECCAK1600_ASM -DRC4_ASM -DMD5_ASM -DAESNI_ASM -DVPAES_ASM -DGHASH_ASM -DECP_NISTZ256_ASM -DX25519_ASM -DPOLY1305_ASM -DOPENSSLDIR="\"/opt/rustwide/target/debug/build/openssl-sys-06634a40fc55fe58/out/openssl-build/install/ssl\"" -DENGINESDIR="\"/opt/rustwide/target/debug/build/openssl-sys-06634a40fc55fe58/out/openssl-build/install/lib/engines-1.1\"" -DNDEBUG  -MMD -MF apps/apps.d.tmp -MT apps/apps.o -c -o apps/apps.o apps/apps.c
[INFO] [stderr]   cc  -I. -Iinclude -fPIC -pthread -m64 -Wa,--noexecstack -Wall -O3 -O2 -ffunction-sections -fdata-sections -fPIC -g -fno-omit-frame-pointer -m64 -DOPENSSL_USE_NODELETE -DL_ENDIAN -DOPENSSL_PIC -DOPENSSL_CPUID_OBJ -DOPENSSL_IA32_SSE2 -DOPENSSL_BN_ASM_MONT -DOPENSSL_BN_ASM_MONT5 -DOPENSSL_BN_ASM_GF2m -DSHA1_ASM -DSHA256_ASM -DSHA512_ASM -DKECCAK1600_ASM -DRC4_ASM -DMD5_ASM -DAESNI_ASM -DVPAES_ASM -DGHASH_ASM -DECP_NISTZ256_ASM -DX25519_ASM -DPOLY1305_ASM -DOPENSSLDIR="\"/opt/rustwide/target/debug/build/openssl-sys-06634a40fc55fe58/out/openssl-build/install/ssl\"" -DENGINESDIR="\"/opt/rustwide/target/debug/build/openssl-sys-06634a40fc55fe58/out/openssl-build/install/lib/engines-1.1\"" -DNDEBUG  -MMD -MF apps/bf_prefix.d.tmp -MT apps/bf_prefix.o -c -o apps/bf_prefix.o apps/bf_prefix.c
[INFO] [stderr]   cc  -I. -Iinclude -fPIC -pthread -m64 -Wa,--noexecstack -Wall -O3 -O2 -ffunction-sections -fdata-sections -fPIC -g -fno-omit-frame-pointer -m64 -DOPENSSL_USE_NODELETE -DL_ENDIAN -DOPENSSL_PIC -DOPENSSL_CPUID_OBJ -DOPENSSL_IA32_SSE2 -DOPENSSL_BN_ASM_MONT -DOPENSSL_BN_ASM_MONT5 -DOPENSSL_BN_ASM_GF2m -DSHA1_ASM -DSHA256_ASM -DSHA512_ASM -DKECCAK1600_ASM -DRC4_ASM -DMD5_ASM -DAESNI_ASM -DVPAES_ASM -DGHASH_ASM -DECP_NISTZ256_ASM -DX25519_ASM -DPOLY1305_ASM -DOPENSSLDIR="\"/opt/rustwide/target/debug/build/openssl-sys-06634a40fc55fe58/out/openssl-build/install/ssl\"" -DENGINESDIR="\"/opt/rustwide/target/debug/build/openssl-sys-06634a40fc55fe58/out/openssl-build/install/lib/engines-1.1\"" -DNDEBUG  -MMD -MF apps/opt.d.tmp -MT apps/opt.o -c -o apps/opt.o apps/opt.c
[INFO] [stderr]   cc  -I. -Iinclude -fPIC -pthread -m64 -Wa,--noexecstack -Wall -O3 -O2 -ffunction-sections -fdata-sections -fPIC -g -fno-omit-frame-pointer -m64 -DOPENSSL_USE_NODELETE -DL_ENDIAN -DOPENSSL_PIC -DOPENSSL_CPUID_OBJ -DOPENSSL_IA32_SSE2 -DOPENSSL_BN_ASM_MONT -DOPENSSL_BN_ASM_MONT5 -DOPENSSL_BN_ASM_GF2m -DSHA1_ASM -DSHA256_ASM -DSHA512_ASM -DKECCAK1600_ASM -DRC4_ASM -DMD5_ASM -DAESNI_ASM -DVPAES_ASM -DGHASH_ASM -DECP_NISTZ256_ASM -DX25519_ASM -DPOLY1305_ASM -DOPENSSLDIR="\"/opt/rustwide/target/debug/build/openssl-sys-06634a40fc55fe58/out/openssl-build/install/ssl\"" -DENGINESDIR="\"/opt/rustwide/target/debug/build/openssl-sys-06634a40fc55fe58/out/openssl-build/install/lib/engines-1.1\"" -DNDEBUG  -MMD -MF apps/s_cb.d.tmp -MT apps/s_cb.o -c -o apps/s_cb.o apps/s_cb.c
[INFO] [stderr]   cc  -I. -Iinclude -fPIC -pthread -m64 -Wa,--noexecstack -Wall -O3 -O2 -ffunction-sections -fdata-sections -fPIC -g -fno-omit-frame-pointer -m64 -DOPENSSL_USE_NODELETE -DL_ENDIAN -DOPENSSL_PIC -DOPENSSL_CPUID_OBJ -DOPENSSL_IA32_SSE2 -DOPENSSL_BN_ASM_MONT -DOPENSSL_BN_ASM_MONT5 -DOPENSSL_BN_ASM_GF2m -DSHA1_ASM -DSHA256_ASM -DSHA512_ASM -DKECCAK1600_ASM -DRC4_ASM -DMD5_ASM -DAESNI_ASM -DVPAES_ASM -DGHASH_ASM -DECP_NISTZ256_ASM -DX25519_ASM -DPOLY1305_ASM -DOPENSSLDIR="\"/opt/rustwide/target/debug/build/openssl-sys-06634a40fc55fe58/out/openssl-build/install/ssl\"" -DENGINESDIR="\"/opt/rustwide/target/debug/build/openssl-sys-06634a40fc55fe58/out/openssl-build/install/lib/engines-1.1\"" -DNDEBUG  -MMD -MF apps/s_socket.d.tmp -MT apps/s_socket.o -c -o apps/s_socket.o apps/s_socket.c
[INFO] [stderr]   cc  -I. -Iinclude -fPIC -pthread -m64 -Wa,--noexecstack -Wall -O3 -O2 -ffunction-sections -fdata-sections -fPIC -g -fno-omit-frame-pointer -m64 -DOPENSSL_USE_NODELETE -DL_ENDIAN -DOPENSSL_PIC -DOPENSSL_CPUID_OBJ -DOPENSSL_IA32_SSE2 -DOPENSSL_BN_ASM_MONT -DOPENSSL_BN_ASM_MONT5 -DOPENSSL_BN_ASM_GF2m -DSHA1_ASM -DSHA256_ASM -DSHA512_ASM -DKECCAK1600_ASM -DRC4_ASM -DMD5_ASM -DAESNI_ASM -DVPAES_ASM -DGHASH_ASM -DECP_NISTZ256_ASM -DX25519_ASM -DPOLY1305_ASM -DOPENSSLDIR="\"/opt/rustwide/target/debug/build/openssl-sys-06634a40fc55fe58/out/openssl-build/install/ssl\"" -DENGINESDIR="\"/opt/rustwide/target/debug/build/openssl-sys-06634a40fc55fe58/out/openssl-build/install/lib/engines-1.1\"" -DNDEBUG  -MMD -MF crypto/aes/aes_cbc.d.tmp -MT crypto/aes/aes_cbc.o -c -o crypto/aes/aes_cbc.o crypto/aes/aes_cbc.c
[INFO] [stderr]   cc  -I. -Iinclude -fPIC -pthread -m64 -Wa,--noexecstack -Wall -O3 -O2 -ffunction-sections -fdata-sections -fPIC -g -fno-omit-frame-pointer -m64 -DOPENSSL_USE_NODELETE -DL_ENDIAN -DOPENSSL_PIC -DOPENSSL_CPUID_OBJ -DOPENSSL_IA32_SSE2 -DOPENSSL_BN_ASM_MONT -DOPENSSL_BN_ASM_MONT5 -DOPENSSL_BN_ASM_GF2m -DSHA1_ASM -DSHA256_ASM -DSHA512_ASM -DKECCAK1600_ASM -DRC4_ASM -DMD5_ASM -DAESNI_ASM -DVPAES_ASM -DGHASH_ASM -DECP_NISTZ256_ASM -DX25519_ASM -DPOLY1305_ASM -DOPENSSLDIR="\"/opt/rustwide/target/debug/build/openssl-sys-06634a40fc55fe58/out/openssl-build/install/ssl\"" -DENGINESDIR="\"/opt/rustwide/target/debug/build/openssl-sys-06634a40fc55fe58/out/openssl-build/install/lib/engines-1.1\"" -DNDEBUG  -MMD -MF crypto/aes/aes_cfb.d.tmp -MT crypto/aes/aes_cfb.o -c -o crypto/aes/aes_cfb.o crypto/aes/aes_cfb.c
[INFO] [stderr]   cc  -I. -Iinclude -fPIC -pthread -m64 -Wa,--noexecstack -Wall -O3 -O2 -ffunction-sections -fdata-sections -fPIC -g -fno-omit-frame-pointer -m64 -DOPENSSL_USE_NODELETE -DL_ENDIAN -DOPENSSL_PIC -DOPENSSL_CPUID_OBJ -DOPENSSL_IA32_SSE2 -DOPENSSL_BN_ASM_MONT -DOPENSSL_BN_ASM_MONT5 -DOPENSSL_BN_ASM_GF2m -DSHA1_ASM -DSHA256_ASM -DSHA512_ASM -DKECCAK1600_ASM -DRC4_ASM -DMD5_ASM -DAESNI_ASM -DVPAES_ASM -DGHASH_ASM -DECP_NISTZ256_ASM -DX25519_ASM -DPOLY1305_ASM -DOPENSSLDIR="\"/opt/rustwide/target/debug/build/openssl-sys-06634a40fc55fe58/out/openssl-build/install/ssl\"" -DENGINESDIR="\"/opt/rustwide/target/debug/build/openssl-sys-06634a40fc55fe58/out/openssl-build/install/lib/engines-1.1\"" -DNDEBUG  -MMD -MF crypto/aes/aes_core.d.tmp -MT crypto/aes/aes_core.o -c -o crypto/aes/aes_core.o crypto/aes/aes_core.c
[INFO] [stderr]   cc  -I. -Iinclude -fPIC -pthread -m64 -Wa,--noexecstack -Wall -O3 -O2 -ffunction-sections -fdata-sections -fPIC -g -fno-omit-frame-pointer -m64 -DOPENSSL_USE_NODELETE -DL_ENDIAN -DOPENSSL_PIC -DOPENSSL_CPUID_OBJ -DOPENSSL_IA32_SSE2 -DOPENSSL_BN_ASM_MONT -DOPENSSL_BN_ASM_MONT5 -DOPENSSL_BN_ASM_GF2m -DSHA1_ASM -DSHA256_ASM -DSHA512_ASM -DKECCAK1600_ASM -DRC4_ASM -DMD5_ASM -DAESNI_ASM -DVPAES_ASM -DGHASH_ASM -DECP_NISTZ256_ASM -DX25519_ASM -DPOLY1305_ASM -DOPENSSLDIR="\"/opt/rustwide/target/debug/build/openssl-sys-06634a40fc55fe58/out/openssl-build/install/ssl\"" -DENGINESDIR="\"/opt/rustwide/target/debug/build/openssl-sys-06634a40fc55fe58/out/openssl-build/install/lib/engines-1.1\"" -DNDEBUG  -MMD -MF crypto/aes/aes_ecb.d.tmp -MT crypto/aes/aes_ecb.o -c -o crypto/aes/aes_ecb.o crypto/aes/aes_ecb.c
[INFO] [stderr]   cc  -I. -Iinclude -fPIC -pthread -m64 -Wa,--noexecstack -Wall -O3 -O2 -ffunction-sections -fdata-sections -fPIC -g -fno-omit-frame-pointer -m64 -DOPENSSL_USE_NODELETE -DL_ENDIAN -DOPENSSL_PIC -DOPENSSL_CPUID_OBJ -DOPENSSL_IA32_SSE2 -DOPENSSL_BN_ASM_MONT -DOPENSSL_BN_ASM_MONT5 -DOPENSSL_BN_ASM_GF2m -DSHA1_ASM -DSHA256_ASM -DSHA512_ASM -DKECCAK1600_ASM -DRC4_ASM -DMD5_ASM -DAESNI_ASM -DVPAES_ASM -DGHASH_ASM -DECP_NISTZ256_ASM -DX25519_ASM -DPOLY1305_ASM -DOPENSSLDIR="\"/opt/rustwide/target/debug/build/openssl-sys-06634a40fc55fe58/out/openssl-build/install/ssl\"" -DENGINESDIR="\"/opt/rustwide/target/debug/build/openssl-sys-06634a40fc55fe58/out/openssl-build/install/lib/engines-1.1\"" -DNDEBUG  -MMD -MF crypto/aes/aes_ige.d.tmp -MT crypto/aes/aes_ige.o -c -o crypto/aes/aes_ige.o crypto/aes/aes_ige.c
[INFO] [stderr]   cc  -I. -Iinclude -fPIC -pthread -m64 -Wa,--noexecstack -Wall -O3 -O2 -ffunction-sections -fdata-sections -fPIC -g -fno-omit-frame-pointer -m64 -DOPENSSL_USE_NODELETE -DL_ENDIAN -DOPENSSL_PIC -DOPENSSL_CPUID_OBJ -DOPENSSL_IA32_SSE2 -DOPENSSL_BN_ASM_MONT -DOPENSSL_BN_ASM_MONT5 -DOPENSSL_BN_ASM_GF2m -DSHA1_ASM -DSHA256_ASM -DSHA512_ASM -DKECCAK1600_ASM -DRC4_ASM -DMD5_ASM -DAESNI_ASM -DVPAES_ASM -DGHASH_ASM -DECP_NISTZ256_ASM -DX25519_ASM -DPOLY1305_ASM -DOPENSSLDIR="\"/opt/rustwide/target/debug/build/openssl-sys-06634a40fc55fe58/out/openssl-build/install/ssl\"" -DENGINESDIR="\"/opt/rustwide/target/debug/build/openssl-sys-06634a40fc55fe58/out/openssl-build/install/lib/engines-1.1\"" -DNDEBUG  -MMD -MF crypto/aes/aes_misc.d.tmp -MT crypto/aes/aes_misc.o -c -o crypto/aes/aes_misc.o crypto/aes/aes_misc.c
[INFO] [stderr]   cc  -I. -Iinclude -fPIC -pthread -m64 -Wa,--noexecstack -Wall -O3 -O2 -ffunction-sections -fdata-sections -fPIC -g -fno-omit-frame-pointer -m64 -DOPENSSL_USE_NODELETE -DL_ENDIAN -DOPENSSL_PIC -DOPENSSL_CPUID_OBJ -DOPENSSL_IA32_SSE2 -DOPENSSL_BN_ASM_MONT -DOPENSSL_BN_ASM_MONT5 -DOPENSSL_BN_ASM_GF2m -DSHA1_ASM -DSHA256_ASM -DSHA512_ASM -DKECCAK1600_ASM -DRC4_ASM -DMD5_ASM -DAESNI_ASM -DVPAES_ASM -DGHASH_ASM -DECP_NISTZ256_ASM -DX25519_ASM -DPOLY1305_ASM -DOPENSSLDIR="\"/opt/rustwide/target/debug/build/openssl-sys-06634a40fc55fe58/out/openssl-build/install/ssl\"" -DENGINESDIR="\"/opt/rustwide/target/debug/build/openssl-sys-06634a40fc55fe58/out/openssl-build/install/lib/engines-1.1\"" -DNDEBUG  -MMD -MF crypto/aes/aes_ofb.d.tmp -MT crypto/aes/aes_ofb.o -c -o crypto/aes/aes_ofb.o crypto/aes/aes_ofb.c
[INFO] [stderr]   cc  -I. -Iinclude -fPIC -pthread -m64 -Wa,--noexecstack -Wall -O3 -O2 -ffunction-sections -fdata-sections -fPIC -g -fno-omit-frame-pointer -m64 -DOPENSSL_USE_NODELETE -DL_ENDIAN -DOPENSSL_PIC -DOPENSSL_CPUID_OBJ -DOPENSSL_IA32_SSE2 -DOPENSSL_BN_ASM_MONT -DOPENSSL_BN_ASM_MONT5 -DOPENSSL_BN_ASM_GF2m -DSHA1_ASM -DSHA256_ASM -DSHA512_ASM -DKECCAK1600_ASM -DRC4_ASM -DMD5_ASM -DAESNI_ASM -DVPAES_ASM -DGHASH_ASM -DECP_NISTZ256_ASM -DX25519_ASM -DPOLY1305_ASM -DOPENSSLDIR="\"/opt/rustwide/target/debug/build/openssl-sys-06634a40fc55fe58/out/openssl-build/install/ssl\"" -DENGINESDIR="\"/opt/rustwide/target/debug/build/openssl-sys-06634a40fc55fe58/out/openssl-build/install/lib/engines-1.1\"" -DNDEBUG  -MMD -MF crypto/aes/aes_wrap.d.tmp -MT crypto/aes/aes_wrap.o -c -o crypto/aes/aes_wrap.o crypto/aes/aes_wrap.c
[INFO] [stderr]   CC="cc" /usr/bin/perl crypto/aes/asm/aesni-mb-x86_64.pl elf crypto/aes/aesni-mb-x86_64.s
[INFO] [stderr]   CC="cc" /usr/bin/perl crypto/aes/asm/aesni-sha1-x86_64.pl elf crypto/aes/aesni-sha1-x86_64.s
[INFO] [stderr]   CC="cc" /usr/bin/perl crypto/aes/asm/aesni-sha256-x86_64.pl elf crypto/aes/aesni-sha256-x86_64.s
[INFO] [stderr]   CC="cc" /usr/bin/perl crypto/aes/asm/aesni-x86_64.pl elf crypto/aes/aesni-x86_64.s
[INFO] [stderr]   CC="cc" /usr/bin/perl crypto/aes/asm/vpaes-x86_64.pl elf crypto/aes/vpaes-x86_64.s
[INFO] [stderr]   cc  -I. -Iinclude -fPIC -pthread -m64 -Wa,--noexecstack -Wall -O3 -O2 -ffunction-sections -fdata-sections -fPIC -g -fno-omit-frame-pointer -m64 -DOPENSSL_USE_NODELETE -DL_ENDIAN -DOPENSSL_PIC -DOPENSSL_CPUID_OBJ -DOPENSSL_IA32_SSE2 -DOPENSSL_BN_ASM_MONT -DOPENSSL_BN_ASM_MONT5 -DOPENSSL_BN_ASM_GF2m -DSHA1_ASM -DSHA256_ASM -DSHA512_ASM -DKECCAK1600_ASM -DRC4_ASM -DMD5_ASM -DAESNI_ASM -DVPAES_ASM -DGHASH_ASM -DECP_NISTZ256_ASM -DX25519_ASM -DPOLY1305_ASM -DOPENSSLDIR="\"/opt/rustwide/target/debug/build/openssl-sys-06634a40fc55fe58/out/openssl-build/install/ssl\"" -DENGINESDIR="\"/opt/rustwide/target/debug/build/openssl-sys-06634a40fc55fe58/out/openssl-build/install/lib/engines-1.1\"" -DNDEBUG  -MMD -MF crypto/aria/aria.d.tmp -MT crypto/aria/aria.o -c -o crypto/aria/aria.o crypto/aria/aria.c
[INFO] [stderr]   cc  -I. -Iinclude -fPIC -pthread -m64 -Wa,--noexecstack -Wall -O3 -O2 -ffunction-sections -fdata-sections -fPIC -g -fno-omit-frame-pointer -m64 -DOPENSSL_USE_NODELETE -DL_ENDIAN -DOPENSSL_PIC -DOPENSSL_CPUID_OBJ -DOPENSSL_IA32_SSE2 -DOPENSSL_BN_ASM_MONT -DOPENSSL_BN_ASM_MONT5 -DOPENSSL_BN_ASM_GF2m -DSHA1_ASM -DSHA256_ASM -DSHA512_ASM -DKECCAK1600_ASM -DRC4_ASM -DMD5_ASM -DAESNI_ASM -DVPAES_ASM -DGHASH_ASM -DECP_NISTZ256_ASM -DX25519_ASM -DPOLY1305_ASM -DOPENSSLDIR="\"/opt/rustwide/target/debug/build/openssl-sys-06634a40fc55fe58/out/openssl-build/install/ssl\"" -DENGINESDIR="\"/opt/rustwide/target/debug/build/openssl-sys-06634a40fc55fe58/out/openssl-build/install/lib/engines-1.1\"" -DNDEBUG  -MMD -MF crypto/asn1/a_bitstr.d.tmp -MT crypto/asn1/a_bitstr.o -c -o crypto/asn1/a_bitstr.o crypto/asn1/a_bitstr.c
[INFO] [stderr]   cc  -I. -Iinclude -fPIC -pthread -m64 -Wa,--noexecstack -Wall -O3 -O2 -ffunction-sections -fdata-sections -fPIC -g -fno-omit-frame-pointer -m64 -DOPENSSL_USE_NODELETE -DL_ENDIAN -DOPENSSL_PIC -DOPENSSL_CPUID_OBJ -DOPENSSL_IA32_SSE2 -DOPENSSL_BN_ASM_MONT -DOPENSSL_BN_ASM_MONT5 -DOPENSSL_BN_ASM_GF2m -DSHA1_ASM -DSHA256_ASM -DSHA512_ASM -DKECCAK1600_ASM -DRC4_ASM -DMD5_ASM -DAESNI_ASM -DVPAES_ASM -DGHASH_ASM -DECP_NISTZ256_ASM -DX25519_ASM -DPOLY1305_ASM -DOPENSSLDIR="\"/opt/rustwide/target/debug/build/openssl-sys-06634a40fc55fe58/out/openssl-build/install/ssl\"" -DENGINESDIR="\"/opt/rustwide/target/debug/build/openssl-sys-06634a40fc55fe58/out/openssl-build/install/lib/engines-1.1\"" -DNDEBUG  -MMD -MF crypto/asn1/a_d2i_fp.d.tmp -MT crypto/asn1/a_d2i_fp.o -c -o crypto/asn1/a_d2i_fp.o crypto/asn1/a_d2i_fp.c
[INFO] [stderr]   cc  -I. -Iinclude -fPIC -pthread -m64 -Wa,--noexecstack -Wall -O3 -O2 -ffunction-sections -fdata-sections -fPIC -g -fno-omit-frame-pointer -m64 -DOPENSSL_USE_NODELETE -DL_ENDIAN -DOPENSSL_PIC -DOPENSSL_CPUID_OBJ -DOPENSSL_IA32_SSE2 -DOPENSSL_BN_ASM_MONT -DOPENSSL_BN_ASM_MONT5 -DOPENSSL_BN_ASM_GF2m -DSHA1_ASM -DSHA256_ASM -DSHA512_ASM -DKECCAK1600_ASM -DRC4_ASM -DMD5_ASM -DAESNI_ASM -DVPAES_ASM -DGHASH_ASM -DECP_NISTZ256_ASM -DX25519_ASM -DPOLY1305_ASM -DOPENSSLDIR="\"/opt/rustwide/target/debug/build/openssl-sys-06634a40fc55fe58/out/openssl-build/install/ssl\"" -DENGINESDIR="\"/opt/rustwide/target/debug/build/openssl-sys-06634a40fc55fe58/out/openssl-build/install/lib/engines-1.1\"" -DNDEBUG  -MMD -MF crypto/asn1/a_digest.d.tmp -MT crypto/asn1/a_digest.o -c -o crypto/asn1/a_digest.o crypto/asn1/a_digest.c
[INFO] [stderr]   cc  -I. -Iinclude -fPIC -pthread -m64 -Wa,--noexecstack -Wall -O3 -O2 -ffunction-sections -fdata-sections -fPIC -g -fno-omit-frame-pointer -m64 -DOPENSSL_USE_NODELETE -DL_ENDIAN -DOPENSSL_PIC -DOPENSSL_CPUID_OBJ -DOPENSSL_IA32_SSE2 -DOPENSSL_BN_ASM_MONT -DOPENSSL_BN_ASM_MONT5 -DOPENSSL_BN_ASM_GF2m -DSHA1_ASM -DSHA256_ASM -DSHA512_ASM -DKECCAK1600_ASM -DRC4_ASM -DMD5_ASM -DAESNI_ASM -DVPAES_ASM -DGHASH_ASM -DECP_NISTZ256_ASM -DX25519_ASM -DPOLY1305_ASM -DOPENSSLDIR="\"/opt/rustwide/target/debug/build/openssl-sys-06634a40fc55fe58/out/openssl-build/install/ssl\"" -DENGINESDIR="\"/opt/rustwide/target/debug/build/openssl-sys-06634a40fc55fe58/out/openssl-build/install/lib/engines-1.1\"" -DNDEBUG  -MMD -MF crypto/asn1/a_dup.d.tmp -MT crypto/asn1/a_dup.o -c -o crypto/asn1/a_dup.o crypto/asn1/a_dup.c
[INFO] [stderr]   cc  -I. -Iinclude -fPIC -pthread -m64 -Wa,--noexecstack -Wall -O3 -O2 -ffunction-sections -fdata-sections -fPIC -g -fno-omit-frame-pointer -m64 -DOPENSSL_USE_NODELETE -DL_ENDIAN -DOPENSSL_PIC -DOPENSSL_CPUID_OBJ -DOPENSSL_IA32_SSE2 -DOPENSSL_BN_ASM_MONT -DOPENSSL_BN_ASM_MONT5 -DOPENSSL_BN_ASM_GF2m -DSHA1_ASM -DSHA256_ASM -DSHA512_ASM -DKECCAK1600_ASM -DRC4_ASM -DMD5_ASM -DAESNI_ASM -DVPAES_ASM -DGHASH_ASM -DECP_NISTZ256_ASM -DX25519_ASM -DPOLY1305_ASM -DOPENSSLDIR="\"/opt/rustwide/target/debug/build/openssl-sys-06634a40fc55fe58/out/openssl-build/install/ssl\"" -DENGINESDIR="\"/opt/rustwide/target/debug/build/openssl-sys-06634a40fc55fe58/out/openssl-build/install/lib/engines-1.1\"" -DNDEBUG  -MMD -MF crypto/asn1/a_gentm.d.tmp -MT crypto/asn1/a_gentm.o -c -o crypto/asn1/a_gentm.o crypto/asn1/a_gentm.c
[INFO] [stderr]   cc  -I. -Iinclude -fPIC -pthread -m64 -Wa,--noexecstack -Wall -O3 -O2 -ffunction-sections -fdata-sections -fPIC -g -fno-omit-frame-pointer -m64 -DOPENSSL_USE_NODELETE -DL_ENDIAN -DOPENSSL_PIC -DOPENSSL_CPUID_OBJ -DOPENSSL_IA32_SSE2 -DOPENSSL_BN_ASM_MONT -DOPENSSL_BN_ASM_MONT5 -DOPENSSL_BN_ASM_GF2m -DSHA1_ASM -DSHA256_ASM -DSHA512_ASM -DKECCAK1600_ASM -DRC4_ASM -DMD5_ASM -DAESNI_ASM -DVPAES_ASM -DGHASH_ASM -DECP_NISTZ256_ASM -DX25519_ASM -DPOLY1305_ASM -DOPENSSLDIR="\"/opt/rustwide/target/debug/build/openssl-sys-06634a40fc55fe58/out/openssl-build/install/ssl\"" -DENGINESDIR="\"/opt/rustwide/target/debug/build/openssl-sys-06634a40fc55fe58/out/openssl-build/install/lib/engines-1.1\"" -DNDEBUG  -MMD -MF crypto/asn1/a_i2d_fp.d.tmp -MT crypto/asn1/a_i2d_fp.o -c -o crypto/asn1/a_i2d_fp.o crypto/asn1/a_i2d_fp.c
[INFO] [stderr]   cc  -I. -Iinclude -fPIC -pthread -m64 -Wa,--noexecstack -Wall -O3 -O2 -ffunction-sections -fdata-sections -fPIC -g -fno-omit-frame-pointer -m64 -DOPENSSL_USE_NODELETE -DL_ENDIAN -DOPENSSL_PIC -DOPENSSL_CPUID_OBJ -DOPENSSL_IA32_SSE2 -DOPENSSL_BN_ASM_MONT -DOPENSSL_BN_ASM_MONT5 -DOPENSSL_BN_ASM_GF2m -DSHA1_ASM -DSHA256_ASM -DSHA512_ASM -DKECCAK1600_ASM -DRC4_ASM -DMD5_ASM -DAESNI_ASM -DVPAES_ASM -DGHASH_ASM -DECP_NISTZ256_ASM -DX25519_ASM -DPOLY1305_ASM -DOPENSSLDIR="\"/opt/rustwide/target/debug/build/openssl-sys-06634a40fc55fe58/out/openssl-build/install/ssl\"" -DENGINESDIR="\"/opt/rustwide/target/debug/build/openssl-sys-06634a40fc55fe58/out/openssl-build/install/lib/engines-1.1\"" -DNDEBUG  -MMD -MF crypto/asn1/a_int.d.tmp -MT crypto/asn1/a_int.o -c -o crypto/asn1/a_int.o crypto/asn1/a_int.c
[INFO] [stderr]   cc  -I. -Iinclude -fPIC -pthread -m64 -Wa,--noexecstack -Wall -O3 -O2 -ffunction-sections -fdata-sections -fPIC -g -fno-omit-frame-pointer -m64 -DOPENSSL_USE_NODELETE -DL_ENDIAN -DOPENSSL_PIC -DOPENSSL_CPUID_OBJ -DOPENSSL_IA32_SSE2 -DOPENSSL_BN_ASM_MONT -DOPENSSL_BN_ASM_MONT5 -DOPENSSL_BN_ASM_GF2m -DSHA1_ASM -DSHA256_ASM -DSHA512_ASM -DKECCAK1600_ASM -DRC4_ASM -DMD5_ASM -DAESNI_ASM -DVPAES_ASM -DGHASH_ASM -DECP_NISTZ256_ASM -DX25519_ASM -DPOLY1305_ASM -DOPENSSLDIR="\"/opt/rustwide/target/debug/build/openssl-sys-06634a40fc55fe58/out/openssl-build/install/ssl\"" -DENGINESDIR="\"/opt/rustwide/target/debug/build/openssl-sys-06634a40fc55fe58/out/openssl-build/install/lib/engines-1.1\"" -DNDEBUG  -MMD -MF crypto/asn1/a_mbstr.d.tmp -MT crypto/asn1/a_mbstr.o -c -o crypto/asn1/a_mbstr.o crypto/asn1/a_mbstr.c
[INFO] [stderr]   cc  -I. -Iinclude -fPIC -pthread -m64 -Wa,--noexecstack -Wall -O3 -O2 -ffunction-sections -fdata-sections -fPIC -g -fno-omit-frame-pointer -m64 -DOPENSSL_USE_NODELETE -DL_ENDIAN -DOPENSSL_PIC -DOPENSSL_CPUID_OBJ -DOPENSSL_IA32_SSE2 -DOPENSSL_BN_ASM_MONT -DOPENSSL_BN_ASM_MONT5 -DOPENSSL_BN_ASM_GF2m -DSHA1_ASM -DSHA256_ASM -DSHA512_ASM -DKECCAK1600_ASM -DRC4_ASM -DMD5_ASM -DAESNI_ASM -DVPAES_ASM -DGHASH_ASM -DECP_NISTZ256_ASM -DX25519_ASM -DPOLY1305_ASM -DOPENSSLDIR="\"/opt/rustwide/target/debug/build/openssl-sys-06634a40fc55fe58/out/openssl-build/install/ssl\"" -DENGINESDIR="\"/opt/rustwide/target/debug/build/openssl-sys-06634a40fc55fe58/out/openssl-build/install/lib/engines-1.1\"" -DNDEBUG  -MMD -MF crypto/asn1/a_object.d.tmp -MT crypto/asn1/a_object.o -c -o crypto/asn1/a_object.o crypto/asn1/a_object.c
[INFO] [stderr]   cc  -I. -Iinclude -fPIC -pthread -m64 -Wa,--noexecstack -Wall -O3 -O2 -ffunction-sections -fdata-sections -fPIC -g -fno-omit-frame-pointer -m64 -DOPENSSL_USE_NODELETE -DL_ENDIAN -DOPENSSL_PIC -DOPENSSL_CPUID_OBJ -DOPENSSL_IA32_SSE2 -DOPENSSL_BN_ASM_MONT -DOPENSSL_BN_ASM_MONT5 -DOPENSSL_BN_ASM_GF2m -DSHA1_ASM -DSHA256_ASM -DSHA512_ASM -DKECCAK1600_ASM -DRC4_ASM -DMD5_ASM -DAESNI_ASM -DVPAES_ASM -DGHASH_ASM -DECP_NISTZ256_ASM -DX25519_ASM -DPOLY1305_ASM -DOPENSSLDIR="\"/opt/rustwide/target/debug/build/openssl-sys-06634a40fc55fe58/out/openssl-build/install/ssl\"" -DENGINESDIR="\"/opt/rustwide/target/debug/build/openssl-sys-06634a40fc55fe58/out/openssl-build/install/lib/engines-1.1\"" -DNDEBUG  -MMD -MF crypto/asn1/a_octet.d.tmp -MT crypto/asn1/a_octet.o -c -o crypto/asn1/a_octet.o crypto/asn1/a_octet.c
[INFO] [stderr]   cc  -I. -Iinclude -fPIC -pthread -m64 -Wa,--noexecstack -Wall -O3 -O2 -ffunction-sections -fdata-sections -fPIC -g -fno-omit-frame-pointer -m64 -DOPENSSL_USE_NODELETE -DL_ENDIAN -DOPENSSL_PIC -DOPENSSL_CPUID_OBJ -DOPENSSL_IA32_SSE2 -DOPENSSL_BN_ASM_MONT -DOPENSSL_BN_ASM_MONT5 -DOPENSSL_BN_ASM_GF2m -DSHA1_ASM -DSHA256_ASM -DSHA512_ASM -DKECCAK1600_ASM -DRC4_ASM -DMD5_ASM -DAESNI_ASM -DVPAES_ASM -DGHASH_ASM -DECP_NISTZ256_ASM -DX25519_ASM -DPOLY1305_ASM -DOPENSSLDIR="\"/opt/rustwide/target/debug/build/openssl-sys-06634a40fc55fe58/out/openssl-build/install/ssl\"" -DENGINESDIR="\"/opt/rustwide/target/debug/build/openssl-sys-06634a40fc55fe58/out/openssl-build/install/lib/engines-1.1\"" -DNDEBUG  -MMD -MF crypto/asn1/a_print.d.tmp -MT crypto/asn1/a_print.o -c -o crypto/asn1/a_print.o crypto/asn1/a_print.c
[INFO] [stderr]   cc  -I. -Iinclude -fPIC -pthread -m64 -Wa,--noexecstack -Wall -O3 -O2 -ffunction-sections -fdata-sections -fPIC -g -fno-omit-frame-pointer -m64 -DOPENSSL_USE_NODELETE -DL_ENDIAN -DOPENSSL_PIC -DOPENSSL_CPUID_OBJ -DOPENSSL_IA32_SSE2 -DOPENSSL_BN_ASM_MONT -DOPENSSL_BN_ASM_MONT5 -DOPENSSL_BN_ASM_GF2m -DSHA1_ASM -DSHA256_ASM -DSHA512_ASM -DKECCAK1600_ASM -DRC4_ASM -DMD5_ASM -DAESNI_ASM -DVPAES_ASM -DGHASH_ASM -DECP_NISTZ256_ASM -DX25519_ASM -DPOLY1305_ASM -DOPENSSLDIR="\"/opt/rustwide/target/debug/build/openssl-sys-06634a40fc55fe58/out/openssl-build/install/ssl\"" -DENGINESDIR="\"/opt/rustwide/target/debug/build/openssl-sys-06634a40fc55fe58/out/openssl-build/install/lib/engines-1.1\"" -DNDEBUG  -MMD -MF crypto/asn1/a_sign.d.tmp -MT crypto/asn1/a_sign.o -c -o crypto/asn1/a_sign.o crypto/asn1/a_sign.c
[INFO] [stderr]   cc  -I. -Iinclude -fPIC -pthread -m64 -Wa,--noexecstack -Wall -O3 -O2 -ffunction-sections -fdata-sections -fPIC -g -fno-omit-frame-pointer -m64 -DOPENSSL_USE_NODELETE -DL_ENDIAN -DOPENSSL_PIC -DOPENSSL_CPUID_OBJ -DOPENSSL_IA32_SSE2 -DOPENSSL_BN_ASM_MONT -DOPENSSL_BN_ASM_MONT5 -DOPENSSL_BN_ASM_GF2m -DSHA1_ASM -DSHA256_ASM -DSHA512_ASM -DKECCAK1600_ASM -DRC4_ASM -DMD5_ASM -DAESNI_ASM -DVPAES_ASM -DGHASH_ASM -DECP_NISTZ256_ASM -DX25519_ASM -DPOLY1305_ASM -DOPENSSLDIR="\"/opt/rustwide/target/debug/build/openssl-sys-06634a40fc55fe58/out/openssl-build/install/ssl\"" -DENGINESDIR="\"/opt/rustwide/target/debug/build/openssl-sys-06634a40fc55fe58/out/openssl-build/install/lib/engines-1.1\"" -DNDEBUG  -MMD -MF crypto/asn1/a_strex.d.tmp -MT crypto/asn1/a_strex.o -c -o crypto/asn1/a_strex.o crypto/asn1/a_strex.c
[INFO] [stderr]   cc  -I. -Iinclude -fPIC -pthread -m64 -Wa,--noexecstack -Wall -O3 -O2 -ffunction-sections -fdata-sections -fPIC -g -fno-omit-frame-pointer -m64 -DOPENSSL_USE_NODELETE -DL_ENDIAN -DOPENSSL_PIC -DOPENSSL_CPUID_OBJ -DOPENSSL_IA32_SSE2 -DOPENSSL_BN_ASM_MONT -DOPENSSL_BN_ASM_MONT5 -DOPENSSL_BN_ASM_GF2m -DSHA1_ASM -DSHA256_ASM -DSHA512_ASM -DKECCAK1600_ASM -DRC4_ASM -DMD5_ASM -DAESNI_ASM -DVPAES_ASM -DGHASH_ASM -DECP_NISTZ256_ASM -DX25519_ASM -DPOLY1305_ASM -DOPENSSLDIR="\"/opt/rustwide/target/debug/build/openssl-sys-06634a40fc55fe58/out/openssl-build/install/ssl\"" -DENGINESDIR="\"/opt/rustwide/target/debug/build/openssl-sys-06634a40fc55fe58/out/openssl-build/install/lib/engines-1.1\"" -DNDEBUG  -MMD -MF crypto/asn1/a_strnid.d.tmp -MT crypto/asn1/a_strnid.o -c -o crypto/asn1/a_strnid.o crypto/asn1/a_strnid.c
[INFO] [stderr]   cc  -I. -Iinclude -fPIC -pthread -m64 -Wa,--noexecstack -Wall -O3 -O2 -ffunction-sections -fdata-sections -fPIC -g -fno-omit-frame-pointer -m64 -DOPENSSL_USE_NODELETE -DL_ENDIAN -DOPENSSL_PIC -DOPENSSL_CPUID_OBJ -DOPENSSL_IA32_SSE2 -DOPENSSL_BN_ASM_MONT -DOPENSSL_BN_ASM_MONT5 -DOPENSSL_BN_ASM_GF2m -DSHA1_ASM -DSHA256_ASM -DSHA512_ASM -DKECCAK1600_ASM -DRC4_ASM -DMD5_ASM -DAESNI_ASM -DVPAES_ASM -DGHASH_ASM -DECP_NISTZ256_ASM -DX25519_ASM -DPOLY1305_ASM -DOPENSSLDIR="\"/opt/rustwide/target/debug/build/openssl-sys-06634a40fc55fe58/out/openssl-build/install/ssl\"" -DENGINESDIR="\"/opt/rustwide/target/debug/build/openssl-sys-06634a40fc55fe58/out/openssl-build/install/lib/engines-1.1\"" -DNDEBUG  -MMD -MF crypto/asn1/a_time.d.tmp -MT crypto/asn1/a_time.o -c -o crypto/asn1/a_time.o crypto/asn1/a_time.c
[INFO] [stderr]   cc  -I. -Iinclude -fPIC -pthread -m64 -Wa,--noexecstack -Wall -O3 -O2 -ffunction-sections -fdata-sections -fPIC -g -fno-omit-frame-pointer -m64 -DOPENSSL_USE_NODELETE -DL_ENDIAN -DOPENSSL_PIC -DOPENSSL_CPUID_OBJ -DOPENSSL_IA32_SSE2 -DOPENSSL_BN_ASM_MONT -DOPENSSL_BN_ASM_MONT5 -DOPENSSL_BN_ASM_GF2m -DSHA1_ASM -DSHA256_ASM -DSHA512_ASM -DKECCAK1600_ASM -DRC4_ASM -DMD5_ASM -DAESNI_ASM -DVPAES_ASM -DGHASH_ASM -DECP_NISTZ256_ASM -DX25519_ASM -DPOLY1305_ASM -DOPENSSLDIR="\"/opt/rustwide/target/debug/build/openssl-sys-06634a40fc55fe58/out/openssl-build/install/ssl\"" -DENGINESDIR="\"/opt/rustwide/target/debug/build/openssl-sys-06634a40fc55fe58/out/openssl-build/install/lib/engines-1.1\"" -DNDEBUG  -MMD -MF crypto/asn1/a_type.d.tmp -MT crypto/asn1/a_type.o -c -o crypto/asn1/a_type.o crypto/asn1/a_type.c
[INFO] [stderr]   cc  -I. -Iinclude -fPIC -pthread -m64 -Wa,--noexecstack -Wall -O3 -O2 -ffunction-sections -fdata-sections -fPIC -g -fno-omit-frame-pointer -m64 -DOPENSSL_USE_NODELETE -DL_ENDIAN -DOPENSSL_PIC -DOPENSSL_CPUID_OBJ -DOPENSSL_IA32_SSE2 -DOPENSSL_BN_ASM_MONT -DOPENSSL_BN_ASM_MONT5 -DOPENSSL_BN_ASM_GF2m -DSHA1_ASM -DSHA256_ASM -DSHA512_ASM -DKECCAK1600_ASM -DRC4_ASM -DMD5_ASM -DAESNI_ASM -DVPAES_ASM -DGHASH_ASM -DECP_NISTZ256_ASM -DX25519_ASM -DPOLY1305_ASM -DOPENSSLDIR="\"/opt/rustwide/target/debug/build/openssl-sys-06634a40fc55fe58/out/openssl-build/install/ssl\"" -DENGINESDIR="\"/opt/rustwide/target/debug/build/openssl-sys-06634a40fc55fe58/out/openssl-build/install/lib/engines-1.1\"" -DNDEBUG  -MMD -MF crypto/asn1/a_utctm.d.tmp -MT crypto/asn1/a_utctm.o -c -o crypto/asn1/a_utctm.o crypto/asn1/a_utctm.c
[INFO] [stderr]   cc  -I. -Iinclude -fPIC -pthread -m64 -Wa,--noexecstack -Wall -O3 -O2 -ffunction-sections -fdata-sections -fPIC -g -fno-omit-frame-pointer -m64 -DOPENSSL_USE_NODELETE -DL_ENDIAN -DOPENSSL_PIC -DOPENSSL_CPUID_OBJ -DOPENSSL_IA32_SSE2 -DOPENSSL_BN_ASM_MONT -DOPENSSL_BN_ASM_MONT5 -DOPENSSL_BN_ASM_GF2m -DSHA1_ASM -DSHA256_ASM -DSHA512_ASM -DKECCAK1600_ASM -DRC4_ASM -DMD5_ASM -DAESNI_ASM -DVPAES_ASM -DGHASH_ASM -DECP_NISTZ256_ASM -DX25519_ASM -DPOLY1305_ASM -DOPENSSLDIR="\"/opt/rustwide/target/debug/build/openssl-sys-06634a40fc55fe58/out/openssl-build/install/ssl\"" -DENGINESDIR="\"/opt/rustwide/target/debug/build/openssl-sys-06634a40fc55fe58/out/openssl-build/install/lib/engines-1.1\"" -DNDEBUG  -MMD -MF crypto/asn1/a_utf8.d.tmp -MT crypto/asn1/a_utf8.o -c -o crypto/asn1/a_utf8.o crypto/asn1/a_utf8.c
[INFO] [stderr]   cc  -I. -Iinclude -fPIC -pthread -m64 -Wa,--noexecstack -Wall -O3 -O2 -ffunction-sections -fdata-sections -fPIC -g -fno-omit-frame-pointer -m64 -DOPENSSL_USE_NODELETE -DL_ENDIAN -DOPENSSL_PIC -DOPENSSL_CPUID_OBJ -DOPENSSL_IA32_SSE2 -DOPENSSL_BN_ASM_MONT -DOPENSSL_BN_ASM_MONT5 -DOPENSSL_BN_ASM_GF2m -DSHA1_ASM -DSHA256_ASM -DSHA512_ASM -DKECCAK1600_ASM -DRC4_ASM -DMD5_ASM -DAESNI_ASM -DVPAES_ASM -DGHASH_ASM -DECP_NISTZ256_ASM -DX25519_ASM -DPOLY1305_ASM -DOPENSSLDIR="\"/opt/rustwide/target/debug/build/openssl-sys-06634a40fc55fe58/out/openssl-build/install/ssl\"" -DENGINESDIR="\"/opt/rustwide/target/debug/build/openssl-sys-06634a40fc55fe58/out/openssl-build/install/lib/engines-1.1\"" -DNDEBUG  -MMD -MF crypto/asn1/a_verify.d.tmp -MT crypto/asn1/a_verify.o -c -o crypto/asn1/a_verify.o crypto/asn1/a_verify.c
[INFO] [stderr]   cc  -I. -Iinclude -fPIC -pthread -m64 -Wa,--noexecstack -Wall -O3 -O2 -ffunction-sections -fdata-sections -fPIC -g -fno-omit-frame-pointer -m64 -DOPENSSL_USE_NODELETE -DL_ENDIAN -DOPENSSL_PIC -DOPENSSL_CPUID_OBJ -DOPENSSL_IA32_SSE2 -DOPENSSL_BN_ASM_MONT -DOPENSSL_BN_ASM_MONT5 -DOPENSSL_BN_ASM_GF2m -DSHA1_ASM -DSHA256_ASM -DSHA512_ASM -DKECCAK1600_ASM -DRC4_ASM -DMD5_ASM -DAESNI_ASM -DVPAES_ASM -DGHASH_ASM -DECP_NISTZ256_ASM -DX25519_ASM -DPOLY1305_ASM -DOPENSSLDIR="\"/opt/rustwide/target/debug/build/openssl-sys-06634a40fc55fe58/out/openssl-build/install/ssl\"" -DENGINESDIR="\"/opt/rustwide/target/debug/build/openssl-sys-06634a40fc55fe58/out/openssl-build/install/lib/engines-1.1\"" -DNDEBUG  -MMD -MF crypto/asn1/ameth_lib.d.tmp -MT crypto/asn1/ameth_lib.o -c -o crypto/asn1/ameth_lib.o crypto/asn1/ameth_lib.c
[INFO] [stderr]   cc  -I. -Iinclude -fPIC -pthread -m64 -Wa,--noexecstack -Wall -O3 -O2 -ffunction-sections -fdata-sections -fPIC -g -fno-omit-frame-pointer -m64 -DOPENSSL_USE_NODELETE -DL_ENDIAN -DOPENSSL_PIC -DOPENSSL_CPUID_OBJ -DOPENSSL_IA32_SSE2 -DOPENSSL_BN_ASM_MONT -DOPENSSL_BN_ASM_MONT5 -DOPENSSL_BN_ASM_GF2m -DSHA1_ASM -DSHA256_ASM -DSHA512_ASM -DKECCAK1600_ASM -DRC4_ASM -DMD5_ASM -DAESNI_ASM -DVPAES_ASM -DGHASH_ASM -DECP_NISTZ256_ASM -DX25519_ASM -DPOLY1305_ASM -DOPENSSLDIR="\"/opt/rustwide/target/debug/build/openssl-sys-06634a40fc55fe58/out/openssl-build/install/ssl\"" -DENGINESDIR="\"/opt/rustwide/target/debug/build/openssl-sys-06634a40fc55fe58/out/openssl-build/install/lib/engines-1.1\"" -DNDEBUG  -MMD -MF crypto/asn1/asn1_err.d.tmp -MT crypto/asn1/asn1_err.o -c -o crypto/asn1/asn1_err.o crypto/asn1/asn1_err.c
[INFO] [stderr]   cc  -I. -Iinclude -fPIC -pthread -m64 -Wa,--noexecstack -Wall -O3 -O2 -ffunction-sections -fdata-sections -fPIC -g -fno-omit-frame-pointer -m64 -DOPENSSL_USE_NODELETE -DL_ENDIAN -DOPENSSL_PIC -DOPENSSL_CPUID_OBJ -DOPENSSL_IA32_SSE2 -DOPENSSL_BN_ASM_MONT -DOPENSSL_BN_ASM_MONT5 -DOPENSSL_BN_ASM_GF2m -DSHA1_ASM -DSHA256_ASM -DSHA512_ASM -DKECCAK1600_ASM -DRC4_ASM -DMD5_ASM -DAESNI_ASM -DVPAES_ASM -DGHASH_ASM -DECP_NISTZ256_ASM -DX25519_ASM -DPOLY1305_ASM -DOPENSSLDIR="\"/opt/rustwide/target/debug/build/openssl-sys-06634a40fc55fe58/out/openssl-build/install/ssl\"" -DENGINESDIR="\"/opt/rustwide/target/debug/build/openssl-sys-06634a40fc55fe58/out/openssl-build/install/lib/engines-1.1\"" -DNDEBUG  -MMD -MF crypto/asn1/asn1_gen.d.tmp -MT crypto/asn1/asn1_gen.o -c -o crypto/asn1/asn1_gen.o crypto/asn1/asn1_gen.c
[INFO] [stderr]   cc  -I. -Iinclude -fPIC -pthread -m64 -Wa,--noexecstack -Wall -O3 -O2 -ffunction-sections -fdata-sections -fPIC -g -fno-omit-frame-pointer -m64 -DOPENSSL_USE_NODELETE -DL_ENDIAN -DOPENSSL_PIC -DOPENSSL_CPUID_OBJ -DOPENSSL_IA32_SSE2 -DOPENSSL_BN_ASM_MONT -DOPENSSL_BN_ASM_MONT5 -DOPENSSL_BN_ASM_GF2m -DSHA1_ASM -DSHA256_ASM -DSHA512_ASM -DKECCAK1600_ASM -DRC4_ASM -DMD5_ASM -DAESNI_ASM -DVPAES_ASM -DGHASH_ASM -DECP_NISTZ256_ASM -DX25519_ASM -DPOLY1305_ASM -DOPENSSLDIR="\"/opt/rustwide/target/debug/build/openssl-sys-06634a40fc55fe58/out/openssl-build/install/ssl\"" -DENGINESDIR="\"/opt/rustwide/target/debug/build/openssl-sys-06634a40fc55fe58/out/openssl-build/install/lib/engines-1.1\"" -DNDEBUG  -MMD -MF crypto/asn1/asn1_item_list.d.tmp -MT crypto/asn1/asn1_item_list.o -c -o crypto/asn1/asn1_item_list.o crypto/asn1/asn1_item_list.c
[INFO] [stderr]   cc  -I. -Iinclude -fPIC -pthread -m64 -Wa,--noexecstack -Wall -O3 -O2 -ffunction-sections -fdata-sections -fPIC -g -fno-omit-frame-pointer -m64 -DOPENSSL_USE_NODELETE -DL_ENDIAN -DOPENSSL_PIC -DOPENSSL_CPUID_OBJ -DOPENSSL_IA32_SSE2 -DOPENSSL_BN_ASM_MONT -DOPENSSL_BN_ASM_MONT5 -DOPENSSL_BN_ASM_GF2m -DSHA1_ASM -DSHA256_ASM -DSHA512_ASM -DKECCAK1600_ASM -DRC4_ASM -DMD5_ASM -DAESNI_ASM -DVPAES_ASM -DGHASH_ASM -DECP_NISTZ256_ASM -DX25519_ASM -DPOLY1305_ASM -DOPENSSLDIR="\"/opt/rustwide/target/debug/build/openssl-sys-06634a40fc55fe58/out/openssl-build/install/ssl\"" -DENGINESDIR="\"/opt/rustwide/target/debug/build/openssl-sys-06634a40fc55fe58/out/openssl-build/install/lib/engines-1.1\"" -DNDEBUG  -MMD -MF crypto/asn1/asn1_lib.d.tmp -MT crypto/asn1/asn1_lib.o -c -o crypto/asn1/asn1_lib.o crypto/asn1/asn1_lib.c
[INFO] [stderr]   cc  -I. -Iinclude -fPIC -pthread -m64 -Wa,--noexecstack -Wall -O3 -O2 -ffunction-sections -fdata-sections -fPIC -g -fno-omit-frame-pointer -m64 -DOPENSSL_USE_NODELETE -DL_ENDIAN -DOPENSSL_PIC -DOPENSSL_CPUID_OBJ -DOPENSSL_IA32_SSE2 -DOPENSSL_BN_ASM_MONT -DOPENSSL_BN_ASM_MONT5 -DOPENSSL_BN_ASM_GF2m -DSHA1_ASM -DSHA256_ASM -DSHA512_ASM -DKECCAK1600_ASM -DRC4_ASM -DMD5_ASM -DAESNI_ASM -DVPAES_ASM -DGHASH_ASM -DECP_NISTZ256_ASM -DX25519_ASM -DPOLY1305_ASM -DOPENSSLDIR="\"/opt/rustwide/target/debug/build/openssl-sys-06634a40fc55fe58/out/openssl-build/install/ssl\"" -DENGINESDIR="\"/opt/rustwide/target/debug/build/openssl-sys-06634a40fc55fe58/out/openssl-build/install/lib/engines-1.1\"" -DNDEBUG  -MMD -MF crypto/asn1/asn1_par.d.tmp -MT crypto/asn1/asn1_par.o -c -o crypto/asn1/asn1_par.o crypto/asn1/asn1_par.c
[INFO] [stderr]   cc  -I. -Iinclude -fPIC -pthread -m64 -Wa,--noexecstack -Wall -O3 -O2 -ffunction-sections -fdata-sections -fPIC -g -fno-omit-frame-pointer -m64 -DOPENSSL_USE_NODELETE -DL_ENDIAN -DOPENSSL_PIC -DOPENSSL_CPUID_OBJ -DOPENSSL_IA32_SSE2 -DOPENSSL_BN_ASM_MONT -DOPENSSL_BN_ASM_MONT5 -DOPENSSL_BN_ASM_GF2m -DSHA1_ASM -DSHA256_ASM -DSHA512_ASM -DKECCAK1600_ASM -DRC4_ASM -DMD5_ASM -DAESNI_ASM -DVPAES_ASM -DGHASH_ASM -DECP_NISTZ256_ASM -DX25519_ASM -DPOLY1305_ASM -DOPENSSLDIR="\"/opt/rustwide/target/debug/build/openssl-sys-06634a40fc55fe58/out/openssl-build/install/ssl\"" -DENGINESDIR="\"/opt/rustwide/target/debug/build/openssl-sys-06634a40fc55fe58/out/openssl-build/install/lib/engines-1.1\"" -DNDEBUG  -MMD -MF crypto/asn1/asn_mime.d.tmp -MT crypto/asn1/asn_mime.o -c -o crypto/asn1/asn_mime.o crypto/asn1/asn_mime.c
[INFO] [stderr]   cc  -I. -Iinclude -fPIC -pthread -m64 -Wa,--noexecstack -Wall -O3 -O2 -ffunction-sections -fdata-sections -fPIC -g -fno-omit-frame-pointer -m64 -DOPENSSL_USE_NODELETE -DL_ENDIAN -DOPENSSL_PIC -DOPENSSL_CPUID_OBJ -DOPENSSL_IA32_SSE2 -DOPENSSL_BN_ASM_MONT -DOPENSSL_BN_ASM_MONT5 -DOPENSSL_BN_ASM_GF2m -DSHA1_ASM -DSHA256_ASM -DSHA512_ASM -DKECCAK1600_ASM -DRC4_ASM -DMD5_ASM -DAESNI_ASM -DVPAES_ASM -DGHASH_ASM -DECP_NISTZ256_ASM -DX25519_ASM -DPOLY1305_ASM -DOPENSSLDIR="\"/opt/rustwide/target/debug/build/openssl-sys-06634a40fc55fe58/out/openssl-build/install/ssl\"" -DENGINESDIR="\"/opt/rustwide/target/debug/build/openssl-sys-06634a40fc55fe58/out/openssl-build/install/lib/engines-1.1\"" -DNDEBUG  -MMD -MF crypto/asn1/asn_moid.d.tmp -MT crypto/asn1/asn_moid.o -c -o crypto/asn1/asn_moid.o crypto/asn1/asn_moid.c
[INFO] [stderr]   cc  -I. -Iinclude -fPIC -pthread -m64 -Wa,--noexecstack -Wall -O3 -O2 -ffunction-sections -fdata-sections -fPIC -g -fno-omit-frame-pointer -m64 -DOPENSSL_USE_NODELETE -DL_ENDIAN -DOPENSSL_PIC -DOPENSSL_CPUID_OBJ -DOPENSSL_IA32_SSE2 -DOPENSSL_BN_ASM_MONT -DOPENSSL_BN_ASM_MONT5 -DOPENSSL_BN_ASM_GF2m -DSHA1_ASM -DSHA256_ASM -DSHA512_ASM -DKECCAK1600_ASM -DRC4_ASM -DMD5_ASM -DAESNI_ASM -DVPAES_ASM -DGHASH_ASM -DECP_NISTZ256_ASM -DX25519_ASM -DPOLY1305_ASM -DOPENSSLDIR="\"/opt/rustwide/target/debug/build/openssl-sys-06634a40fc55fe58/out/openssl-build/install/ssl\"" -DENGINESDIR="\"/opt/rustwide/target/debug/build/openssl-sys-06634a40fc55fe58/out/openssl-build/install/lib/engines-1.1\"" -DNDEBUG  -MMD -MF crypto/asn1/asn_mstbl.d.tmp -MT crypto/asn1/asn_mstbl.o -c -o crypto/asn1/asn_mstbl.o crypto/asn1/asn_mstbl.c
[INFO] [stderr]   cc  -I. -Iinclude -fPIC -pthread -m64 -Wa,--noexecstack -Wall -O3 -O2 -ffunction-sections -fdata-sections -fPIC -g -fno-omit-frame-pointer -m64 -DOPENSSL_USE_NODELETE -DL_ENDIAN -DOPENSSL_PIC -DOPENSSL_CPUID_OBJ -DOPENSSL_IA32_SSE2 -DOPENSSL_BN_ASM_MONT -DOPENSSL_BN_ASM_MONT5 -DOPENSSL_BN_ASM_GF2m -DSHA1_ASM -DSHA256_ASM -DSHA512_ASM -DKECCAK1600_ASM -DRC4_ASM -DMD5_ASM -DAESNI_ASM -DVPAES_ASM -DGHASH_ASM -DECP_NISTZ256_ASM -DX25519_ASM -DPOLY1305_ASM -DOPENSSLDIR="\"/opt/rustwide/target/debug/build/openssl-sys-06634a40fc55fe58/out/openssl-build/install/ssl\"" -DENGINESDIR="\"/opt/rustwide/target/debug/build/openssl-sys-06634a40fc55fe58/out/openssl-build/install/lib/engines-1.1\"" -DNDEBUG  -MMD -MF crypto/asn1/asn_pack.d.tmp -MT crypto/asn1/asn_pack.o -c -o crypto/asn1/asn_pack.o crypto/asn1/asn_pack.c
[INFO] [stderr]   cc  -I. -Iinclude -fPIC -pthread -m64 -Wa,--noexecstack -Wall -O3 -O2 -ffunction-sections -fdata-sections -fPIC -g -fno-omit-frame-pointer -m64 -DOPENSSL_USE_NODELETE -DL_ENDIAN -DOPENSSL_PIC -DOPENSSL_CPUID_OBJ -DOPENSSL_IA32_SSE2 -DOPENSSL_BN_ASM_MONT -DOPENSSL_BN_ASM_MONT5 -DOPENSSL_BN_ASM_GF2m -DSHA1_ASM -DSHA256_ASM -DSHA512_ASM -DKECCAK1600_ASM -DRC4_ASM -DMD5_ASM -DAESNI_ASM -DVPAES_ASM -DGHASH_ASM -DECP_NISTZ256_ASM -DX25519_ASM -DPOLY1305_ASM -DOPENSSLDIR="\"/opt/rustwide/target/debug/build/openssl-sys-06634a40fc55fe58/out/openssl-build/install/ssl\"" -DENGINESDIR="\"/opt/rustwide/target/debug/build/openssl-sys-06634a40fc55fe58/out/openssl-build/install/lib/engines-1.1\"" -DNDEBUG  -MMD -MF crypto/asn1/bio_asn1.d.tmp -MT crypto/asn1/bio_asn1.o -c -o crypto/asn1/bio_asn1.o crypto/asn1/bio_asn1.c
[INFO] [stderr]   cc  -I. -Iinclude -fPIC -pthread -m64 -Wa,--noexecstack -Wall -O3 -O2 -ffunction-sections -fdata-sections -fPIC -g -fno-omit-frame-pointer -m64 -DOPENSSL_USE_NODELETE -DL_ENDIAN -DOPENSSL_PIC -DOPENSSL_CPUID_OBJ -DOPENSSL_IA32_SSE2 -DOPENSSL_BN_ASM_MONT -DOPENSSL_BN_ASM_MONT5 -DOPENSSL_BN_ASM_GF2m -DSHA1_ASM -DSHA256_ASM -DSHA512_ASM -DKECCAK1600_ASM -DRC4_ASM -DMD5_ASM -DAESNI_ASM -DVPAES_ASM -DGHASH_ASM -DECP_NISTZ256_ASM -DX25519_ASM -DPOLY1305_ASM -DOPENSSLDIR="\"/opt/rustwide/target/debug/build/openssl-sys-06634a40fc55fe58/out/openssl-build/install/ssl\"" -DENGINESDIR="\"/opt/rustwide/target/debug/build/openssl-sys-06634a40fc55fe58/out/openssl-build/install/lib/engines-1.1\"" -DNDEBUG  -MMD -MF crypto/asn1/bio_ndef.d.tmp -MT crypto/asn1/bio_ndef.o -c -o crypto/asn1/bio_ndef.o crypto/asn1/bio_ndef.c
[INFO] [stderr]   make[1]: Leaving directory '/opt/rustwide/target/debug/build/openssl-sys-06634a40fc55fe58/out/openssl-build/build/src'
[INFO] [stderr] 
[INFO] [stderr]   --- stderr
[INFO] [stderr]   crypto/asn1/asn_moid.c:100:1: fatal error: error writing to /tmp/cc3jUZVB.s: No space left on device
[INFO] [stderr]     100 | }
[INFO] [stderr]         | ^
[INFO] [stderr]   compilation terminated.
[INFO] [stderr]   make[1]: *** [Makefile:1030: crypto/asn1/asn_moid.o] Error 1
[INFO] [stderr]   make[1]: *** Waiting for unfinished jobs....
[INFO] [stderr]   crypto/asn1/asn_pack.c:62:1: fatal error: error writing to /tmp/cc5GjjsJ.s: No space left on device
[INFO] [stderr]      62 | }
[INFO] [stderr]         | ^
[INFO] [stderr]   compilation terminated.
[INFO] [stderr]   make[1]: *** [Makefile:1046: crypto/asn1/asn_pack.o] Error 1
[INFO] [stderr]   crypto/asn1/bio_ndef.c:206:1: fatal error: error writing to /tmp/ccpqIxNz.s: No space left on device
[INFO] [stderr]     206 | }
[INFO] [stderr]         | ^
[INFO] [stderr]   compilation terminated.
[INFO] [stderr]   crypto/asn1/asn_mime.c:971:1: fatal error: error writing to /tmp/ccKKFh0z.s: No space left on device
[INFO] [stderr]     971 | }
[INFO] [stderr]         | ^
[INFO] [stderr]   compilation terminated.
[INFO] [stderr]   make[1]: *** [Makefile:1062: crypto/asn1/bio_ndef.o] Error 1
[INFO] [stderr]   make[1]: *** [Makefile:1022: crypto/asn1/asn_mime.o] Error 1
[INFO] [stderr]   crypto/asn1/asn_mstbl.c:113:1: fatal error: error writing to /tmp/ccyUyUjd.s: No space left on device
[INFO] [stderr]     113 | }
[INFO] [stderr]         | ^
[INFO] [stderr]   compilation terminated.
[INFO] [stderr]   make[1]: *** [Makefile:1038: crypto/asn1/asn_mstbl.o] Error 1
[INFO] [stderr]   crypto/asn1/bio_asn1.c:449:1: fatal error: error writing to /tmp/cctWf7yR.s: No space left on device
[INFO] [stderr]     449 | }
[INFO] [stderr]         | ^
[INFO] [stderr]   compilation terminated.
[INFO] [stderr]   make[1]: *** [Makefile:1054: crypto/asn1/bio_asn1.o] Error 1
[INFO] [stderr]   make: *** [Makefile:177: build_libs] Error 2
[INFO] [stderr]   thread 'main' panicked at '
[INFO] [stderr] 
[INFO] [stderr] 
[INFO] [stderr]   Error building OpenSSL:
[INFO] [stderr]       Command: cd "/opt/rustwide/target/debug/build/openssl-sys-06634a40fc55fe58/out/openssl-build/build/src" && MAKEFLAGS="-j --jobserver-fds=10,11 --jobserver-auth=10,11" "make" "build_libs"
[INFO] [stderr]       Exit status: exit status: 2
[INFO] [stderr] 
[INFO] [stderr] 
[INFO] [stderr]       ', /opt/rustwide/cargo-home/registry/src/github.com-1ecc6299db9ec823/openssl-src-111.18.0+1.1.1n/src/lib.rs:479:13
[INFO] [stderr]   stack backtrace:
[INFO] [stderr]      0:     0x55e8b5cdaf3a - std::backtrace_rs::backtrace::libunwind::trace::ha9053a9a07ca49cb
[INFO] [stderr]                                  at /rustc/84c898d65adf2f39a5a98507f1fe0ce10a2b8dbc/library/std/src/../../backtrace/src/backtrace/libunwind.rs:93:5
[INFO] [stderr]      1:     0x55e8b5cdaf3a - std::backtrace_rs::backtrace::trace_unsynchronized::h9c2852a457ad564e
[INFO] [stderr]                                  at /rustc/84c898d65adf2f39a5a98507f1fe0ce10a2b8dbc/library/std/src/../../backtrace/src/backtrace/mod.rs:66:5
[INFO] [stderr]      2:     0x55e8b5cdaf3a - std::sys_common::backtrace::_print_fmt::h457936fbfaa0070f
[INFO] [stderr]                                  at /rustc/84c898d65adf2f39a5a98507f1fe0ce10a2b8dbc/library/std/src/sys_common/backtrace.rs:65:5
[INFO] [stderr]      3:     0x55e8b5cdaf3a - <std::sys_common::backtrace::_print::DisplayBacktrace as core::fmt::Display>::fmt::h5779d7bf7f70cb0c
[INFO] [stderr]                                  at /rustc/84c898d65adf2f39a5a98507f1fe0ce10a2b8dbc/library/std/src/sys_common/backtrace.rs:44:22
[INFO] [stderr]      4:     0x55e8b5cfc6fe - core::fmt::write::h5a4baaff1bcd3eb5
[INFO] [stderr]                                  at /rustc/84c898d65adf2f39a5a98507f1fe0ce10a2b8dbc/library/core/src/fmt/mod.rs:1232:17
[INFO] [stderr]      5:     0x55e8b5cd7da5 - std::io::Write::write_fmt::h4bc1f301cb9e9cce
[INFO] [stderr]                                  at /rustc/84c898d65adf2f39a5a98507f1fe0ce10a2b8dbc/library/std/src/io/mod.rs:1684:15
[INFO] [stderr]      6:     0x55e8b5cdad05 - std::sys_common::backtrace::_print::h5fcdc36060f177e8
[INFO] [stderr]                                  at /rustc/84c898d65adf2f39a5a98507f1fe0ce10a2b8dbc/library/std/src/sys_common/backtrace.rs:47:5
[INFO] [stderr]      7:     0x55e8b5cdad05 - std::sys_common::backtrace::print::h54ca9458b876c8bf
[INFO] [stderr]                                  at /rustc/84c898d65adf2f39a5a98507f1fe0ce10a2b8dbc/library/std/src/sys_common/backtrace.rs:34:9
[INFO] [stderr]      8:     0x55e8b5cdcd0f - std::panicking::default_hook::{{closure}}::hbe471161c7664ed6
[INFO] [stderr]                                  at /rustc/84c898d65adf2f39a5a98507f1fe0ce10a2b8dbc/library/std/src/panicking.rs:271:22
[INFO] [stderr]      9:     0x55e8b5cdca4b - std::panicking::default_hook::ha3500da57aa4ac4f
[INFO] [stderr]                                  at /rustc/84c898d65adf2f39a5a98507f1fe0ce10a2b8dbc/library/std/src/panicking.rs:290:9
[INFO] [stderr]     10:     0x55e8b5cdd2b8 - std::panicking::rust_panic_with_hook::h50c09d000dc561d2
[INFO] [stderr]                                  at /rustc/84c898d65adf2f39a5a98507f1fe0ce10a2b8dbc/library/std/src/panicking.rs:692:13
[INFO] [stderr]     11:     0x55e8b5cdd1b9 - std::panicking::begin_panic_handler::{{closure}}::h9e2b2176e00e0d9c
[INFO] [stderr]                                  at /rustc/84c898d65adf2f39a5a98507f1fe0ce10a2b8dbc/library/std/src/panicking.rs:583:13
[INFO] [stderr]     12:     0x55e8b5cdb3a6 - std::sys_common::backtrace::__rust_end_short_backtrace::h5739b8e512c09d02
[INFO] [stderr]                                  at /rustc/84c898d65adf2f39a5a98507f1fe0ce10a2b8dbc/library/std/src/sys_common/backtrace.rs:150:18
[INFO] [stderr]     13:     0x55e8b5cdcec2 - rust_begin_unwind
[INFO] [stderr]                                  at /rustc/84c898d65adf2f39a5a98507f1fe0ce10a2b8dbc/library/std/src/panicking.rs:579:5
[INFO] [stderr]     14:     0x55e8b5c2db73 - core::panicking::panic_fmt::hf33a1475b4dc5c3e
[INFO] [stderr]                                  at /rustc/84c898d65adf2f39a5a98507f1fe0ce10a2b8dbc/library/core/src/panicking.rs:64:14
[INFO] [stderr]     15:     0x55e8b5c5f8dd - openssl_src::Build::run_command::h96d34db64d463541
[INFO] [stderr]     16:     0x55e8b5c5eeb9 - openssl_src::Build::build::hc025a365bf01d434
[INFO] [stderr]     17:     0x55e8b5c39a83 - build_script_main::find_vendored::get_openssl::hd76d749e2b7525fe
[INFO] [stderr]     18:     0x55e8b5c2fb48 - build_script_main::find_openssl::h97fbd67e3404b59b
[INFO] [stderr]     19:     0x55e8b5c2fca1 - build_script_main::main::hbd5ee79e13739ec2
[INFO] [stderr]     20:     0x55e8b5c33ea3 - core::ops::function::FnOnce::call_once::h8e5d2d4ed39e5b50
[INFO] [stderr]     21:     0x55e8b5c39769 - std::sys_common::backtrace::__rust_begin_short_backtrace::h72f9a8f8b257db91
[INFO] [stderr]     22:     0x55e8b5c33d99 - std::rt::lang_start::{{closure}}::h3d24054fea7d3463
[INFO] [stderr]     23:     0x55e8b5cd35cc - core::ops::function::impls::<impl core::ops::function::FnOnce<A> for &F>::call_once::hd6efcd3bec896f2c
[INFO] [stderr]                                  at /rustc/84c898d65adf2f39a5a98507f1fe0ce10a2b8dbc/library/core/src/ops/function.rs:287:13
[INFO] [stderr]     24:     0x55e8b5cd35cc - std::panicking::try::do_call::hce04e543bb1f4cbb
[INFO] [stderr]                                  at /rustc/84c898d65adf2f39a5a98507f1fe0ce10a2b8dbc/library/std/src/panicking.rs:487:40
[INFO] [stderr]     25:     0x55e8b5cd35cc - std::panicking::try::h3342dd4e1f680968
[INFO] [stderr]                                  at /rustc/84c898d65adf2f39a5a98507f1fe0ce10a2b8dbc/library/std/src/panicking.rs:451:19
[INFO] [stderr]     26:     0x55e8b5cd35cc - std::panic::catch_unwind::h148ce1e59ac0cee7
[INFO] [stderr]                                  at /rustc/84c898d65adf2f39a5a98507f1fe0ce10a2b8dbc/library/std/src/panic.rs:140:14
[INFO] [stderr]     27:     0x55e8b5cd35cc - std::rt::lang_start_internal::{{closure}}::h25f9dda2057a67fe
[INFO] [stderr]                                  at /rustc/84c898d65adf2f39a5a98507f1fe0ce10a2b8dbc/library/std/src/rt.rs:148:48
[INFO] [stderr]     28:     0x55e8b5cd35cc - std::panicking::try::do_call::h7caaaeaf9401650b
[INFO] [stderr]                                  at /rustc/84c898d65adf2f39a5a98507f1fe0ce10a2b8dbc/library/std/src/panicking.rs:487:40
[INFO] [stderr]     29:     0x55e8b5cd35cc - std::panicking::try::he7d15285746cbbc2
[INFO] [stderr]                                  at /rustc/84c898d65adf2f39a5a98507f1fe0ce10a2b8dbc/library/std/src/panicking.rs:451:19
[INFO] [stderr]     30:     0x55e8b5cd35cc - std::panic::catch_unwind::h89fb4f50c0301fe0
[INFO] [stderr]                                  at /rustc/84c898d65adf2f39a5a98507f1fe0ce10a2b8dbc/library/std/src/panic.rs:140:14
[INFO] [stderr]     31:     0x55e8b5cd35cc - std::rt::lang_start_internal::h078acd489417d3c1
[INFO] [stderr]                                  at /rustc/84c898d65adf2f39a5a98507f1fe0ce10a2b8dbc/library/std/src/rt.rs:148:20
[INFO] [stderr]     32:     0x55e8b5c33d77 - std::rt::lang_start::h323aeca1e68823da
[INFO] [stderr]     33:     0x55e8b5c33545 - main
[INFO] [stderr]     34:     0x7fc9c686dd90 - <unknown>
[INFO] [stderr]     35:     0x7fc9c686de40 - __libc_start_main
[INFO] [stderr]     36:     0x55e8b5c2e0f5 - _start
[INFO] [stderr]     37:                0x0 - <unknown>
[INFO] [stderr] error: failed to run custom build command for `wayland-protocols v0.29.4`
[INFO] [stderr] note: To improve backtraces for build dependencies, set the CARGO_PROFILE_DEV_BUILD_OVERRIDE_DEBUG=true environment variable to enable debug information generation.
[INFO] [stderr] 
[INFO] [stderr] Caused by:
[INFO] [stderr]   process didn't exit successfully: `/opt/rustwide/target/debug/build/wayland-protocols-aac085d40ef311e8/build-script-build` (exit status: 101)
[INFO] [stderr]   --- stdout
[INFO] [stderr]   cargo:rerun-if-changed-env=CARGO_FEATURE_CLIENT
[INFO] [stderr]   cargo:rerun-if-changed-env=CARGO_FEATURE_SERVER
[INFO] [stderr]   cargo:rerun-if-changed-env=CARGO_FEATURE_UNSTABLE_PROTOCOLS
[INFO] [stderr]   cargo:rerun-if-changed=./protocols/stable/presentation-time/presentation-time.xml
[INFO] [stderr]   cargo:rerun-if-changed=./protocols/stable/viewporter/viewporter.xml
[INFO] [stderr]   cargo:rerun-if-changed=./protocols/stable/xdg-shell/xdg-shell.xml
[INFO] [stderr]   cargo:rerun-if-changed=./protocols/staging/xdg-activation/xdg-activation-v1.xml
[INFO] [stderr]   cargo:rerun-if-changed=./misc/gtk-primary-selection.xml
[INFO] [stderr]   cargo:rerun-if-changed=./misc/input-method-unstable-v2.xml
[INFO] [stderr]   cargo:rerun-if-changed=./misc/server-decoration.xml
[INFO] [stderr]   cargo:rerun-if-changed=./protocols/unstable/fullscreen-shell/fullscreen-shell-unstable-v1.xml
[INFO] [stderr] 
[INFO] [stderr]   --- stderr
[INFO] [stderr]   error: 'rustfmt' is not installed for the toolchain '1.69.0-x86_64-unknown-linux-gnu'
[INFO] [stderr]   To install, run `rustup component add rustfmt --toolchain 1.69.0-x86_64-unknown-linux-gnu`
[INFO] [stderr]   error: 'rustfmt' is not installed for the toolchain '1.69.0-x86_64-unknown-linux-gnu'
[INFO] [stderr]   To install, run `rustup component add rustfmt --toolchain 1.69.0-x86_64-unknown-linux-gnu`
[INFO] [stderr]   error: 'rustfmt' is not installed for the toolchain '1.69.0-x86_64-unknown-linux-gnu'
[INFO] [stderr]   To install, run `rustup component add rustfmt --toolchain 1.69.0-x86_64-unknown-linux-gnu`
[INFO] [stderr]   error: 'rustfmt' is not installed for the toolchain '1.69.0-x86_64-unknown-linux-gnu'
[INFO] [stderr]   To install, run `rustup component add rustfmt --toolchain 1.69.0-x86_64-unknown-linux-gnu`
[INFO] [stderr]   error: 'rustfmt' is not installed for the toolchain '1.69.0-x86_64-unknown-linux-gnu'
[INFO] [stderr]   To install, run `rustup component add rustfmt --toolchain 1.69.0-x86_64-unknown-linux-gnu`
[INFO] [stderr]   error: 'rustfmt' is not installed for the toolchain '1.69.0-x86_64-unknown-linux-gnu'
[INFO] [stderr]   To install, run `rustup component add rustfmt --toolchain 1.69.0-x86_64-unknown-linux-gnu`
[INFO] [stderr]   error: 'rustfmt' is not installed for the toolchain '1.69.0-x86_64-unknown-linux-gnu'
[INFO] [stderr]   To install, run `rustup component add rustfmt --toolchain 1.69.0-x86_64-unknown-linux-gnu`
[INFO] [stderr]   thread 'main' panicked at 'called `Result::unwrap()` on an `Err` value: Os { code: 28, kind: StorageFull, message: "No space left on device" }', /opt/rustwide/cargo-home/registry/src/github.com-1ecc6299db9ec823/wayland-scanner-0.29.4/src/lib.rs:156:40
[INFO] [stderr]   stack backtrace:
[INFO] [stderr]      0:     0x55ca109f7aba - std::backtrace_rs::backtrace::libunwind::trace::ha9053a9a07ca49cb
[INFO] [stderr]                                  at /rustc/84c898d65adf2f39a5a98507f1fe0ce10a2b8dbc/library/std/src/../../backtrace/src/backtrace/libunwind.rs:93:5
[INFO] [stderr]      1:     0x55ca109f7aba - std::backtrace_rs::backtrace::trace_unsynchronized::h9c2852a457ad564e
[INFO] [stderr]                                  at /rustc/84c898d65adf2f39a5a98507f1fe0ce10a2b8dbc/library/std/src/../../backtrace/src/backtrace/mod.rs:66:5
[INFO] [stderr]      2:     0x55ca109f7aba - std::sys_common::backtrace::_print_fmt::h457936fbfaa0070f
[INFO] [stderr]                                  at /rustc/84c898d65adf2f39a5a98507f1fe0ce10a2b8dbc/library/std/src/sys_common/backtrace.rs:65:5
[INFO] [stderr]      3:     0x55ca109f7aba - <std::sys_common::backtrace::_print::DisplayBacktrace as core::fmt::Display>::fmt::h5779d7bf7f70cb0c
[INFO] [stderr]                                  at /rustc/84c898d65adf2f39a5a98507f1fe0ce10a2b8dbc/library/std/src/sys_common/backtrace.rs:44:22
[INFO] [stderr]      4:     0x55ca10a1574e - core::fmt::write::h5a4baaff1bcd3eb5
[INFO] [stderr]                                  at /rustc/84c898d65adf2f39a5a98507f1fe0ce10a2b8dbc/library/core/src/fmt/mod.rs:1232:17
[INFO] [stderr]      5:     0x55ca109f5825 - std::io::Write::write_fmt::h4bc1f301cb9e9cce
[INFO] [stderr]                                  at /rustc/84c898d65adf2f39a5a98507f1fe0ce10a2b8dbc/library/std/src/io/mod.rs:1684:15
[INFO] [stderr]      6:     0x55ca109f7885 - std::sys_common::backtrace::_print::h5fcdc36060f177e8
[INFO] [stderr]                                  at /rustc/84c898d65adf2f39a5a98507f1fe0ce10a2b8dbc/library/std/src/sys_common/backtrace.rs:47:5
[INFO] [stderr]      7:     0x55ca109f7885 - std::sys_common::backtrace::print::h54ca9458b876c8bf
[INFO] [stderr]                                  at /rustc/84c898d65adf2f39a5a98507f1fe0ce10a2b8dbc/library/std/src/sys_common/backtrace.rs:34:9
[INFO] [stderr]      8:     0x55ca109f8edf - std::panicking::default_hook::{{closure}}::hbe471161c7664ed6
[INFO] [stderr]                                  at /rustc/84c898d65adf2f39a5a98507f1fe0ce10a2b8dbc/library/std/src/panicking.rs:271:22
[INFO] [stderr]      9:     0x55ca109f8c1b - std::panicking::default_hook::ha3500da57aa4ac4f
[INFO] [stderr]                                  at /rustc/84c898d65adf2f39a5a98507f1fe0ce10a2b8dbc/library/std/src/panicking.rs:290:9
[INFO] [stderr]     10:     0x55ca109f9488 - std::panicking::rust_panic_with_hook::h50c09d000dc561d2
[INFO] [stderr]                                  at /rustc/84c898d65adf2f39a5a98507f1fe0ce10a2b8dbc/library/std/src/panicking.rs:692:13
[INFO] [stderr]     11:     0x55ca109f9389 - std::panicking::begin_panic_handler::{{closure}}::h9e2b2176e00e0d9c
[INFO] [stderr]                                  at /rustc/84c898d65adf2f39a5a98507f1fe0ce10a2b8dbc/library/std/src/panicking.rs:583:13
[INFO] [stderr]     12:     0x55ca109f7f26 - std::sys_common::backtrace::__rust_end_short_backtrace::h5739b8e512c09d02
[INFO] [stderr]                                  at /rustc/84c898d65adf2f39a5a98507f1fe0ce10a2b8dbc/library/std/src/sys_common/backtrace.rs:150:18
[INFO] [stderr]     13:     0x55ca109f9092 - rust_begin_unwind
[INFO] [stderr]                                  at /rustc/84c898d65adf2f39a5a98507f1fe0ce10a2b8dbc/library/std/src/panicking.rs:579:5
[INFO] [stderr]     14:     0x55ca10928df3 - core::panicking::panic_fmt::hf33a1475b4dc5c3e
[INFO] [stderr]                                  at /rustc/84c898d65adf2f39a5a98507f1fe0ce10a2b8dbc/library/core/src/panicking.rs:64:14
[INFO] [stderr]     15:     0x55ca109291e3 - core::result::unwrap_failed::hdff5465d74574b44
[INFO] [stderr]                                  at /rustc/84c898d65adf2f39a5a98507f1fe0ce10a2b8dbc/library/core/src/result.rs:1750:5
[INFO] [stderr]     16:     0x55ca1093917b - core::result::Result<T,E>::unwrap::h0e9f4dd732431a0b
[INFO] [stderr]     17:     0x55ca1093c92d - wayland_scanner::generate_code_with_destructor_events::hfc220bc2ed951bb5
[INFO] [stderr]     18:     0x55ca1092be8d - build_script_build::generate_protocol::hcb93e487a122c85e
[INFO] [stderr]     19:     0x55ca1092da70 - build_script_build::main::h4eddfedc65104a08
[INFO] [stderr]     20:     0x55ca1093ad53 - core::ops::function::FnOnce::call_once::h67ca4f680923900c
[INFO] [stderr]     21:     0x55ca1092f409 - std::sys_common::backtrace::__rust_begin_short_backtrace::hd7deb9f696a55882
[INFO] [stderr]     22:     0x55ca1092e6b9 - std::rt::lang_start::{{closure}}::h514991ba3eec637a
[INFO] [stderr]     23:     0x55ca109f284c - core::ops::function::impls::<impl core::ops::function::FnOnce<A> for &F>::call_once::hd6efcd3bec896f2c
[INFO] [stderr]                                  at /rustc/84c898d65adf2f39a5a98507f1fe0ce10a2b8dbc/library/core/src/ops/function.rs:287:13
[INFO] [stderr]     24:     0x55ca109f284c - std::panicking::try::do_call::hce04e543bb1f4cbb
[INFO] [stderr]                                  at /rustc/84c898d65adf2f39a5a98507f1fe0ce10a2b8dbc/library/std/src/panicking.rs:487:40
[INFO] [stderr]     25:     0x55ca109f284c - std::panicking::try::h3342dd4e1f680968
[INFO] [stderr]                                  at /rustc/84c898d65adf2f39a5a98507f1fe0ce10a2b8dbc/library/std/src/panicking.rs:451:19
[INFO] [stderr]     26:     0x55ca109f284c - std::panic::catch_unwind::h148ce1e59ac0cee7
[INFO] [stderr]                                  at /rustc/84c898d65adf2f39a5a98507f1fe0ce10a2b8dbc/library/std/src/panic.rs:140:14
[INFO] [stderr]     27:     0x55ca109f284c - std::rt::lang_start_internal::{{closure}}::h25f9dda2057a67fe
[INFO] [stderr]                                  at /rustc/84c898d65adf2f39a5a98507f1fe0ce10a2b8dbc/library/std/src/rt.rs:148:48
[INFO] [stderr]     28:     0x55ca109f284c - std::panicking::try::do_call::h7caaaeaf9401650b
[INFO] [stderr]                                  at /rustc/84c898d65adf2f39a5a98507f1fe0ce10a2b8dbc/library/std/src/panicking.rs:487:40
[INFO] [stderr]     29:     0x55ca109f284c - std::panicking::try::he7d15285746cbbc2
[INFO] [stderr]                                  at /rustc/84c898d65adf2f39a5a98507f1fe0ce10a2b8dbc/library/std/src/panicking.rs:451:19
[INFO] [stderr]     30:     0x55ca109f284c - std::panic::catch_unwind::h89fb4f50c0301fe0
[INFO] [stderr]                                  at /rustc/84c898d65adf2f39a5a98507f1fe0ce10a2b8dbc/library/std/src/panic.rs:140:14
[INFO] [stderr]     31:     0x55ca109f284c - std::rt::lang_start_internal::h078acd489417d3c1
[INFO] [stderr]                                  at /rustc/84c898d65adf2f39a5a98507f1fe0ce10a2b8dbc/library/std/src/rt.rs:148:20
[INFO] [stderr]     32:     0x55ca1092e697 - std::rt::lang_start::h5af91bdeaaf77800
[INFO] [stderr]     33:     0x55ca1092e015 - main
[INFO] [stderr]     34:     0x7f4061531d90 - <unknown>
[INFO] [stderr]     35:     0x7f4061531e40 - __libc_start_main
[INFO] [stderr]     36:     0x55ca109293c5 - _start
[INFO] [stderr]     37:                0x0 - <unknown>
[INFO] [stdout] error: couldn't create a temp dir: No space left on device (os error 28) at path "/opt/rustwide/target/debug/deps/rmeta8oGYJw"
[INFO] [stdout] 
[INFO] [stdout] 
[INFO] [stderr] error: could not compile `serde_derive` due to previous error
[INFO] [stderr] The following warnings were emitted during compilation:
[INFO] [stderr] 
[INFO] [stderr] warning: zstd/lib/compress/zstd_compress_literals.c:159:1: fatal error: error writing to /tmp/cczc3MFM.s: No space left on device
[INFO] [stderr] warning:   159 | }
[INFO] [stderr] warning:       | ^
[INFO] [stderr] warning: compilation terminated.
[INFO] [stderr] warning: zstd/lib/compress/hist.c:180:1: fatal error: error writing to /tmp/ccXkTCy9.s: No space left on device
[INFO] [stderr] warning:   180 | }
[INFO] [stderr] warning:       | ^
[INFO] [stderr] warning: compilation terminated.
[INFO] [stderr] warning: zstd/lib/compress/fse_compress.c:738:1: fatal error: error writing to /tmp/ccrpOGZS.s: No space left on device
[INFO] [stderr] warning:   738 | }
[INFO] [stderr] warning:       | ^
[INFO] [stderr] warning: compilation terminated.
[INFO] [stderr] warning: zstd/lib/compress/zstdmt_compress.c:1851:1: fatal error: error writing to /tmp/ccoU7dbq.s: No space left on device
[INFO] [stderr] warning:  1851 | }
[INFO] [stderr] warning:       | ^
[INFO] [stderr] warning: compilation terminated.
[INFO] [stderr] warning: zstd/lib/compress/huf_compress.c:1369:1: fatal error: error writing to /tmp/ccpmJBcT.s: No space left on device
[INFO] [stderr] warning:  1369 | }
[INFO] [stderr] warning:       | ^
[INFO] [stderr] warning: compilation terminated.
[INFO] [stderr] warning: zstd/lib/compress/zstd_double_fast.c:696:1: fatal error: error writing to /tmp/ccjmN11k.s: No space left on device
[INFO] [stderr] warning:   696 | }
[INFO] [stderr] warning:       | ^
[INFO] [stderr] warning: compilation terminated.
[INFO] [stderr] warning: zstd/lib/compress/zstd_compress.c:6309:1: fatal error: error writing to /tmp/ccl5PCEx.s: No space left on device
[INFO] [stderr] warning:  6309 | }
[INFO] [stderr] warning:       | ^
[INFO] [stderr] warning: compilation terminated.
[INFO] [stderr] warning: zstd/lib/compress/zstd_fast.c:675:1: fatal error: error writing to /tmp/cc9p4xFG.s: No space left on device
[INFO] [stderr] warning:   675 | }
[INFO] [stderr] warning:       | ^
[INFO] [stderr] warning: compilation terminated.
[INFO] [stderr] warning: zstd/lib/compress/zstd_opt.c:1419:1: fatal error: error writing to /tmp/cc8EWrPC.s: No space left on device
[INFO] [stderr] warning:  1419 | }
[INFO] [stderr] warning:       | ^
[INFO] [stderr] warning: compilation terminated.
[INFO] [stderr] warning: zstd/lib/compress/zstd_lazy.c:2100:1: fatal error: error writing to /tmp/ccUbHQTd.s: No space left on device
[INFO] [stderr] warning:  2100 | }
[INFO] [stderr] warning:       | ^
[INFO] [stderr] warning: compilation terminated.
[INFO] [stderr] 
[INFO] [stderr] error: failed to run custom build command for `zstd-sys v1.6.2+zstd.1.5.1`
[INFO] [stderr] note: To improve backtraces for build dependencies, set the CARGO_PROFILE_DEV_BUILD_OVERRIDE_DEBUG=true environment variable to enable debug information generation.
[INFO] [stderr] 
[INFO] [stderr] Caused by:
[INFO] [stderr]   process didn't exit successfully: `/opt/rustwide/target/debug/build/zstd-sys-9f5502603e36a6da/build-script-build` (exit status: 1)
[INFO] [stderr]   --- stdout
[INFO] [stderr]   TARGET = Some("x86_64-unknown-linux-gnu")
[INFO] [stderr]   HOST = Some("x86_64-unknown-linux-gnu")
[INFO] [stderr]   CC_x86_64-unknown-linux-gnu = None
[INFO] [stderr]   CC_x86_64_unknown_linux_gnu = None
[INFO] [stderr]   HOST_CC = None
[INFO] [stderr]   CC = None
[INFO] [stderr]   CFLAGS_x86_64-unknown-linux-gnu = None
[INFO] [stderr]   CFLAGS_x86_64_unknown_linux_gnu = None
[INFO] [stderr]   HOST_CFLAGS = None
[INFO] [stderr]   CFLAGS = None
[INFO] [stderr]   CRATE_CC_NO_DEFAULTS = None
[INFO] [stderr]   DEBUG = Some("true")
[INFO] [stderr]   CARGO_CFG_TARGET_FEATURE = Some("fxsr,sse,sse2")
[INFO] [stderr]   running: "cc" "-O3" "-ffunction-sections" "-fdata-sections" "-fPIC" "-g" "-fno-omit-frame-pointer" "-m64" "-I" "zstd/lib/" "-I" "zstd/lib/common" "-I" "zstd/lib/legacy" "-fvisibility=hidden" "-DZSTD_LIB_DEPRECATED=0" "-DXXH_PRIVATE_API=" "-DZSTDLIB_VISIBILITY=" "-DZDICTLIB_VISIBILITY=" "-DZSTDERRORLIB_VISIBILITY=" "-DZSTD_LEGACY_SUPPORT=1" "-o" "/opt/rustwide/target/debug/build/zstd-sys-2b6d9f30d9a40b95/out/zstd/lib/common/threading.o" "-c" "zstd/lib/common/threading.c"
[INFO] [stderr]   exit status: 0
[INFO] [stderr]   running: "cc" "-O3" "-ffunction-sections" "-fdata-sections" "-fPIC" "-g" "-fno-omit-frame-pointer" "-m64" "-I" "zstd/lib/" "-I" "zstd/lib/common" "-I" "zstd/lib/legacy" "-fvisibility=hidden" "-DZSTD_LIB_DEPRECATED=0" "-DXXH_PRIVATE_API=" "-DZSTDLIB_VISIBILITY=" "-DZDICTLIB_VISIBILITY=" "-DZSTDERRORLIB_VISIBILITY=" "-DZSTD_LEGACY_SUPPORT=1" "-o" "/opt/rustwide/target/debug/build/zstd-sys-2b6d9f30d9a40b95/out/zstd/lib/common/zstd_common.o" "-c" "zstd/lib/common/zstd_common.c"
[INFO] [stderr]   running: "cc" "-O3" "-ffunction-sections" "-fdata-sections" "-fPIC" "-g" "-fno-omit-frame-pointer" "-m64" "-I" "zstd/lib/" "-I" "zstd/lib/common" "-I" "zstd/lib/legacy" "-fvisibility=hidden" "-DZSTD_LIB_DEPRECATED=0" "-DXXH_PRIVATE_API=" "-DZSTDLIB_VISIBILITY=" "-DZDICTLIB_VISIBILITY=" "-DZSTDERRORLIB_VISIBILITY=" "-DZSTD_LEGACY_SUPPORT=1" "-o" "/opt/rustwide/target/debug/build/zstd-sys-2b6d9f30d9a40b95/out/zstd/lib/common/fse_decompress.o" "-c" "zstd/lib/common/fse_decompress.c"
[INFO] [stderr]   exit status: 0
[INFO] [stderr]   running: "cc" "-O3" "-ffunction-sections" "-fdata-sections" "-fPIC" "-g" "-fno-omit-frame-pointer" "-m64" "-I" "zstd/lib/" "-I" "zstd/lib/common" "-I" "zstd/lib/legacy" "-fvisibility=hidden" "-DZSTD_LIB_DEPRECATED=0" "-DXXH_PRIVATE_API=" "-DZSTDLIB_VISIBILITY=" "-DZDICTLIB_VISIBILITY=" "-DZSTDERRORLIB_VISIBILITY=" "-DZSTD_LEGACY_SUPPORT=1" "-o" "/opt/rustwide/target/debug/build/zstd-sys-2b6d9f30d9a40b95/out/zstd/lib/common/entropy_common.o" "-c" "zstd/lib/common/entropy_common.c"
[INFO] [stderr]   running: "cc" "-O3" "-ffunction-sections" "-fdata-sections" "-fPIC" "-g" "-fno-omit-frame-pointer" "-m64" "-I" "zstd/lib/" "-I" "zstd/lib/common" "-I" "zstd/lib/legacy" "-fvisibility=hidden" "-DZSTD_LIB_DEPRECATED=0" "-DXXH_PRIVATE_API=" "-DZSTDLIB_VISIBILITY=" "-DZDICTLIB_VISIBILITY=" "-DZSTDERRORLIB_VISIBILITY=" "-DZSTD_LEGACY_SUPPORT=1" "-o" "/opt/rustwide/target/debug/build/zstd-sys-2b6d9f30d9a40b95/out/zstd/lib/common/debug.o" "-c" "zstd/lib/common/debug.c"
[INFO] [stderr]   running: "cc" "-O3" "-ffunction-sections" "-fdata-sections" "-fPIC" "-g" "-fno-omit-frame-pointer" "-m64" "-I" "zstd/lib/" "-I" "zstd/lib/common" "-I" "zstd/lib/legacy" "-fvisibility=hidden" "-DZSTD_LIB_DEPRECATED=0" "-DXXH_PRIVATE_API=" "-DZSTDLIB_VISIBILITY=" "-DZDICTLIB_VISIBILITY=" "-DZSTDERRORLIB_VISIBILITY=" "-DZSTD_LEGACY_SUPPORT=1" "-o" "/opt/rustwide/target/debug/build/zstd-sys-2b6d9f30d9a40b95/out/zstd/lib/common/pool.o" "-c" "zstd/lib/common/pool.c"
[INFO] [stderr]   running: "cc" "-O3" "-ffunction-sections" "-fdata-sections" "-fPIC" "-g" "-fno-omit-frame-pointer" "-m64" "-I" "zstd/lib/" "-I" "zstd/lib/common" "-I" "zstd/lib/legacy" "-fvisibility=hidden" "-DZSTD_LIB_DEPRECATED=0" "-DXXH_PRIVATE_API=" "-DZSTDLIB_VISIBILITY=" "-DZDICTLIB_VISIBILITY=" "-DZSTDERRORLIB_VISIBILITY=" "-DZSTD_LEGACY_SUPPORT=1" "-o" "/opt/rustwide/target/debug/build/zstd-sys-2b6d9f30d9a40b95/out/zstd/lib/common/error_private.o" "-c" "zstd/lib/common/error_private.c"
[INFO] [stderr]   exit status: 0
[INFO] [stderr]   running: "cc" "-O3" "-ffunction-sections" "-fdata-sections" "-fPIC" "-g" "-fno-omit-frame-pointer" "-m64" "-I" "zstd/lib/" "-I" "zstd/lib/common" "-I" "zstd/lib/legacy" "-fvisibility=hidden" "-DZSTD_LIB_DEPRECATED=0" "-DXXH_PRIVATE_API=" "-DZSTDLIB_VISIBILITY=" "-DZDICTLIB_VISIBILITY=" "-DZSTDERRORLIB_VISIBILITY=" "-DZSTD_LEGACY_SUPPORT=1" "-o" "/opt/rustwide/target/debug/build/zstd-sys-2b6d9f30d9a40b95/out/zstd/lib/compress/zstd_ldm.o" "-c" "zstd/lib/compress/zstd_ldm.c"
[INFO] [stderr]   exit status: 0
[INFO] [stderr]   exit status: 0
[INFO] [stderr]   exit status: 0
[INFO] [stderr]   exit status: 0
[INFO] [stderr]   exit status: 0
[INFO] [stderr]   running: "cc" "-O3" "-ffunction-sections" "-fdata-sections" "-fPIC" "-g" "-fno-omit-frame-pointer" "-m64" "-I" "zstd/lib/" "-I" "zstd/lib/common" "-I" "zstd/lib/legacy" "-fvisibility=hidden" "-DZSTD_LIB_DEPRECATED=0" "-DXXH_PRIVATE_API=" "-DZSTDLIB_VISIBILITY=" "-DZDICTLIB_VISIBILITY=" "-DZSTDERRORLIB_VISIBILITY=" "-DZSTD_LEGACY_SUPPORT=1" "-o" "/opt/rustwide/target/debug/build/zstd-sys-2b6d9f30d9a40b95/out/zstd/lib/compress/zstd_lazy.o" "-c" "zstd/lib/compress/zstd_lazy.c"
[INFO] [stderr]   running: "cc" "-O3" "-ffunction-sections" "-fdata-sections" "-fPIC" "-g" "-fno-omit-frame-pointer" "-m64" "-I" "zstd/lib/" "-I" "zstd/lib/common" "-I" "zstd/lib/legacy" "-fvisibility=hidden" "-DZSTD_LIB_DEPRECATED=0" "-DXXH_PRIVATE_API=" "-DZSTDLIB_VISIBILITY=" "-DZDICTLIB_VISIBILITY=" "-DZSTDERRORLIB_VISIBILITY=" "-DZSTD_LEGACY_SUPPORT=1" "-o" "/opt/rustwide/target/debug/build/zstd-sys-2b6d9f30d9a40b95/out/zstd/lib/compress/zstd_compress.o" "-c" "zstd/lib/compress/zstd_compress.c"
[INFO] [stderr]   running: "cc" "-O3" "-ffunction-sections" "-fdata-sections" "-fPIC" "-g" "-fno-omit-frame-pointer" "-m64" "-I" "zstd/lib/" "-I" "zstd/lib/common" "-I" "zstd/lib/legacy" "-fvisibility=hidden" "-DZSTD_LIB_DEPRECATED=0" "-DXXH_PRIVATE_API=" "-DZSTDLIB_VISIBILITY=" "-DZDICTLIB_VISIBILITY=" "-DZSTDERRORLIB_VISIBILITY=" "-DZSTD_LEGACY_SUPPORT=1" "-o" "/opt/rustwide/target/debug/build/zstd-sys-2b6d9f30d9a40b95/out/zstd/lib/compress/zstd_double_fast.o" "-c" "zstd/lib/compress/zstd_double_fast.c"
[INFO] [stderr]   running: "cc" "-O3" "-ffunction-sections" "-fdata-sections" "-fPIC" "-g" "-fno-omit-frame-pointer" "-m64" "-I" "zstd/lib/" "-I" "zstd/lib/common" "-I" "zstd/lib/legacy" "-fvisibility=hidden" "-DZSTD_LIB_DEPRECATED=0" "-DXXH_PRIVATE_API=" "-DZSTDLIB_VISIBILITY=" "-DZDICTLIB_VISIBILITY=" "-DZSTDERRORLIB_VISIBILITY=" "-DZSTD_LEGACY_SUPPORT=1" "-o" "/opt/rustwide/target/debug/build/zstd-sys-2b6d9f30d9a40b95/out/zstd/lib/compress/zstd_fast.o" "-c" "zstd/lib/compress/zstd_fast.c"
[INFO] [stderr]   running: "cc" "-O3" "-ffunction-sections" "-fdata-sections" "-fPIC" "-g" "-fno-omit-frame-pointer" "-m64" "-I" "zstd/lib/" "-I" "zstd/lib/common" "-I" "zstd/lib/legacy" "-fvisibility=hidden" "-DZSTD_LIB_DEPRECATED=0" "-DXXH_PRIVATE_API=" "-DZSTDLIB_VISIBILITY=" "-DZDICTLIB_VISIBILITY=" "-DZSTDERRORLIB_VISIBILITY=" "-DZSTD_LEGACY_SUPPORT=1" "-o" "/opt/rustwide/target/debug/build/zstd-sys-2b6d9f30d9a40b95/out/zstd/lib/compress/huf_compress.o" "-c" "zstd/lib/compress/huf_compress.c"
[INFO] [stderr]   running: "cc" "-O3" "-ffunction-sections" "-fdata-sections" "-fPIC" "-g" "-fno-omit-frame-pointer" "-m64" "-I" "zstd/lib/" "-I" "zstd/lib/common" "-I" "zstd/lib/legacy" "-fvisibility=hidden" "-DZSTD_LIB_DEPRECATED=0" "-DXXH_PRIVATE_API=" "-DZSTDLIB_VISIBILITY=" "-DZDICTLIB_VISIBILITY=" "-DZSTDERRORLIB_VISIBILITY=" "-DZSTD_LEGACY_SUPPORT=1" "-o" "/opt/rustwide/target/debug/build/zstd-sys-2b6d9f30d9a40b95/out/zstd/lib/compress/zstdmt_compress.o" "-c" "zstd/lib/compress/zstdmt_compress.c"
[INFO] [stderr]   running: "cc" "-O3" "-ffunction-sections" "-fdata-sections" "-fPIC" "-g" "-fno-omit-frame-pointer" "-m64" "-I" "zstd/lib/" "-I" "zstd/lib/common" "-I" "zstd/lib/legacy" "-fvisibility=hidden" "-DZSTD_LIB_DEPRECATED=0" "-DXXH_PRIVATE_API=" "-DZSTDLIB_VISIBILITY=" "-DZDICTLIB_VISIBILITY=" "-DZSTDERRORLIB_VISIBILITY=" "-DZSTD_LEGACY_SUPPORT=1" "-o" "/opt/rustwide/target/debug/build/zstd-sys-2b6d9f30d9a40b95/out/zstd/lib/compress/hist.o" "-c" "zstd/lib/compress/hist.c"
[INFO] [stderr]   running: "cc" "-O3" "-ffunction-sections" "-fdata-sections" "-fPIC" "-g" "-fno-omit-frame-pointer" "-m64" "-I" "zstd/lib/" "-I" "zstd/lib/common" "-I" "zstd/lib/legacy" "-fvisibility=hidden" "-DZSTD_LIB_DEPRECATED=0" "-DXXH_PRIVATE_API=" "-DZSTDLIB_VISIBILITY=" "-DZDICTLIB_VISIBILITY=" "-DZSTDERRORLIB_VISIBILITY=" "-DZSTD_LEGACY_SUPPORT=1" "-o" "/opt/rustwide/target/debug/build/zstd-sys-2b6d9f30d9a40b95/out/zstd/lib/compress/zstd_compress_literals.o" "-c" "zstd/lib/compress/zstd_compress_literals.c"
[INFO] [stderr]   running: "cc" "-O3" "-ffunction-sections" "-fdata-sections" "-fPIC" "-g" "-fno-omit-frame-pointer" "-m64" "-I" "zstd/lib/" "-I" "zstd/lib/common" "-I" "zstd/lib/legacy" "-fvisibility=hidden" "-DZSTD_LIB_DEPRECATED=0" "-DXXH_PRIVATE_API=" "-DZSTDLIB_VISIBILITY=" "-DZDICTLIB_VISIBILITY=" "-DZSTDERRORLIB_VISIBILITY=" "-DZSTD_LEGACY_SUPPORT=1" "-o" "/opt/rustwide/target/debug/build/zstd-sys-2b6d9f30d9a40b95/out/zstd/lib/compress/zstd_opt.o" "-c" "zstd/lib/compress/zstd_opt.c"
[INFO] [stderr]   cargo:warning=zstd/lib/compress/zstd_compress_literals.c:159:1: fatal error: error writing to /tmp/cczc3MFM.s: No space left on device
[INFO] [stderr]   cargo:warning=  159 | }
[INFO] [stderr]   cargo:warning=      | ^
[INFO] [stderr]   cargo:warning=compilation terminated.
[INFO] [stderr]   exit status: 1
[INFO] [stderr]   running: "cc" "-O3" "-ffunction-sections" "-fdata-sections" "-fPIC" "-g" "-fno-omit-frame-pointer" "-m64" "-I" "zstd/lib/" "-I" "zstd/lib/common" "-I" "zstd/lib/legacy" "-fvisibility=hidden" "-DZSTD_LIB_DEPRECATED=0" "-DXXH_PRIVATE_API=" "-DZSTDLIB_VISIBILITY=" "-DZDICTLIB_VISIBILITY=" "-DZSTDERRORLIB_VISIBILITY=" "-DZSTD_LEGACY_SUPPORT=1" "-o" "/opt/rustwide/target/debug/build/zstd-sys-2b6d9f30d9a40b95/out/zstd/lib/compress/fse_compress.o" "-c" "zstd/lib/compress/fse_compress.c"
[INFO] [stderr]   cargo:warning=zstd/lib/compress/hist.c:180:1: fatal error: error writing to /tmp/ccXkTCy9.s: No space left on device
[INFO] [stderr]   cargo:warning=  180 | }
[INFO] [stderr]   cargo:warning=      | ^
[INFO] [stderr]   cargo:warning=compilation terminated.
[INFO] [stderr]   exit status: 1
[INFO] [stderr]   cargo:warning=zstd/lib/compress/fse_compress.c:738:1: fatal error: error writing to /tmp/ccrpOGZS.s: No space left on device
[INFO] [stderr]   cargo:warning=  738 | }
[INFO] [stderr]   cargo:warning=      | ^
[INFO] [stderr]   cargo:warning=compilation terminated.
[INFO] [stderr]   exit status: 1
[INFO] [stderr]   cargo:warning=zstd/lib/compress/zstdmt_compress.c:1851:1: fatal error: error writing to /tmp/ccoU7dbq.s: No space left on device
[INFO] [stderr]   cargo:warning= 1851 | }
[INFO] [stderr]   cargo:warning=      | ^
[INFO] [stderr]   cargo:warning=compilation terminated.
[INFO] [stderr]   exit status: 1
[INFO] [stderr]   cargo:warning=zstd/lib/compress/huf_compress.c:1369:1: fatal error: error writing to /tmp/ccpmJBcT.s: No space left on device
[INFO] [stderr]   cargo:warning= 1369 | }
[INFO] [stderr]   cargo:warning=      | ^
[INFO] [stderr]   cargo:warning=compilation terminated.
[INFO] [stderr]   exit status: 1
[INFO] [stderr]   cargo:warning=zstd/lib/compress/zstd_double_fast.c:696:1: fatal error: error writing to /tmp/ccjmN11k.s: No space left on device
[INFO] [stderr]   cargo:warning=  696 | }
[INFO] [stderr]   cargo:warning=      | ^
[INFO] [stderr]   cargo:warning=compilation terminated.
[INFO] [stderr]   exit status: 1
[INFO] [stderr]   cargo:warning=zstd/lib/compress/zstd_compress.c:6309:1: fatal error: error writing to /tmp/ccl5PCEx.s: No space left on device
[INFO] [stderr]   cargo:warning= 6309 | }
[INFO] [stderr]   cargo:warning=      | ^
[INFO] [stderr]   cargo:warning=compilation terminated.
[INFO] [stderr]   exit status: 1
[INFO] [stderr]   cargo:warning=zstd/lib/compress/zstd_fast.c:675:1: fatal error: error writing to /tmp/cc9p4xFG.s: No space left on device
[INFO] [stderr]   cargo:warning=  675 | }
[INFO] [stderr]   cargo:warning=      | ^
[INFO] [stderr]   cargo:warning=compilation terminated.
[INFO] [stderr]   exit status: 1
[INFO] [stderr]   cargo:warning=zstd/lib/compress/zstd_opt.c:1419:1: fatal error: error writing to /tmp/cc8EWrPC.s: No space left on device
[INFO] [stderr]   cargo:warning= 1419 | }
[INFO] [stderr]   cargo:warning=      | ^
[INFO] [stderr]   cargo:warning=compilation terminated.
[INFO] [stderr]   exit status: 1
[INFO] [stderr]   cargo:warning=zstd/lib/compress/zstd_lazy.c:2100:1: fatal error: error writing to /tmp/ccUbHQTd.s: No space left on device
[INFO] [stderr]   cargo:warning= 2100 | }
[INFO] [stderr]   cargo:warning=      | ^
[INFO] [stderr]   cargo:warning=compilation terminated.
[INFO] [stderr]   exit status: 1
[INFO] [stderr] 
[INFO] [stderr]   --- stderr
[INFO] [stderr] 
[INFO] [stderr] 
[INFO] [stderr]   error occurred: Command "cc" "-O3" "-ffunction-sections" "-fdata-sections" "-fPIC" "-g" "-fno-omit-frame-pointer" "-m64" "-I" "zstd/lib/" "-I" "zstd/lib/common" "-I" "zstd/lib/legacy" "-fvisibility=hidden" "-DZSTD_LIB_DEPRECATED=0" "-DXXH_PRIVATE_API=" "-DZSTDLIB_VISIBILITY=" "-DZDICTLIB_VISIBILITY=" "-DZSTDERRORLIB_VISIBILITY=" "-DZSTD_LEGACY_SUPPORT=1" "-o" "/opt/rustwide/target/debug/build/zstd-sys-2b6d9f30d9a40b95/out/zstd/lib/compress/zstd_lazy.o" "-c" "zstd/lib/compress/zstd_lazy.c" with args "cc" did not execute successfully (status code exit status: 1).
[INFO] [stderr] 
[INFO] [stderr] 
[INFO] running `Command { std: "docker" "inspect" "8d0b155d85e967781eca0e71771131f832316b77509ce95ae74854ed502c0cfc", kill_on_drop: false }`
[INFO] running `Command { std: "docker" "rm" "-f" "8d0b155d85e967781eca0e71771131f832316b77509ce95ae74854ed502c0cfc", kill_on_drop: false }`
[INFO] [stdout] 8d0b155d85e967781eca0e71771131f832316b77509ce95ae74854ed502c0cfc
