[INFO] cloning repository https://github.com/anatawa12/patch-merge-driver
[INFO] running `Command { std: "git" "-c" "credential.helper=" "-c" "credential.helper=/workspace/cargo-home/bin/git-credential-null" "clone" "--bare" "https://github.com/anatawa12/patch-merge-driver" "/workspace/cache/git-repos/https%3A%2F%2Fgithub.com%2Fanatawa12%2Fpatch-merge-driver", kill_on_drop: false }`
[INFO] [stderr] Cloning into bare repository '/workspace/cache/git-repos/https%3A%2F%2Fgithub.com%2Fanatawa12%2Fpatch-merge-driver'...
[INFO] running `Command { std: "git" "rev-parse" "HEAD", kill_on_drop: false }`
[INFO] [stdout] 3c2b3b12d7f16091e088bf5f1fbc308865ffdeaf
[INFO] testing anatawa12/patch-merge-driver against 1.69.0 for beta-1.70-1
[INFO] running `Command { std: "git" "clone" "/workspace/cache/git-repos/https%3A%2F%2Fgithub.com%2Fanatawa12%2Fpatch-merge-driver" "/workspace/builds/worker-1-tc1/source", kill_on_drop: false }`
[INFO] [stderr] Cloning into '/workspace/builds/worker-1-tc1/source'...
[INFO] [stderr] done.
[INFO] validating manifest of git repo https://github.com/anatawa12/patch-merge-driver on toolchain 1.69.0
[INFO] running `Command { std: CARGO_HOME="/workspace/cargo-home" RUSTUP_HOME="/workspace/rustup-home" "/workspace/cargo-home/bin/cargo" "+1.69.0" "metadata" "--manifest-path" "Cargo.toml" "--no-deps", kill_on_drop: false }`
[INFO] started tweaking git repo https://github.com/anatawa12/patch-merge-driver
[INFO] finished tweaking git repo https://github.com/anatawa12/patch-merge-driver
[INFO] tweaked toml for git repo https://github.com/anatawa12/patch-merge-driver written to /workspace/builds/worker-1-tc1/source/Cargo.toml
[INFO] crate git repo https://github.com/anatawa12/patch-merge-driver already has a lockfile, it will not be regenerated
[INFO] running `Command { std: CARGO_HOME="/workspace/cargo-home" RUSTUP_HOME="/workspace/rustup-home" "/workspace/cargo-home/bin/cargo" "+1.69.0" "fetch" "--manifest-path" "Cargo.toml", kill_on_drop: false }`
[INFO] [stderr]  Downloading crates ...
[INFO] [stderr]   Downloaded clap v3.1.3
[INFO] running `Command { std: "docker" "create" "-v" "/var/lib/crater-agent-workspace/builds/worker-1-tc1/target:/opt/rustwide/target:rw,Z" "-v" "/var/lib/crater-agent-workspace/builds/worker-1-tc1/source:/opt/rustwide/workdir:ro,Z" "-v" "/var/lib/crater-agent-workspace/cargo-home:/opt/rustwide/cargo-home:ro,Z" "-v" "/var/lib/crater-agent-workspace/rustup-home:/opt/rustwide/rustup-home:ro,Z" "-e" "SOURCE_DIR=/opt/rustwide/workdir" "-e" "CARGO_TARGET_DIR=/opt/rustwide/target" "-e" "CARGO_HOME=/opt/rustwide/cargo-home" "-e" "RUSTUP_HOME=/opt/rustwide/rustup-home" "-w" "/opt/rustwide/workdir" "-m" "1610612736" "--user" "0:0" "--network" "none" "ghcr.io/rust-lang/crates-build-env/linux@sha256:5ff2268d62e97bff2cde7d5815dd6ed5b47097566f13b8d0ca110b04b60e07ed" "/opt/rustwide/cargo-home/bin/cargo" "+1.69.0" "metadata" "--no-deps" "--format-version=1", kill_on_drop: false }`
[INFO] [stdout] 7aad2794722a815bb84fbe324c9b7aa5e5f2029ceeabad5ec6218d008b1d4ed8
[INFO] running `Command { std: "docker" "start" "-a" "7aad2794722a815bb84fbe324c9b7aa5e5f2029ceeabad5ec6218d008b1d4ed8", kill_on_drop: false }`
[INFO] running `Command { std: "docker" "inspect" "7aad2794722a815bb84fbe324c9b7aa5e5f2029ceeabad5ec6218d008b1d4ed8", kill_on_drop: false }`
[INFO] running `Command { std: "docker" "rm" "-f" "7aad2794722a815bb84fbe324c9b7aa5e5f2029ceeabad5ec6218d008b1d4ed8", kill_on_drop: false }`
[INFO] [stdout] 7aad2794722a815bb84fbe324c9b7aa5e5f2029ceeabad5ec6218d008b1d4ed8
[INFO] running `Command { std: "docker" "create" "-v" "/var/lib/crater-agent-workspace/builds/worker-1-tc1/target:/opt/rustwide/target:rw,Z" "-v" "/var/lib/crater-agent-workspace/builds/worker-1-tc1/source:/opt/rustwide/workdir:ro,Z" "-v" "/var/lib/crater-agent-workspace/cargo-home:/opt/rustwide/cargo-home:ro,Z" "-v" "/var/lib/crater-agent-workspace/rustup-home:/opt/rustwide/rustup-home:ro,Z" "-e" "SOURCE_DIR=/opt/rustwide/workdir" "-e" "CARGO_TARGET_DIR=/opt/rustwide/target" "-e" "CARGO_INCREMENTAL=0" "-e" "RUST_BACKTRACE=full" "-e" "RUSTFLAGS=--cap-lints=warn" "-e" "RUSTDOCFLAGS=--cap-lints=warn" "-e" "CARGO_HOME=/opt/rustwide/cargo-home" "-e" "RUSTUP_HOME=/opt/rustwide/rustup-home" "-w" "/opt/rustwide/workdir" "-m" "1610612736" "--user" "0:0" "--network" "none" "ghcr.io/rust-lang/crates-build-env/linux@sha256:5ff2268d62e97bff2cde7d5815dd6ed5b47097566f13b8d0ca110b04b60e07ed" "/opt/rustwide/cargo-home/bin/cargo" "+1.69.0" "build" "--frozen" "--message-format=json", kill_on_drop: false }`
[INFO] [stdout] c30aa9ba7fc034c508d534de38283855d7dbad3cf2e1827b08975166fc42a320
[INFO] running `Command { std: "docker" "start" "-a" "c30aa9ba7fc034c508d534de38283855d7dbad3cf2e1827b08975166fc42a320", kill_on_drop: false }`
[INFO] [stderr]    Compiling proc-macro2 v1.0.36
[INFO] [stderr]    Compiling version_check v0.9.4
[INFO] [stderr]    Compiling unicode-xid v0.2.2
[INFO] [stderr]    Compiling libc v0.2.119
[INFO] [stderr]    Compiling syn v1.0.86
[INFO] [stderr]    Compiling autocfg v1.1.0
[INFO] [stderr]    Compiling memchr v2.4.1
[INFO] [stderr]    Compiling heck v0.4.0
[INFO] [stderr]    Compiling hashbrown v0.11.2
[INFO] [stderr]    Compiling strsim v0.10.0
[INFO] [stderr]    Compiling indexmap v1.8.0
[INFO] [stderr]    Compiling proc-macro-error-attr v1.0.4
[INFO] [stderr]    Compiling proc-macro-error v1.0.4
[INFO] [stderr]    Compiling textwrap v0.14.2
[INFO] [stderr]    Compiling os_str_bytes v6.0.0
[INFO] [stderr]    Compiling quote v1.0.15
[INFO] [stderr]    Compiling termcolor v1.1.2
[INFO] [stderr]    Compiling atty v0.2.14
[INFO] [stderr]    Compiling bitflags v1.3.2
[INFO] [stderr]    Compiling memmap v0.7.0
[INFO] [stderr]    Compiling home v0.5.3
[INFO] [stderr]    Compiling clap_derive v3.1.2
[INFO] [stderr]    Compiling clap v3.1.3
[INFO] [stderr]    Compiling patch-merge-driver v0.1.0 (/opt/rustwide/workdir)
[INFO] [stdout] error[E0277]: the trait bound `ContextHank<'a>: Clone` is not satisfied
[INFO] [stdout]    --> src/patch/context.rs:49:35
[INFO] [stdout]     |
[INFO] [stdout] 49  | impl<'a> super::PatchHank<'a> for ContextHank<'a> {
[INFO] [stdout]     |                                   ^^^^^^^^^^^^^^^ the trait `Clone` is not implemented for `ContextHank<'a>`
[INFO] [stdout]     |
[INFO] [stdout] note: required by a bound in `PatchHank`
[INFO] [stdout]    --> src/patch/mod.rs:220:33
[INFO] [stdout]     |
[INFO] [stdout] 220 | pub(crate) trait PatchHank<'a>: Clone {
[INFO] [stdout]     |                                 ^^^^^ required by this bound in `PatchHank`
[INFO] [stdout] help: consider annotating `ContextHank<'a>` with `#[derive(Clone)]`
[INFO] [stdout]     |
[INFO] [stdout] 16  | #[derive(Clone)]
[INFO] [stdout]     |
[INFO] [stdout] 
[INFO] [stdout] 
[INFO] [stdout] error[E0277]: the trait bound `NormalHank<'a>: Clone` is not satisfied
[INFO] [stdout]    --> src/patch/normal.rs:66:35
[INFO] [stdout]     |
[INFO] [stdout] 66  | impl<'a> super::PatchHank<'a> for NormalHank<'a> {
[INFO] [stdout]     |                                   ^^^^^^^^^^^^^^ the trait `Clone` is not implemented for `NormalHank<'a>`
[INFO] [stdout]     |
[INFO] [stdout] note: required by a bound in `PatchHank`
[INFO] [stdout]    --> src/patch/mod.rs:220:33
[INFO] [stdout]     |
[INFO] [stdout] 220 | pub(crate) trait PatchHank<'a>: Clone {
[INFO] [stdout]     |                                 ^^^^^ required by this bound in `PatchHank`
[INFO] [stdout] 
[INFO] [stdout] 
[INFO] [stdout] error[E0277]: the trait bound `UnifiedHank<'a>: Clone` is not satisfied
[INFO] [stdout]    --> src/patch/unified.rs:50:35
[INFO] [stdout]     |
[INFO] [stdout] 50  | impl<'a> super::PatchHank<'a> for UnifiedHank<'a> {
[INFO] [stdout]     |                                   ^^^^^^^^^^^^^^^ the trait `Clone` is not implemented for `UnifiedHank<'a>`
[INFO] [stdout]     |
[INFO] [stdout] note: required by a bound in `PatchHank`
[INFO] [stdout]    --> src/patch/mod.rs:220:33
[INFO] [stdout]     |
[INFO] [stdout] 220 | pub(crate) trait PatchHank<'a>: Clone {
[INFO] [stdout]     |                                 ^^^^^ required by this bound in `PatchHank`
[INFO] [stdout] 
[INFO] [stdout] 
[INFO] [stdout] error: aborting due to 3 previous errors
[INFO] [stdout] 
[INFO] [stdout] 
[INFO] [stdout] For more information about this error, try `rustc --explain E0277`.
[INFO] [stdout] 
[INFO] [stderr] error: could not compile `patch-merge-driver` due to 4 previous errors
[INFO] running `Command { std: "docker" "inspect" "c30aa9ba7fc034c508d534de38283855d7dbad3cf2e1827b08975166fc42a320", kill_on_drop: false }`
[INFO] running `Command { std: "docker" "rm" "-f" "c30aa9ba7fc034c508d534de38283855d7dbad3cf2e1827b08975166fc42a320", kill_on_drop: false }`
[INFO] [stdout] c30aa9ba7fc034c508d534de38283855d7dbad3cf2e1827b08975166fc42a320
