[INFO] cloning repository https://github.com/alexandercrypto/holding-metadata-solana
[INFO] running `Command { std: "git" "-c" "credential.helper=" "-c" "credential.helper=/workspace/cargo-home/bin/git-credential-null" "clone" "--bare" "https://github.com/alexandercrypto/holding-metadata-solana" "/workspace/cache/git-repos/https%3A%2F%2Fgithub.com%2Falexandercrypto%2Fholding-metadata-solana", kill_on_drop: false }`
[INFO] [stderr] Cloning into bare repository '/workspace/cache/git-repos/https%3A%2F%2Fgithub.com%2Falexandercrypto%2Fholding-metadata-solana'...
[INFO] running `Command { std: "git" "rev-parse" "HEAD", kill_on_drop: false }`
[INFO] [stdout] 31d55d6ea853b63ed2cab908bf558c5025f47ec8
[INFO] testing alexandercrypto/holding-metadata-solana against 1.69.0 for beta-1.70-1
[INFO] running `Command { std: "git" "clone" "/workspace/cache/git-repos/https%3A%2F%2Fgithub.com%2Falexandercrypto%2Fholding-metadata-solana" "/workspace/builds/worker-6-tc1/source", kill_on_drop: false }`
[INFO] [stderr] Cloning into '/workspace/builds/worker-6-tc1/source'...
[INFO] [stderr] done.
[INFO] validating manifest of git repo https://github.com/alexandercrypto/holding-metadata-solana on toolchain 1.69.0
[INFO] running `Command { std: CARGO_HOME="/workspace/cargo-home" RUSTUP_HOME="/workspace/rustup-home" "/workspace/cargo-home/bin/cargo" "+1.69.0" "metadata" "--manifest-path" "Cargo.toml" "--no-deps", kill_on_drop: false }`
[INFO] started tweaking git repo https://github.com/alexandercrypto/holding-metadata-solana
[INFO] finished tweaking git repo https://github.com/alexandercrypto/holding-metadata-solana
[INFO] tweaked toml for git repo https://github.com/alexandercrypto/holding-metadata-solana written to /workspace/builds/worker-6-tc1/source/Cargo.toml
[INFO] crate git repo https://github.com/alexandercrypto/holding-metadata-solana already has a lockfile, it will not be regenerated
[INFO] running `Command { std: CARGO_HOME="/workspace/cargo-home" RUSTUP_HOME="/workspace/rustup-home" "/workspace/cargo-home/bin/cargo" "+1.69.0" "fetch" "--manifest-path" "Cargo.toml", kill_on_drop: false }`
[INFO] [stderr]  Downloading crates ...
[INFO] [stderr]   Downloaded solana-sdk-macro v1.8.1
[INFO] [stderr]   Downloaded solana-client v1.8.1
[INFO] [stderr]   Downloaded solana-secp256k1-program v1.8.1
[INFO] [stderr]   Downloaded solana-transaction-status v1.8.1
[INFO] [stderr]   Downloaded solana-account-decoder v1.8.1
[INFO] [stderr]   Downloaded solana-clap-utils v1.8.1
[INFO] [stderr]   Downloaded solana-cli-config v1.8.1
[INFO] [stderr]   Downloaded predicates-tree v1.0.4
[INFO] [stderr]   Downloaded termtree v0.2.1
[INFO] [stderr]   Downloaded assert_cmd v2.0.2
[INFO] [stderr]   Downloaded solana-frozen-abi v1.8.1
[INFO] [stderr]   Downloaded solana-frozen-abi-macro v1.8.1
[INFO] [stderr]   Downloaded solana-logger v1.8.1
[INFO] [stderr]   Downloaded solana-program v1.8.1
[INFO] [stderr]   Downloaded solana-metrics v1.8.1
[INFO] [stderr]   Downloaded solana-runtime v1.8.1
[INFO] [stderr]   Downloaded metaplex-token-vault v0.0.1
[INFO] [stderr]   Downloaded serde_yaml v0.8.21
[INFO] [stderr]   Downloaded hidapi v1.2.6
[INFO] [stderr]   Downloaded solana-rayon-threadlimit v1.8.1
[INFO] [stderr]   Downloaded predicates v2.0.3
[INFO] [stderr]   Downloaded metaplex-token-metadata v0.0.1
[INFO] [stderr]   Downloaded solana-crate-features v1.8.1
[INFO] [stderr]   Downloaded solana-sdk v1.8.1
[INFO] [stderr]   Downloaded solana-faucet v1.8.1
[INFO] [stderr]   Downloaded solana-config-program v1.8.1
[INFO] [stderr]   Downloaded solana-remote-wallet v1.8.1
[INFO] [stderr]   Downloaded solana-net-utils v1.8.1
[INFO] [stderr]   Downloaded solana-compute-budget-program v1.8.1
[INFO] [stderr]   Downloaded solana-ed25519-program v1.8.1
[INFO] [stderr]   Downloaded solana-measure v1.8.1
[INFO] [stderr]   Downloaded solana-stake-program v1.8.1
[INFO] [stderr]   Downloaded solana-vote-program v1.8.1
[INFO] [stderr]   Downloaded reqwest v0.11.5
[INFO] [stderr]   Downloaded solana-version v1.8.1
[INFO] running `Command { std: "docker" "create" "-v" "/var/lib/crater-agent-workspace/builds/worker-6-tc1/target:/opt/rustwide/target:rw,Z" "-v" "/var/lib/crater-agent-workspace/builds/worker-6-tc1/source:/opt/rustwide/workdir:ro,Z" "-v" "/var/lib/crater-agent-workspace/cargo-home:/opt/rustwide/cargo-home:ro,Z" "-v" "/var/lib/crater-agent-workspace/rustup-home:/opt/rustwide/rustup-home:ro,Z" "-e" "SOURCE_DIR=/opt/rustwide/workdir" "-e" "CARGO_TARGET_DIR=/opt/rustwide/target" "-e" "CARGO_HOME=/opt/rustwide/cargo-home" "-e" "RUSTUP_HOME=/opt/rustwide/rustup-home" "-w" "/opt/rustwide/workdir" "-m" "1610612736" "--user" "0:0" "--network" "none" "ghcr.io/rust-lang/crates-build-env/linux@sha256:5ff2268d62e97bff2cde7d5815dd6ed5b47097566f13b8d0ca110b04b60e07ed" "/opt/rustwide/cargo-home/bin/cargo" "+1.69.0" "metadata" "--no-deps" "--format-version=1", kill_on_drop: false }`
[INFO] [stdout] ee52d599aceb771a249269e43a9e821c61781c7701bb5c5027810b7867dc1c47
[INFO] running `Command { std: "docker" "start" "-a" "ee52d599aceb771a249269e43a9e821c61781c7701bb5c5027810b7867dc1c47", kill_on_drop: false }`
[INFO] running `Command { std: "docker" "inspect" "ee52d599aceb771a249269e43a9e821c61781c7701bb5c5027810b7867dc1c47", kill_on_drop: false }`
[INFO] running `Command { std: "docker" "rm" "-f" "ee52d599aceb771a249269e43a9e821c61781c7701bb5c5027810b7867dc1c47", kill_on_drop: false }`
[INFO] [stdout] ee52d599aceb771a249269e43a9e821c61781c7701bb5c5027810b7867dc1c47
[INFO] running `Command { std: "docker" "create" "-v" "/var/lib/crater-agent-workspace/builds/worker-6-tc1/target:/opt/rustwide/target:rw,Z" "-v" "/var/lib/crater-agent-workspace/builds/worker-6-tc1/source:/opt/rustwide/workdir:ro,Z" "-v" "/var/lib/crater-agent-workspace/cargo-home:/opt/rustwide/cargo-home:ro,Z" "-v" "/var/lib/crater-agent-workspace/rustup-home:/opt/rustwide/rustup-home:ro,Z" "-e" "SOURCE_DIR=/opt/rustwide/workdir" "-e" "CARGO_TARGET_DIR=/opt/rustwide/target" "-e" "CARGO_INCREMENTAL=0" "-e" "RUST_BACKTRACE=full" "-e" "RUSTFLAGS=--cap-lints=warn" "-e" "RUSTDOCFLAGS=--cap-lints=warn" "-e" "CARGO_HOME=/opt/rustwide/cargo-home" "-e" "RUSTUP_HOME=/opt/rustwide/rustup-home" "-w" "/opt/rustwide/workdir" "-m" "1610612736" "--user" "0:0" "--network" "none" "ghcr.io/rust-lang/crates-build-env/linux@sha256:5ff2268d62e97bff2cde7d5815dd6ed5b47097566f13b8d0ca110b04b60e07ed" "/opt/rustwide/cargo-home/bin/cargo" "+1.69.0" "build" "--frozen" "--message-format=json", kill_on_drop: false }`
[INFO] [stdout] 3a1f4ad969f5e38061474608a599ab630b3fde8388694e08089bb8fd9f53fc33
[INFO] running `Command { std: "docker" "start" "-a" "3a1f4ad969f5e38061474608a599ab630b3fde8388694e08089bb8fd9f53fc33", kill_on_drop: false }`
[INFO] [stderr]    Compiling libc v0.2.103
[INFO] [stderr]    Compiling proc-macro2 v1.0.29
[INFO] [stderr]    Compiling unicode-xid v0.2.2
[INFO] [stderr]    Compiling syn v1.0.80
[INFO] [stderr]    Compiling autocfg v1.0.1
[INFO] [stderr]    Compiling cfg-if v1.0.0
[INFO] [stderr]    Compiling serde_derive v1.0.130
[INFO] [stderr]    Compiling serde v1.0.130
[INFO] [stderr]    Compiling version_check v0.9.3
[INFO] [stderr]    Compiling spin v0.5.2
[INFO] [stderr]    Compiling typenum v1.14.0
[INFO] [stderr]    Compiling memchr v2.4.1
[INFO] [stderr]    Compiling subtle v2.4.1
[INFO] [stderr]    Compiling log v0.4.14
[INFO] [stderr]    Compiling semver-parser v0.7.0
[INFO] [stderr]    Compiling getrandom v0.1.16
[INFO] [stderr]    Compiling pkg-config v0.3.20
[INFO] [stderr]    Compiling once_cell v1.8.0
[INFO] [stderr]    Compiling lazy_static v1.4.0
[INFO] [stderr]    Compiling scopeguard v1.1.0
[INFO] [stderr]    Compiling semver v0.9.0
[INFO] [stderr]    Compiling regex-syntax v0.6.25
[INFO] [stderr]    Compiling ppv-lite86 v0.2.10
[INFO] [stderr]    Compiling either v1.6.1
[INFO] [stderr]    Compiling pin-project-lite v0.2.7
[INFO] [stderr]    Compiling block-padding v0.2.1
[INFO] [stderr]    Compiling byteorder v1.4.3
[INFO] [stderr]    Compiling smallvec v1.7.0
[INFO] [stderr]    Compiling generic-array v0.14.4
[INFO] [stderr]    Compiling rustc_version v0.2.3
[INFO] [stderr]    Compiling futures-core v0.3.17
[INFO] [stderr]    Compiling opaque-debug v0.3.0
[INFO] [stderr]    Compiling crunchy v0.2.2
[INFO] [stderr]    Compiling bytes v1.1.0
[INFO] [stderr]    Compiling proc-macro-hack v0.5.19
[INFO] [stderr]    Compiling parking_lot_core v0.8.5
[INFO] [stderr]    Compiling cpufeatures v0.2.1
[INFO] [stderr]    Compiling itertools v0.9.0
[INFO] [stderr]    Compiling futures-macro v0.3.17
[INFO] [stderr]    Compiling aho-corasick v0.7.18
[INFO] [stderr]    Compiling instant v0.1.11
[INFO] [stderr]    Compiling futures-channel v0.3.17
[INFO] [stderr]    Compiling proc-macro-nested v0.1.7
[INFO] [stderr]    Compiling bitflags v1.2.1
[INFO] [stderr]    Compiling futures-task v0.3.17
[INFO] [stderr]    Compiling futures-sink v0.3.17
[INFO] [stderr]    Compiling itoa v0.4.8
[INFO] [stderr]    Compiling quote v1.0.10
[INFO] [stderr]    Compiling tokio v1.12.0
[INFO] [stderr]    Compiling futures-util v0.3.17
[INFO] [stderr]    Compiling lock_api v0.4.5
[INFO] [stderr]    Compiling indexmap v1.7.0
[INFO] [stderr]    Compiling num-traits v0.2.14
[INFO] [stderr]    Compiling generic-array v0.12.4
[INFO] [stderr]    Compiling fnv v1.0.7
[INFO] [stderr]    Compiling pin-utils v0.1.0
[INFO] [stderr]    Compiling slab v0.4.4
[INFO] [stderr]    Compiling jobserver v0.1.24
[INFO] [stderr]    Compiling num_cpus v1.13.0
[INFO] [stderr]    Compiling atty v0.2.14
[INFO] [stderr]    Compiling digest v0.8.1
[INFO] [stderr]    Compiling signal-hook-registry v1.4.0
[INFO] [stderr]    Compiling mio v0.7.13
[INFO] [stderr]    Compiling feature-probe v0.1.1
[INFO] [stderr]    Compiling futures-io v0.3.17
[INFO] [stderr]    Compiling cc v1.0.71
[INFO] [stderr]    Compiling rand_core v0.5.1
[INFO] [stderr]    Compiling solana-frozen-abi-macro v1.8.1
[INFO] [stderr]    Compiling rand_chacha v0.2.2
[INFO] [stderr]    Compiling parking_lot v0.11.2
[INFO] [stderr]    Compiling bv v0.11.1
[INFO] [stderr]    Compiling termcolor v1.1.2
[INFO] [stderr]    Compiling untrusted v0.7.1
[INFO] [stderr]    Compiling rustversion v1.0.5
[INFO] [stderr]    Compiling hashbrown v0.11.2
[INFO] [stderr]    Compiling rand v0.7.3
[INFO] [stderr]    Compiling humantime v2.1.0
[INFO] [stderr]    Compiling regex v1.5.4
[INFO] [stderr]    Compiling tinyvec_macros v0.1.0
[INFO] [stderr]    Compiling tinyvec v1.5.0
[INFO] [stderr]    Compiling http v0.2.5
[INFO] [stderr]    Compiling solana-frozen-abi v1.8.1
[INFO] [stderr]    Compiling miniz_oxide v0.4.4
[INFO] [stderr]    Compiling percent-encoding v2.1.0
[INFO] [stderr]    Compiling arrayref v0.3.6
[INFO] [stderr]    Compiling ahash v0.4.7
[INFO] [stderr]    Compiling matches v0.1.9
[INFO] [stderr]    Compiling openssl v0.10.33
[INFO] [stderr]    Compiling bs58 v0.3.1
[INFO] [stderr]    Compiling httparse v1.5.1
[INFO] [stderr]    Compiling hashbrown v0.9.1
[INFO] [stderr]    Compiling memmap2 v0.1.0
[INFO] [stderr]    Compiling solana-program v1.8.1
[INFO] [stderr]    Compiling tracing-core v0.1.21
[INFO] [stderr]    Compiling constant_time_eq v0.1.5
[INFO] [stderr]    Compiling arrayvec v0.5.2
[INFO] [stderr]    Compiling env_logger v0.8.4
[INFO] [stderr]    Compiling native-tls v0.2.8
[INFO] [stderr]    Compiling unicode-normalization v0.1.19
[INFO] [stderr]    Compiling keccak v0.1.0
[INFO] [stderr]    Compiling adler v1.0.2
[INFO] [stderr]    Compiling base64 v0.12.3
[INFO] [stderr]    Compiling openssl-sys v0.9.67
[INFO] [stderr]    Compiling ring v0.16.20
[INFO] [stderr]    Compiling blake3 v0.3.8
[INFO] [stderr]    Compiling solana-logger v1.8.1
[INFO] [stderr]    Compiling tracing v0.1.29
[INFO] [stderr]    Compiling backtrace v0.3.61
[INFO] [stderr]    Compiling form_urlencoded v1.0.1
[INFO] [stderr]    Compiling gimli v0.25.0
[INFO] [stderr]    Compiling openssl-probe v0.1.4
[INFO] [stderr]    Compiling unicode-bidi v0.3.7
[INFO] [stderr]    Compiling hex v0.4.3
[INFO] [stderr]    Compiling try-lock v0.2.3
[INFO] [stderr]    Compiling idna v0.2.3
[INFO] [stderr]    Compiling want v0.3.0
[INFO] [stderr]    Compiling getrandom v0.2.3
[INFO] [stderr]    Compiling socket2 v0.4.2
[INFO] [stderr]    Compiling object v0.26.2
[INFO] [stderr]    Compiling serde_json v1.0.68
[INFO] [stderr]    Compiling rustc-demangle v0.1.21
[INFO] [stderr]    Compiling http-body v0.4.3
[INFO] [stderr]    Compiling failure_derive v0.1.8
[INFO] [stderr]    Compiling proc-macro2 v0.4.30
[INFO] [stderr]    Compiling tower-service v0.3.1
[INFO] [stderr]    Compiling httpdate v1.0.1
[INFO] [stderr]    Compiling url v2.2.2
[INFO] [stderr]    Compiling rand_core v0.6.3
[INFO] [stderr]    Compiling encoding_rs v0.8.28
[INFO] [stderr]    Compiling unicode-xid v0.1.0
[INFO] [stderr]    Compiling signature v1.3.1
[INFO] [stderr]    Compiling num-integer v0.1.44
[INFO] [stderr]    Compiling syn v0.15.44
[INFO] [stderr]    Compiling winapi v0.3.9
[INFO] [stderr]    Compiling iovec v0.1.4
[INFO] [stderr]    Compiling synstructure v0.12.5
[INFO] [stderr]    Compiling borsh-derive-internal v0.9.1
[INFO] [stderr]    Compiling borsh-schema-derive-internal v0.9.1
[INFO] [stdout] error[E0425]: cannot find function, tuple struct or tuple variant `ERR_put_error` in crate `ffi`
[INFO] [stdout]    --> /opt/rustwide/cargo-home/registry/src/github.com-1ecc6299db9ec823/openssl-0.10.33/src/error.rs:143:18
[INFO] [stdout]     |
[INFO] [stdout] 143 |             ffi::ERR_put_error(
[INFO] [stdout]     |                  ^^^^^^^^^^^^^ help: a function with a similar name exists: `ERR_get_error`
[INFO] [stdout]     |
[INFO] [stdout]    ::: /opt/rustwide/cargo-home/registry/src/github.com-1ecc6299db9ec823/openssl-sys-0.9.67/src/err.rs:95:5
[INFO] [stdout]     |
[INFO] [stdout] 95  |     pub fn ERR_get_error() -> c_ulong;
[INFO] [stdout]     |     --------------------------------- similarly named function `ERR_get_error` defined here
[INFO] [stdout] 
[INFO] [stdout] 
[INFO] [stdout] error[E0425]: cannot find function, tuple struct or tuple variant `FIPS_mode_set` in crate `ffi`
[INFO] [stdout]   --> /opt/rustwide/cargo-home/registry/src/github.com-1ecc6299db9ec823/openssl-0.10.33/src/fips.rs:14:23
[INFO] [stdout]    |
[INFO] [stdout] 14 |     unsafe { cvt(ffi::FIPS_mode_set(enabled as _)).map(|_| ()) }
[INFO] [stdout]    |                       ^^^^^^^^^^^^^ not found in `ffi`
[INFO] [stdout] 
[INFO] [stdout] 
[INFO] [stderr]    Compiling mime v0.3.16
[INFO] [stdout] error[E0425]: cannot find function, tuple struct or tuple variant `FIPS_mode` in crate `ffi`
[INFO] [stdout]   --> /opt/rustwide/cargo-home/registry/src/github.com-1ecc6299db9ec823/openssl-0.10.33/src/fips.rs:21:19
[INFO] [stdout]    |
[INFO] [stdout] 21 |     unsafe { ffi::FIPS_mode() != 0 }
[INFO] [stdout]    |                   ^^^^^^^^^ not found in `ffi`
[INFO] [stdout] 
[INFO] [stdout] 
[INFO] [stdout] error[E0425]: cannot find function, tuple struct or tuple variant `SSL_get_peer_certificate` in crate `ffi`
[INFO] [stdout]     --> /opt/rustwide/cargo-home/registry/src/github.com-1ecc6299db9ec823/openssl-0.10.33/src/ssl/mod.rs:2684:28
[INFO] [stdout]      |
[INFO] [stdout] 2684 |             let ptr = ffi::SSL_get_peer_certificate(self.as_ptr());
[INFO] [stdout]      |                            ^^^^^^^^^^^^^^^^^^^^^^^^ help: a function with a similar name exists: `SSL_get1_peer_certificate`
[INFO] [stdout]      |
[INFO] [stdout]     ::: /opt/rustwide/cargo-home/registry/src/github.com-1ecc6299db9ec823/openssl-sys-0.9.67/src/ssl.rs:1022:5
[INFO] [stdout]      |
[INFO] [stdout] 1022 |     pub fn SSL_get1_peer_certificate(ssl: *const SSL) -> *mut X509;
[INFO] [stdout]      |     -------------------------------------------------------------- similarly named function `SSL_get1_peer_certificate` defined here
[INFO] [stdout] 
[INFO] [stdout] 
[INFO] [stderr]    Compiling ipnet v2.3.1
[INFO] [stderr]    Compiling quote v0.6.13
[INFO] [stderr]    Compiling bytes v0.4.12
[INFO] [stderr]    Compiling addr2line v0.16.0
[INFO] [stderr]    Compiling time v0.1.43
[INFO] [stderr]    Compiling solana-sdk v1.8.1
[INFO] [stderr]    Compiling qstring v0.7.2
[INFO] [stdout] error: aborting due to 4 previous errors
[INFO] [stdout] 
[INFO] [stdout] 
[INFO] [stdout] For more information about this error, try `rustc --explain E0425`.
[INFO] [stdout] 
[INFO] [stderr] error: could not compile `openssl` due to 5 previous errors
[INFO] [stderr] warning: build failed, waiting for other jobs to finish...
[INFO] running `Command { std: "docker" "inspect" "3a1f4ad969f5e38061474608a599ab630b3fde8388694e08089bb8fd9f53fc33", kill_on_drop: false }`
[INFO] running `Command { std: "docker" "rm" "-f" "3a1f4ad969f5e38061474608a599ab630b3fde8388694e08089bb8fd9f53fc33", kill_on_drop: false }`
[INFO] [stdout] 3a1f4ad969f5e38061474608a599ab630b3fde8388694e08089bb8fd9f53fc33
