[INFO] cloning repository https://github.com/albertofem/carcasian
[INFO] running `Command { std: "git" "-c" "credential.helper=" "-c" "credential.helper=/workspace/cargo-home/bin/git-credential-null" "clone" "--bare" "https://github.com/albertofem/carcasian" "/workspace/cache/git-repos/https%3A%2F%2Fgithub.com%2Falbertofem%2Fcarcasian", kill_on_drop: false }`
[INFO] [stderr] Cloning into bare repository '/workspace/cache/git-repos/https%3A%2F%2Fgithub.com%2Falbertofem%2Fcarcasian'...
[INFO] running `Command { std: "git" "rev-parse" "HEAD", kill_on_drop: false }`
[INFO] [stdout] 37fd8432c687747596430ee4fa0c3a89d4ffeba4
[INFO] testing albertofem/carcasian against beta-2023-04-20 for beta-1.70-1
[INFO] running `Command { std: "git" "clone" "/workspace/cache/git-repos/https%3A%2F%2Fgithub.com%2Falbertofem%2Fcarcasian" "/workspace/builds/worker-2-tc2/source", kill_on_drop: false }`
[INFO] [stderr] Cloning into '/workspace/builds/worker-2-tc2/source'...
[INFO] [stderr] done.
[INFO] validating manifest of git repo https://github.com/albertofem/carcasian on toolchain beta-2023-04-20
[INFO] running `Command { std: CARGO_HOME="/workspace/cargo-home" RUSTUP_HOME="/workspace/rustup-home" "/workspace/cargo-home/bin/cargo" "+beta-2023-04-20" "metadata" "--manifest-path" "Cargo.toml" "--no-deps", kill_on_drop: false }`
[INFO] started tweaking git repo https://github.com/albertofem/carcasian
[INFO] finished tweaking git repo https://github.com/albertofem/carcasian
[INFO] tweaked toml for git repo https://github.com/albertofem/carcasian written to /workspace/builds/worker-2-tc2/source/Cargo.toml
[INFO] crate git repo https://github.com/albertofem/carcasian already has a lockfile, it will not be regenerated
[INFO] running `Command { std: CARGO_HOME="/workspace/cargo-home" RUSTUP_HOME="/workspace/rustup-home" "/workspace/cargo-home/bin/cargo" "+beta-2023-04-20" "fetch" "--manifest-path" "Cargo.toml", kill_on_drop: false }`
[INFO] [stderr]     Blocking waiting for file lock on package cache
[INFO] [stderr]     Blocking waiting for file lock on package cache
[INFO] [stderr]  Downloading crates ...
[INFO] [stderr]   Downloaded winapi v0.2.7
[INFO] [stderr]   Downloaded miow v0.1.2
[INFO] [stderr]   Downloaded gcc v0.3.28
[INFO] [stderr]   Downloaded nix v0.5.0
[INFO] [stderr]   Downloaded num_cpus v0.2.12
[INFO] [stderr]   Downloaded libc v0.2.11
[INFO] [stderr]   Downloaded net2 v0.2.23
[INFO] [stderr]   Downloaded owning_ref v0.1.4
[INFO] [stderr]   Downloaded spin v0.4.2
[INFO] [stderr]   Downloaded mioco v0.6.0
[INFO] running `Command { std: "docker" "create" "-v" "/var/lib/crater-agent-workspace/builds/worker-2-tc2/target:/opt/rustwide/target:rw,Z" "-v" "/var/lib/crater-agent-workspace/builds/worker-2-tc2/source:/opt/rustwide/workdir:ro,Z" "-v" "/var/lib/crater-agent-workspace/cargo-home:/opt/rustwide/cargo-home:ro,Z" "-v" "/var/lib/crater-agent-workspace/rustup-home:/opt/rustwide/rustup-home:ro,Z" "-e" "SOURCE_DIR=/opt/rustwide/workdir" "-e" "CARGO_TARGET_DIR=/opt/rustwide/target" "-e" "CARGO_HOME=/opt/rustwide/cargo-home" "-e" "RUSTUP_HOME=/opt/rustwide/rustup-home" "-w" "/opt/rustwide/workdir" "-m" "1610612736" "--user" "0:0" "--network" "none" "ghcr.io/rust-lang/crates-build-env/linux@sha256:5ff2268d62e97bff2cde7d5815dd6ed5b47097566f13b8d0ca110b04b60e07ed" "/opt/rustwide/cargo-home/bin/cargo" "+beta-2023-04-20" "metadata" "--no-deps" "--format-version=1", kill_on_drop: false }`
[INFO] [stdout] 4cf3aee3b4a1ac8f0fefd38217d866c24c4ddf9855cf933f61337b7389285463
[INFO] running `Command { std: "docker" "start" "-a" "4cf3aee3b4a1ac8f0fefd38217d866c24c4ddf9855cf933f61337b7389285463", kill_on_drop: false }`
[INFO] running `Command { std: "docker" "inspect" "4cf3aee3b4a1ac8f0fefd38217d866c24c4ddf9855cf933f61337b7389285463", kill_on_drop: false }`
[INFO] running `Command { std: "docker" "rm" "-f" "4cf3aee3b4a1ac8f0fefd38217d866c24c4ddf9855cf933f61337b7389285463", kill_on_drop: false }`
[INFO] [stdout] 4cf3aee3b4a1ac8f0fefd38217d866c24c4ddf9855cf933f61337b7389285463
[INFO] running `Command { std: "docker" "create" "-v" "/var/lib/crater-agent-workspace/builds/worker-2-tc2/target:/opt/rustwide/target:rw,Z" "-v" "/var/lib/crater-agent-workspace/builds/worker-2-tc2/source:/opt/rustwide/workdir:ro,Z" "-v" "/var/lib/crater-agent-workspace/cargo-home:/opt/rustwide/cargo-home:ro,Z" "-v" "/var/lib/crater-agent-workspace/rustup-home:/opt/rustwide/rustup-home:ro,Z" "-e" "SOURCE_DIR=/opt/rustwide/workdir" "-e" "CARGO_TARGET_DIR=/opt/rustwide/target" "-e" "CARGO_INCREMENTAL=0" "-e" "RUST_BACKTRACE=full" "-e" "RUSTFLAGS=--cap-lints=warn" "-e" "RUSTDOCFLAGS=--cap-lints=warn" "-e" "CARGO_HOME=/opt/rustwide/cargo-home" "-e" "RUSTUP_HOME=/opt/rustwide/rustup-home" "-w" "/opt/rustwide/workdir" "-m" "1610612736" "--user" "0:0" "--network" "none" "ghcr.io/rust-lang/crates-build-env/linux@sha256:5ff2268d62e97bff2cde7d5815dd6ed5b47097566f13b8d0ca110b04b60e07ed" "/opt/rustwide/cargo-home/bin/cargo" "+beta-2023-04-20" "build" "--frozen" "--message-format=json", kill_on_drop: false }`
[INFO] [stdout] 638ec8fe372d70ae4db77fee2d7b5b611fcc518a09730989fa731d2190f6703e
[INFO] running `Command { std: "docker" "start" "-a" "638ec8fe372d70ae4db77fee2d7b5b611fcc518a09730989fa731d2190f6703e", kill_on_drop: false }`
[INFO] [stderr]    Compiling winapi-build v0.1.1
[INFO] [stderr]    Compiling winapi v0.2.7
[INFO] [stderr]    Compiling libc v0.2.11
[INFO] [stderr]    Compiling cfg-if v0.1.0
[INFO] [stderr]    Compiling gcc v0.3.28
[INFO] [stderr]    Compiling bitflags v0.4.0
[INFO] [stderr]    Compiling log v0.3.6
[INFO] [stderr]    Compiling bytes v0.3.0
[INFO] [stderr]    Compiling slab v0.1.3
[INFO] [stderr]    Compiling owning_ref v0.1.4
[INFO] [stderr]    Compiling thread-scoped v1.0.1
[INFO] [stdout] error[E0207]: the lifetime parameter `'a` is not constrained by the impl trait, self type, or predicates
[INFO] [stdout]    --> /opt/rustwide/cargo-home/registry/src/index.crates.io-6f17d22bba15001f/owning_ref-0.1.4/src/lib.rs:445:13
[INFO] [stdout]     |
[INFO] [stdout] 445 | unsafe impl<'a, T: 'a> IntoErased for Box<T> {
[INFO] [stdout]     |             ^^ unconstrained lifetime parameter
[INFO] [stdout] 
[INFO] [stdout] 
[INFO] [stdout] error[E0207]: the lifetime parameter `'a` is not constrained by the impl trait, self type, or predicates
[INFO] [stdout]    --> /opt/rustwide/cargo-home/registry/src/index.crates.io-6f17d22bba15001f/owning_ref-0.1.4/src/lib.rs:449:13
[INFO] [stdout]     |
[INFO] [stdout] 449 | unsafe impl<'a, T: 'a> IntoErased for Rc<T> {
[INFO] [stdout]     |             ^^ unconstrained lifetime parameter
[INFO] [stdout] 
[INFO] [stdout] 
[INFO] [stderr] error: could not compile `owning_ref` (lib) due to 4 previous errors
[INFO] [stdout] error[E0207]: the lifetime parameter `'a` is not constrained by the impl trait, self type, or predicates
[INFO] [stdout]    --> /opt/rustwide/cargo-home/registry/src/index.crates.io-6f17d22bba15001f/owning_ref-0.1.4/src/lib.rs:453:13
[INFO] [stdout]     |
[INFO] [stdout] 453 | unsafe impl<'a, T: 'a> IntoErased for Arc<T> {
[INFO] [stdout]     |             ^^ unconstrained lifetime parameter
[INFO] [stdout] 
[INFO] [stdout] 
[INFO] [stderr] warning: build failed, waiting for other jobs to finish...
[INFO] [stdout] error: aborting due to 3 previous errors
[INFO] [stdout] 
[INFO] [stdout] 
[INFO] [stdout] For more information about this error, try `rustc --explain E0207`.
[INFO] [stdout] 
[INFO] running `Command { std: "docker" "inspect" "638ec8fe372d70ae4db77fee2d7b5b611fcc518a09730989fa731d2190f6703e", kill_on_drop: false }`
[INFO] running `Command { std: "docker" "rm" "-f" "638ec8fe372d70ae4db77fee2d7b5b611fcc518a09730989fa731d2190f6703e", kill_on_drop: false }`
[INFO] [stdout] 638ec8fe372d70ae4db77fee2d7b5b611fcc518a09730989fa731d2190f6703e
