[INFO] cloning repository https://github.com/alamminsalo/fft
[INFO] running `Command { std: "git" "-c" "credential.helper=" "-c" "credential.helper=/workspace/cargo-home/bin/git-credential-null" "clone" "--bare" "https://github.com/alamminsalo/fft" "/workspace/cache/git-repos/https%3A%2F%2Fgithub.com%2Falamminsalo%2Ffft", kill_on_drop: false }`
[INFO] [stderr] Cloning into bare repository '/workspace/cache/git-repos/https%3A%2F%2Fgithub.com%2Falamminsalo%2Ffft'...
[INFO] running `Command { std: "git" "rev-parse" "HEAD", kill_on_drop: false }`
[INFO] [stdout] b368044f0643f7b733f93e7f795f1be786b48b8f
[INFO] testing alamminsalo/fft against 1.69.0 for beta-1.70-1
[INFO] running `Command { std: "git" "clone" "/workspace/cache/git-repos/https%3A%2F%2Fgithub.com%2Falamminsalo%2Ffft" "/workspace/builds/worker-4-tc1/source", kill_on_drop: false }`
[INFO] [stderr] Cloning into '/workspace/builds/worker-4-tc1/source'...
[INFO] [stderr] done.
[INFO] validating manifest of git repo https://github.com/alamminsalo/fft on toolchain 1.69.0
[INFO] running `Command { std: CARGO_HOME="/workspace/cargo-home" RUSTUP_HOME="/workspace/rustup-home" "/workspace/cargo-home/bin/cargo" "+1.69.0" "metadata" "--manifest-path" "Cargo.toml" "--no-deps", kill_on_drop: false }`
[INFO] started tweaking git repo https://github.com/alamminsalo/fft
[INFO] finished tweaking git repo https://github.com/alamminsalo/fft
[INFO] tweaked toml for git repo https://github.com/alamminsalo/fft written to /workspace/builds/worker-4-tc1/source/Cargo.toml
[INFO] crate git repo https://github.com/alamminsalo/fft already has a lockfile, it will not be regenerated
[INFO] running `Command { std: CARGO_HOME="/workspace/cargo-home" RUSTUP_HOME="/workspace/rustup-home" "/workspace/cargo-home/bin/cargo" "+1.69.0" "fetch" "--manifest-path" "Cargo.toml", kill_on_drop: false }`
[INFO] [stderr]  Downloading crates ...
[INFO] [stderr]   Downloaded svg v0.5.11
[INFO] [stderr]   Downloaded plotlib v0.3.0
[INFO] [stderr]   Downloaded tui v0.2.3
[INFO] running `Command { std: "docker" "create" "-v" "/var/lib/crater-agent-workspace/builds/worker-4-tc1/target:/opt/rustwide/target:rw,Z" "-v" "/var/lib/crater-agent-workspace/builds/worker-4-tc1/source:/opt/rustwide/workdir:ro,Z" "-v" "/var/lib/crater-agent-workspace/cargo-home:/opt/rustwide/cargo-home:ro,Z" "-v" "/var/lib/crater-agent-workspace/rustup-home:/opt/rustwide/rustup-home:ro,Z" "-e" "SOURCE_DIR=/opt/rustwide/workdir" "-e" "CARGO_TARGET_DIR=/opt/rustwide/target" "-e" "CARGO_HOME=/opt/rustwide/cargo-home" "-e" "RUSTUP_HOME=/opt/rustwide/rustup-home" "-w" "/opt/rustwide/workdir" "-m" "1610612736" "--user" "0:0" "--network" "none" "ghcr.io/rust-lang/crates-build-env/linux@sha256:5ff2268d62e97bff2cde7d5815dd6ed5b47097566f13b8d0ca110b04b60e07ed" "/opt/rustwide/cargo-home/bin/cargo" "+1.69.0" "metadata" "--no-deps" "--format-version=1", kill_on_drop: false }`
[INFO] [stdout] 3e8a420d46784b7b2c01123be69d4a923e9b3ed17c181ef7f36f9d3eb1c06a9d
[INFO] running `Command { std: "docker" "start" "-a" "3e8a420d46784b7b2c01123be69d4a923e9b3ed17c181ef7f36f9d3eb1c06a9d", kill_on_drop: false }`
[INFO] running `Command { std: "docker" "inspect" "3e8a420d46784b7b2c01123be69d4a923e9b3ed17c181ef7f36f9d3eb1c06a9d", kill_on_drop: false }`
[INFO] running `Command { std: "docker" "rm" "-f" "3e8a420d46784b7b2c01123be69d4a923e9b3ed17c181ef7f36f9d3eb1c06a9d", kill_on_drop: false }`
[INFO] [stdout] 3e8a420d46784b7b2c01123be69d4a923e9b3ed17c181ef7f36f9d3eb1c06a9d
[INFO] running `Command { std: "docker" "create" "-v" "/var/lib/crater-agent-workspace/builds/worker-4-tc1/target:/opt/rustwide/target:rw,Z" "-v" "/var/lib/crater-agent-workspace/builds/worker-4-tc1/source:/opt/rustwide/workdir:ro,Z" "-v" "/var/lib/crater-agent-workspace/cargo-home:/opt/rustwide/cargo-home:ro,Z" "-v" "/var/lib/crater-agent-workspace/rustup-home:/opt/rustwide/rustup-home:ro,Z" "-e" "SOURCE_DIR=/opt/rustwide/workdir" "-e" "CARGO_TARGET_DIR=/opt/rustwide/target" "-e" "CARGO_INCREMENTAL=0" "-e" "RUST_BACKTRACE=full" "-e" "RUSTFLAGS=--cap-lints=warn" "-e" "RUSTDOCFLAGS=--cap-lints=warn" "-e" "CARGO_HOME=/opt/rustwide/cargo-home" "-e" "RUSTUP_HOME=/opt/rustwide/rustup-home" "-w" "/opt/rustwide/workdir" "-m" "1610612736" "--user" "0:0" "--network" "none" "ghcr.io/rust-lang/crates-build-env/linux@sha256:5ff2268d62e97bff2cde7d5815dd6ed5b47097566f13b8d0ca110b04b60e07ed" "/opt/rustwide/cargo-home/bin/cargo" "+1.69.0" "build" "--frozen" "--message-format=json", kill_on_drop: false }`
[INFO] [stdout] ebe0d991ce7517a23cb07da670637ca1af0560e4b3c7b974c6f2097d70057cab
[INFO] running `Command { std: "docker" "start" "-a" "ebe0d991ce7517a23cb07da670637ca1af0560e4b3c7b974c6f2097d70057cab", kill_on_drop: false }`
[INFO] [stderr]    Compiling num-traits v0.2.6
[INFO] [stderr]    Compiling num-complex v0.2.1
[INFO] [stderr]    Compiling either v1.5.0
[INFO] [stderr]    Compiling libc v0.2.43
[INFO] [stderr]    Compiling cfg-if v0.1.6
[INFO] [stderr]    Compiling bitflags v1.0.4
[INFO] [stderr]    Compiling unicode-width v0.1.5
[INFO] [stderr]    Compiling cassowary v0.3.0
[INFO] [stderr]    Compiling svg v0.5.11
[INFO] [stderr]    Compiling unicode-segmentation v1.2.1
[INFO] [stderr]    Compiling hound v3.4.0
[INFO] [stderr]    Compiling argparse v0.2.2
[INFO] [stderr]    Compiling itertools v0.7.8
[INFO] [stderr]    Compiling log v0.4.5
[INFO] [stderr]    Compiling termion v1.5.1
[INFO] [stderr]    Compiling plotlib v0.3.0
[INFO] [stderr]    Compiling tui v0.2.3
[INFO] [stderr]    Compiling fft v0.1.0 (/opt/rustwide/workdir)
[INFO] [stdout] warning: unused variable: `analysis`
[INFO] [stdout]    --> src/main.rs:121:17
[INFO] [stdout]     |
[INFO] [stdout] 121 |             let analysis = fft::analyze(&sample, ft_min, ft_max, ft_ss);
[INFO] [stdout]     |                 ^^^^^^^^ help: if this is intentional, prefix it with an underscore: `_analysis`
[INFO] [stdout]     |
[INFO] [stdout]     = note: `#[warn(unused_variables)]` on by default
[INFO] [stdout] 
[INFO] [stdout] 
[INFO] [stdout] warning: 1 warning emitted
[INFO] [stdout] 
[INFO] [stdout] 
[INFO] [stderr]     Finished dev [unoptimized + debuginfo] target(s) in 4.51s
[INFO] [stderr] warning: the following packages contain code that will be rejected by a future version of Rust: svg v0.5.11
[INFO] [stderr] note: to see what the problems were, use the option `--future-incompat-report`, or run `cargo report future-incompatibilities --id 1`
[INFO] running `Command { std: "docker" "inspect" "ebe0d991ce7517a23cb07da670637ca1af0560e4b3c7b974c6f2097d70057cab", kill_on_drop: false }`
[INFO] running `Command { std: "docker" "rm" "-f" "ebe0d991ce7517a23cb07da670637ca1af0560e4b3c7b974c6f2097d70057cab", kill_on_drop: false }`
[INFO] [stdout] ebe0d991ce7517a23cb07da670637ca1af0560e4b3c7b974c6f2097d70057cab
[INFO] running `Command { std: "docker" "create" "-v" "/var/lib/crater-agent-workspace/builds/worker-4-tc1/target:/opt/rustwide/target:rw,Z" "-v" "/var/lib/crater-agent-workspace/builds/worker-4-tc1/source:/opt/rustwide/workdir:ro,Z" "-v" "/var/lib/crater-agent-workspace/cargo-home:/opt/rustwide/cargo-home:ro,Z" "-v" "/var/lib/crater-agent-workspace/rustup-home:/opt/rustwide/rustup-home:ro,Z" "-e" "SOURCE_DIR=/opt/rustwide/workdir" "-e" "CARGO_TARGET_DIR=/opt/rustwide/target" "-e" "CARGO_INCREMENTAL=0" "-e" "RUST_BACKTRACE=full" "-e" "RUSTFLAGS=--cap-lints=warn" "-e" "RUSTDOCFLAGS=--cap-lints=warn" "-e" "CARGO_HOME=/opt/rustwide/cargo-home" "-e" "RUSTUP_HOME=/opt/rustwide/rustup-home" "-w" "/opt/rustwide/workdir" "-m" "1610612736" "--user" "0:0" "--network" "none" "ghcr.io/rust-lang/crates-build-env/linux@sha256:5ff2268d62e97bff2cde7d5815dd6ed5b47097566f13b8d0ca110b04b60e07ed" "/opt/rustwide/cargo-home/bin/cargo" "+1.69.0" "test" "--frozen" "--no-run" "--message-format=json", kill_on_drop: false }`
[INFO] [stdout] 3ea5db0703d81a8cecdc57250d82be23eee4aadd14f20c5c37cd857f148db53d
[INFO] running `Command { std: "docker" "start" "-a" "3ea5db0703d81a8cecdc57250d82be23eee4aadd14f20c5c37cd857f148db53d", kill_on_drop: false }`
[INFO] [stderr]    Compiling fft v0.1.0 (/opt/rustwide/workdir)
[INFO] [stdout] warning: unused variable: `analysis`
[INFO] [stdout]    --> src/main.rs:121:17
[INFO] [stdout]     |
[INFO] [stdout] 121 |             let analysis = fft::analyze(&sample, ft_min, ft_max, ft_ss);
[INFO] [stdout]     |                 ^^^^^^^^ help: if this is intentional, prefix it with an underscore: `_analysis`
[INFO] [stdout]     |
[INFO] [stdout]     = note: `#[warn(unused_variables)]` on by default
[INFO] [stdout] 
[INFO] [stdout] 
[INFO] [stdout] error[E0308]: mismatched types
[INFO] [stdout]    --> src/lib.rs:158:35
[INFO] [stdout]     |
[INFO] [stdout] 158 |         let circle = graph_circle(&sine, 5.0);
[INFO] [stdout]     |                      ------------ ^^^^^ expected `&[(f32, f32)]`, found `&Sample`
[INFO] [stdout]     |                      |
[INFO] [stdout]     |                      arguments to this function are incorrect
[INFO] [stdout]     |
[INFO] [stdout]     = note: expected reference `&[(f32, f32)]`
[INFO] [stdout]                found reference `&Sample`
[INFO] [stdout] note: function defined here
[INFO] [stdout]    --> src/lib.rs:84:8
[INFO] [stdout]     |
[INFO] [stdout] 84  | pub fn graph_circle(data: &[(f32,f32)], f: f32) -> Vec<Complex<f32>> {
[INFO] [stdout]     |        ^^^^^^^^^^^^ ------------------
[INFO] [stdout] 
[INFO] [stdout] 
[INFO] [stdout] error[E0308]: mismatched types
[INFO] [stdout]    --> src/lib.rs:167:35
[INFO] [stdout]     |
[INFO] [stdout] 167 |         let circle = graph_circle(&sine, 5.0);
[INFO] [stdout]     |                      ------------ ^^^^^ expected `&[(f32, f32)]`, found `&Sample`
[INFO] [stdout]     |                      |
[INFO] [stdout]     |                      arguments to this function are incorrect
[INFO] [stdout]     |
[INFO] [stdout]     = note: expected reference `&[(f32, f32)]`
[INFO] [stdout]                found reference `&Sample`
[INFO] [stdout] note: function defined here
[INFO] [stdout]    --> src/lib.rs:84:8
[INFO] [stdout]     |
[INFO] [stdout] 84  | pub fn graph_circle(data: &[(f32,f32)], f: f32) -> Vec<Complex<f32>> {
[INFO] [stdout]     |        ^^^^^^^^^^^^ ------------------
[INFO] [stdout] 
[INFO] [stdout] 
[INFO] [stdout] error[E0308]: mismatched types
[INFO] [stdout]    --> src/lib.rs:171:35
[INFO] [stdout]     |
[INFO] [stdout] 171 |         let circle = graph_circle(&sine, 10.0);
[INFO] [stdout]     |                      ------------ ^^^^^ expected `&[(f32, f32)]`, found `&Sample`
[INFO] [stdout]     |                      |
[INFO] [stdout]     |                      arguments to this function are incorrect
[INFO] [stdout]     |
[INFO] [stdout]     = note: expected reference `&[(f32, f32)]`
[INFO] [stdout]                found reference `&Sample`
[INFO] [stdout] note: function defined here
[INFO] [stdout]    --> src/lib.rs:84:8
[INFO] [stdout]     |
[INFO] [stdout] 84  | pub fn graph_circle(data: &[(f32,f32)], f: f32) -> Vec<Complex<f32>> {
[INFO] [stdout]     |        ^^^^^^^^^^^^ ------------------
[INFO] [stdout] 
[INFO] [stdout] 
[INFO] [stdout] error[E0308]: mismatched types
[INFO] [stdout]    --> src/lib.rs:180:35
[INFO] [stdout]     |
[INFO] [stdout] 180 |         let circle = graph_circle(&sine, 5.0);
[INFO] [stdout]     |                      ------------ ^^^^^ expected `&[(f32, f32)]`, found `&Sample`
[INFO] [stdout]     |                      |
[INFO] [stdout]     |                      arguments to this function are incorrect
[INFO] [stdout]     |
[INFO] [stdout]     = note: expected reference `&[(f32, f32)]`
[INFO] [stdout]                found reference `&Sample`
[INFO] [stdout] note: function defined here
[INFO] [stdout]    --> src/lib.rs:84:8
[INFO] [stdout]     |
[INFO] [stdout] 84  | pub fn graph_circle(data: &[(f32,f32)], f: f32) -> Vec<Complex<f32>> {
[INFO] [stdout]     |        ^^^^^^^^^^^^ ------------------
[INFO] [stdout] 
[INFO] [stdout] 
[INFO] [stdout] error[E0308]: mismatched types
[INFO] [stdout]    --> src/lib.rs:191:35
[INFO] [stdout]     |
[INFO] [stdout] 191 |         let circle = graph_circle(&sine, 5.0);
[INFO] [stdout]     |                      ------------ ^^^^^ expected `&[(f32, f32)]`, found `&Sample`
[INFO] [stdout]     |                      |
[INFO] [stdout]     |                      arguments to this function are incorrect
[INFO] [stdout]     |
[INFO] [stdout]     = note: expected reference `&[(f32, f32)]`
[INFO] [stdout]                found reference `&Sample`
[INFO] [stdout] note: function defined here
[INFO] [stdout]    --> src/lib.rs:84:8
[INFO] [stdout]     |
[INFO] [stdout] 84  | pub fn graph_circle(data: &[(f32,f32)], f: f32) -> Vec<Complex<f32>> {
[INFO] [stdout]     |        ^^^^^^^^^^^^ ------------------
[INFO] [stdout] 
[INFO] [stdout] 
[INFO] [stdout] error[E0308]: mismatched types
[INFO] [stdout]    --> src/lib.rs:197:35
[INFO] [stdout]     |
[INFO] [stdout] 197 |         let circle = graph_circle(&sine, 60.0);
[INFO] [stdout]     |                      ------------ ^^^^^ expected `&[(f32, f32)]`, found `&Sample`
[INFO] [stdout]     |                      |
[INFO] [stdout]     |                      arguments to this function are incorrect
[INFO] [stdout]     |
[INFO] [stdout]     = note: expected reference `&[(f32, f32)]`
[INFO] [stdout]                found reference `&Sample`
[INFO] [stdout] note: function defined here
[INFO] [stdout]    --> src/lib.rs:84:8
[INFO] [stdout]     |
[INFO] [stdout] 84  | pub fn graph_circle(data: &[(f32,f32)], f: f32) -> Vec<Complex<f32>> {
[INFO] [stdout]     |        ^^^^^^^^^^^^ ------------------
[INFO] [stdout] 
[INFO] [stdout] 
[INFO] [stdout] error[E0308]: mismatched types
[INFO] [stdout]    --> src/lib.rs:205:35
[INFO] [stdout]     |
[INFO] [stdout] 205 |         let circle = graph_circle(&sine, 5.0);
[INFO] [stdout]     |                      ------------ ^^^^^ expected `&[(f32, f32)]`, found `&Sample`
[INFO] [stdout]     |                      |
[INFO] [stdout]     |                      arguments to this function are incorrect
[INFO] [stdout]     |
[INFO] [stdout]     = note: expected reference `&[(f32, f32)]`
[INFO] [stdout]                found reference `&Sample`
[INFO] [stdout] note: function defined here
[INFO] [stdout]    --> src/lib.rs:84:8
[INFO] [stdout]     |
[INFO] [stdout] 84  | pub fn graph_circle(data: &[(f32,f32)], f: f32) -> Vec<Complex<f32>> {
[INFO] [stdout]     |        ^^^^^^^^^^^^ ------------------
[INFO] [stdout] 
[INFO] [stdout] 
[INFO] [stdout] error[E0308]: mismatched types
[INFO] [stdout]    --> src/lib.rs:212:35
[INFO] [stdout]     |
[INFO] [stdout] 212 |         let circle = graph_circle(&sine, 60.0);
[INFO] [stdout]     |                      ------------ ^^^^^ expected `&[(f32, f32)]`, found `&Sample`
[INFO] [stdout]     |                      |
[INFO] [stdout]     |                      arguments to this function are incorrect
[INFO] [stdout]     |
[INFO] [stdout]     = note: expected reference `&[(f32, f32)]`
[INFO] [stdout]                found reference `&Sample`
[INFO] [stdout] note: function defined here
[INFO] [stdout]    --> src/lib.rs:84:8
[INFO] [stdout]     |
[INFO] [stdout] 84  | pub fn graph_circle(data: &[(f32,f32)], f: f32) -> Vec<Complex<f32>> {
[INFO] [stdout]     |        ^^^^^^^^^^^^ ------------------
[INFO] [stdout] 
[INFO] [stdout] 
[INFO] [stdout] error: aborting due to 8 previous errors
[INFO] [stdout] 
[INFO] [stdout] 
[INFO] [stdout] For more information about this error, try `rustc --explain E0308`.
[INFO] [stdout] 
[INFO] [stderr] error: could not compile `fft` due to 9 previous errors
[INFO] [stderr] warning: build failed, waiting for other jobs to finish...
[INFO] [stdout] warning: 1 warning emitted
[INFO] [stdout] 
[INFO] [stdout] 
[INFO] running `Command { std: "docker" "inspect" "3ea5db0703d81a8cecdc57250d82be23eee4aadd14f20c5c37cd857f148db53d", kill_on_drop: false }`
[INFO] running `Command { std: "docker" "rm" "-f" "3ea5db0703d81a8cecdc57250d82be23eee4aadd14f20c5c37cd857f148db53d", kill_on_drop: false }`
[INFO] [stdout] 3ea5db0703d81a8cecdc57250d82be23eee4aadd14f20c5c37cd857f148db53d
