[INFO] cloning repository https://github.com/ainvyu/maxminddb-rs-test
[INFO] running `Command { std: "git" "-c" "credential.helper=" "-c" "credential.helper=/workspace/cargo-home/bin/git-credential-null" "clone" "--bare" "https://github.com/ainvyu/maxminddb-rs-test" "/workspace/cache/git-repos/https%3A%2F%2Fgithub.com%2Fainvyu%2Fmaxminddb-rs-test", kill_on_drop: false }`
[INFO] [stderr] Cloning into bare repository '/workspace/cache/git-repos/https%3A%2F%2Fgithub.com%2Fainvyu%2Fmaxminddb-rs-test'...
[INFO] running `Command { std: "git" "rev-parse" "HEAD", kill_on_drop: false }`
[INFO] [stdout] b7237e2ad547b1afba4a7f613a42f26d8092e72c
[INFO] testing ainvyu/maxminddb-rs-test against 1.69.0 for beta-1.70-1
[INFO] running `Command { std: "git" "clone" "/workspace/cache/git-repos/https%3A%2F%2Fgithub.com%2Fainvyu%2Fmaxminddb-rs-test" "/workspace/builds/worker-6-tc1/source", kill_on_drop: false }`
[INFO] [stderr] Cloning into '/workspace/builds/worker-6-tc1/source'...
[INFO] [stderr] done.
[INFO] validating manifest of git repo https://github.com/ainvyu/maxminddb-rs-test on toolchain 1.69.0
[INFO] running `Command { std: CARGO_HOME="/workspace/cargo-home" RUSTUP_HOME="/workspace/rustup-home" "/workspace/cargo-home/bin/cargo" "+1.69.0" "metadata" "--manifest-path" "Cargo.toml" "--no-deps", kill_on_drop: false }`
[INFO] started tweaking git repo https://github.com/ainvyu/maxminddb-rs-test
[INFO] finished tweaking git repo https://github.com/ainvyu/maxminddb-rs-test
[INFO] tweaked toml for git repo https://github.com/ainvyu/maxminddb-rs-test written to /workspace/builds/worker-6-tc1/source/Cargo.toml
[INFO] crate git repo https://github.com/ainvyu/maxminddb-rs-test already has a lockfile, it will not be regenerated
[INFO] running `Command { std: CARGO_HOME="/workspace/cargo-home" RUSTUP_HOME="/workspace/rustup-home" "/workspace/cargo-home/bin/cargo" "+1.69.0" "fetch" "--manifest-path" "Cargo.toml", kill_on_drop: false }`
[INFO] [stderr]  Downloading crates ...
[INFO] [stderr]   Downloaded maxminddb v0.14.0
[INFO] running `Command { std: "docker" "create" "-v" "/var/lib/crater-agent-workspace/builds/worker-6-tc1/target:/opt/rustwide/target:rw,Z" "-v" "/var/lib/crater-agent-workspace/builds/worker-6-tc1/source:/opt/rustwide/workdir:ro,Z" "-v" "/var/lib/crater-agent-workspace/cargo-home:/opt/rustwide/cargo-home:ro,Z" "-v" "/var/lib/crater-agent-workspace/rustup-home:/opt/rustwide/rustup-home:ro,Z" "-e" "SOURCE_DIR=/opt/rustwide/workdir" "-e" "CARGO_TARGET_DIR=/opt/rustwide/target" "-e" "CARGO_HOME=/opt/rustwide/cargo-home" "-e" "RUSTUP_HOME=/opt/rustwide/rustup-home" "-w" "/opt/rustwide/workdir" "-m" "1610612736" "--user" "0:0" "--network" "none" "ghcr.io/rust-lang/crates-build-env/linux@sha256:97d61d7686bf65f8ecb15491ab51835e82dc9176a96a831f143a431b191fc501" "/opt/rustwide/cargo-home/bin/cargo" "+1.69.0" "metadata" "--no-deps" "--format-version=1", kill_on_drop: false }`
[INFO] [stdout] 4664d53256691bea1493fb91e64e05083c6128f3ea84cfb176fdd7f6a47b1233
[INFO] running `Command { std: "docker" "start" "-a" "4664d53256691bea1493fb91e64e05083c6128f3ea84cfb176fdd7f6a47b1233", kill_on_drop: false }`
[INFO] running `Command { std: "docker" "inspect" "4664d53256691bea1493fb91e64e05083c6128f3ea84cfb176fdd7f6a47b1233", kill_on_drop: false }`
[INFO] running `Command { std: "docker" "rm" "-f" "4664d53256691bea1493fb91e64e05083c6128f3ea84cfb176fdd7f6a47b1233", kill_on_drop: false }`
[INFO] [stdout] 4664d53256691bea1493fb91e64e05083c6128f3ea84cfb176fdd7f6a47b1233
[INFO] running `Command { std: "docker" "create" "-v" "/var/lib/crater-agent-workspace/builds/worker-6-tc1/target:/opt/rustwide/target:rw,Z" "-v" "/var/lib/crater-agent-workspace/builds/worker-6-tc1/source:/opt/rustwide/workdir:ro,Z" "-v" "/var/lib/crater-agent-workspace/cargo-home:/opt/rustwide/cargo-home:ro,Z" "-v" "/var/lib/crater-agent-workspace/rustup-home:/opt/rustwide/rustup-home:ro,Z" "-e" "SOURCE_DIR=/opt/rustwide/workdir" "-e" "CARGO_TARGET_DIR=/opt/rustwide/target" "-e" "CARGO_INCREMENTAL=0" "-e" "RUST_BACKTRACE=full" "-e" "RUSTFLAGS=--cap-lints=warn" "-e" "RUSTDOCFLAGS=--cap-lints=warn" "-e" "CARGO_HOME=/opt/rustwide/cargo-home" "-e" "RUSTUP_HOME=/opt/rustwide/rustup-home" "-w" "/opt/rustwide/workdir" "-m" "1610612736" "--user" "0:0" "--network" "none" "ghcr.io/rust-lang/crates-build-env/linux@sha256:97d61d7686bf65f8ecb15491ab51835e82dc9176a96a831f143a431b191fc501" "/opt/rustwide/cargo-home/bin/cargo" "+1.69.0" "build" "--frozen" "--message-format=json", kill_on_drop: false }`
[INFO] [stdout] c3071ce62f7de582e6d398f18acd3fd9b6e8a7a77afff16f60c74160699c1b7e
[INFO] running `Command { std: "docker" "start" "-a" "c3071ce62f7de582e6d398f18acd3fd9b6e8a7a77afff16f60c74160699c1b7e", kill_on_drop: false }`
[INFO] [stderr]    Compiling proc-macro2 v1.0.18
[INFO] [stderr]    Compiling unicode-xid v0.2.1
[INFO] [stderr]    Compiling syn v1.0.33
[INFO] [stderr]    Compiling serde_derive v1.0.114
[INFO] [stderr]    Compiling memchr v2.3.3
[INFO] [stderr]    Compiling serde v1.0.114
[INFO] [stderr]    Compiling byteorder v1.3.4
[INFO] [stderr]    Compiling ryu v1.0.5
[INFO] [stderr]    Compiling log v0.4.8
[INFO] [stderr]    Compiling lazy_static v1.4.0
[INFO] [stderr]    Compiling cfg-if v0.1.10
[INFO] [stderr]    Compiling itoa v0.4.6
[INFO] [stdout] error: linking with `cc` failed: exit status: 1
[INFO] [stdout]   |
[INFO] [stdout]   = note: LC_ALL="C" PATH="/opt/rustwide/rustup-home/toolchains/1.69.0-x86_64-unknown-linux-gnu/lib/rustlib/x86_64-unknown-linux-gnu/bin:/opt/rustwide/cargo-home/bin:/usr/local/sbin:/usr/local/bin:/usr/sbin:/usr/bin:/sbin:/bin" VSLANG="1033" "cc" "-m64" "/tmp/rustcoSgcZl/symbols.o" "/opt/rustwide/target/debug/build/log-f783ee0a67c6a876/build_script_build-f783ee0a67c6a876.build_script_build.3b5366bd-cgu.0.rcgu.o" "/opt/rustwide/target/debug/build/log-f783ee0a67c6a876/build_script_build-f783ee0a67c6a876.build_script_build.3b5366bd-cgu.1.rcgu.o" "/opt/rustwide/target/debug/build/log-f783ee0a67c6a876/build_script_build-f783ee0a67c6a876.build_script_build.3b5366bd-cgu.10.rcgu.o" "/opt/rustwide/target/debug/build/log-f783ee0a67c6a876/build_script_build-f783ee0a67c6a876.build_script_build.3b5366bd-cgu.11.rcgu.o" "/opt/rustwide/target/debug/build/log-f783ee0a67c6a876/build_script_build-f783ee0a67c6a876.build_script_build.3b5366bd-cgu.12.rcgu.o" "/opt/rustwide/target/debug/build/log-f783ee0a67c6a876/build_script_build-f783ee0a67c6a876.build_script_build.3b5366bd-cgu.13.rcgu.o" "/opt/rustwide/target/debug/build/log-f783ee0a67c6a876/build_script_build-f783ee0a67c6a876.build_script_build.3b5366bd-cgu.14.rcgu.o" "/opt/rustwide/target/debug/build/log-f783ee0a67c6a876/build_script_build-f783ee0a67c6a876.build_script_build.3b5366bd-cgu.15.rcgu.o" "/opt/rustwide/target/debug/build/log-f783ee0a67c6a876/build_script_build-f783ee0a67c6a876.build_script_build.3b5366bd-cgu.2.rcgu.o" "/opt/rustwide/target/debug/build/log-f783ee0a67c6a876/build_script_build-f783ee0a67c6a876.build_script_build.3b5366bd-cgu.3.rcgu.o" "/opt/rustwide/target/debug/build/log-f783ee0a67c6a876/build_script_build-f783ee0a67c6a876.build_script_build.3b5366bd-cgu.4.rcgu.o" "/opt/rustwide/target/debug/build/log-f783ee0a67c6a876/build_script_build-f783ee0a67c6a876.build_script_build.3b5366bd-cgu.5.rcgu.o" "/opt/rustwide/target/debug/build/log-f783ee0a67c6a876/build_script_build-f783ee0a67c6a876.build_script_build.3b5366bd-cgu.6.rcgu.o" "/opt/rustwide/target/debug/build/log-f783ee0a67c6a876/build_script_build-f783ee0a67c6a876.build_script_build.3b5366bd-cgu.7.rcgu.o" "/opt/rustwide/target/debug/build/log-f783ee0a67c6a876/build_script_build-f783ee0a67c6a876.build_script_build.3b5366bd-cgu.8.rcgu.o" "/opt/rustwide/target/debug/build/log-f783ee0a67c6a876/build_script_build-f783ee0a67c6a876.build_script_build.3b5366bd-cgu.9.rcgu.o" "/opt/rustwide/target/debug/build/log-f783ee0a67c6a876/build_script_build-f783ee0a67c6a876.646q3jv5bq0mfgt.rcgu.o" "-Wl,--as-needed" "-L" "/opt/rustwide/target/debug/deps" "-L" "/opt/rustwide/rustup-home/toolchains/1.69.0-x86_64-unknown-linux-gnu/lib/rustlib/x86_64-unknown-linux-gnu/lib" "-Wl,-Bstatic" "/opt/rustwide/rustup-home/toolchains/1.69.0-x86_64-unknown-linux-gnu/lib/rustlib/x86_64-unknown-linux-gnu/lib/libstd-89bc084783fdc439.rlib" "/opt/rustwide/rustup-home/toolchains/1.69.0-x86_64-unknown-linux-gnu/lib/rustlib/x86_64-unknown-linux-gnu/lib/libpanic_unwind-8bee4b287d4367c1.rlib" "/opt/rustwide/rustup-home/toolchains/1.69.0-x86_64-unknown-linux-gnu/lib/rustlib/x86_64-unknown-linux-gnu/lib/libobject-d61707aed80694c0.rlib" "/opt/rustwide/rustup-home/toolchains/1.69.0-x86_64-unknown-linux-gnu/lib/rustlib/x86_64-unknown-linux-gnu/lib/libmemchr-d85366256f22345b.rlib" "/opt/rustwide/rustup-home/toolchains/1.69.0-x86_64-unknown-linux-gnu/lib/rustlib/x86_64-unknown-linux-gnu/lib/libaddr2line-96069b86b8a8cae9.rlib" "/opt/rustwide/rustup-home/toolchains/1.69.0-x86_64-unknown-linux-gnu/lib/rustlib/x86_64-unknown-linux-gnu/lib/libgimli-d19d53abf68dfa6c.rlib" "/opt/rustwide/rustup-home/toolchains/1.69.0-x86_64-unknown-linux-gnu/lib/rustlib/x86_64-unknown-linux-gnu/lib/librustc_demangle-787cbccd19d64ac6.rlib" "/opt/rustwide/rustup-home/toolchains/1.69.0-x86_64-unknown-linux-gnu/lib/rustlib/x86_64-unknown-linux-gnu/lib/libstd_detect-b3837a36b830e0d0.rlib" "/opt/rustwide/rustup-home/toolchains/1.69.0-x86_64-unknown-linux-gnu/lib/rustlib/x86_64-unknown-linux-gnu/lib/libhashbrown-e3deb0e7e3f04966.rlib" "/opt/rustwide/rustup-home/toolchains/1.69.0-x86_64-unknown-linux-gnu/lib/rustlib/x86_64-unknown-linux-gnu/lib/libminiz_oxide-dabbb79c9815def4.rlib" "/opt/rustwide/rustup-home/toolchains/1.69.0-x86_64-unknown-linux-gnu/lib/rustlib/x86_64-unknown-linux-gnu/lib/libadler-305b01f34c9409f2.rlib" "/opt/rustwide/rustup-home/toolchains/1.69.0-x86_64-unknown-linux-gnu/lib/rustlib/x86_64-unknown-linux-gnu/lib/librustc_std_workspace_alloc-f833521df6074e73.rlib" "/opt/rustwide/rustup-home/toolchains/1.69.0-x86_64-unknown-linux-gnu/lib/rustlib/x86_64-unknown-linux-gnu/lib/libunwind-9ac333113350d171.rlib" "/opt/rustwide/rustup-home/toolchains/1.69.0-x86_64-unknown-linux-gnu/lib/rustlib/x86_64-unknown-linux-gnu/lib/libcfg_if-1c126114322d0eee.rlib" "/opt/rustwide/rustup-home/toolchains/1.69.0-x86_64-unknown-linux-gnu/lib/rustlib/x86_64-unknown-linux-gnu/lib/liblibc-bad9164fdeeecf92.rlib" "/opt/rustwide/rustup-home/toolchains/1.69.0-x86_64-unknown-linux-gnu/lib/rustlib/x86_64-unknown-linux-gnu/lib/liballoc-f9374b1e480fa681.rlib" "/opt/rustwide/rustup-home/toolchains/1.69.0-x86_64-unknown-linux-gnu/lib/rustlib/x86_64-unknown-linux-gnu/lib/librustc_std_workspace_core-207f06e41d9603af.rlib" "/opt/rustwide/rustup-home/toolchains/1.69.0-x86_64-unknown-linux-gnu/lib/rustlib/x86_64-unknown-linux-gnu/lib/libcore-7e2768e66e984e85.rlib" "/opt/rustwide/rustup-home/toolchains/1.69.0-x86_64-unknown-linux-gnu/lib/rustlib/x86_64-unknown-linux-gnu/lib/libcompiler_builtins-957b4aff41f8cd46.rlib" "-Wl,-Bdynamic" "-lgcc_s" "-lutil" "-lrt" "-lpthread" "-lm" "-ldl" "-lc" "-Wl,--eh-frame-hdr" "-Wl,-z,noexecstack" "-L" "/opt/rustwide/rustup-home/toolchains/1.69.0-x86_64-unknown-linux-gnu/lib/rustlib/x86_64-unknown-linux-gnu/lib" "-o" "/opt/rustwide/target/debug/build/log-f783ee0a67c6a876/build_script_build-f783ee0a67c6a876" "-Wl,--gc-sections" "-pie" "-Wl,-z,relro,-z,now" "-nodefaultlibs"
[INFO] [stdout]   = note: /usr/bin/ld: final link failed: No space left on device
[INFO] [stdout]           collect2: error: ld returned 1 exit status
[INFO] [stdout]           
[INFO] [stdout] 
[INFO] [stdout] 
[INFO] [stdout] error: aborting due to previous error
[INFO] [stdout] 
[INFO] [stdout] 
[INFO] [stderr] error: could not compile `log` due to 2 previous errors
[INFO] [stderr] warning: build failed, waiting for other jobs to finish...
[INFO] [stdout] error: linking with `cc` failed: exit status: 1
[INFO] [stdout]   |
[INFO] [stdout]   = note: LC_ALL="C" PATH="/opt/rustwide/rustup-home/toolchains/1.69.0-x86_64-unknown-linux-gnu/lib/rustlib/x86_64-unknown-linux-gnu/bin:/opt/rustwide/cargo-home/bin:/usr/local/sbin:/usr/local/bin:/usr/sbin:/usr/bin:/sbin:/bin" VSLANG="1033" "cc" "-m64" "/tmp/rustcxeC7kd/symbols.o" "/opt/rustwide/target/debug/build/memchr-f030f2122ccdd13e/build_script_build-f030f2122ccdd13e.build_script_build.e8a5f249-cgu.0.rcgu.o" "/opt/rustwide/target/debug/build/memchr-f030f2122ccdd13e/build_script_build-f030f2122ccdd13e.build_script_build.e8a5f249-cgu.1.rcgu.o" "/opt/rustwide/target/debug/build/memchr-f030f2122ccdd13e/build_script_build-f030f2122ccdd13e.build_script_build.e8a5f249-cgu.10.rcgu.o" "/opt/rustwide/target/debug/build/memchr-f030f2122ccdd13e/build_script_build-f030f2122ccdd13e.build_script_build.e8a5f249-cgu.11.rcgu.o" "/opt/rustwide/target/debug/build/memchr-f030f2122ccdd13e/build_script_build-f030f2122ccdd13e.build_script_build.e8a5f249-cgu.12.rcgu.o" "/opt/rustwide/target/debug/build/memchr-f030f2122ccdd13e/build_script_build-f030f2122ccdd13e.build_script_build.e8a5f249-cgu.13.rcgu.o" "/opt/rustwide/target/debug/build/memchr-f030f2122ccdd13e/build_script_build-f030f2122ccdd13e.build_script_build.e8a5f249-cgu.14.rcgu.o" "/opt/rustwide/target/debug/build/memchr-f030f2122ccdd13e/build_script_build-f030f2122ccdd13e.build_script_build.e8a5f249-cgu.15.rcgu.o" "/opt/rustwide/target/debug/build/memchr-f030f2122ccdd13e/build_script_build-f030f2122ccdd13e.build_script_build.e8a5f249-cgu.2.rcgu.o" "/opt/rustwide/target/debug/build/memchr-f030f2122ccdd13e/build_script_build-f030f2122ccdd13e.build_script_build.e8a5f249-cgu.3.rcgu.o" "/opt/rustwide/target/debug/build/memchr-f030f2122ccdd13e/build_script_build-f030f2122ccdd13e.build_script_build.e8a5f249-cgu.4.rcgu.o" "/opt/rustwide/target/debug/build/memchr-f030f2122ccdd13e/build_script_build-f030f2122ccdd13e.build_script_build.e8a5f249-cgu.5.rcgu.o" "/opt/rustwide/target/debug/build/memchr-f030f2122ccdd13e/build_script_build-f030f2122ccdd13e.build_script_build.e8a5f249-cgu.6.rcgu.o" "/opt/rustwide/target/debug/build/memchr-f030f2122ccdd13e/build_script_build-f030f2122ccdd13e.build_script_build.e8a5f249-cgu.7.rcgu.o" "/opt/rustwide/target/debug/build/memchr-f030f2122ccdd13e/build_script_build-f030f2122ccdd13e.build_script_build.e8a5f249-cgu.8.rcgu.o" "/opt/rustwide/target/debug/build/memchr-f030f2122ccdd13e/build_script_build-f030f2122ccdd13e.build_script_build.e8a5f249-cgu.9.rcgu.o" "/opt/rustwide/target/debug/build/memchr-f030f2122ccdd13e/build_script_build-f030f2122ccdd13e.tb71ak7xyqmpeo8.rcgu.o" "-Wl,--as-needed" "-L" "/opt/rustwide/target/debug/deps" "-L" "/opt/rustwide/rustup-home/toolchains/1.69.0-x86_64-unknown-linux-gnu/lib/rustlib/x86_64-unknown-linux-gnu/lib" "-Wl,-Bstatic" "/opt/rustwide/rustup-home/toolchains/1.69.0-x86_64-unknown-linux-gnu/lib/rustlib/x86_64-unknown-linux-gnu/lib/libstd-89bc084783fdc439.rlib" "/opt/rustwide/rustup-home/toolchains/1.69.0-x86_64-unknown-linux-gnu/lib/rustlib/x86_64-unknown-linux-gnu/lib/libpanic_unwind-8bee4b287d4367c1.rlib" "/opt/rustwide/rustup-home/toolchains/1.69.0-x86_64-unknown-linux-gnu/lib/rustlib/x86_64-unknown-linux-gnu/lib/libobject-d61707aed80694c0.rlib" "/opt/rustwide/rustup-home/toolchains/1.69.0-x86_64-unknown-linux-gnu/lib/rustlib/x86_64-unknown-linux-gnu/lib/libmemchr-d85366256f22345b.rlib" "/opt/rustwide/rustup-home/toolchains/1.69.0-x86_64-unknown-linux-gnu/lib/rustlib/x86_64-unknown-linux-gnu/lib/libaddr2line-96069b86b8a8cae9.rlib" "/opt/rustwide/rustup-home/toolchains/1.69.0-x86_64-unknown-linux-gnu/lib/rustlib/x86_64-unknown-linux-gnu/lib/libgimli-d19d53abf68dfa6c.rlib" "/opt/rustwide/rustup-home/toolchains/1.69.0-x86_64-unknown-linux-gnu/lib/rustlib/x86_64-unknown-linux-gnu/lib/librustc_demangle-787cbccd19d64ac6.rlib" "/opt/rustwide/rustup-home/toolchains/1.69.0-x86_64-unknown-linux-gnu/lib/rustlib/x86_64-unknown-linux-gnu/lib/libstd_detect-b3837a36b830e0d0.rlib" "/opt/rustwide/rustup-home/toolchains/1.69.0-x86_64-unknown-linux-gnu/lib/rustlib/x86_64-unknown-linux-gnu/lib/libhashbrown-e3deb0e7e3f04966.rlib" "/opt/rustwide/rustup-home/toolchains/1.69.0-x86_64-unknown-linux-gnu/lib/rustlib/x86_64-unknown-linux-gnu/lib/libminiz_oxide-dabbb79c9815def4.rlib" "/opt/rustwide/rustup-home/toolchains/1.69.0-x86_64-unknown-linux-gnu/lib/rustlib/x86_64-unknown-linux-gnu/lib/libadler-305b01f34c9409f2.rlib" "/opt/rustwide/rustup-home/toolchains/1.69.0-x86_64-unknown-linux-gnu/lib/rustlib/x86_64-unknown-linux-gnu/lib/librustc_std_workspace_alloc-f833521df6074e73.rlib" "/opt/rustwide/rustup-home/toolchains/1.69.0-x86_64-unknown-linux-gnu/lib/rustlib/x86_64-unknown-linux-gnu/lib/libunwind-9ac333113350d171.rlib" "/opt/rustwide/rustup-home/toolchains/1.69.0-x86_64-unknown-linux-gnu/lib/rustlib/x86_64-unknown-linux-gnu/lib/libcfg_if-1c126114322d0eee.rlib" "/opt/rustwide/rustup-home/toolchains/1.69.0-x86_64-unknown-linux-gnu/lib/rustlib/x86_64-unknown-linux-gnu/lib/liblibc-bad9164fdeeecf92.rlib" "/opt/rustwide/rustup-home/toolchains/1.69.0-x86_64-unknown-linux-gnu/lib/rustlib/x86_64-unknown-linux-gnu/lib/liballoc-f9374b1e480fa681.rlib" "/opt/rustwide/rustup-home/toolchains/1.69.0-x86_64-unknown-linux-gnu/lib/rustlib/x86_64-unknown-linux-gnu/lib/librustc_std_workspace_core-207f06e41d9603af.rlib" "/opt/rustwide/rustup-home/toolchains/1.69.0-x86_64-unknown-linux-gnu/lib/rustlib/x86_64-unknown-linux-gnu/lib/libcore-7e2768e66e984e85.rlib" "/opt/rustwide/rustup-home/toolchains/1.69.0-x86_64-unknown-linux-gnu/lib/rustlib/x86_64-unknown-linux-gnu/lib/libcompiler_builtins-957b4aff41f8cd46.rlib" "-Wl,-Bdynamic" "-lgcc_s" "-lutil" "-lrt" "-lpthread" "-lm" "-ldl" "-lc" "-Wl,--eh-frame-hdr" "-Wl,-z,noexecstack" "-L" "/opt/rustwide/rustup-home/toolchains/1.69.0-x86_64-unknown-linux-gnu/lib/rustlib/x86_64-unknown-linux-gnu/lib" "-o" "/opt/rustwide/target/debug/build/memchr-f030f2122ccdd13e/build_script_build-f030f2122ccdd13e" "-Wl,--gc-sections" "-pie" "-Wl,-z,relro,-z,now" "-nodefaultlibs"
[INFO] [stdout]   = note: /usr/bin/ld: final link failed: No space left on device
[INFO] [stdout]           collect2: error: ld returned 1 exit status
[INFO] [stdout]           
[INFO] [stdout] 
[INFO] [stdout] 
[INFO] [stdout] error: aborting due to previous error
[INFO] [stdout] 
[INFO] [stdout] 
[INFO] [stderr] error: could not compile `memchr` due to 2 previous errors
[INFO] [stdout] error: linking with `cc` failed: exit status: 1
[INFO] [stdout]   |
[INFO] [stdout]   = note: LC_ALL="C" PATH="/opt/rustwide/rustup-home/toolchains/1.69.0-x86_64-unknown-linux-gnu/lib/rustlib/x86_64-unknown-linux-gnu/bin:/opt/rustwide/cargo-home/bin:/usr/local/sbin:/usr/local/bin:/usr/sbin:/usr/bin:/sbin:/bin" VSLANG="1033" "cc" "-m64" "/tmp/rustcDpvDj2/symbols.o" "/opt/rustwide/target/debug/build/serde-603f4967c197f1fe/build_script_build-603f4967c197f1fe.build_script_build.c458ee6c-cgu.0.rcgu.o" "/opt/rustwide/target/debug/build/serde-603f4967c197f1fe/build_script_build-603f4967c197f1fe.build_script_build.c458ee6c-cgu.1.rcgu.o" "/opt/rustwide/target/debug/build/serde-603f4967c197f1fe/build_script_build-603f4967c197f1fe.build_script_build.c458ee6c-cgu.10.rcgu.o" "/opt/rustwide/target/debug/build/serde-603f4967c197f1fe/build_script_build-603f4967c197f1fe.build_script_build.c458ee6c-cgu.11.rcgu.o" "/opt/rustwide/target/debug/build/serde-603f4967c197f1fe/build_script_build-603f4967c197f1fe.build_script_build.c458ee6c-cgu.12.rcgu.o" "/opt/rustwide/target/debug/build/serde-603f4967c197f1fe/build_script_build-603f4967c197f1fe.build_script_build.c458ee6c-cgu.13.rcgu.o" "/opt/rustwide/target/debug/build/serde-603f4967c197f1fe/build_script_build-603f4967c197f1fe.build_script_build.c458ee6c-cgu.14.rcgu.o" "/opt/rustwide/target/debug/build/serde-603f4967c197f1fe/build_script_build-603f4967c197f1fe.build_script_build.c458ee6c-cgu.15.rcgu.o" "/opt/rustwide/target/debug/build/serde-603f4967c197f1fe/build_script_build-603f4967c197f1fe.build_script_build.c458ee6c-cgu.2.rcgu.o" "/opt/rustwide/target/debug/build/serde-603f4967c197f1fe/build_script_build-603f4967c197f1fe.build_script_build.c458ee6c-cgu.3.rcgu.o" "/opt/rustwide/target/debug/build/serde-603f4967c197f1fe/build_script_build-603f4967c197f1fe.build_script_build.c458ee6c-cgu.4.rcgu.o" "/opt/rustwide/target/debug/build/serde-603f4967c197f1fe/build_script_build-603f4967c197f1fe.build_script_build.c458ee6c-cgu.5.rcgu.o" "/opt/rustwide/target/debug/build/serde-603f4967c197f1fe/build_script_build-603f4967c197f1fe.build_script_build.c458ee6c-cgu.6.rcgu.o" "/opt/rustwide/target/debug/build/serde-603f4967c197f1fe/build_script_build-603f4967c197f1fe.build_script_build.c458ee6c-cgu.7.rcgu.o" "/opt/rustwide/target/debug/build/serde-603f4967c197f1fe/build_script_build-603f4967c197f1fe.build_script_build.c458ee6c-cgu.8.rcgu.o" "/opt/rustwide/target/debug/build/serde-603f4967c197f1fe/build_script_build-603f4967c197f1fe.build_script_build.c458ee6c-cgu.9.rcgu.o" "/opt/rustwide/target/debug/build/serde-603f4967c197f1fe/build_script_build-603f4967c197f1fe.3zvj9f2epr76c5ny.rcgu.o" "-Wl,--as-needed" "-L" "/opt/rustwide/target/debug/deps" "-L" "/opt/rustwide/rustup-home/toolchains/1.69.0-x86_64-unknown-linux-gnu/lib/rustlib/x86_64-unknown-linux-gnu/lib" "-Wl,-Bstatic" "/opt/rustwide/rustup-home/toolchains/1.69.0-x86_64-unknown-linux-gnu/lib/rustlib/x86_64-unknown-linux-gnu/lib/libstd-89bc084783fdc439.rlib" "/opt/rustwide/rustup-home/toolchains/1.69.0-x86_64-unknown-linux-gnu/lib/rustlib/x86_64-unknown-linux-gnu/lib/libpanic_unwind-8bee4b287d4367c1.rlib" "/opt/rustwide/rustup-home/toolchains/1.69.0-x86_64-unknown-linux-gnu/lib/rustlib/x86_64-unknown-linux-gnu/lib/libobject-d61707aed80694c0.rlib" "/opt/rustwide/rustup-home/toolchains/1.69.0-x86_64-unknown-linux-gnu/lib/rustlib/x86_64-unknown-linux-gnu/lib/libmemchr-d85366256f22345b.rlib" "/opt/rustwide/rustup-home/toolchains/1.69.0-x86_64-unknown-linux-gnu/lib/rustlib/x86_64-unknown-linux-gnu/lib/libaddr2line-96069b86b8a8cae9.rlib" "/opt/rustwide/rustup-home/toolchains/1.69.0-x86_64-unknown-linux-gnu/lib/rustlib/x86_64-unknown-linux-gnu/lib/libgimli-d19d53abf68dfa6c.rlib" "/opt/rustwide/rustup-home/toolchains/1.69.0-x86_64-unknown-linux-gnu/lib/rustlib/x86_64-unknown-linux-gnu/lib/librustc_demangle-787cbccd19d64ac6.rlib" "/opt/rustwide/rustup-home/toolchains/1.69.0-x86_64-unknown-linux-gnu/lib/rustlib/x86_64-unknown-linux-gnu/lib/libstd_detect-b3837a36b830e0d0.rlib" "/opt/rustwide/rustup-home/toolchains/1.69.0-x86_64-unknown-linux-gnu/lib/rustlib/x86_64-unknown-linux-gnu/lib/libhashbrown-e3deb0e7e3f04966.rlib" "/opt/rustwide/rustup-home/toolchains/1.69.0-x86_64-unknown-linux-gnu/lib/rustlib/x86_64-unknown-linux-gnu/lib/libminiz_oxide-dabbb79c9815def4.rlib" "/opt/rustwide/rustup-home/toolchains/1.69.0-x86_64-unknown-linux-gnu/lib/rustlib/x86_64-unknown-linux-gnu/lib/libadler-305b01f34c9409f2.rlib" "/opt/rustwide/rustup-home/toolchains/1.69.0-x86_64-unknown-linux-gnu/lib/rustlib/x86_64-unknown-linux-gnu/lib/librustc_std_workspace_alloc-f833521df6074e73.rlib" "/opt/rustwide/rustup-home/toolchains/1.69.0-x86_64-unknown-linux-gnu/lib/rustlib/x86_64-unknown-linux-gnu/lib/libunwind-9ac333113350d171.rlib" "/opt/rustwide/rustup-home/toolchains/1.69.0-x86_64-unknown-linux-gnu/lib/rustlib/x86_64-unknown-linux-gnu/lib/libcfg_if-1c126114322d0eee.rlib" "/opt/rustwide/rustup-home/toolchains/1.69.0-x86_64-unknown-linux-gnu/lib/rustlib/x86_64-unknown-linux-gnu/lib/liblibc-bad9164fdeeecf92.rlib" "/opt/rustwide/rustup-home/toolchains/1.69.0-x86_64-unknown-linux-gnu/lib/rustlib/x86_64-unknown-linux-gnu/lib/liballoc-f9374b1e480fa681.rlib" "/opt/rustwide/rustup-home/toolchains/1.69.0-x86_64-unknown-linux-gnu/lib/rustlib/x86_64-unknown-linux-gnu/lib/librustc_std_workspace_core-207f06e41d9603af.rlib" "/opt/rustwide/rustup-home/toolchains/1.69.0-x86_64-unknown-linux-gnu/lib/rustlib/x86_64-unknown-linux-gnu/lib/libcore-7e2768e66e984e85.rlib" "/opt/rustwide/rustup-home/toolchains/1.69.0-x86_64-unknown-linux-gnu/lib/rustlib/x86_64-unknown-linux-gnu/lib/libcompiler_builtins-957b4aff41f8cd46.rlib" "-Wl,-Bdynamic" "-lgcc_s" "-lutil" "-lrt" "-lpthread" "-lm" "-ldl" "-lc" "-Wl,--eh-frame-hdr" "-Wl,-z,noexecstack" "-L" "/opt/rustwide/rustup-home/toolchains/1.69.0-x86_64-unknown-linux-gnu/lib/rustlib/x86_64-unknown-linux-gnu/lib" "-o" "/opt/rustwide/target/debug/build/serde-603f4967c197f1fe/build_script_build-603f4967c197f1fe" "-Wl,--gc-sections" "-pie" "-Wl,-z,relro,-z,now" "-nodefaultlibs"
[INFO] [stdout]   = note: /usr/bin/ld: final link failed: No space left on device
[INFO] [stdout]           collect2: error: ld returned 1 exit status
[INFO] [stdout]           
[INFO] [stdout] 
[INFO] [stdout] 
[INFO] [stderr] error: could not compile `serde` due to previous error
[INFO] [stdout] error: linking with `cc` failed: exit status: 1
[INFO] [stdout]   |
[INFO] [stdout]   = note: LC_ALL="C" PATH="/opt/rustwide/rustup-home/toolchains/1.69.0-x86_64-unknown-linux-gnu/lib/rustlib/x86_64-unknown-linux-gnu/bin:/opt/rustwide/cargo-home/bin:/usr/local/sbin:/usr/local/bin:/usr/sbin:/usr/bin:/sbin:/bin" VSLANG="1033" "cc" "-m64" "/tmp/rustcRMRZPl/symbols.o" "/opt/rustwide/target/debug/build/ryu-8d78a6f95eff8a02/build_script_build-8d78a6f95eff8a02.build_script_build.9f47e161-cgu.0.rcgu.o" "/opt/rustwide/target/debug/build/ryu-8d78a6f95eff8a02/build_script_build-8d78a6f95eff8a02.build_script_build.9f47e161-cgu.1.rcgu.o" "/opt/rustwide/target/debug/build/ryu-8d78a6f95eff8a02/build_script_build-8d78a6f95eff8a02.build_script_build.9f47e161-cgu.10.rcgu.o" "/opt/rustwide/target/debug/build/ryu-8d78a6f95eff8a02/build_script_build-8d78a6f95eff8a02.build_script_build.9f47e161-cgu.11.rcgu.o" "/opt/rustwide/target/debug/build/ryu-8d78a6f95eff8a02/build_script_build-8d78a6f95eff8a02.build_script_build.9f47e161-cgu.12.rcgu.o" "/opt/rustwide/target/debug/build/ryu-8d78a6f95eff8a02/build_script_build-8d78a6f95eff8a02.build_script_build.9f47e161-cgu.13.rcgu.o" "/opt/rustwide/target/debug/build/ryu-8d78a6f95eff8a02/build_script_build-8d78a6f95eff8a02.build_script_build.9f47e161-cgu.14.rcgu.o" "/opt/rustwide/target/debug/build/ryu-8d78a6f95eff8a02/build_script_build-8d78a6f95eff8a02.build_script_build.9f47e161-cgu.15.rcgu.o" "/opt/rustwide/target/debug/build/ryu-8d78a6f95eff8a02/build_script_build-8d78a6f95eff8a02.build_script_build.9f47e161-cgu.2.rcgu.o" "/opt/rustwide/target/debug/build/ryu-8d78a6f95eff8a02/build_script_build-8d78a6f95eff8a02.build_script_build.9f47e161-cgu.3.rcgu.o" "/opt/rustwide/target/debug/build/ryu-8d78a6f95eff8a02/build_script_build-8d78a6f95eff8a02.build_script_build.9f47e161-cgu.4.rcgu.o" "/opt/rustwide/target/debug/build/ryu-8d78a6f95eff8a02/build_script_build-8d78a6f95eff8a02.build_script_build.9f47e161-cgu.5.rcgu.o" "/opt/rustwide/target/debug/build/ryu-8d78a6f95eff8a02/build_script_build-8d78a6f95eff8a02.build_script_build.9f47e161-cgu.6.rcgu.o" "/opt/rustwide/target/debug/build/ryu-8d78a6f95eff8a02/build_script_build-8d78a6f95eff8a02.build_script_build.9f47e161-cgu.7.rcgu.o" "/opt/rustwide/target/debug/build/ryu-8d78a6f95eff8a02/build_script_build-8d78a6f95eff8a02.build_script_build.9f47e161-cgu.8.rcgu.o" "/opt/rustwide/target/debug/build/ryu-8d78a6f95eff8a02/build_script_build-8d78a6f95eff8a02.build_script_build.9f47e161-cgu.9.rcgu.o" "/opt/rustwide/target/debug/build/ryu-8d78a6f95eff8a02/build_script_build-8d78a6f95eff8a02.28depiuprawb8vfq.rcgu.o" "-Wl,--as-needed" "-L" "/opt/rustwide/target/debug/deps" "-L" "/opt/rustwide/rustup-home/toolchains/1.69.0-x86_64-unknown-linux-gnu/lib/rustlib/x86_64-unknown-linux-gnu/lib" "-Wl,-Bstatic" "/opt/rustwide/rustup-home/toolchains/1.69.0-x86_64-unknown-linux-gnu/lib/rustlib/x86_64-unknown-linux-gnu/lib/libstd-89bc084783fdc439.rlib" "/opt/rustwide/rustup-home/toolchains/1.69.0-x86_64-unknown-linux-gnu/lib/rustlib/x86_64-unknown-linux-gnu/lib/libpanic_unwind-8bee4b287d4367c1.rlib" "/opt/rustwide/rustup-home/toolchains/1.69.0-x86_64-unknown-linux-gnu/lib/rustlib/x86_64-unknown-linux-gnu/lib/libobject-d61707aed80694c0.rlib" "/opt/rustwide/rustup-home/toolchains/1.69.0-x86_64-unknown-linux-gnu/lib/rustlib/x86_64-unknown-linux-gnu/lib/libmemchr-d85366256f22345b.rlib" "/opt/rustwide/rustup-home/toolchains/1.69.0-x86_64-unknown-linux-gnu/lib/rustlib/x86_64-unknown-linux-gnu/lib/libaddr2line-96069b86b8a8cae9.rlib" "/opt/rustwide/rustup-home/toolchains/1.69.0-x86_64-unknown-linux-gnu/lib/rustlib/x86_64-unknown-linux-gnu/lib/libgimli-d19d53abf68dfa6c.rlib" "/opt/rustwide/rustup-home/toolchains/1.69.0-x86_64-unknown-linux-gnu/lib/rustlib/x86_64-unknown-linux-gnu/lib/librustc_demangle-787cbccd19d64ac6.rlib" "/opt/rustwide/rustup-home/toolchains/1.69.0-x86_64-unknown-linux-gnu/lib/rustlib/x86_64-unknown-linux-gnu/lib/libstd_detect-b3837a36b830e0d0.rlib" "/opt/rustwide/rustup-home/toolchains/1.69.0-x86_64-unknown-linux-gnu/lib/rustlib/x86_64-unknown-linux-gnu/lib/libhashbrown-e3deb0e7e3f04966.rlib" "/opt/rustwide/rustup-home/toolchains/1.69.0-x86_64-unknown-linux-gnu/lib/rustlib/x86_64-unknown-linux-gnu/lib/libminiz_oxide-dabbb79c9815def4.rlib" "/opt/rustwide/rustup-home/toolchains/1.69.0-x86_64-unknown-linux-gnu/lib/rustlib/x86_64-unknown-linux-gnu/lib/libadler-305b01f34c9409f2.rlib" "/opt/rustwide/rustup-home/toolchains/1.69.0-x86_64-unknown-linux-gnu/lib/rustlib/x86_64-unknown-linux-gnu/lib/librustc_std_workspace_alloc-f833521df6074e73.rlib" "/opt/rustwide/rustup-home/toolchains/1.69.0-x86_64-unknown-linux-gnu/lib/rustlib/x86_64-unknown-linux-gnu/lib/libunwind-9ac333113350d171.rlib" "/opt/rustwide/rustup-home/toolchains/1.69.0-x86_64-unknown-linux-gnu/lib/rustlib/x86_64-unknown-linux-gnu/lib/libcfg_if-1c126114322d0eee.rlib" "/opt/rustwide/rustup-home/toolchains/1.69.0-x86_64-unknown-linux-gnu/lib/rustlib/x86_64-unknown-linux-gnu/lib/liblibc-bad9164fdeeecf92.rlib" "/opt/rustwide/rustup-home/toolchains/1.69.0-x86_64-unknown-linux-gnu/lib/rustlib/x86_64-unknown-linux-gnu/lib/liballoc-f9374b1e480fa681.rlib" "/opt/rustwide/rustup-home/toolchains/1.69.0-x86_64-unknown-linux-gnu/lib/rustlib/x86_64-unknown-linux-gnu/lib/librustc_std_workspace_core-207f06e41d9603af.rlib" "/opt/rustwide/rustup-home/toolchains/1.69.0-x86_64-unknown-linux-gnu/lib/rustlib/x86_64-unknown-linux-gnu/lib/libcore-7e2768e66e984e85.rlib" "/opt/rustwide/rustup-home/toolchains/1.69.0-x86_64-unknown-linux-gnu/lib/rustlib/x86_64-unknown-linux-gnu/lib/libcompiler_builtins-957b4aff41f8cd46.rlib" "-Wl,-Bdynamic" "-lgcc_s" "-lutil" "-lrt" "-lpthread" "-lm" "-ldl" "-lc" "-Wl,--eh-frame-hdr" "-Wl,-z,noexecstack" "-L" "/opt/rustwide/rustup-home/toolchains/1.69.0-x86_64-unknown-linux-gnu/lib/rustlib/x86_64-unknown-linux-gnu/lib" "-o" "/opt/rustwide/target/debug/build/ryu-8d78a6f95eff8a02/build_script_build-8d78a6f95eff8a02" "-Wl,--gc-sections" "-pie" "-Wl,-z,relro,-z,now" "-nodefaultlibs"
[INFO] [stdout]   = note: /usr/bin/ld: final link failed: No space left on device
[INFO] [stdout]           collect2: error: ld returned 1 exit status
[INFO] [stdout]           
[INFO] [stdout] 
[INFO] [stdout] 
[INFO] [stdout] error: aborting due to previous error
[INFO] [stdout] 
[INFO] [stdout] 
[INFO] [stdout] error: linking with `cc` failed: exit status: 1
[INFO] [stdout]   |
[INFO] [stdout]   = note: LC_ALL="C" PATH="/opt/rustwide/rustup-home/toolchains/1.69.0-x86_64-unknown-linux-gnu/lib/rustlib/x86_64-unknown-linux-gnu/bin:/opt/rustwide/cargo-home/bin:/usr/local/sbin:/usr/local/bin:/usr/sbin:/usr/bin:/sbin:/bin" VSLANG="1033" "cc" "-m64" "/tmp/rustcNRaO2i/symbols.o" "/opt/rustwide/target/debug/build/serde_derive-690ec1fbe23d6971/build_script_build-690ec1fbe23d6971.build_script_build.8a5ee9bd-cgu.0.rcgu.o" "/opt/rustwide/target/debug/build/serde_derive-690ec1fbe23d6971/build_script_build-690ec1fbe23d6971.build_script_build.8a5ee9bd-cgu.1.rcgu.o" "/opt/rustwide/target/debug/build/serde_derive-690ec1fbe23d6971/build_script_build-690ec1fbe23d6971.build_script_build.8a5ee9bd-cgu.10.rcgu.o" "/opt/rustwide/target/debug/build/serde_derive-690ec1fbe23d6971/build_script_build-690ec1fbe23d6971.build_script_build.8a5ee9bd-cgu.11.rcgu.o" "/opt/rustwide/target/debug/build/serde_derive-690ec1fbe23d6971/build_script_build-690ec1fbe23d6971.build_script_build.8a5ee9bd-cgu.12.rcgu.o" "/opt/rustwide/target/debug/build/serde_derive-690ec1fbe23d6971/build_script_build-690ec1fbe23d6971.build_script_build.8a5ee9bd-cgu.13.rcgu.o" "/opt/rustwide/target/debug/build/serde_derive-690ec1fbe23d6971/build_script_build-690ec1fbe23d6971.build_script_build.8a5ee9bd-cgu.14.rcgu.o" "/opt/rustwide/target/debug/build/serde_derive-690ec1fbe23d6971/build_script_build-690ec1fbe23d6971.build_script_build.8a5ee9bd-cgu.15.rcgu.o" "/opt/rustwide/target/debug/build/serde_derive-690ec1fbe23d6971/build_script_build-690ec1fbe23d6971.build_script_build.8a5ee9bd-cgu.2.rcgu.o" "/opt/rustwide/target/debug/build/serde_derive-690ec1fbe23d6971/build_script_build-690ec1fbe23d6971.build_script_build.8a5ee9bd-cgu.3.rcgu.o" "/opt/rustwide/target/debug/build/serde_derive-690ec1fbe23d6971/build_script_build-690ec1fbe23d6971.build_script_build.8a5ee9bd-cgu.4.rcgu.o" "/opt/rustwide/target/debug/build/serde_derive-690ec1fbe23d6971/build_script_build-690ec1fbe23d6971.build_script_build.8a5ee9bd-cgu.5.rcgu.o" "/opt/rustwide/target/debug/build/serde_derive-690ec1fbe23d6971/build_script_build-690ec1fbe23d6971.build_script_build.8a5ee9bd-cgu.6.rcgu.o" "/opt/rustwide/target/debug/build/serde_derive-690ec1fbe23d6971/build_script_build-690ec1fbe23d6971.build_script_build.8a5ee9bd-cgu.7.rcgu.o" "/opt/rustwide/target/debug/build/serde_derive-690ec1fbe23d6971/build_script_build-690ec1fbe23d6971.build_script_build.8a5ee9bd-cgu.8.rcgu.o" "/opt/rustwide/target/debug/build/serde_derive-690ec1fbe23d6971/build_script_build-690ec1fbe23d6971.build_script_build.8a5ee9bd-cgu.9.rcgu.o" "/opt/rustwide/target/debug/build/serde_derive-690ec1fbe23d6971/build_script_build-690ec1fbe23d6971.1yf3zrkgaoa4q6d2.rcgu.o" "-Wl,--as-needed" "-L" "/opt/rustwide/target/debug/deps" "-L" "/opt/rustwide/rustup-home/toolchains/1.69.0-x86_64-unknown-linux-gnu/lib/rustlib/x86_64-unknown-linux-gnu/lib" "-Wl,-Bstatic" "/opt/rustwide/rustup-home/toolchains/1.69.0-x86_64-unknown-linux-gnu/lib/rustlib/x86_64-unknown-linux-gnu/lib/libstd-89bc084783fdc439.rlib" "/opt/rustwide/rustup-home/toolchains/1.69.0-x86_64-unknown-linux-gnu/lib/rustlib/x86_64-unknown-linux-gnu/lib/libpanic_unwind-8bee4b287d4367c1.rlib" "/opt/rustwide/rustup-home/toolchains/1.69.0-x86_64-unknown-linux-gnu/lib/rustlib/x86_64-unknown-linux-gnu/lib/libobject-d61707aed80694c0.rlib" "/opt/rustwide/rustup-home/toolchains/1.69.0-x86_64-unknown-linux-gnu/lib/rustlib/x86_64-unknown-linux-gnu/lib/libmemchr-d85366256f22345b.rlib" "/opt/rustwide/rustup-home/toolchains/1.69.0-x86_64-unknown-linux-gnu/lib/rustlib/x86_64-unknown-linux-gnu/lib/libaddr2line-96069b86b8a8cae9.rlib" "/opt/rustwide/rustup-home/toolchains/1.69.0-x86_64-unknown-linux-gnu/lib/rustlib/x86_64-unknown-linux-gnu/lib/libgimli-d19d53abf68dfa6c.rlib" "/opt/rustwide/rustup-home/toolchains/1.69.0-x86_64-unknown-linux-gnu/lib/rustlib/x86_64-unknown-linux-gnu/lib/librustc_demangle-787cbccd19d64ac6.rlib" "/opt/rustwide/rustup-home/toolchains/1.69.0-x86_64-unknown-linux-gnu/lib/rustlib/x86_64-unknown-linux-gnu/lib/libstd_detect-b3837a36b830e0d0.rlib" "/opt/rustwide/rustup-home/toolchains/1.69.0-x86_64-unknown-linux-gnu/lib/rustlib/x86_64-unknown-linux-gnu/lib/libhashbrown-e3deb0e7e3f04966.rlib" "/opt/rustwide/rustup-home/toolchains/1.69.0-x86_64-unknown-linux-gnu/lib/rustlib/x86_64-unknown-linux-gnu/lib/libminiz_oxide-dabbb79c9815def4.rlib" "/opt/rustwide/rustup-home/toolchains/1.69.0-x86_64-unknown-linux-gnu/lib/rustlib/x86_64-unknown-linux-gnu/lib/libadler-305b01f34c9409f2.rlib" "/opt/rustwide/rustup-home/toolchains/1.69.0-x86_64-unknown-linux-gnu/lib/rustlib/x86_64-unknown-linux-gnu/lib/librustc_std_workspace_alloc-f833521df6074e73.rlib" "/opt/rustwide/rustup-home/toolchains/1.69.0-x86_64-unknown-linux-gnu/lib/rustlib/x86_64-unknown-linux-gnu/lib/libunwind-9ac333113350d171.rlib" "/opt/rustwide/rustup-home/toolchains/1.69.0-x86_64-unknown-linux-gnu/lib/rustlib/x86_64-unknown-linux-gnu/lib/libcfg_if-1c126114322d0eee.rlib" "/opt/rustwide/rustup-home/toolchains/1.69.0-x86_64-unknown-linux-gnu/lib/rustlib/x86_64-unknown-linux-gnu/lib/liblibc-bad9164fdeeecf92.rlib" "/opt/rustwide/rustup-home/toolchains/1.69.0-x86_64-unknown-linux-gnu/lib/rustlib/x86_64-unknown-linux-gnu/lib/liballoc-f9374b1e480fa681.rlib" "/opt/rustwide/rustup-home/toolchains/1.69.0-x86_64-unknown-linux-gnu/lib/rustlib/x86_64-unknown-linux-gnu/lib/librustc_std_workspace_core-207f06e41d9603af.rlib" "/opt/rustwide/rustup-home/toolchains/1.69.0-x86_64-unknown-linux-gnu/lib/rustlib/x86_64-unknown-linux-gnu/lib/libcore-7e2768e66e984e85.rlib" "/opt/rustwide/rustup-home/toolchains/1.69.0-x86_64-unknown-linux-gnu/lib/rustlib/x86_64-unknown-linux-gnu/lib/libcompiler_builtins-957b4aff41f8cd46.rlib" "-Wl,-Bdynamic" "-lgcc_s" "-lutil" "-lrt" "-lpthread" "-lm" "-ldl" "-lc" "-Wl,--eh-frame-hdr" "-Wl,-z,noexecstack" "-L" "/opt/rustwide/rustup-home/toolchains/1.69.0-x86_64-unknown-linux-gnu/lib/rustlib/x86_64-unknown-linux-gnu/lib" "-o" "/opt/rustwide/target/debug/build/serde_derive-690ec1fbe23d6971/build_script_build-690ec1fbe23d6971" "-Wl,--gc-sections" "-pie" "-Wl,-z,relro,-z,now" "-nodefaultlibs"
[INFO] [stdout]   = note: /usr/bin/ld: final link failed: No space left on device
[INFO] [stdout]           collect2: error: ld returned 1 exit status
[INFO] [stdout]           
[INFO] [stdout] 
[INFO] [stdout] 
[INFO] [stdout] error: aborting due to previous error
[INFO] [stdout] 
[INFO] [stdout] 
[INFO] [stderr] error: could not compile `serde_derive` due to 2 previous errors
[INFO] [stderr] error: could not compile `ryu` due to 2 previous errors
[INFO] [stdout] error: linking with `cc` failed: exit status: 1
[INFO] [stdout]   |
[INFO] [stdout]   = note: LC_ALL="C" PATH="/opt/rustwide/rustup-home/toolchains/1.69.0-x86_64-unknown-linux-gnu/lib/rustlib/x86_64-unknown-linux-gnu/bin:/opt/rustwide/cargo-home/bin:/usr/local/sbin:/usr/local/bin:/usr/sbin:/usr/bin:/sbin:/bin" VSLANG="1033" "cc" "-m64" "/tmp/rustcHAVaVd/symbols.o" "/opt/rustwide/target/debug/build/byteorder-eb512166e00551c7/build_script_build-eb512166e00551c7.build_script_build.abd0b348-cgu.0.rcgu.o" "/opt/rustwide/target/debug/build/byteorder-eb512166e00551c7/build_script_build-eb512166e00551c7.build_script_build.abd0b348-cgu.1.rcgu.o" "/opt/rustwide/target/debug/build/byteorder-eb512166e00551c7/build_script_build-eb512166e00551c7.build_script_build.abd0b348-cgu.10.rcgu.o" "/opt/rustwide/target/debug/build/byteorder-eb512166e00551c7/build_script_build-eb512166e00551c7.build_script_build.abd0b348-cgu.11.rcgu.o" "/opt/rustwide/target/debug/build/byteorder-eb512166e00551c7/build_script_build-eb512166e00551c7.build_script_build.abd0b348-cgu.12.rcgu.o" "/opt/rustwide/target/debug/build/byteorder-eb512166e00551c7/build_script_build-eb512166e00551c7.build_script_build.abd0b348-cgu.13.rcgu.o" "/opt/rustwide/target/debug/build/byteorder-eb512166e00551c7/build_script_build-eb512166e00551c7.build_script_build.abd0b348-cgu.14.rcgu.o" "/opt/rustwide/target/debug/build/byteorder-eb512166e00551c7/build_script_build-eb512166e00551c7.build_script_build.abd0b348-cgu.15.rcgu.o" "/opt/rustwide/target/debug/build/byteorder-eb512166e00551c7/build_script_build-eb512166e00551c7.build_script_build.abd0b348-cgu.2.rcgu.o" "/opt/rustwide/target/debug/build/byteorder-eb512166e00551c7/build_script_build-eb512166e00551c7.build_script_build.abd0b348-cgu.3.rcgu.o" "/opt/rustwide/target/debug/build/byteorder-eb512166e00551c7/build_script_build-eb512166e00551c7.build_script_build.abd0b348-cgu.4.rcgu.o" "/opt/rustwide/target/debug/build/byteorder-eb512166e00551c7/build_script_build-eb512166e00551c7.build_script_build.abd0b348-cgu.5.rcgu.o" "/opt/rustwide/target/debug/build/byteorder-eb512166e00551c7/build_script_build-eb512166e00551c7.build_script_build.abd0b348-cgu.6.rcgu.o" "/opt/rustwide/target/debug/build/byteorder-eb512166e00551c7/build_script_build-eb512166e00551c7.build_script_build.abd0b348-cgu.7.rcgu.o" "/opt/rustwide/target/debug/build/byteorder-eb512166e00551c7/build_script_build-eb512166e00551c7.build_script_build.abd0b348-cgu.8.rcgu.o" "/opt/rustwide/target/debug/build/byteorder-eb512166e00551c7/build_script_build-eb512166e00551c7.build_script_build.abd0b348-cgu.9.rcgu.o" "/opt/rustwide/target/debug/build/byteorder-eb512166e00551c7/build_script_build-eb512166e00551c7.2bkit2d2hi4xd8yl.rcgu.o" "-Wl,--as-needed" "-L" "/opt/rustwide/target/debug/deps" "-L" "/opt/rustwide/rustup-home/toolchains/1.69.0-x86_64-unknown-linux-gnu/lib/rustlib/x86_64-unknown-linux-gnu/lib" "-Wl,-Bstatic" "/opt/rustwide/rustup-home/toolchains/1.69.0-x86_64-unknown-linux-gnu/lib/rustlib/x86_64-unknown-linux-gnu/lib/libstd-89bc084783fdc439.rlib" "/opt/rustwide/rustup-home/toolchains/1.69.0-x86_64-unknown-linux-gnu/lib/rustlib/x86_64-unknown-linux-gnu/lib/libpanic_unwind-8bee4b287d4367c1.rlib" "/opt/rustwide/rustup-home/toolchains/1.69.0-x86_64-unknown-linux-gnu/lib/rustlib/x86_64-unknown-linux-gnu/lib/libobject-d61707aed80694c0.rlib" "/opt/rustwide/rustup-home/toolchains/1.69.0-x86_64-unknown-linux-gnu/lib/rustlib/x86_64-unknown-linux-gnu/lib/libmemchr-d85366256f22345b.rlib" "/opt/rustwide/rustup-home/toolchains/1.69.0-x86_64-unknown-linux-gnu/lib/rustlib/x86_64-unknown-linux-gnu/lib/libaddr2line-96069b86b8a8cae9.rlib" "/opt/rustwide/rustup-home/toolchains/1.69.0-x86_64-unknown-linux-gnu/lib/rustlib/x86_64-unknown-linux-gnu/lib/libgimli-d19d53abf68dfa6c.rlib" "/opt/rustwide/rustup-home/toolchains/1.69.0-x86_64-unknown-linux-gnu/lib/rustlib/x86_64-unknown-linux-gnu/lib/librustc_demangle-787cbccd19d64ac6.rlib" "/opt/rustwide/rustup-home/toolchains/1.69.0-x86_64-unknown-linux-gnu/lib/rustlib/x86_64-unknown-linux-gnu/lib/libstd_detect-b3837a36b830e0d0.rlib" "/opt/rustwide/rustup-home/toolchains/1.69.0-x86_64-unknown-linux-gnu/lib/rustlib/x86_64-unknown-linux-gnu/lib/libhashbrown-e3deb0e7e3f04966.rlib" "/opt/rustwide/rustup-home/toolchains/1.69.0-x86_64-unknown-linux-gnu/lib/rustlib/x86_64-unknown-linux-gnu/lib/libminiz_oxide-dabbb79c9815def4.rlib" "/opt/rustwide/rustup-home/toolchains/1.69.0-x86_64-unknown-linux-gnu/lib/rustlib/x86_64-unknown-linux-gnu/lib/libadler-305b01f34c9409f2.rlib" "/opt/rustwide/rustup-home/toolchains/1.69.0-x86_64-unknown-linux-gnu/lib/rustlib/x86_64-unknown-linux-gnu/lib/librustc_std_workspace_alloc-f833521df6074e73.rlib" "/opt/rustwide/rustup-home/toolchains/1.69.0-x86_64-unknown-linux-gnu/lib/rustlib/x86_64-unknown-linux-gnu/lib/libunwind-9ac333113350d171.rlib" "/opt/rustwide/rustup-home/toolchains/1.69.0-x86_64-unknown-linux-gnu/lib/rustlib/x86_64-unknown-linux-gnu/lib/libcfg_if-1c126114322d0eee.rlib" "/opt/rustwide/rustup-home/toolchains/1.69.0-x86_64-unknown-linux-gnu/lib/rustlib/x86_64-unknown-linux-gnu/lib/liblibc-bad9164fdeeecf92.rlib" "/opt/rustwide/rustup-home/toolchains/1.69.0-x86_64-unknown-linux-gnu/lib/rustlib/x86_64-unknown-linux-gnu/lib/liballoc-f9374b1e480fa681.rlib" "/opt/rustwide/rustup-home/toolchains/1.69.0-x86_64-unknown-linux-gnu/lib/rustlib/x86_64-unknown-linux-gnu/lib/librustc_std_workspace_core-207f06e41d9603af.rlib" "/opt/rustwide/rustup-home/toolchains/1.69.0-x86_64-unknown-linux-gnu/lib/rustlib/x86_64-unknown-linux-gnu/lib/libcore-7e2768e66e984e85.rlib" "/opt/rustwide/rustup-home/toolchains/1.69.0-x86_64-unknown-linux-gnu/lib/rustlib/x86_64-unknown-linux-gnu/lib/libcompiler_builtins-957b4aff41f8cd46.rlib" "-Wl,-Bdynamic" "-lgcc_s" "-lutil" "-lrt" "-lpthread" "-lm" "-ldl" "-lc" "-Wl,--eh-frame-hdr" "-Wl,-z,noexecstack" "-L" "/opt/rustwide/rustup-home/toolchains/1.69.0-x86_64-unknown-linux-gnu/lib/rustlib/x86_64-unknown-linux-gnu/lib" "-o" "/opt/rustwide/target/debug/build/byteorder-eb512166e00551c7/build_script_build-eb512166e00551c7" "-Wl,--gc-sections" "-pie" "-Wl,-z,relro,-z,now" "-nodefaultlibs"
[INFO] [stdout]   = note: /usr/bin/ld: final link failed: No space left on device
[INFO] [stdout]           collect2: error: ld returned 1 exit status
[INFO] [stdout]           
[INFO] [stdout] 
[INFO] [stdout] 
[INFO] [stdout] error: aborting due to previous error
[INFO] [stdout] 
[INFO] [stdout] 
[INFO] [stdout] error: linking with `cc` failed: exit status: 1
[INFO] [stdout]   |
[INFO] [stdout]   = note: LC_ALL="C" PATH="/opt/rustwide/rustup-home/toolchains/1.69.0-x86_64-unknown-linux-gnu/lib/rustlib/x86_64-unknown-linux-gnu/bin:/opt/rustwide/cargo-home/bin:/usr/local/sbin:/usr/local/bin:/usr/sbin:/usr/bin:/sbin:/bin" VSLANG="1033" "cc" "-m64" "/tmp/rustcEWREUP/symbols.o" "/opt/rustwide/target/debug/build/syn-abb9e0d5e41ec85a/build_script_build-abb9e0d5e41ec85a.build_script_build.131b2439-cgu.0.rcgu.o" "/opt/rustwide/target/debug/build/syn-abb9e0d5e41ec85a/build_script_build-abb9e0d5e41ec85a.build_script_build.131b2439-cgu.1.rcgu.o" "/opt/rustwide/target/debug/build/syn-abb9e0d5e41ec85a/build_script_build-abb9e0d5e41ec85a.build_script_build.131b2439-cgu.10.rcgu.o" "/opt/rustwide/target/debug/build/syn-abb9e0d5e41ec85a/build_script_build-abb9e0d5e41ec85a.build_script_build.131b2439-cgu.11.rcgu.o" "/opt/rustwide/target/debug/build/syn-abb9e0d5e41ec85a/build_script_build-abb9e0d5e41ec85a.build_script_build.131b2439-cgu.12.rcgu.o" "/opt/rustwide/target/debug/build/syn-abb9e0d5e41ec85a/build_script_build-abb9e0d5e41ec85a.build_script_build.131b2439-cgu.13.rcgu.o" "/opt/rustwide/target/debug/build/syn-abb9e0d5e41ec85a/build_script_build-abb9e0d5e41ec85a.build_script_build.131b2439-cgu.14.rcgu.o" "/opt/rustwide/target/debug/build/syn-abb9e0d5e41ec85a/build_script_build-abb9e0d5e41ec85a.build_script_build.131b2439-cgu.15.rcgu.o" "/opt/rustwide/target/debug/build/syn-abb9e0d5e41ec85a/build_script_build-abb9e0d5e41ec85a.build_script_build.131b2439-cgu.2.rcgu.o" "/opt/rustwide/target/debug/build/syn-abb9e0d5e41ec85a/build_script_build-abb9e0d5e41ec85a.build_script_build.131b2439-cgu.3.rcgu.o" "/opt/rustwide/target/debug/build/syn-abb9e0d5e41ec85a/build_script_build-abb9e0d5e41ec85a.build_script_build.131b2439-cgu.4.rcgu.o" "/opt/rustwide/target/debug/build/syn-abb9e0d5e41ec85a/build_script_build-abb9e0d5e41ec85a.build_script_build.131b2439-cgu.5.rcgu.o" "/opt/rustwide/target/debug/build/syn-abb9e0d5e41ec85a/build_script_build-abb9e0d5e41ec85a.build_script_build.131b2439-cgu.6.rcgu.o" "/opt/rustwide/target/debug/build/syn-abb9e0d5e41ec85a/build_script_build-abb9e0d5e41ec85a.build_script_build.131b2439-cgu.7.rcgu.o" "/opt/rustwide/target/debug/build/syn-abb9e0d5e41ec85a/build_script_build-abb9e0d5e41ec85a.build_script_build.131b2439-cgu.8.rcgu.o" "/opt/rustwide/target/debug/build/syn-abb9e0d5e41ec85a/build_script_build-abb9e0d5e41ec85a.build_script_build.131b2439-cgu.9.rcgu.o" "/opt/rustwide/target/debug/build/syn-abb9e0d5e41ec85a/build_script_build-abb9e0d5e41ec85a.12bxkesrmhf2azql.rcgu.o" "-Wl,--as-needed" "-L" "/opt/rustwide/target/debug/deps" "-L" "/opt/rustwide/rustup-home/toolchains/1.69.0-x86_64-unknown-linux-gnu/lib/rustlib/x86_64-unknown-linux-gnu/lib" "-Wl,-Bstatic" "/opt/rustwide/rustup-home/toolchains/1.69.0-x86_64-unknown-linux-gnu/lib/rustlib/x86_64-unknown-linux-gnu/lib/libstd-89bc084783fdc439.rlib" "/opt/rustwide/rustup-home/toolchains/1.69.0-x86_64-unknown-linux-gnu/lib/rustlib/x86_64-unknown-linux-gnu/lib/libpanic_unwind-8bee4b287d4367c1.rlib" "/opt/rustwide/rustup-home/toolchains/1.69.0-x86_64-unknown-linux-gnu/lib/rustlib/x86_64-unknown-linux-gnu/lib/libobject-d61707aed80694c0.rlib" "/opt/rustwide/rustup-home/toolchains/1.69.0-x86_64-unknown-linux-gnu/lib/rustlib/x86_64-unknown-linux-gnu/lib/libmemchr-d85366256f22345b.rlib" "/opt/rustwide/rustup-home/toolchains/1.69.0-x86_64-unknown-linux-gnu/lib/rustlib/x86_64-unknown-linux-gnu/lib/libaddr2line-96069b86b8a8cae9.rlib" "/opt/rustwide/rustup-home/toolchains/1.69.0-x86_64-unknown-linux-gnu/lib/rustlib/x86_64-unknown-linux-gnu/lib/libgimli-d19d53abf68dfa6c.rlib" "/opt/rustwide/rustup-home/toolchains/1.69.0-x86_64-unknown-linux-gnu/lib/rustlib/x86_64-unknown-linux-gnu/lib/librustc_demangle-787cbccd19d64ac6.rlib" "/opt/rustwide/rustup-home/toolchains/1.69.0-x86_64-unknown-linux-gnu/lib/rustlib/x86_64-unknown-linux-gnu/lib/libstd_detect-b3837a36b830e0d0.rlib" "/opt/rustwide/rustup-home/toolchains/1.69.0-x86_64-unknown-linux-gnu/lib/rustlib/x86_64-unknown-linux-gnu/lib/libhashbrown-e3deb0e7e3f04966.rlib" "/opt/rustwide/rustup-home/toolchains/1.69.0-x86_64-unknown-linux-gnu/lib/rustlib/x86_64-unknown-linux-gnu/lib/libminiz_oxide-dabbb79c9815def4.rlib" "/opt/rustwide/rustup-home/toolchains/1.69.0-x86_64-unknown-linux-gnu/lib/rustlib/x86_64-unknown-linux-gnu/lib/libadler-305b01f34c9409f2.rlib" "/opt/rustwide/rustup-home/toolchains/1.69.0-x86_64-unknown-linux-gnu/lib/rustlib/x86_64-unknown-linux-gnu/lib/librustc_std_workspace_alloc-f833521df6074e73.rlib" "/opt/rustwide/rustup-home/toolchains/1.69.0-x86_64-unknown-linux-gnu/lib/rustlib/x86_64-unknown-linux-gnu/lib/libunwind-9ac333113350d171.rlib" "/opt/rustwide/rustup-home/toolchains/1.69.0-x86_64-unknown-linux-gnu/lib/rustlib/x86_64-unknown-linux-gnu/lib/libcfg_if-1c126114322d0eee.rlib" "/opt/rustwide/rustup-home/toolchains/1.69.0-x86_64-unknown-linux-gnu/lib/rustlib/x86_64-unknown-linux-gnu/lib/liblibc-bad9164fdeeecf92.rlib" "/opt/rustwide/rustup-home/toolchains/1.69.0-x86_64-unknown-linux-gnu/lib/rustlib/x86_64-unknown-linux-gnu/lib/liballoc-f9374b1e480fa681.rlib" "/opt/rustwide/rustup-home/toolchains/1.69.0-x86_64-unknown-linux-gnu/lib/rustlib/x86_64-unknown-linux-gnu/lib/librustc_std_workspace_core-207f06e41d9603af.rlib" "/opt/rustwide/rustup-home/toolchains/1.69.0-x86_64-unknown-linux-gnu/lib/rustlib/x86_64-unknown-linux-gnu/lib/libcore-7e2768e66e984e85.rlib" "/opt/rustwide/rustup-home/toolchains/1.69.0-x86_64-unknown-linux-gnu/lib/rustlib/x86_64-unknown-linux-gnu/lib/libcompiler_builtins-957b4aff41f8cd46.rlib" "-Wl,-Bdynamic" "-lgcc_s" "-lutil" "-lrt" "-lpthread" "-lm" "-ldl" "-lc" "-Wl,--eh-frame-hdr" "-Wl,-z,noexecstack" "-L" "/opt/rustwide/rustup-home/toolchains/1.69.0-x86_64-unknown-linux-gnu/lib/rustlib/x86_64-unknown-linux-gnu/lib" "-o" "/opt/rustwide/target/debug/build/syn-abb9e0d5e41ec85a/build_script_build-abb9e0d5e41ec85a" "-Wl,--gc-sections" "-pie" "-Wl,-z,relro,-z,now" "-nodefaultlibs"
[INFO] [stdout]   = note: /usr/bin/ld: final link failed: No space left on device
[INFO] [stdout]           collect2: error: ld returned 1 exit status
[INFO] [stdout]           
[INFO] [stdout] 
[INFO] [stdout] 
[INFO] [stdout] error: aborting due to previous error
[INFO] [stdout] 
[INFO] [stdout] 
[INFO] [stderr] error: could not compile `byteorder` due to 2 previous errors
[INFO] [stderr] error: could not compile `syn` due to 2 previous errors
[INFO] [stdout] error: linking with `cc` failed: exit status: 1
[INFO] [stdout]   |
[INFO] [stdout]   = note: LC_ALL="C" PATH="/opt/rustwide/rustup-home/toolchains/1.69.0-x86_64-unknown-linux-gnu/lib/rustlib/x86_64-unknown-linux-gnu/bin:/opt/rustwide/cargo-home/bin:/usr/local/sbin:/usr/local/bin:/usr/sbin:/usr/bin:/sbin:/bin" VSLANG="1033" "cc" "-m64" "/tmp/rustcmObw8Z/symbols.o" "/opt/rustwide/target/debug/build/proc-macro2-8002cf8929698d88/build_script_build-8002cf8929698d88.build_script_build.8adb91d1-cgu.0.rcgu.o" "/opt/rustwide/target/debug/build/proc-macro2-8002cf8929698d88/build_script_build-8002cf8929698d88.build_script_build.8adb91d1-cgu.1.rcgu.o" "/opt/rustwide/target/debug/build/proc-macro2-8002cf8929698d88/build_script_build-8002cf8929698d88.build_script_build.8adb91d1-cgu.10.rcgu.o" "/opt/rustwide/target/debug/build/proc-macro2-8002cf8929698d88/build_script_build-8002cf8929698d88.build_script_build.8adb91d1-cgu.11.rcgu.o" "/opt/rustwide/target/debug/build/proc-macro2-8002cf8929698d88/build_script_build-8002cf8929698d88.build_script_build.8adb91d1-cgu.12.rcgu.o" "/opt/rustwide/target/debug/build/proc-macro2-8002cf8929698d88/build_script_build-8002cf8929698d88.build_script_build.8adb91d1-cgu.13.rcgu.o" "/opt/rustwide/target/debug/build/proc-macro2-8002cf8929698d88/build_script_build-8002cf8929698d88.build_script_build.8adb91d1-cgu.14.rcgu.o" "/opt/rustwide/target/debug/build/proc-macro2-8002cf8929698d88/build_script_build-8002cf8929698d88.build_script_build.8adb91d1-cgu.15.rcgu.o" "/opt/rustwide/target/debug/build/proc-macro2-8002cf8929698d88/build_script_build-8002cf8929698d88.build_script_build.8adb91d1-cgu.2.rcgu.o" "/opt/rustwide/target/debug/build/proc-macro2-8002cf8929698d88/build_script_build-8002cf8929698d88.build_script_build.8adb91d1-cgu.3.rcgu.o" "/opt/rustwide/target/debug/build/proc-macro2-8002cf8929698d88/build_script_build-8002cf8929698d88.build_script_build.8adb91d1-cgu.4.rcgu.o" "/opt/rustwide/target/debug/build/proc-macro2-8002cf8929698d88/build_script_build-8002cf8929698d88.build_script_build.8adb91d1-cgu.5.rcgu.o" "/opt/rustwide/target/debug/build/proc-macro2-8002cf8929698d88/build_script_build-8002cf8929698d88.build_script_build.8adb91d1-cgu.6.rcgu.o" "/opt/rustwide/target/debug/build/proc-macro2-8002cf8929698d88/build_script_build-8002cf8929698d88.build_script_build.8adb91d1-cgu.7.rcgu.o" "/opt/rustwide/target/debug/build/proc-macro2-8002cf8929698d88/build_script_build-8002cf8929698d88.build_script_build.8adb91d1-cgu.8.rcgu.o" "/opt/rustwide/target/debug/build/proc-macro2-8002cf8929698d88/build_script_build-8002cf8929698d88.build_script_build.8adb91d1-cgu.9.rcgu.o" "/opt/rustwide/target/debug/build/proc-macro2-8002cf8929698d88/build_script_build-8002cf8929698d88.xdfewwt44k2gq9v.rcgu.o" "-Wl,--as-needed" "-L" "/opt/rustwide/target/debug/deps" "-L" "/opt/rustwide/rustup-home/toolchains/1.69.0-x86_64-unknown-linux-gnu/lib/rustlib/x86_64-unknown-linux-gnu/lib" "-Wl,-Bstatic" "/opt/rustwide/rustup-home/toolchains/1.69.0-x86_64-unknown-linux-gnu/lib/rustlib/x86_64-unknown-linux-gnu/lib/libstd-89bc084783fdc439.rlib" "/opt/rustwide/rustup-home/toolchains/1.69.0-x86_64-unknown-linux-gnu/lib/rustlib/x86_64-unknown-linux-gnu/lib/libpanic_unwind-8bee4b287d4367c1.rlib" "/opt/rustwide/rustup-home/toolchains/1.69.0-x86_64-unknown-linux-gnu/lib/rustlib/x86_64-unknown-linux-gnu/lib/libobject-d61707aed80694c0.rlib" "/opt/rustwide/rustup-home/toolchains/1.69.0-x86_64-unknown-linux-gnu/lib/rustlib/x86_64-unknown-linux-gnu/lib/libmemchr-d85366256f22345b.rlib" "/opt/rustwide/rustup-home/toolchains/1.69.0-x86_64-unknown-linux-gnu/lib/rustlib/x86_64-unknown-linux-gnu/lib/libaddr2line-96069b86b8a8cae9.rlib" "/opt/rustwide/rustup-home/toolchains/1.69.0-x86_64-unknown-linux-gnu/lib/rustlib/x86_64-unknown-linux-gnu/lib/libgimli-d19d53abf68dfa6c.rlib" "/opt/rustwide/rustup-home/toolchains/1.69.0-x86_64-unknown-linux-gnu/lib/rustlib/x86_64-unknown-linux-gnu/lib/librustc_demangle-787cbccd19d64ac6.rlib" "/opt/rustwide/rustup-home/toolchains/1.69.0-x86_64-unknown-linux-gnu/lib/rustlib/x86_64-unknown-linux-gnu/lib/libstd_detect-b3837a36b830e0d0.rlib" "/opt/rustwide/rustup-home/toolchains/1.69.0-x86_64-unknown-linux-gnu/lib/rustlib/x86_64-unknown-linux-gnu/lib/libhashbrown-e3deb0e7e3f04966.rlib" "/opt/rustwide/rustup-home/toolchains/1.69.0-x86_64-unknown-linux-gnu/lib/rustlib/x86_64-unknown-linux-gnu/lib/libminiz_oxide-dabbb79c9815def4.rlib" "/opt/rustwide/rustup-home/toolchains/1.69.0-x86_64-unknown-linux-gnu/lib/rustlib/x86_64-unknown-linux-gnu/lib/libadler-305b01f34c9409f2.rlib" "/opt/rustwide/rustup-home/toolchains/1.69.0-x86_64-unknown-linux-gnu/lib/rustlib/x86_64-unknown-linux-gnu/lib/librustc_std_workspace_alloc-f833521df6074e73.rlib" "/opt/rustwide/rustup-home/toolchains/1.69.0-x86_64-unknown-linux-gnu/lib/rustlib/x86_64-unknown-linux-gnu/lib/libunwind-9ac333113350d171.rlib" "/opt/rustwide/rustup-home/toolchains/1.69.0-x86_64-unknown-linux-gnu/lib/rustlib/x86_64-unknown-linux-gnu/lib/libcfg_if-1c126114322d0eee.rlib" "/opt/rustwide/rustup-home/toolchains/1.69.0-x86_64-unknown-linux-gnu/lib/rustlib/x86_64-unknown-linux-gnu/lib/liblibc-bad9164fdeeecf92.rlib" "/opt/rustwide/rustup-home/toolchains/1.69.0-x86_64-unknown-linux-gnu/lib/rustlib/x86_64-unknown-linux-gnu/lib/liballoc-f9374b1e480fa681.rlib" "/opt/rustwide/rustup-home/toolchains/1.69.0-x86_64-unknown-linux-gnu/lib/rustlib/x86_64-unknown-linux-gnu/lib/librustc_std_workspace_core-207f06e41d9603af.rlib" "/opt/rustwide/rustup-home/toolchains/1.69.0-x86_64-unknown-linux-gnu/lib/rustlib/x86_64-unknown-linux-gnu/lib/libcore-7e2768e66e984e85.rlib" "/opt/rustwide/rustup-home/toolchains/1.69.0-x86_64-unknown-linux-gnu/lib/rustlib/x86_64-unknown-linux-gnu/lib/libcompiler_builtins-957b4aff41f8cd46.rlib" "-Wl,-Bdynamic" "-lgcc_s" "-lutil" "-lrt" "-lpthread" "-lm" "-ldl" "-lc" "-Wl,--eh-frame-hdr" "-Wl,-z,noexecstack" "-L" "/opt/rustwide/rustup-home/toolchains/1.69.0-x86_64-unknown-linux-gnu/lib/rustlib/x86_64-unknown-linux-gnu/lib" "-o" "/opt/rustwide/target/debug/build/proc-macro2-8002cf8929698d88/build_script_build-8002cf8929698d88" "-Wl,--gc-sections" "-pie" "-Wl,-z,relro,-z,now" "-nodefaultlibs"
[INFO] [stdout]   = note: /usr/bin/ld: final link failed: No space left on device
[INFO] [stdout]           collect2: error: ld returned 1 exit status
[INFO] [stdout]           
[INFO] [stdout] 
[INFO] [stdout] 
[INFO] [stdout] error: aborting due to previous error
[INFO] [stdout] 
[INFO] [stdout] 
[INFO] [stderr] error: could not compile `proc-macro2` due to 2 previous errors
[INFO] running `Command { std: "docker" "inspect" "c3071ce62f7de582e6d398f18acd3fd9b6e8a7a77afff16f60c74160699c1b7e", kill_on_drop: false }`
[INFO] running `Command { std: "docker" "rm" "-f" "c3071ce62f7de582e6d398f18acd3fd9b6e8a7a77afff16f60c74160699c1b7e", kill_on_drop: false }`
[INFO] [stdout] c3071ce62f7de582e6d398f18acd3fd9b6e8a7a77afff16f60c74160699c1b7e
