[INFO] cloning repository https://github.com/aikow/regex-analyzer
[INFO] running `Command { std: "git" "-c" "credential.helper=" "-c" "credential.helper=/workspace/cargo-home/bin/git-credential-null" "clone" "--bare" "https://github.com/aikow/regex-analyzer" "/workspace/cache/git-repos/https%3A%2F%2Fgithub.com%2Faikow%2Fregex-analyzer", kill_on_drop: false }`
[INFO] [stderr] Cloning into bare repository '/workspace/cache/git-repos/https%3A%2F%2Fgithub.com%2Faikow%2Fregex-analyzer'...
[INFO] running `Command { std: "git" "rev-parse" "HEAD", kill_on_drop: false }`
[INFO] [stdout] 36e1e4b9c85c1259d1af3ff785d65ef93f13a07d
[INFO] testing aikow/regex-analyzer against 1.69.0 for beta-1.70-1
[INFO] running `Command { std: "git" "clone" "/workspace/cache/git-repos/https%3A%2F%2Fgithub.com%2Faikow%2Fregex-analyzer" "/workspace/builds/worker-5-tc1/source", kill_on_drop: false }`
[INFO] [stderr] Cloning into '/workspace/builds/worker-5-tc1/source'...
[INFO] [stderr] done.
[INFO] validating manifest of git repo https://github.com/aikow/regex-analyzer on toolchain 1.69.0
[INFO] running `Command { std: CARGO_HOME="/workspace/cargo-home" RUSTUP_HOME="/workspace/rustup-home" "/workspace/cargo-home/bin/cargo" "+1.69.0" "metadata" "--manifest-path" "Cargo.toml" "--no-deps", kill_on_drop: false }`
[INFO] started tweaking git repo https://github.com/aikow/regex-analyzer
[INFO] finished tweaking git repo https://github.com/aikow/regex-analyzer
[INFO] tweaked toml for git repo https://github.com/aikow/regex-analyzer written to /workspace/builds/worker-5-tc1/source/Cargo.toml
[INFO] crate git repo https://github.com/aikow/regex-analyzer already has a lockfile, it will not be regenerated
[INFO] running `Command { std: CARGO_HOME="/workspace/cargo-home" RUSTUP_HOME="/workspace/rustup-home" "/workspace/cargo-home/bin/cargo" "+1.69.0" "fetch" "--manifest-path" "Cargo.toml", kill_on_drop: false }`
[INFO] [stderr]  Downloading crates ...
[INFO] [stderr]   Downloaded clap_derive v3.0.0-rc.8
[INFO] [stderr]   Downloaded clap v3.0.0-rc.8
[INFO] running `Command { std: "docker" "create" "-v" "/var/lib/crater-agent-workspace/builds/worker-5-tc1/target:/opt/rustwide/target:rw,Z" "-v" "/var/lib/crater-agent-workspace/builds/worker-5-tc1/source:/opt/rustwide/workdir:ro,Z" "-v" "/var/lib/crater-agent-workspace/cargo-home:/opt/rustwide/cargo-home:ro,Z" "-v" "/var/lib/crater-agent-workspace/rustup-home:/opt/rustwide/rustup-home:ro,Z" "-e" "SOURCE_DIR=/opt/rustwide/workdir" "-e" "CARGO_TARGET_DIR=/opt/rustwide/target" "-e" "CARGO_HOME=/opt/rustwide/cargo-home" "-e" "RUSTUP_HOME=/opt/rustwide/rustup-home" "-w" "/opt/rustwide/workdir" "-m" "1610612736" "--user" "0:0" "--network" "none" "ghcr.io/rust-lang/crates-build-env/linux@sha256:5ff2268d62e97bff2cde7d5815dd6ed5b47097566f13b8d0ca110b04b60e07ed" "/opt/rustwide/cargo-home/bin/cargo" "+1.69.0" "metadata" "--no-deps" "--format-version=1", kill_on_drop: false }`
[INFO] [stdout] 5ac2168c8c1f458e9ff12eab0093aae67ee195d857f7576ff25aaac845facfe2
[INFO] running `Command { std: "docker" "start" "-a" "5ac2168c8c1f458e9ff12eab0093aae67ee195d857f7576ff25aaac845facfe2", kill_on_drop: false }`
[INFO] running `Command { std: "docker" "inspect" "5ac2168c8c1f458e9ff12eab0093aae67ee195d857f7576ff25aaac845facfe2", kill_on_drop: false }`
[INFO] running `Command { std: "docker" "rm" "-f" "5ac2168c8c1f458e9ff12eab0093aae67ee195d857f7576ff25aaac845facfe2", kill_on_drop: false }`
[INFO] [stdout] 5ac2168c8c1f458e9ff12eab0093aae67ee195d857f7576ff25aaac845facfe2
[INFO] running `Command { std: "docker" "create" "-v" "/var/lib/crater-agent-workspace/builds/worker-5-tc1/target:/opt/rustwide/target:rw,Z" "-v" "/var/lib/crater-agent-workspace/builds/worker-5-tc1/source:/opt/rustwide/workdir:ro,Z" "-v" "/var/lib/crater-agent-workspace/cargo-home:/opt/rustwide/cargo-home:ro,Z" "-v" "/var/lib/crater-agent-workspace/rustup-home:/opt/rustwide/rustup-home:ro,Z" "-e" "SOURCE_DIR=/opt/rustwide/workdir" "-e" "CARGO_TARGET_DIR=/opt/rustwide/target" "-e" "CARGO_INCREMENTAL=0" "-e" "RUST_BACKTRACE=full" "-e" "RUSTFLAGS=--cap-lints=warn" "-e" "RUSTDOCFLAGS=--cap-lints=warn" "-e" "CARGO_HOME=/opt/rustwide/cargo-home" "-e" "RUSTUP_HOME=/opt/rustwide/rustup-home" "-w" "/opt/rustwide/workdir" "-m" "1610612736" "--user" "0:0" "--network" "none" "ghcr.io/rust-lang/crates-build-env/linux@sha256:5ff2268d62e97bff2cde7d5815dd6ed5b47097566f13b8d0ca110b04b60e07ed" "/opt/rustwide/cargo-home/bin/cargo" "+1.69.0" "build" "--frozen" "--message-format=json", kill_on_drop: false }`
[INFO] [stdout] b7ea8130d7e1b328694d7ba305776b4b652c2753c7bda3fe282af8b95dc8c71c
[INFO] running `Command { std: "docker" "start" "-a" "b7ea8130d7e1b328694d7ba305776b4b652c2753c7bda3fe282af8b95dc8c71c", kill_on_drop: false }`
[INFO] [stderr]    Compiling autocfg v1.0.1
[INFO] [stderr]    Compiling libc v0.2.112
[INFO] [stderr]    Compiling proc-macro2 v1.0.34
[INFO] [stderr]    Compiling unicode-xid v0.2.2
[INFO] [stderr]    Compiling syn v1.0.82
[INFO] [stderr]    Compiling lazy_static v1.4.0
[INFO] [stderr]    Compiling version_check v0.9.3
[INFO] [stderr]    Compiling memchr v2.4.1
[INFO] [stderr]    Compiling crossbeam-utils v0.8.8
[INFO] [stderr]    Compiling cfg-if v1.0.0
[INFO] [stderr]    Compiling crossbeam-epoch v0.9.5
[INFO] [stderr]    Compiling serde_derive v1.0.132
[INFO] [stderr]    Compiling scopeguard v1.1.0
[INFO] [stderr]    Compiling rayon-core v1.9.1
[INFO] [stderr]    Compiling unicode-segmentation v1.8.0
[INFO] [stderr]    Compiling hashbrown v0.11.2
[INFO] [stderr]    Compiling arrayvec v0.4.12
[INFO] [stderr]    Compiling serde v1.0.132
[INFO] [stderr]    Compiling once_cell v1.9.0
[INFO] [stderr]    Compiling nodrop v0.1.14
[INFO] [stderr]    Compiling linked-hash-map v0.5.4
[INFO] [stderr]    Compiling regex-syntax v0.6.25
[INFO] [stderr]    Compiling textwrap v0.14.2
[INFO] [stderr]    Compiling ryu v1.0.9
[INFO] [stderr]    Compiling proc-macro-error-attr v1.0.4
[INFO] [stderr]    Compiling proc-macro-error v1.0.4
[INFO] [stderr]    Compiling heck v0.3.3
[INFO] [stderr]    Compiling memoffset v0.6.5
[INFO] [stderr]    Compiling indexmap v1.7.0
[INFO] [stderr]    Compiling rayon v1.5.1
[INFO] [stderr]    Compiling yaml-rust v0.4.5
[INFO] [stderr]    Compiling bitflags v1.3.2
[INFO] [stderr]    Compiling termcolor v1.1.2
[INFO] [stderr]    Compiling number_prefix v0.4.0
[INFO] [stderr]    Compiling crossbeam-channel v0.5.1
[INFO] [stderr]    Compiling either v1.6.1
[INFO] [stderr]    Compiling strsim v0.10.0
[INFO] [stderr]    Compiling itoa v0.4.8
[INFO] [stderr]    Compiling aho-corasick v0.7.18
[INFO] [stderr]    Compiling os_str_bytes v6.0.0
[INFO] [stderr]    Compiling quote v1.0.10
[INFO] [stderr]    Compiling num-format v0.4.0
[INFO] [stderr]    Compiling num_cpus v1.13.1
[INFO] [stderr]    Compiling terminal_size v0.1.17
[INFO] [stderr]    Compiling atty v0.2.14
[INFO] [stderr]    Compiling crossbeam-deque v0.8.1
[INFO] [stderr]    Compiling console v0.15.0
[INFO] [stderr]    Compiling threadpool v1.8.1
[INFO] [stderr]    Compiling regex v1.5.5
[INFO] [stderr]    Compiling indicatif v0.16.2
[INFO] [stderr]    Compiling clap_derive v3.0.0-rc.8
[INFO] [stderr]    Compiling clap v3.0.0-rc.8
[INFO] [stderr]    Compiling serde_yaml v0.8.23
[INFO] [stderr]    Compiling analyzer v0.1.0 (/opt/rustwide/workdir)
[INFO] [stdout] error[E0425]: cannot find value `longest_match` in this scope
[INFO] [stdout]    --> src/pattern.rs:347:37
[INFO] [stdout]     |
[INFO] [stdout] 347 |                         match_len = longest_match + 1,
[INFO] [stdout]     |                                     ^^^^^^^^^^^^^ help: a local variable with a similar name exists: `longest_name`
[INFO] [stdout] 
[INFO] [stdout] 
[INFO] [stdout] warning: named argument `match_len` is not used by name
[INFO] [stdout]    --> src/pattern.rs:290:25
[INFO] [stdout]     |
[INFO] [stdout] 287 |                         "\t{:<match_len$} {} {:>count_len$}",
[INFO] [stdout]     |                                              -------------- this formatting argument uses named argument `match_len` by position
[INFO] [stdout] ...
[INFO] [stdout] 290 |                         match_len = longest_match + 1,
[INFO] [stdout]     |                         ^^^^^^^^^ this named argument is referred to by position in formatting string
[INFO] [stdout]     |
[INFO] [stdout]     = note: `#[warn(named_arguments_used_positionally)]` on by default
[INFO] [stdout] help: use the named argument by name to avoid ambiguity
[INFO] [stdout]     |
[INFO] [stdout] 287 |                         "\t{:<match_len$} {} {match_len:>count_len$}",
[INFO] [stdout]     |                                               +++++++++
[INFO] [stdout] 
[INFO] [stdout] 
[INFO] [stdout] warning: named argument `match_len` is not used by name
[INFO] [stdout]    --> src/pattern.rs:347:25
[INFO] [stdout]     |
[INFO] [stdout] 344 |                         "\t{:<match_len$} {} {:>count_len$}",
[INFO] [stdout]     |                                              -------------- this formatting argument uses named argument `match_len` by position
[INFO] [stdout] ...
[INFO] [stdout] 347 |                         match_len = longest_match + 1,
[INFO] [stdout]     |                         ^^^^^^^^^ this named argument is referred to by position in formatting string
[INFO] [stdout]     |
[INFO] [stdout] help: use the named argument by name to avoid ambiguity
[INFO] [stdout]     |
[INFO] [stdout] 344 |                         "\t{:<match_len$} {} {match_len:>count_len$}",
[INFO] [stdout]     |                                               +++++++++
[INFO] [stdout] 
[INFO] [stdout] 
[INFO] [stdout] error[E0609]: no field `patterns` on type `&mut Vocabulizer`
[INFO] [stdout]    --> src/pattern.rs:339:32
[INFO] [stdout]     |
[INFO] [stdout] 339 |             for inner in &self.patterns[..] {
[INFO] [stdout]     |                                ^^^^^^^^ unknown field
[INFO] [stdout]     |
[INFO] [stdout]     = note: available fields are: `vocab`, `top`
[INFO] [stdout] 
[INFO] [stdout] 
[INFO] [stdout] error[E0061]: this function takes 1 argument but 0 arguments were supplied
[INFO] [stdout]    --> src/lib.rs:56:21
[INFO] [stdout]     |
[INFO] [stdout] 56  |     let mut vocab = Vocabulizer::new();
[INFO] [stdout]     |                     ^^^^^^^^^^^^^^^^-- an argument of type `usize` is missing
[INFO] [stdout]     |
[INFO] [stdout] note: associated function defined here
[INFO] [stdout]    --> src/pattern.rs:309:16
[INFO] [stdout]     |
[INFO] [stdout] 309 |         pub fn new(top: usize) -> Self {
[INFO] [stdout]     |                ^^^ ----------
[INFO] [stdout] help: provide the argument
[INFO] [stdout]     |
[INFO] [stdout] 56  |     let mut vocab = Vocabulizer::new(/* usize */);
[INFO] [stdout]     |                                     ~~~~~~~~~~~~~
[INFO] [stdout] 
[INFO] [stdout] 
[INFO] [stdout] error: aborting due to 3 previous errors; 2 warnings emitted
[INFO] [stdout] 
[INFO] [stdout] 
[INFO] [stdout] Some errors have detailed explanations: E0061, E0425, E0609.
[INFO] [stdout] 
[INFO] [stdout] For more information about an error, try `rustc --explain E0061`.
[INFO] [stdout] 
[INFO] [stderr] error: could not compile `analyzer` due to 4 previous errors; 2 warnings emitted
[INFO] [stderr] warning: build failed, waiting for other jobs to finish...
[INFO] running `Command { std: "docker" "inspect" "b7ea8130d7e1b328694d7ba305776b4b652c2753c7bda3fe282af8b95dc8c71c", kill_on_drop: false }`
[INFO] running `Command { std: "docker" "rm" "-f" "b7ea8130d7e1b328694d7ba305776b4b652c2753c7bda3fe282af8b95dc8c71c", kill_on_drop: false }`
[INFO] [stdout] b7ea8130d7e1b328694d7ba305776b4b652c2753c7bda3fe282af8b95dc8c71c
