[INFO] cloning repository https://github.com/agbrooks/rustic_eye
[INFO] running `Command { std: "git" "-c" "credential.helper=" "-c" "credential.helper=/workspace/cargo-home/bin/git-credential-null" "clone" "--bare" "https://github.com/agbrooks/rustic_eye" "/workspace/cache/git-repos/https%3A%2F%2Fgithub.com%2Fagbrooks%2Frustic_eye", kill_on_drop: false }`
[INFO] [stderr] Cloning into bare repository '/workspace/cache/git-repos/https%3A%2F%2Fgithub.com%2Fagbrooks%2Frustic_eye'...
[INFO] [stderr] /workspace/cache/git-repos/https%3A%2F%2Fgithub.com%2Fagbrooks%2Frustic_eye/objects/pack: No space left on device
[WARN] Retrying crate fetch in 3 seconds (attempt 1)
[INFO] cloning repository https://github.com/agbrooks/rustic_eye
[INFO] running `Command { std: "git" "-c" "credential.helper=" "-c" "credential.helper=/workspace/cargo-home/bin/git-credential-null" "clone" "--bare" "https://github.com/agbrooks/rustic_eye" "/workspace/cache/git-repos/https%3A%2F%2Fgithub.com%2Fagbrooks%2Frustic_eye", kill_on_drop: false }`
[INFO] [stderr] Cloning into bare repository '/workspace/cache/git-repos/https%3A%2F%2Fgithub.com%2Fagbrooks%2Frustic_eye'...
[INFO] [stderr] error: failed to write new configuration file /workspace/cache/git-repos/https%3A%2F%2Fgithub.com%2Fagbrooks%2Frustic_eye/config.lock
[INFO] [stderr] fatal: could not set 'core.filemode' to 'true'
[WARN] Retrying crate fetch in 3 seconds (attempt 2)
[INFO] cloning repository https://github.com/agbrooks/rustic_eye
[INFO] running `Command { std: "git" "-c" "credential.helper=" "-c" "credential.helper=/workspace/cargo-home/bin/git-credential-null" "clone" "--bare" "https://github.com/agbrooks/rustic_eye" "/workspace/cache/git-repos/https%3A%2F%2Fgithub.com%2Fagbrooks%2Frustic_eye", kill_on_drop: false }`
[INFO] [stderr] Cloning into bare repository '/workspace/cache/git-repos/https%3A%2F%2Fgithub.com%2Fagbrooks%2Frustic_eye'...
[INFO] [stderr] error: failed to write new configuration file /workspace/cache/git-repos/https%3A%2F%2Fgithub.com%2Fagbrooks%2Frustic_eye/config.lock
[INFO] [stderr] fatal: could not set 'core.repositoryformatversion' to '0'
[WARN] Retrying crate fetch in 3 seconds (attempt 3)
[INFO] cloning repository https://github.com/agbrooks/rustic_eye
[INFO] running `Command { std: "git" "-c" "credential.helper=" "-c" "credential.helper=/workspace/cargo-home/bin/git-credential-null" "clone" "--bare" "https://github.com/agbrooks/rustic_eye" "/workspace/cache/git-repos/https%3A%2F%2Fgithub.com%2Fagbrooks%2Frustic_eye", kill_on_drop: false }`
[INFO] [stderr] Cloning into bare repository '/workspace/cache/git-repos/https%3A%2F%2Fgithub.com%2Fagbrooks%2Frustic_eye'...
[INFO] [stderr] error: failed to write new configuration file /workspace/cache/git-repos/https%3A%2F%2Fgithub.com%2Fagbrooks%2Frustic_eye/config.lock
[INFO] [stderr] fatal: could not set 'core.repositoryformatversion' to '0'
[WARN] Retrying crate fetch in 3 seconds (attempt 4)
[INFO] cloning repository https://github.com/agbrooks/rustic_eye
[INFO] running `Command { std: "git" "-c" "credential.helper=" "-c" "credential.helper=/workspace/cargo-home/bin/git-credential-null" "clone" "--bare" "https://github.com/agbrooks/rustic_eye" "/workspace/cache/git-repos/https%3A%2F%2Fgithub.com%2Fagbrooks%2Frustic_eye", kill_on_drop: false }`
[INFO] [stderr] Cloning into bare repository '/workspace/cache/git-repos/https%3A%2F%2Fgithub.com%2Fagbrooks%2Frustic_eye'...
[INFO] [stderr] error: unable to write symref for HEAD: No space left on device
[WARN] Retrying crate fetch in 3 seconds (attempt 5)
[INFO] cloning repository https://github.com/agbrooks/rustic_eye
[INFO] running `Command { std: "git" "-c" "credential.helper=" "-c" "credential.helper=/workspace/cargo-home/bin/git-credential-null" "clone" "--bare" "https://github.com/agbrooks/rustic_eye" "/workspace/cache/git-repos/https%3A%2F%2Fgithub.com%2Fagbrooks%2Frustic_eye", kill_on_drop: false }`
[INFO] [stderr] Cloning into bare repository '/workspace/cache/git-repos/https%3A%2F%2Fgithub.com%2Fagbrooks%2Frustic_eye'...
[INFO] [stderr] /workspace/cache/git-repos/https%3A%2F%2Fgithub.com%2Fagbrooks%2Frustic_eye/refs/heads: No space left on device
[WARN] Retrying crate fetch in 3 seconds (attempt 6)
[INFO] cloning repository https://github.com/agbrooks/rustic_eye
[INFO] running `Command { std: "git" "-c" "credential.helper=" "-c" "credential.helper=/workspace/cargo-home/bin/git-credential-null" "clone" "--bare" "https://github.com/agbrooks/rustic_eye" "/workspace/cache/git-repos/https%3A%2F%2Fgithub.com%2Fagbrooks%2Frustic_eye", kill_on_drop: false }`
[INFO] [stderr] Cloning into bare repository '/workspace/cache/git-repos/https%3A%2F%2Fgithub.com%2Fagbrooks%2Frustic_eye'...
[INFO] [stderr] /workspace/cache/git-repos/https%3A%2F%2Fgithub.com%2Fagbrooks%2Frustic_eye/refs/heads: No space left on device
[WARN] Retrying crate fetch in 3 seconds (attempt 7)
[INFO] cloning repository https://github.com/agbrooks/rustic_eye
[INFO] running `Command { std: "git" "-c" "credential.helper=" "-c" "credential.helper=/workspace/cargo-home/bin/git-credential-null" "clone" "--bare" "https://github.com/agbrooks/rustic_eye" "/workspace/cache/git-repos/https%3A%2F%2Fgithub.com%2Fagbrooks%2Frustic_eye", kill_on_drop: false }`
[INFO] [stderr] Cloning into bare repository '/workspace/cache/git-repos/https%3A%2F%2Fgithub.com%2Fagbrooks%2Frustic_eye'...
[INFO] [stderr] /workspace/cache/git-repos/https%3A%2F%2Fgithub.com%2Fagbrooks%2Frustic_eye/refs: No space left on device
[WARN] Retrying crate fetch in 3 seconds (attempt 8)
[INFO] cloning repository https://github.com/agbrooks/rustic_eye
[INFO] running `Command { std: "git" "-c" "credential.helper=" "-c" "credential.helper=/workspace/cargo-home/bin/git-credential-null" "clone" "--bare" "https://github.com/agbrooks/rustic_eye" "/workspace/cache/git-repos/https%3A%2F%2Fgithub.com%2Fagbrooks%2Frustic_eye", kill_on_drop: false }`
[INFO] [stderr] Cloning into bare repository '/workspace/cache/git-repos/https%3A%2F%2Fgithub.com%2Fagbrooks%2Frustic_eye'...
[INFO] [stderr] /workspace/cache/git-repos/https%3A%2F%2Fgithub.com%2Fagbrooks%2Frustic_eye/branches/: No space left on device
[WARN] Retrying crate fetch in 3 seconds (attempt 9)
[INFO] cloning repository https://github.com/agbrooks/rustic_eye
[INFO] running `Command { std: "git" "-c" "credential.helper=" "-c" "credential.helper=/workspace/cargo-home/bin/git-credential-null" "clone" "--bare" "https://github.com/agbrooks/rustic_eye" "/workspace/cache/git-repos/https%3A%2F%2Fgithub.com%2Fagbrooks%2Frustic_eye", kill_on_drop: false }`
[INFO] [stderr] Cloning into bare repository '/workspace/cache/git-repos/https%3A%2F%2Fgithub.com%2Fagbrooks%2Frustic_eye'...
[INFO] [stderr] /workspace/cache/git-repos/https%3A%2F%2Fgithub.com%2Fagbrooks%2Frustic_eye/branches/: No space left on device
[WARN] Retrying crate fetch in 3 seconds (attempt 10)
[INFO] cloning repository https://github.com/agbrooks/rustic_eye
[INFO] running `Command { std: "git" "-c" "credential.helper=" "-c" "credential.helper=/workspace/cargo-home/bin/git-credential-null" "clone" "--bare" "https://github.com/agbrooks/rustic_eye" "/workspace/cache/git-repos/https%3A%2F%2Fgithub.com%2Fagbrooks%2Frustic_eye", kill_on_drop: false }`
[INFO] [stderr] Cloning into bare repository '/workspace/cache/git-repos/https%3A%2F%2Fgithub.com%2Fagbrooks%2Frustic_eye'...
[INFO] running `Command { std: "git" "rev-parse" "HEAD", kill_on_drop: false }`
[INFO] [stdout] 6daa2d63adf8c2ff58e55f85a92e95f44d3ccbb5
[INFO] testing agbrooks/rustic_eye against 1.69.0 for beta-1.70-1
[INFO] running `Command { std: "git" "clone" "/workspace/cache/git-repos/https%3A%2F%2Fgithub.com%2Fagbrooks%2Frustic_eye" "/workspace/builds/worker-0-tc1/source", kill_on_drop: false }`
[INFO] [stderr] Cloning into '/workspace/builds/worker-0-tc1/source'...
[INFO] [stderr] done.
[INFO] validating manifest of git repo https://github.com/agbrooks/rustic_eye on toolchain 1.69.0
[INFO] running `Command { std: CARGO_HOME="/workspace/cargo-home" RUSTUP_HOME="/workspace/rustup-home" "/workspace/cargo-home/bin/cargo" "+1.69.0" "metadata" "--manifest-path" "Cargo.toml" "--no-deps", kill_on_drop: false }`
[INFO] started tweaking git repo https://github.com/agbrooks/rustic_eye
[INFO] finished tweaking git repo https://github.com/agbrooks/rustic_eye
[INFO] tweaked toml for git repo https://github.com/agbrooks/rustic_eye written to /workspace/builds/worker-0-tc1/source/Cargo.toml
[INFO] crate git repo https://github.com/agbrooks/rustic_eye already has a lockfile, it will not be regenerated
[INFO] running `Command { std: CARGO_HOME="/workspace/cargo-home" RUSTUP_HOME="/workspace/rustup-home" "/workspace/cargo-home/bin/cargo" "+1.69.0" "fetch" "--manifest-path" "Cargo.toml", kill_on_drop: false }`
[INFO] running `Command { std: "docker" "create" "-v" "/var/lib/crater-agent-workspace/builds/worker-0-tc1/target:/opt/rustwide/target:rw,Z" "-v" "/var/lib/crater-agent-workspace/builds/worker-0-tc1/source:/opt/rustwide/workdir:ro,Z" "-v" "/var/lib/crater-agent-workspace/cargo-home:/opt/rustwide/cargo-home:ro,Z" "-v" "/var/lib/crater-agent-workspace/rustup-home:/opt/rustwide/rustup-home:ro,Z" "-e" "SOURCE_DIR=/opt/rustwide/workdir" "-e" "CARGO_TARGET_DIR=/opt/rustwide/target" "-e" "CARGO_HOME=/opt/rustwide/cargo-home" "-e" "RUSTUP_HOME=/opt/rustwide/rustup-home" "-w" "/opt/rustwide/workdir" "-m" "1610612736" "--user" "0:0" "--network" "none" "ghcr.io/rust-lang/crates-build-env/linux@sha256:97d61d7686bf65f8ecb15491ab51835e82dc9176a96a831f143a431b191fc501" "/opt/rustwide/cargo-home/bin/cargo" "+1.69.0" "metadata" "--no-deps" "--format-version=1", kill_on_drop: false }`
[INFO] [stdout] cefc4ed8ed5a90ae056d7063c414b8a96db6d5f467a5b1f3ff20ad5c3b52091b
[INFO] running `Command { std: "docker" "start" "-a" "cefc4ed8ed5a90ae056d7063c414b8a96db6d5f467a5b1f3ff20ad5c3b52091b", kill_on_drop: false }`
[INFO] running `Command { std: "docker" "inspect" "cefc4ed8ed5a90ae056d7063c414b8a96db6d5f467a5b1f3ff20ad5c3b52091b", kill_on_drop: false }`
[INFO] running `Command { std: "docker" "rm" "-f" "cefc4ed8ed5a90ae056d7063c414b8a96db6d5f467a5b1f3ff20ad5c3b52091b", kill_on_drop: false }`
[INFO] [stdout] cefc4ed8ed5a90ae056d7063c414b8a96db6d5f467a5b1f3ff20ad5c3b52091b
[INFO] running `Command { std: "docker" "create" "-v" "/var/lib/crater-agent-workspace/builds/worker-0-tc1/target:/opt/rustwide/target:rw,Z" "-v" "/var/lib/crater-agent-workspace/builds/worker-0-tc1/source:/opt/rustwide/workdir:ro,Z" "-v" "/var/lib/crater-agent-workspace/cargo-home:/opt/rustwide/cargo-home:ro,Z" "-v" "/var/lib/crater-agent-workspace/rustup-home:/opt/rustwide/rustup-home:ro,Z" "-e" "SOURCE_DIR=/opt/rustwide/workdir" "-e" "CARGO_TARGET_DIR=/opt/rustwide/target" "-e" "CARGO_INCREMENTAL=0" "-e" "RUST_BACKTRACE=full" "-e" "RUSTFLAGS=--cap-lints=warn" "-e" "RUSTDOCFLAGS=--cap-lints=warn" "-e" "CARGO_HOME=/opt/rustwide/cargo-home" "-e" "RUSTUP_HOME=/opt/rustwide/rustup-home" "-w" "/opt/rustwide/workdir" "-m" "1610612736" "--user" "0:0" "--network" "none" "ghcr.io/rust-lang/crates-build-env/linux@sha256:97d61d7686bf65f8ecb15491ab51835e82dc9176a96a831f143a431b191fc501" "/opt/rustwide/cargo-home/bin/cargo" "+1.69.0" "build" "--frozen" "--message-format=json", kill_on_drop: false }`
[INFO] [stdout] cb71f450bbdbb8fa3426ea46bbfe2341cb80aa17dd194b2da5f29a6237a71555
[INFO] running `Command { std: "docker" "start" "-a" "cb71f450bbdbb8fa3426ea46bbfe2341cb80aa17dd194b2da5f29a6237a71555", kill_on_drop: false }`
[INFO] [stderr]    Compiling autocfg v1.0.1
[INFO] [stderr]    Compiling cfg-if v1.0.0
[INFO] [stderr]    Compiling libc v0.2.105
[INFO] [stderr]    Compiling crossbeam-utils v0.8.5
[INFO] [stderr]    Compiling lazy_static v1.4.0
[INFO] [stderr]    Compiling crossbeam-epoch v0.9.5
[INFO] [stderr]    Compiling scopeguard v1.1.0
[INFO] [stderr]    Compiling rayon-core v1.9.1
[INFO] [stderr]    Compiling crc32fast v1.2.1
[INFO] [stderr]    Compiling adler32 v1.2.0
[INFO] [stderr]    Compiling either v1.6.1
[INFO] [stderr]    Compiling adler v1.0.2
[INFO] [stderr]    Compiling byteorder v1.4.3
[INFO] [stderr]    Compiling weezl v0.1.5
[INFO] [stderr]    Compiling bitflags v1.3.2
[INFO] [stderr]    Compiling unicode-width v0.1.9
[INFO] [stderr]    Compiling color_quant v1.1.0
[INFO] [stderr]    Compiling vec_map v0.8.2
[INFO] [stderr]    Compiling scoped_threadpool v0.1.9
[INFO] [stderr]    Compiling strsim v0.8.0
[INFO] [stderr]    Compiling miniz_oxide v0.3.7
[INFO] [stderr]    Compiling textwrap v0.11.0
[INFO] [stderr]    Compiling bytemuck v1.7.2
[INFO] [stderr]    Compiling ansi_term v0.11.0
[INFO] [stderr]    Compiling deflate v0.8.6
[INFO] [stderr] thread 'rustc' panicked at 'assertion failed: pos.get() <= self.position()', compiler/rustc_metadata/src/rmeta/encoder.rs:454:9
[INFO] [stderr] LLVM ERROR: IO failure on output stream: No space left on device
[INFO] [stdout] error: could not write output to /opt/rustwide/target/debug/deps/bytemuck-742b3c2e0bf4959f.bytemuck.d58d2d42-cgu.0.rcgu.o: No space left on device
[INFO] [stdout] 
[INFO] [stdout] 
[INFO] [stdout] error: could not write output to /opt/rustwide/target/debug/deps/byteorder-50c19e9bd62c942c.byteorder.670368ab-cgu.6.rcgu.o: No space left on device
[INFO] [stdout] 
[INFO] [stdout] 
[INFO] [stderr] LLVM ERROR: IO failure on output stream: No space left on device
[INFO] [stderr] error: could not compile `strsim`
[INFO] [stderr] warning: build failed, waiting for other jobs to finish...
[INFO] [stderr] LLVM ERROR: IO failure on output stream: No space left on device
[INFO] [stderr] error: could not compile `bytemuck` due to previous error
[INFO] [stderr] error: could not compile `byteorder` due to previous error
[INFO] [stderr] error: could not compile `autocfg`
[INFO] [stderr] error: could not compile `color_quant`
[INFO] [stderr] LLVM ERROR: IO failure on output stream: No space left on device
[INFO] [stderr] error: could not parse/generate dep info at: /opt/rustwide/target/debug/build/crc32fast-f120ccfd1fda62a7/build_script_build-f120ccfd1fda62a7.d
[INFO] [stderr] 
[INFO] [stderr] Caused by:
[INFO] [stderr]   failed to write `/opt/rustwide/target/debug/.fingerprint/crc32fast-f120ccfd1fda62a7/dep-build-script-build-script-build`
[INFO] [stderr] 
[INFO] [stderr] Caused by:
[INFO] [stderr]   No space left on device (os error 28)
[INFO] [stderr] thread 'rustc' panicked at 'assertion failed: pos.get() <= self.position()', compiler/rustc_metadata/src/rmeta/encoder.rs:435:9
[INFO] [stdout] error: linking with `cc` failed: exit status: 1
[INFO] [stdout]   |
[INFO] [stdout]   = note: LC_ALL="C" PATH="/opt/rustwide/rustup-home/toolchains/1.69.0-x86_64-unknown-linux-gnu/lib/rustlib/x86_64-unknown-linux-gnu/bin:/opt/rustwide/cargo-home/bin:/usr/local/sbin:/usr/local/bin:/usr/sbin:/usr/bin:/sbin:/bin" VSLANG="1033" "cc" "-m64" "/tmp/rustcHRXxM3/symbols.o" "/opt/rustwide/target/debug/build/libc-de0332b7affbd21c/build_script_build-de0332b7affbd21c.build_script_build.251dce18-cgu.0.rcgu.o" "/opt/rustwide/target/debug/build/libc-de0332b7affbd21c/build_script_build-de0332b7affbd21c.build_script_build.251dce18-cgu.1.rcgu.o" "/opt/rustwide/target/debug/build/libc-de0332b7affbd21c/build_script_build-de0332b7affbd21c.build_script_build.251dce18-cgu.10.rcgu.o" "/opt/rustwide/target/debug/build/libc-de0332b7affbd21c/build_script_build-de0332b7affbd21c.build_script_build.251dce18-cgu.11.rcgu.o" "/opt/rustwide/target/debug/build/libc-de0332b7affbd21c/build_script_build-de0332b7affbd21c.build_script_build.251dce18-cgu.12.rcgu.o" "/opt/rustwide/target/debug/build/libc-de0332b7affbd21c/build_script_build-de0332b7affbd21c.build_script_build.251dce18-cgu.13.rcgu.o" "/opt/rustwide/target/debug/build/libc-de0332b7affbd21c/build_script_build-de0332b7affbd21c.build_script_build.251dce18-cgu.14.rcgu.o" "/opt/rustwide/target/debug/build/libc-de0332b7affbd21c/build_script_build-de0332b7affbd21c.build_script_build.251dce18-cgu.15.rcgu.o" "/opt/rustwide/target/debug/build/libc-de0332b7affbd21c/build_script_build-de0332b7affbd21c.build_script_build.251dce18-cgu.2.rcgu.o" "/opt/rustwide/target/debug/build/libc-de0332b7affbd21c/build_script_build-de0332b7affbd21c.build_script_build.251dce18-cgu.3.rcgu.o" "/opt/rustwide/target/debug/build/libc-de0332b7affbd21c/build_script_build-de0332b7affbd21c.build_script_build.251dce18-cgu.4.rcgu.o" "/opt/rustwide/target/debug/build/libc-de0332b7affbd21c/build_script_build-de0332b7affbd21c.build_script_build.251dce18-cgu.5.rcgu.o" "/opt/rustwide/target/debug/build/libc-de0332b7affbd21c/build_script_build-de0332b7affbd21c.build_script_build.251dce18-cgu.6.rcgu.o" "/opt/rustwide/target/debug/build/libc-de0332b7affbd21c/build_script_build-de0332b7affbd21c.build_script_build.251dce18-cgu.7.rcgu.o" "/opt/rustwide/target/debug/build/libc-de0332b7affbd21c/build_script_build-de0332b7affbd21c.build_script_build.251dce18-cgu.8.rcgu.o" "/opt/rustwide/target/debug/build/libc-de0332b7affbd21c/build_script_build-de0332b7affbd21c.build_script_build.251dce18-cgu.9.rcgu.o" "/opt/rustwide/target/debug/build/libc-de0332b7affbd21c/build_script_build-de0332b7affbd21c.1a4lrtopb33vxlad.rcgu.o" "-Wl,--as-needed" "-L" "/opt/rustwide/target/debug/deps" "-L" "/opt/rustwide/rustup-home/toolchains/1.69.0-x86_64-unknown-linux-gnu/lib/rustlib/x86_64-unknown-linux-gnu/lib" "-Wl,-Bstatic" "/opt/rustwide/rustup-home/toolchains/1.69.0-x86_64-unknown-linux-gnu/lib/rustlib/x86_64-unknown-linux-gnu/lib/libstd-89bc084783fdc439.rlib" "/opt/rustwide/rustup-home/toolchains/1.69.0-x86_64-unknown-linux-gnu/lib/rustlib/x86_64-unknown-linux-gnu/lib/libpanic_unwind-8bee4b287d4367c1.rlib" "/opt/rustwide/rustup-home/toolchains/1.69.0-x86_64-unknown-linux-gnu/lib/rustlib/x86_64-unknown-linux-gnu/lib/libobject-d61707aed80694c0.rlib" "/opt/rustwide/rustup-home/toolchains/1.69.0-x86_64-unknown-linux-gnu/lib/rustlib/x86_64-unknown-linux-gnu/lib/libmemchr-d85366256f22345b.rlib" "/opt/rustwide/rustup-home/toolchains/1.69.0-x86_64-unknown-linux-gnu/lib/rustlib/x86_64-unknown-linux-gnu/lib/libaddr2line-96069b86b8a8cae9.rlib" "/opt/rustwide/rustup-home/toolchains/1.69.0-x86_64-unknown-linux-gnu/lib/rustlib/x86_64-unknown-linux-gnu/lib/libgimli-d19d53abf68dfa6c.rlib" "/opt/rustwide/rustup-home/toolchains/1.69.0-x86_64-unknown-linux-gnu/lib/rustlib/x86_64-unknown-linux-gnu/lib/librustc_demangle-787cbccd19d64ac6.rlib" "/opt/rustwide/rustup-home/toolchains/1.69.0-x86_64-unknown-linux-gnu/lib/rustlib/x86_64-unknown-linux-gnu/lib/libstd_detect-b3837a36b830e0d0.rlib" "/opt/rustwide/rustup-home/toolchains/1.69.0-x86_64-unknown-linux-gnu/lib/rustlib/x86_64-unknown-linux-gnu/lib/libhashbrown-e3deb0e7e3f04966.rlib" "/opt/rustwide/rustup-home/toolchains/1.69.0-x86_64-unknown-linux-gnu/lib/rustlib/x86_64-unknown-linux-gnu/lib/libminiz_oxide-dabbb79c9815def4.rlib" "/opt/rustwide/rustup-home/toolchains/1.69.0-x86_64-unknown-linux-gnu/lib/rustlib/x86_64-unknown-linux-gnu/lib/libadler-305b01f34c9409f2.rlib" "/opt/rustwide/rustup-home/toolchains/1.69.0-x86_64-unknown-linux-gnu/lib/rustlib/x86_64-unknown-linux-gnu/lib/librustc_std_workspace_alloc-f833521df6074e73.rlib" "/opt/rustwide/rustup-home/toolchains/1.69.0-x86_64-unknown-linux-gnu/lib/rustlib/x86_64-unknown-linux-gnu/lib/libunwind-9ac333113350d171.rlib" "/opt/rustwide/rustup-home/toolchains/1.69.0-x86_64-unknown-linux-gnu/lib/rustlib/x86_64-unknown-linux-gnu/lib/libcfg_if-1c126114322d0eee.rlib" "/opt/rustwide/rustup-home/toolchains/1.69.0-x86_64-unknown-linux-gnu/lib/rustlib/x86_64-unknown-linux-gnu/lib/liblibc-bad9164fdeeecf92.rlib" "/opt/rustwide/rustup-home/toolchains/1.69.0-x86_64-unknown-linux-gnu/lib/rustlib/x86_64-unknown-linux-gnu/lib/liballoc-f9374b1e480fa681.rlib" "/opt/rustwide/rustup-home/toolchains/1.69.0-x86_64-unknown-linux-gnu/lib/rustlib/x86_64-unknown-linux-gnu/lib/librustc_std_workspace_core-207f06e41d9603af.rlib" "/opt/rustwide/rustup-home/toolchains/1.69.0-x86_64-unknown-linux-gnu/lib/rustlib/x86_64-unknown-linux-gnu/lib/libcore-7e2768e66e984e85.rlib" "/opt/rustwide/rustup-home/toolchains/1.69.0-x86_64-unknown-linux-gnu/lib/rustlib/x86_64-unknown-linux-gnu/lib/libcompiler_builtins-957b4aff41f8cd46.rlib" "-Wl,-Bdynamic" "-lgcc_s" "-lutil" "-lrt" "-lpthread" "-lm" "-ldl" "-lc" "-Wl,--eh-frame-hdr" "-Wl,-z,noexecstack" "-L" "/opt/rustwide/rustup-home/toolchains/1.69.0-x86_64-unknown-linux-gnu/lib/rustlib/x86_64-unknown-linux-gnu/lib" "-o" "/opt/rustwide/target/debug/build/libc-de0332b7affbd21c/build_script_build-de0332b7affbd21c" "-Wl,--gc-sections" "-pie" "-Wl,-z,relro,-z,now" "-nodefaultlibs"
[INFO] [stdout]   = note: /usr/bin/ld: final link failed: No space left on device
[INFO] [stdout]           collect2: error: ld returned 1 exit status
[INFO] [stdout]           
[INFO] [stdout] 
[INFO] [stdout] 
[INFO] [stderr] error: could not compile `scoped_threadpool`
[INFO] [stderr] error: could not compile `libc` due to previous error
[INFO] [stdout] error: couldn't create a temp dir: No space left on device (os error 28) at path "/opt/rustwide/target/debug/deps/rmetavQa0Vw"
[INFO] [stdout] 
[INFO] [stdout] 
[INFO] [stderr] error: could not compile `ansi_term` due to previous error
[INFO] [stderr] error: could not compile `textwrap`
[INFO] [stderr] error: could not compile `weezl`
[INFO] [stderr] thread 'rustc' panicked at 'assertion failed: pos.get() <= self.position()', compiler/rustc_metadata/src/rmeta/encoder.rs:435:9
[INFO] [stdout] error: couldn't create a temp dir: No space left on device (os error 28) at path "/opt/rustwide/target/debug/deps/rmeta942rz8"
[INFO] [stdout] 
[INFO] [stdout] 
[INFO] [stderr] error: could not compile `miniz_oxide` due to previous error
[INFO] [stderr] error: could not compile `crossbeam-utils`
[INFO] [stderr] thread 'rustc' panicked at 'assertion failed: pos.get() <= self.position()', compiler/rustc_metadata/src/rmeta/encoder.rs:454:9
[INFO] [stderr] error: could not compile `deflate`
[INFO] running `Command { std: "docker" "inspect" "cb71f450bbdbb8fa3426ea46bbfe2341cb80aa17dd194b2da5f29a6237a71555", kill_on_drop: false }`
[INFO] running `Command { std: "docker" "rm" "-f" "cb71f450bbdbb8fa3426ea46bbfe2341cb80aa17dd194b2da5f29a6237a71555", kill_on_drop: false }`
[INFO] [stdout] cb71f450bbdbb8fa3426ea46bbfe2341cb80aa17dd194b2da5f29a6237a71555
