[INFO] cloning repository https://github.com/agabani/foruma
[INFO] running `Command { std: "git" "-c" "credential.helper=" "-c" "credential.helper=/workspace/cargo-home/bin/git-credential-null" "clone" "--bare" "https://github.com/agabani/foruma" "/workspace/cache/git-repos/https%3A%2F%2Fgithub.com%2Fagabani%2Fforuma", kill_on_drop: false }`
[INFO] [stderr] Cloning into bare repository '/workspace/cache/git-repos/https%3A%2F%2Fgithub.com%2Fagabani%2Fforuma'...
[INFO] running `Command { std: "git" "rev-parse" "HEAD", kill_on_drop: false }`
[INFO] [stdout] f85edd0df01087b71af92d8e7d97b8362691ad7b
[INFO] testing agabani/foruma against 1.69.0 for beta-1.70-1
[INFO] running `Command { std: "git" "clone" "/workspace/cache/git-repos/https%3A%2F%2Fgithub.com%2Fagabani%2Fforuma" "/workspace/builds/worker-0-tc1/source", kill_on_drop: false }`
[INFO] [stderr] Cloning into '/workspace/builds/worker-0-tc1/source'...
[INFO] [stderr] done.
[INFO] validating manifest of git repo https://github.com/agabani/foruma on toolchain 1.69.0
[INFO] running `Command { std: CARGO_HOME="/workspace/cargo-home" RUSTUP_HOME="/workspace/rustup-home" "/workspace/cargo-home/bin/cargo" "+1.69.0" "metadata" "--manifest-path" "Cargo.toml" "--no-deps", kill_on_drop: false }`
[INFO] started tweaking git repo https://github.com/agabani/foruma
[INFO] finished tweaking git repo https://github.com/agabani/foruma
[INFO] tweaked toml for git repo https://github.com/agabani/foruma written to /workspace/builds/worker-0-tc1/source/Cargo.toml
[INFO] crate git repo https://github.com/agabani/foruma already has a lockfile, it will not be regenerated
[INFO] running `Command { std: CARGO_HOME="/workspace/cargo-home" RUSTUP_HOME="/workspace/rustup-home" "/workspace/cargo-home/bin/cargo" "+1.69.0" "fetch" "--manifest-path" "Cargo.toml", kill_on_drop: false }`
[INFO] [stderr]  Downloading crates ...
[INFO] [stderr]   Downloaded async-graphql-parser v2.9.9
[INFO] [stderr]   Downloaded async-graphql-value v2.9.9
[INFO] [stderr]   Downloaded async-graphql-derive v2.9.9
[INFO] [stderr]   Downloaded async-graphql v2.9.9
[INFO] [stderr]   Downloaded tracing-bunyan-formatter v0.2.4
[INFO] running `Command { std: "docker" "create" "-v" "/var/lib/crater-agent-workspace/builds/worker-0-tc1/target:/opt/rustwide/target:rw,Z" "-v" "/var/lib/crater-agent-workspace/builds/worker-0-tc1/source:/opt/rustwide/workdir:ro,Z" "-v" "/var/lib/crater-agent-workspace/cargo-home:/opt/rustwide/cargo-home:ro,Z" "-v" "/var/lib/crater-agent-workspace/rustup-home:/opt/rustwide/rustup-home:ro,Z" "-e" "SOURCE_DIR=/opt/rustwide/workdir" "-e" "CARGO_TARGET_DIR=/opt/rustwide/target" "-e" "CARGO_HOME=/opt/rustwide/cargo-home" "-e" "RUSTUP_HOME=/opt/rustwide/rustup-home" "-w" "/opt/rustwide/workdir" "-m" "1610612736" "--user" "0:0" "--network" "none" "ghcr.io/rust-lang/crates-build-env/linux@sha256:5ff2268d62e97bff2cde7d5815dd6ed5b47097566f13b8d0ca110b04b60e07ed" "/opt/rustwide/cargo-home/bin/cargo" "+1.69.0" "metadata" "--no-deps" "--format-version=1", kill_on_drop: false }`
[INFO] [stdout] 5b9cfc569a17b8eb107ab4e1132d1ec923f42efdaa75492905af514c9adda8f3
[INFO] running `Command { std: "docker" "start" "-a" "5b9cfc569a17b8eb107ab4e1132d1ec923f42efdaa75492905af514c9adda8f3", kill_on_drop: false }`
[INFO] running `Command { std: "docker" "inspect" "5b9cfc569a17b8eb107ab4e1132d1ec923f42efdaa75492905af514c9adda8f3", kill_on_drop: false }`
[INFO] running `Command { std: "docker" "rm" "-f" "5b9cfc569a17b8eb107ab4e1132d1ec923f42efdaa75492905af514c9adda8f3", kill_on_drop: false }`
[INFO] [stdout] 5b9cfc569a17b8eb107ab4e1132d1ec923f42efdaa75492905af514c9adda8f3
[INFO] running `Command { std: "docker" "create" "-v" "/var/lib/crater-agent-workspace/builds/worker-0-tc1/target:/opt/rustwide/target:rw,Z" "-v" "/var/lib/crater-agent-workspace/builds/worker-0-tc1/source:/opt/rustwide/workdir:ro,Z" "-v" "/var/lib/crater-agent-workspace/cargo-home:/opt/rustwide/cargo-home:ro,Z" "-v" "/var/lib/crater-agent-workspace/rustup-home:/opt/rustwide/rustup-home:ro,Z" "-e" "SOURCE_DIR=/opt/rustwide/workdir" "-e" "CARGO_TARGET_DIR=/opt/rustwide/target" "-e" "CARGO_INCREMENTAL=0" "-e" "RUST_BACKTRACE=full" "-e" "RUSTFLAGS=--cap-lints=warn" "-e" "RUSTDOCFLAGS=--cap-lints=warn" "-e" "CARGO_HOME=/opt/rustwide/cargo-home" "-e" "RUSTUP_HOME=/opt/rustwide/rustup-home" "-w" "/opt/rustwide/workdir" "-m" "1610612736" "--user" "0:0" "--network" "none" "ghcr.io/rust-lang/crates-build-env/linux@sha256:5ff2268d62e97bff2cde7d5815dd6ed5b47097566f13b8d0ca110b04b60e07ed" "/opt/rustwide/cargo-home/bin/cargo" "+1.69.0" "build" "--frozen" "--message-format=json", kill_on_drop: false }`
[INFO] [stdout] f6cc616e78fd174660c3f2120eab25be8d5a7e414243ac4bfef6056daa46b6ea
[INFO] running `Command { std: "docker" "start" "-a" "f6cc616e78fd174660c3f2120eab25be8d5a7e414243ac4bfef6056daa46b6ea", kill_on_drop: false }`
[INFO] [stderr]    Compiling proc-macro2 v1.0.28
[INFO] [stderr]    Compiling libc v0.2.98
[INFO] [stderr]    Compiling syn v1.0.74
[INFO] [stderr]    Compiling serde_derive v1.0.126
[INFO] [stderr]    Compiling serde v1.0.126
[INFO] [stderr]    Compiling memchr v2.4.0
[INFO] [stderr]    Compiling once_cell v1.8.0
[INFO] [stderr]    Compiling log v0.4.14
[INFO] [stderr]    Compiling typenum v1.13.0
[INFO] [stderr]    Compiling futures-core v0.3.16
[INFO] [stderr]    Compiling ahash v0.7.4
[INFO] [stderr]    Compiling proc-macro-hack v0.5.19
[INFO] [stderr]    Compiling itoa v0.4.7
[INFO] [stderr]    Compiling smallvec v1.6.1
[INFO] [stderr]    Compiling ryu v1.0.5
[INFO] [stderr]    Compiling instant v0.1.10
[INFO] [stderr]    Compiling lock_api v0.4.4
[INFO] [stderr]    Compiling tokio v1.9.0
[INFO] [stderr]    Compiling indexmap v1.7.0
[INFO] [stderr]    Compiling futures-sink v0.3.16
[INFO] [stderr]    Compiling futures-macro v0.3.16
[INFO] [stderr]    Compiling proc-macro-nested v0.1.7
[INFO] [stderr]    Compiling bitflags v1.2.1
[INFO] [stderr]    Compiling futures-task v0.3.16
[INFO] [stderr]    Compiling futures-channel v0.3.16
[INFO] [stderr]    Compiling futures-util v0.3.16
[INFO] [stderr]    Compiling slab v0.4.3
[INFO] [stderr]    Compiling serde_json v1.0.64
[INFO] [stderr]    Compiling subtle v2.4.1
[INFO] [stderr]    Compiling futures-io v0.3.16
[INFO] [stderr]    Compiling standback v0.2.17
[INFO] [stderr]    Compiling num-traits v0.2.14
[INFO] [stderr]    Compiling ppv-lite86 v0.2.10
[INFO] [stderr]    Compiling tracing-core v0.1.18
[INFO] [stderr]    Compiling const_fn v0.4.8
[INFO] [stderr]    Compiling tinyvec v1.3.1
[INFO] [stderr]    Compiling time v0.2.27
[INFO] [stderr]    Compiling aho-corasick v0.7.18
[INFO] [stderr]    Compiling quote v1.0.9
[INFO] [stderr]    Compiling cpufeatures v0.1.5
[INFO] [stderr]    Compiling maplit v1.0.2
[INFO] [stderr]    Compiling jobserver v0.1.22
[INFO] [stderr]    Compiling getrandom v0.2.3
[INFO] [stderr]    Compiling parking_lot_core v0.8.3
[INFO] [stderr]    Compiling num_cpus v1.13.0
[INFO] [stderr]    Compiling mio v0.7.13
[INFO] [stderr]    Compiling signal-hook-registry v1.4.0
[INFO] [stderr]    Compiling rand_core v0.6.3
[INFO] [stderr]    Compiling cc v1.0.69
[INFO] [stderr]    Compiling generic-array v0.14.4
[INFO] [stderr]    Compiling parking_lot v0.11.1
[INFO] [stderr]    Compiling arrayvec v0.5.2
[INFO] [stderr]    Compiling hashbrown v0.11.2
[INFO] [stderr]    Compiling rand_chacha v0.3.1
[INFO] [stderr]    Compiling unicode-bidi v0.3.5
[INFO] [stderr]    Compiling regex v1.5.4
[INFO] [stderr]    Compiling lexical-core v0.7.6
[INFO] [stderr]    Compiling digest v0.9.0
[INFO] [stderr]    Compiling block-buffer v0.9.0
[INFO] [stderr]    Compiling crypto-mac v0.10.1
[INFO] [stderr]    Compiling rand v0.8.4
[INFO] [stderr]    Compiling unicode-normalization v0.1.19
[INFO] [stderr]    Compiling hmac v0.10.1
[INFO] [stderr]    Compiling cipher v0.2.5
[INFO] [stderr]    Compiling form_urlencoded v1.0.1
[INFO] [stderr]    Compiling encoding_rs v0.8.28
[INFO] [stderr]    Compiling local-waker v0.1.1
[INFO] [stderr]    Compiling crossbeam-utils v0.8.5
[INFO] [stderr]    Compiling radium v0.5.3
[INFO] [stderr]    Compiling httparse v1.4.1
[INFO] [stderr]    Compiling sha-1 v0.9.7
[INFO] [stderr]    Compiling sha2 v0.9.5
[INFO] [stderr]    Compiling universal-hash v0.4.1
[INFO] [stderr]    Compiling crc32fast v1.2.1
[INFO] [stderr]    Compiling paste v1.0.5
[INFO] [stderr]    Compiling zstd-safe v3.1.0+zstd.1.4.9
[INFO] [stderr]    Compiling cpuid-bool v0.2.0
[INFO] [stderr]    Compiling ring v0.16.20
[INFO] [stderr]    Compiling zstd-sys v1.5.0+zstd.1.4.9
[INFO] [stderr]    Compiling brotli-sys v0.3.2
[INFO] [stderr]    Compiling polyval v0.4.5
[INFO] [stderr]    Compiling idna v0.2.3
[INFO] [stderr]    Compiling actix-utils v3.0.0
[INFO] [stderr]    Compiling aes-soft v0.6.4
[INFO] [stderr]    Compiling nom v6.1.2
[INFO] [stderr]    Compiling build_const v0.2.2
[INFO] [stderr]    Compiling funty v1.1.0
[INFO] [stderr]    Compiling wyz v0.2.0
[INFO] [stderr]    Compiling tap v1.0.1
[INFO] [stderr]    Compiling actix-service v2.0.0
[INFO] [stderr]    Compiling aes v0.6.0
[INFO] [stderr]    Compiling ghash v0.3.1
[INFO] [stderr]    Compiling crc v1.8.1
[INFO] [stderr]    Compiling pest_meta v2.1.3
[INFO] [stderr]    Compiling ctr v0.6.0
[INFO] [stderr]    Compiling url v2.2.2
[INFO] [stderr]    Compiling aead v0.3.2
[INFO] [stderr]    Compiling cookie v0.15.1
[INFO] [stderr]    Compiling num-integer v0.1.44
[INFO] [stderr]    Compiling whoami v1.1.2
[INFO] [stderr]    Compiling aes-gcm v0.8.0
[INFO] [stderr]    Compiling bitvec v0.19.5
[INFO] [stderr]    Compiling flate2 v1.0.20
[INFO] [stderr]    Compiling hkdf v0.10.0
[INFO] [stderr]    Compiling dirs-sys v0.3.6
[INFO] [stderr]    Compiling crossbeam-queue v0.3.2
[INFO] [stderr]    Compiling dirs v3.0.2
[INFO] [stderr]    Compiling crossbeam-channel v0.5.1
[INFO] [stderr]    Compiling stringprep v0.1.2
[INFO] [stderr]    Compiling atoi v0.4.0
[INFO] [stderr]    Compiling hashlink v0.7.0
[INFO] [stderr]    Compiling md-5 v0.9.1
[INFO] [stderr]    Compiling socket2 v0.4.0
[INFO] [stderr]    Compiling time v0.1.43
[INFO] [stderr]    Compiling regex-automata v0.1.10
[INFO] [stderr]    Compiling nom v5.1.2
[INFO] [stderr]    Compiling multer v2.0.0
[INFO] [stderr]    Compiling unchecked-index v0.2.2
[INFO] [stderr]    Compiling async-trait v0.1.50
[INFO] [stderr]    Compiling twoway v0.2.2
[INFO] [stderr]    Compiling chrono v0.4.19
[INFO] [stderr]    Compiling Inflector v0.11.4
[INFO] [stderr]    Compiling num-traits v0.1.43
[INFO] [stderr]    Compiling tracing-log v0.1.2
[INFO] [stderr]    Compiling thread_local v1.1.3
[INFO] [stderr]    Compiling sharded-slab v0.1.1
[INFO] [stderr]    Compiling arrayref v0.3.6
[INFO] [stderr]    Compiling serde v0.8.23
[INFO] [stderr]    Compiling linked-hash-map v0.5.4
[INFO] [stderr]    Compiling constant_time_eq v0.1.5
[INFO] [stderr]    Compiling matchers v0.0.1
[INFO] [stderr]    Compiling ansi_term v0.12.1
[INFO] [stderr]    Compiling blake2b_simd v0.5.11
[INFO] [stderr]    Compiling yaml-rust v0.4.5
[INFO] [stderr]    Compiling tempfile v3.2.0
[INFO] [stderr]    Compiling uuid v0.8.2
[INFO] [stderr]    Compiling darling_core v0.12.4
[INFO] [stderr]    Compiling pest_generator v2.1.3
[INFO] [stderr]    Compiling gethostname v0.2.1
[INFO] [stderr]    Compiling rust-ini v0.13.0
[INFO] [stderr]    Compiling rust-argon2 v0.8.3
[INFO] [stderr]    Compiling webpki v0.21.4
[INFO] [stderr]    Compiling sct v0.6.1
[INFO] [stderr]    Compiling serde-hjson v0.9.1
[INFO] [stderr]    Compiling rustls v0.19.1
[INFO] [stderr]    Compiling webpki-roots v0.21.1
[INFO] [stderr]    Compiling time-macros-impl v0.1.2
[INFO] [stderr]    Compiling tracing-attributes v0.1.15
[INFO] [stderr]    Compiling thiserror-impl v1.0.26
[INFO] [stderr]    Compiling derive_more v0.99.16
[INFO] [stderr]    Compiling actix-macros v0.2.1
[INFO] [stderr]    Compiling pin-project-internal v1.0.8
[INFO] [stderr]    Compiling darling_macro v0.12.4
[INFO] [stderr]    Compiling sqlformat v0.1.6
[INFO] [stderr]    Compiling time-macros v0.1.1
[INFO] [stderr]    Compiling pest_derive v2.1.0
[INFO] [stderr]    Compiling actix-web-codegen v0.5.0-beta.3
[INFO] [stderr]    Compiling thiserror v1.0.26
[INFO] [stderr]    Compiling async-stream-impl v0.3.2
[INFO] [stderr]    Compiling tracing v0.1.26
[INFO] [stderr]    Compiling darling v0.12.4
[INFO] [stderr]    Compiling pin-project v1.0.8
[INFO] [stderr]    Compiling async-stream v0.3.2
[INFO] [stderr]    Compiling tracing-futures v0.2.5
[INFO] [stderr]    Compiling brotli2 v0.3.2
[INFO] [stderr]    Compiling futures-executor v0.3.16
[INFO] [stderr]    Compiling local-channel v0.1.2
[INFO] [stderr]    Compiling futures v0.3.16
[INFO] [stderr]    Compiling bytes v1.0.1
[INFO] [stderr]    Compiling either v1.6.1
[INFO] [stderr]    Compiling toml v0.5.8
[INFO] [stderr]    Compiling serde_urlencoded v0.7.0
[INFO] [stderr]    Compiling ipnetwork v0.17.0
[INFO] [stderr]    Compiling tracing-serde v0.1.2
[INFO] [stderr]    Compiling maxminddb v0.21.0
[INFO] [stderr]    Compiling http v0.2.4
[INFO] [stderr]    Compiling bytestring v1.0.0
[INFO] [stderr]    Compiling proc-macro-crate v1.0.0
[INFO] [stderr]    Compiling async-graphql-value v2.9.9
[INFO] [stderr]    Compiling tracing-subscriber v0.2.19
[INFO] [stderr]    Compiling config v0.11.0
[INFO] [stderr]    Compiling async-graphql-parser v2.9.9
[INFO] [stderr]    Compiling actix-router v0.2.7
[INFO] [stderr]    Compiling tracing-bunyan-formatter v0.2.4
[INFO] [stderr]    Compiling async-graphql-derive v2.9.9
[INFO] [stderr]    Compiling tokio-util v0.6.7
[INFO] [stderr]    Compiling actix-rt v2.2.0
[INFO] [stderr]    Compiling tokio-rustls v0.22.0
[INFO] [stderr]    Compiling tokio-stream v0.1.7
[INFO] [stderr]    Compiling sqlx-rt v0.5.5
[INFO] [stderr]    Compiling actix-server v2.0.0-beta.5
[INFO] [stderr]    Compiling sqlx-core v0.5.5
[INFO] [stderr]    Compiling actix-codec v0.4.0
[INFO] [stderr]    Compiling h2 v0.3.3
[INFO] [stderr]    Compiling actix-tls v3.0.0-beta.5
[INFO] [stderr]    Compiling async-graphql v2.9.9
[INFO] [stderr]    Compiling sqlx-macros v0.5.5
[INFO] [stderr]    Compiling zstd v0.7.0+zstd.1.4.9
[INFO] [stderr]    Compiling actix-http v3.0.0-beta.8
[INFO] [stderr]    Compiling actix-web v4.0.0-beta.8
[INFO] [stderr]    Compiling sqlx v0.5.5
[INFO] [stderr]    Compiling tracing-actix-web v0.1.0 (/opt/rustwide/workdir/tracing-actix-web)
[INFO] [stderr]    Compiling actix-cors v0.1.0 (/opt/rustwide/workdir/actix-cors)
[INFO] [stderr]    Compiling foruma-web v0.1.0 (/opt/rustwide/workdir/foruma-web)
[INFO] [stdout] error: error communicating with the server: Connection refused (os error 111)
[INFO] [stdout]   --> foruma-web/src/context/change_password.rs:20:22
[INFO] [stdout]    |
[INFO] [stdout] 20 |           let record = sqlx::query!(
[INFO] [stdout]    |  ______________________^
[INFO] [stdout] 21 | |             r#"
[INFO] [stdout] 22 | | SELECT A.public_id      AS account_public_id,
[INFO] [stdout] 23 | |        AP.public_id     AS "account_password_public_id?",
[INFO] [stdout] ...  |
[INFO] [stdout] 29 | |             account.get_account_id().value()
[INFO] [stdout] 30 | |         )
[INFO] [stdout]    | |_________^
[INFO] [stdout]    |
[INFO] [stdout]    = note: this error originates in the macro `$crate::sqlx_macros::expand_query` which comes from the expansion of the macro `sqlx::query` (in Nightly builds, run with -Z macro-backtrace for more info)
[INFO] [stdout] 
[INFO] [stdout] 
[INFO] [stdout] error: error communicating with the server: Connection refused (os error 111)
[INFO] [stdout]   --> foruma-web/src/context/change_password.rs:65:9
[INFO] [stdout]    |
[INFO] [stdout] 65 | /         sqlx::query!(
[INFO] [stdout] 66 | |             r#"
[INFO] [stdout] 67 | | UPDATE account_authentication_password
[INFO] [stdout] 68 | | SET password_hash = $1
[INFO] [stdout] ...  |
[INFO] [stdout] 72 | |             record.account_password_public_id
[INFO] [stdout] 73 | |         )
[INFO] [stdout]    | |_________^
[INFO] [stdout]    |
[INFO] [stdout]    = note: this error originates in the macro `$crate::sqlx_macros::expand_query` which comes from the expansion of the macro `sqlx::query` (in Nightly builds, run with -Z macro-backtrace for more info)
[INFO] [stdout] 
[INFO] [stdout] 
[INFO] [stdout] error: error communicating with the server: Connection refused (os error 111)
[INFO] [stdout]   --> foruma-web/src/context/create_account.rs:17:9
[INFO] [stdout]    |
[INFO] [stdout] 17 | /         sqlx::query!(
[INFO] [stdout] 18 | |             r#"
[INFO] [stdout] 19 | | INSERT INTO account (public_id, created, username)
[INFO] [stdout] 20 | | VALUES ($1, $2, $3)
[INFO] [stdout] ...  |
[INFO] [stdout] 26 | |             username.value()
[INFO] [stdout] 27 | |         )
[INFO] [stdout]    | |_________^
[INFO] [stdout]    |
[INFO] [stdout]    = note: this error originates in the macro `$crate::sqlx_macros::expand_query` which comes from the expansion of the macro `sqlx::query` (in Nightly builds, run with -Z macro-backtrace for more info)
[INFO] [stdout] 
[INFO] [stdout] 
[INFO] [stdout] error: error communicating with the server: Connection refused (os error 111)
[INFO] [stdout]   --> foruma-web/src/context/create_password.rs:26:9
[INFO] [stdout]    |
[INFO] [stdout] 26 | /         sqlx::query!(
[INFO] [stdout] 27 | |             r#"
[INFO] [stdout] 28 | | INSERT INTO account_authentication_password(public_id, created, account_id, password_hash)
[INFO] [stdout] 29 | | VALUES ($1,
[INFO] [stdout] ...  |
[INFO] [stdout] 37 | |             password_hash
[INFO] [stdout] 38 | |         )
[INFO] [stdout]    | |_________^
[INFO] [stdout]    |
[INFO] [stdout]    = note: this error originates in the macro `$crate::sqlx_macros::expand_query` which comes from the expansion of the macro `sqlx::query` (in Nightly builds, run with -Z macro-backtrace for more info)
[INFO] [stdout] 
[INFO] [stdout] 
[INFO] [stdout] error: error communicating with the server: Connection refused (os error 111)
[INFO] [stdout]   --> foruma-web/src/context/get_account.rs:14:22
[INFO] [stdout]    |
[INFO] [stdout] 14 |           let record = sqlx::query!(
[INFO] [stdout]    |  ______________________^
[INFO] [stdout] 15 | |             r#"
[INFO] [stdout] 16 | | SELECT A.public_id AS account_public_id,
[INFO] [stdout] 17 | |        A.username  AS account_username
[INFO] [stdout] ...  |
[INFO] [stdout] 22 | |             session_id.value()
[INFO] [stdout] 23 | |         )
[INFO] [stdout]    | |_________^
[INFO] [stdout]    |
[INFO] [stdout]    = note: this error originates in the macro `$crate::sqlx_macros::expand_query` which comes from the expansion of the macro `sqlx::query` (in Nightly builds, run with -Z macro-backtrace for more info)
[INFO] [stdout] 
[INFO] [stdout] 
[INFO] [stdout] error: error communicating with the server: Connection refused (os error 111)
[INFO] [stdout]   --> foruma-web/src/context/get_account_sessions.rs:20:23
[INFO] [stdout]    |
[INFO] [stdout] 20 |           let records = sqlx::query!(
[INFO] [stdout]    |  _______________________^
[INFO] [stdout] 21 | |             r#"
[INFO] [stdout] 22 | | SELECT A.id            AS account_id,
[INFO] [stdout] 23 | |        AAS.public_id   AS "account_authentication_session_public_id?",
[INFO] [stdout] ...  |
[INFO] [stdout] 31 | |             account_id.value()
[INFO] [stdout] 32 | |         )
[INFO] [stdout]    | |_________^
[INFO] [stdout]    |
[INFO] [stdout]    = note: this error originates in the macro `$crate::sqlx_macros::expand_query` which comes from the expansion of the macro `sqlx::query` (in Nightly builds, run with -Z macro-backtrace for more info)
[INFO] [stdout] 
[INFO] [stdout] 
[INFO] [stdout] error: error communicating with the server: Connection refused (os error 111)
[INFO] [stdout]   --> foruma-web/src/context/login.rs:33:22
[INFO] [stdout]    |
[INFO] [stdout] 33 |           let record = sqlx::query!(
[INFO] [stdout]    |  ______________________^
[INFO] [stdout] 34 | |             r#"
[INFO] [stdout] 35 | | SELECT A.id              AS account_id,
[INFO] [stdout] 36 | |        AAP.password_hash AS "account_authentication_password_hash?"
[INFO] [stdout] ...  |
[INFO] [stdout] 41 | |             username.value()
[INFO] [stdout] 42 | |         )
[INFO] [stdout]    | |_________^
[INFO] [stdout]    |
[INFO] [stdout]    = note: this error originates in the macro `$crate::sqlx_macros::expand_query` which comes from the expansion of the macro `sqlx::query` (in Nightly builds, run with -Z macro-backtrace for more info)
[INFO] [stdout] 
[INFO] [stdout] 
[INFO] [stdout] error: error communicating with the server: Connection refused (os error 111)
[INFO] [stdout]   --> foruma-web/src/context/login.rs:77:9
[INFO] [stdout]    |
[INFO] [stdout] 77 | /         sqlx::query!(
[INFO] [stdout] 78 | |             r#"
[INFO] [stdout] 79 | | INSERT INTO account_authentication_session (public_id, created, account_id, last_active, ip_address, user_agent)
[INFO] [stdout] 80 | | VALUES ($1, $2, $3, $4, $5, $6);
[INFO] [stdout] ...  |
[INFO] [stdout] 87 | |             user_agent
[INFO] [stdout] 88 | |         )
[INFO] [stdout]    | |_________^
[INFO] [stdout]    |
[INFO] [stdout]    = note: this error originates in the macro `$crate::sqlx_macros::expand_query` which comes from the expansion of the macro `sqlx::query` (in Nightly builds, run with -Z macro-backtrace for more info)
[INFO] [stdout] 
[INFO] [stdout] 
[INFO] [stdout] error: error communicating with the server: Connection refused (os error 111)
[INFO] [stdout]   --> foruma-web/src/context/logout.rs:14:9
[INFO] [stdout]    |
[INFO] [stdout] 14 | /         sqlx::query!(
[INFO] [stdout] 15 | |             r#"
[INFO] [stdout] 16 | | DELETE FROM account_authentication_session
[INFO] [stdout] 17 | | WHERE public_id = $1
[INFO] [stdout] ...  |
[INFO] [stdout] 20 | |             session_id.value()
[INFO] [stdout] 21 | |         )
[INFO] [stdout]    | |_________^
[INFO] [stdout]    |
[INFO] [stdout]    = note: this error originates in the macro `$crate::sqlx_macros::expand_query` which comes from the expansion of the macro `sqlx::query` (in Nightly builds, run with -Z macro-backtrace for more info)
[INFO] [stdout] 
[INFO] [stdout] 
[INFO] [stdout] error: error communicating with the server: Connection refused (os error 111)
[INFO] [stdout]   --> foruma-web/src/context/terminate_account.rs:15:9
[INFO] [stdout]    |
[INFO] [stdout] 15 | /         sqlx::query!(
[INFO] [stdout] 16 | |             r#"
[INFO] [stdout] 17 | | DELETE
[INFO] [stdout] 18 | | FROM account
[INFO] [stdout] ...  |
[INFO] [stdout] 22 | |             account.get_account_id().value()
[INFO] [stdout] 23 | |         )
[INFO] [stdout]    | |_________^
[INFO] [stdout]    |
[INFO] [stdout]    = note: this error originates in the macro `$crate::sqlx_macros::expand_query` which comes from the expansion of the macro `sqlx::query` (in Nightly builds, run with -Z macro-backtrace for more info)
[INFO] [stdout] 
[INFO] [stdout] 
[INFO] [stdout] error: error communicating with the server: Connection refused (os error 111)
[INFO] [stdout]   --> foruma-web/src/context/update_last_active.rs:19:9
[INFO] [stdout]    |
[INFO] [stdout] 19 | /         sqlx::query!(
[INFO] [stdout] 20 | |             r#"
[INFO] [stdout] 21 | | UPDATE account_authentication_session
[INFO] [stdout] 22 | | SET last_active = $1
[INFO] [stdout] ...  |
[INFO] [stdout] 27 | |             session_id.value()
[INFO] [stdout] 28 | |         )
[INFO] [stdout]    | |_________^
[INFO] [stdout]    |
[INFO] [stdout]    = note: this error originates in the macro `$crate::sqlx_macros::expand_query` which comes from the expansion of the macro `sqlx::query` (in Nightly builds, run with -Z macro-backtrace for more info)
[INFO] [stdout] 
[INFO] [stdout] 
[INFO] [stdout] warning: unused import: `crate::telemetry::TraceErrorExt`
[INFO] [stdout]  --> foruma-web/src/context/create_account.rs:3:5
[INFO] [stdout]   |
[INFO] [stdout] 3 | use crate::telemetry::TraceErrorExt;
[INFO] [stdout]   |     ^^^^^^^^^^^^^^^^^^^^^^^^^^^^^^^
[INFO] [stdout]   |
[INFO] [stdout]   = note: `#[warn(unused_imports)]` on by default
[INFO] [stdout] 
[INFO] [stdout] 
[INFO] [stdout] warning: unused import: `crate::telemetry::TraceErrorExt`
[INFO] [stdout]  --> foruma-web/src/context/get_account.rs:3:5
[INFO] [stdout]   |
[INFO] [stdout] 3 | use crate::telemetry::TraceErrorExt;
[INFO] [stdout]   |     ^^^^^^^^^^^^^^^^^^^^^^^^^^^^^^^
[INFO] [stdout] 
[INFO] [stdout] 
[INFO] [stdout] warning: unused import: `crate::telemetry::TraceErrorExt`
[INFO] [stdout]  --> foruma-web/src/context/get_account_sessions.rs:6:5
[INFO] [stdout]   |
[INFO] [stdout] 6 | use crate::telemetry::TraceErrorExt;
[INFO] [stdout]   |     ^^^^^^^^^^^^^^^^^^^^^^^^^^^^^^^
[INFO] [stdout] 
[INFO] [stdout] 
[INFO] [stdout] warning: unused import: `crate::telemetry::TraceErrorExt`
[INFO] [stdout]  --> foruma-web/src/context/logout.rs:3:5
[INFO] [stdout]   |
[INFO] [stdout] 3 | use crate::telemetry::TraceErrorExt;
[INFO] [stdout]   |     ^^^^^^^^^^^^^^^^^^^^^^^^^^^^^^^
[INFO] [stdout] 
[INFO] [stdout] 
[INFO] [stdout] warning: unused import: `crate::telemetry::TraceErrorExt`
[INFO] [stdout]  --> foruma-web/src/context/terminate_account.rs:3:5
[INFO] [stdout]   |
[INFO] [stdout] 3 | use crate::telemetry::TraceErrorExt;
[INFO] [stdout]   |     ^^^^^^^^^^^^^^^^^^^^^^^^^^^^^^^
[INFO] [stdout] 
[INFO] [stdout] 
[INFO] [stdout] warning: unused import: `crate::telemetry::TraceErrorExt`
[INFO] [stdout]  --> foruma-web/src/context/update_last_active.rs:3:5
[INFO] [stdout]   |
[INFO] [stdout] 3 | use crate::telemetry::TraceErrorExt;
[INFO] [stdout]   |     ^^^^^^^^^^^^^^^^^^^^^^^^^^^^^^^
[INFO] [stdout] 
[INFO] [stdout] 
[INFO] [stdout] error: aborting due to 11 previous errors; 6 warnings emitted
[INFO] [stdout] 
[INFO] [stdout] 
[INFO] [stderr] error: could not compile `foruma-web` due to 12 previous errors; 6 warnings emitted
[INFO] running `Command { std: "docker" "inspect" "f6cc616e78fd174660c3f2120eab25be8d5a7e414243ac4bfef6056daa46b6ea", kill_on_drop: false }`
[INFO] running `Command { std: "docker" "rm" "-f" "f6cc616e78fd174660c3f2120eab25be8d5a7e414243ac4bfef6056daa46b6ea", kill_on_drop: false }`
[INFO] [stdout] f6cc616e78fd174660c3f2120eab25be8d5a7e414243ac4bfef6056daa46b6ea
