[INFO] cloning repository https://github.com/aevyrie/bevy_scene_test
[INFO] running `Command { std: "git" "-c" "credential.helper=" "-c" "credential.helper=/workspace/cargo-home/bin/git-credential-null" "clone" "--bare" "https://github.com/aevyrie/bevy_scene_test" "/workspace/cache/git-repos/https%3A%2F%2Fgithub.com%2Faevyrie%2Fbevy_scene_test", kill_on_drop: false }`
[INFO] [stderr] Cloning into bare repository '/workspace/cache/git-repos/https%3A%2F%2Fgithub.com%2Faevyrie%2Fbevy_scene_test'...
[INFO] running `Command { std: "git" "rev-parse" "HEAD", kill_on_drop: false }`
[INFO] [stdout] 72a29b2da9082bcf190d0a996973e37b51a5ff51
[INFO] testing aevyrie/bevy_scene_test against beta-2023-04-20 for beta-1.70-1
[INFO] running `Command { std: "git" "clone" "/workspace/cache/git-repos/https%3A%2F%2Fgithub.com%2Faevyrie%2Fbevy_scene_test" "/workspace/builds/worker-7-tc2/source", kill_on_drop: false }`
[INFO] [stderr] Cloning into '/workspace/builds/worker-7-tc2/source'...
[INFO] [stderr] done.
[INFO] validating manifest of git repo https://github.com/aevyrie/bevy_scene_test on toolchain beta-2023-04-20
[INFO] running `Command { std: CARGO_HOME="/workspace/cargo-home" RUSTUP_HOME="/workspace/rustup-home" "/workspace/cargo-home/bin/cargo" "+beta-2023-04-20" "metadata" "--manifest-path" "Cargo.toml" "--no-deps", kill_on_drop: false }`
[INFO] started tweaking git repo https://github.com/aevyrie/bevy_scene_test
[INFO] finished tweaking git repo https://github.com/aevyrie/bevy_scene_test
[INFO] tweaked toml for git repo https://github.com/aevyrie/bevy_scene_test written to /workspace/builds/worker-7-tc2/source/Cargo.toml
[INFO] crate git repo https://github.com/aevyrie/bevy_scene_test already has a lockfile, it will not be regenerated
[INFO] running `Command { std: CARGO_HOME="/workspace/cargo-home" RUSTUP_HOME="/workspace/rustup-home" "/workspace/cargo-home/bin/cargo" "+beta-2023-04-20" "fetch" "--manifest-path" "Cargo.toml", kill_on_drop: false }`
[INFO] [stderr] warning: patch for `bevy` uses the features mechanism. default-features and features will not take effect because the patch dependency does not support this mechanism
[INFO] [stderr]  Downloading crates ...
[INFO] [stderr]   Downloaded mio-misc v1.0.1
[INFO] [stderr]   Downloaded wgpu-types v0.8.0
[INFO] [stderr]   Downloaded gfx-hal v0.8.0
[INFO] [stderr]   Downloaded gfx-backend-empty v0.8.0
[INFO] [stderr]   Downloaded gfx-backend-metal v0.8.2
[INFO] [stderr]   Downloaded gfx-backend-vulkan v0.8.0
[INFO] [stderr]   Downloaded metal v0.22.0
[INFO] [stderr]   Downloaded wgpu-core v0.8.1
[INFO] [stderr]   Downloaded d3d12 v0.4.0
[INFO] [stderr]   Downloaded gfx-auxil v0.9.0
[INFO] [stderr]   Downloaded gfx-backend-dx12 v0.8.0
[INFO] [stderr]   Downloaded oboe v0.4.2
[INFO] [stderr]   Downloaded gfx-backend-dx11 v0.8.0
[INFO] [stderr]   Downloaded oboe-sys v0.4.2
[INFO] [stderr]   Downloaded ttf-parser v0.12.1
[INFO] [stderr]   Downloaded hexasphere v3.4.0
[INFO] [stderr]   Downloaded euclid v0.22.4
[INFO] [stderr]   Downloaded wgpu v0.8.1
[INFO] [stderr]   Downloaded gfx-backend-gl v0.8.1
[INFO] [stderr]   Downloaded naga v0.4.1
[INFO] [stderr]   Downloaded notify v5.0.0-pre.9
[INFO] [stderr]   Downloaded profiling v1.0.1
[INFO] running `Command { std: "docker" "create" "-v" "/var/lib/crater-agent-workspace/builds/worker-7-tc2/target:/opt/rustwide/target:rw,Z" "-v" "/var/lib/crater-agent-workspace/builds/worker-7-tc2/source:/opt/rustwide/workdir:ro,Z" "-v" "/var/lib/crater-agent-workspace/cargo-home:/opt/rustwide/cargo-home:ro,Z" "-v" "/var/lib/crater-agent-workspace/rustup-home:/opt/rustwide/rustup-home:ro,Z" "-e" "SOURCE_DIR=/opt/rustwide/workdir" "-e" "CARGO_TARGET_DIR=/opt/rustwide/target" "-e" "CARGO_HOME=/opt/rustwide/cargo-home" "-e" "RUSTUP_HOME=/opt/rustwide/rustup-home" "-w" "/opt/rustwide/workdir" "-m" "1610612736" "--user" "0:0" "--network" "none" "ghcr.io/rust-lang/crates-build-env/linux@sha256:5ff2268d62e97bff2cde7d5815dd6ed5b47097566f13b8d0ca110b04b60e07ed" "/opt/rustwide/cargo-home/bin/cargo" "+beta-2023-04-20" "metadata" "--no-deps" "--format-version=1", kill_on_drop: false }`
[INFO] [stdout] 3078e7a2c766f73d11c79d64edd4873072cca8fba5b6e66b3be11739ba661752
[INFO] running `Command { std: "docker" "start" "-a" "3078e7a2c766f73d11c79d64edd4873072cca8fba5b6e66b3be11739ba661752", kill_on_drop: false }`
[INFO] running `Command { std: "docker" "inspect" "3078e7a2c766f73d11c79d64edd4873072cca8fba5b6e66b3be11739ba661752", kill_on_drop: false }`
[INFO] running `Command { std: "docker" "rm" "-f" "3078e7a2c766f73d11c79d64edd4873072cca8fba5b6e66b3be11739ba661752", kill_on_drop: false }`
[INFO] [stdout] 3078e7a2c766f73d11c79d64edd4873072cca8fba5b6e66b3be11739ba661752
[INFO] running `Command { std: "docker" "create" "-v" "/var/lib/crater-agent-workspace/builds/worker-7-tc2/target:/opt/rustwide/target:rw,Z" "-v" "/var/lib/crater-agent-workspace/builds/worker-7-tc2/source:/opt/rustwide/workdir:ro,Z" "-v" "/var/lib/crater-agent-workspace/cargo-home:/opt/rustwide/cargo-home:ro,Z" "-v" "/var/lib/crater-agent-workspace/rustup-home:/opt/rustwide/rustup-home:ro,Z" "-e" "SOURCE_DIR=/opt/rustwide/workdir" "-e" "CARGO_TARGET_DIR=/opt/rustwide/target" "-e" "CARGO_INCREMENTAL=0" "-e" "RUST_BACKTRACE=full" "-e" "RUSTFLAGS=--cap-lints=warn" "-e" "RUSTDOCFLAGS=--cap-lints=warn" "-e" "CARGO_HOME=/opt/rustwide/cargo-home" "-e" "RUSTUP_HOME=/opt/rustwide/rustup-home" "-w" "/opt/rustwide/workdir" "-m" "1610612736" "--user" "0:0" "--network" "none" "ghcr.io/rust-lang/crates-build-env/linux@sha256:5ff2268d62e97bff2cde7d5815dd6ed5b47097566f13b8d0ca110b04b60e07ed" "/opt/rustwide/cargo-home/bin/cargo" "+beta-2023-04-20" "build" "--frozen" "--message-format=json", kill_on_drop: false }`
[INFO] [stdout] 13f353241eddb97f2a68650a426bcf82e6b57cf6cc550bf05ac7abb0cb3c73ea
[INFO] running `Command { std: "docker" "start" "-a" "13f353241eddb97f2a68650a426bcf82e6b57cf6cc550bf05ac7abb0cb3c73ea", kill_on_drop: false }`
[INFO] [stderr] warning: patch for `bevy` uses the features mechanism. default-features and features will not take effect because the patch dependency does not support this mechanism
[INFO] [stderr]    Compiling autocfg v1.0.1
[INFO] [stderr]    Compiling libc v0.2.95
[INFO] [stderr]    Compiling proc-macro2 v1.0.27
[INFO] [stderr]    Compiling unicode-xid v0.2.2
[INFO] [stderr]    Compiling syn v1.0.72
[INFO] [stderr]    Compiling cfg-if v1.0.0
[INFO] [stderr]    Compiling serde_derive v1.0.126
[INFO] [stderr]    Compiling serde v1.0.126
[INFO] [stderr]    Compiling bitflags v1.2.1
[INFO] [stderr]    Compiling lazy_static v1.4.0
[INFO] [stderr]    Compiling ahash v0.4.7
[INFO] [stderr]    Compiling scopeguard v1.1.0
[INFO] [stderr]    Compiling byteorder v1.4.3
[INFO] [stderr]    Compiling log v0.4.14
[INFO] [stderr]    Compiling pin-project-lite v0.2.6
[INFO] [stderr]    Compiling memchr v2.4.0
[INFO] [stderr]    Compiling once_cell v1.7.2
[INFO] [stderr]    Compiling version_check v0.9.3
[INFO] [stderr]    Compiling instant v0.1.9
[INFO] [stderr]    Compiling lock_api v0.4.4
[INFO] [stderr]    Compiling tracing-core v0.1.18
[INFO] [stderr]    Compiling hashbrown v0.9.1
[INFO] [stderr]    Compiling futures-core v0.3.15
[INFO] [stderr]    Compiling Inflector v0.11.4
[INFO] [stderr]    Compiling fxhash v0.2.1
[INFO] [stderr]    Compiling cache-padded v1.1.1
[INFO] [stderr]    Compiling erased-serde v0.3.15
[INFO] [stderr]    Compiling waker-fn v1.1.0
[INFO] [stderr]    Compiling fastrand v1.4.1
[INFO] [stderr]    Compiling concurrent-queue v1.2.2
[INFO] [stderr]    Compiling indexmap v1.6.2
[INFO] [stderr]    Compiling num-traits v0.2.14
[INFO] [stderr]    Compiling ahash v0.7.4
[INFO] [stderr]    Compiling futures-io v0.3.15
[INFO] [stderr]    Compiling parking v2.0.0
[INFO] [stderr]    Compiling ppv-lite86 v0.2.10
[INFO] [stderr]    Compiling slab v0.4.3
[INFO] [stderr]    Compiling event-listener v2.5.1
[INFO] [stderr]    Compiling async-task v4.0.3
[INFO] [stderr]    Compiling downcast-rs v1.2.0
[INFO] [stderr]    Compiling crossbeam-utils v0.8.4
[INFO] [stderr]    Compiling fixedbitset v0.4.0
[INFO] [stderr]    Compiling num-integer v0.1.44
[INFO] [stderr]    Compiling ryu v1.0.5
[INFO] [stderr]    Compiling async-channel v1.6.1
[INFO] [stderr]    Compiling pkg-config v0.3.19
[INFO] [stderr]    Compiling futures-lite v1.11.3
[INFO] [stderr]    Compiling serde_json v1.0.64
[INFO] [stderr]    Compiling quote v1.0.9
[INFO] [stderr]    Compiling itoa v0.4.7
[INFO] [stderr]    Compiling regex-syntax v0.6.25
[INFO] [stderr]    Compiling aho-corasick v0.7.18
[INFO] [stderr]    Compiling tracing-log v0.1.2
[INFO] [stderr]    Compiling thread_local v1.1.3
[INFO] [stderr]    Compiling sharded-slab v0.1.1
[INFO] [stderr]    Compiling ansi_term v0.12.1
[INFO] [stderr]    Compiling same-file v1.0.6
[INFO] [stderr]    Compiling anyhow v1.0.40
[INFO] [stderr]    Compiling crc32fast v1.2.1
[INFO] [stderr]    Compiling walkdir v2.3.2
[INFO] [stderr]    Compiling base64 v0.13.0
[INFO] [stderr]    Compiling adler32 v1.2.0
[INFO] [stderr]    Compiling num-iter v0.1.42
[INFO] [stderr]    Compiling num-rational v0.3.2
[INFO] [stderr]    Compiling miniz_oxide v0.3.7
[INFO] [stderr]    Compiling deflate v0.8.6
[INFO] [stderr]    Compiling getrandom v0.2.3
[INFO] [stderr]    Compiling num_cpus v1.13.0
[INFO] [stderr]    Compiling jobserver v0.1.22
[INFO] [stderr]    Compiling spirv_headers v1.5.0
[INFO] [stderr]    Compiling mio v0.7.11
[INFO] [stderr]    Compiling rand_core v0.6.2
[INFO] [stderr]    Compiling cc v1.0.68
[INFO] [stderr]    Compiling crossbeam-channel v0.5.1
[INFO] [stderr]    Compiling async-executor v1.4.1
[INFO] [stderr]    Compiling rand_chacha v0.3.0
[INFO] [stderr]    Compiling chrono v0.4.19
[INFO] [stderr]    Compiling inotify-sys v0.1.5
[INFO] [stderr]    Compiling filetime v0.2.14
[INFO] [stderr]    Compiling inotify v0.9.3
[INFO] [stderr]    Compiling rand v0.8.3
[INFO] [stderr]    Compiling bevy_tasks v0.5.0 (https://github.com/bevyengine/bevy?branch=main#05209475)
[INFO] [stderr]    Compiling raw-window-handle v0.3.3
[INFO] [stderr]    Compiling memoffset v0.6.3
[INFO] [stderr]    Compiling bevy-glsl-to-spirv v0.2.1
[INFO] [stderr]    Compiling notify v5.0.0-pre.9
[INFO] [stderr]    Compiling bit-vec v0.6.3
[INFO] [stderr]    Compiling termcolor v1.1.2
[INFO] [stderr]    Compiling fixedbitset v0.2.0
[INFO] [stderr]    Compiling unicode-width v0.1.8
[INFO] [stderr]    Compiling png v0.16.8
[INFO] [stderr]    Compiling codespan-reporting v0.11.1
[INFO] [stderr]    Compiling petgraph v0.5.1
[INFO] [stderr]    Compiling bit-set v0.5.2
[INFO] [stderr]    Compiling libloading v0.7.0
[INFO] [stderr]    Compiling color_quant v1.1.0
[INFO] [stderr]    Compiling jpeg-decoder v0.1.22
[INFO] [stderr]    Compiling scoped_threadpool v0.1.9
[INFO] [stderr]    Compiling spirv-reflect v0.2.3
[INFO] [stderr]    Compiling nix v0.20.0
[INFO] [stderr]    Compiling regex-automata v0.1.9
[INFO] [stderr]    Compiling regex v1.5.4
[INFO] [stderr]    Compiling hex v0.4.3
[INFO] [stderr]    Compiling crossbeam-epoch v0.9.4
[INFO] [stderr]    Compiling alsa-sys v0.3.1
[INFO] [stderr]    Compiling khronos-egl v4.1.0
[INFO] [stderr]    Compiling maybe-uninit v2.0.0
[INFO] [stderr]    Compiling minimp3-sys v0.3.2
[INFO] [stderr]    Compiling crossbeam-queue v0.3.1
[INFO] [stderr]    Compiling x11-dl v2.18.5
[INFO] [stderr]    Compiling libudev-sys v0.1.4
[INFO] [stderr]    Compiling ttf-parser v0.12.1
[INFO] [stderr]    Compiling arrayvec v0.5.2
[INFO] [stderr]    Compiling cfg_aliases v0.1.1
[INFO] [stderr]    Compiling matchers v0.0.1
[INFO] [stderr]    Compiling crossbeam-deque v0.8.0
[INFO] [stderr]    Compiling wgpu-core v0.8.1
[INFO] [stderr]    Compiling ash v0.32.1
[INFO] [stderr]    Compiling euclid v0.22.4
[INFO] [stderr]    Compiling crossbeam v0.8.0
[INFO] [stderr]    Compiling gpu-descriptor-types v0.1.1
[INFO] [stderr]    Compiling gpu-alloc-types v0.2.0
[INFO] [stderr]    Compiling percent-encoding v2.1.0
[INFO] [stderr]    Compiling cpal v0.13.3
[INFO] [stderr]    Compiling winit v0.25.0
[INFO] [stderr]    Compiling inplace_it v0.3.3
[INFO] [stderr]    Compiling inflections v1.1.1
[INFO] [stderr]    Compiling svg_fmt v0.4.1
[INFO] [stderr]    Compiling ab_glyph_rasterizer v0.1.4
[INFO] [stderr]    Compiling libm v0.1.4
[INFO] [stderr]    Compiling glow v0.9.0
[INFO] [stderr]    Compiling gpu-alloc v0.4.7
[INFO] [stderr]    Compiling gpu-descriptor v0.1.1
[INFO] [stderr]    Compiling mio-misc v1.0.1
[INFO] [stderr]    Compiling slice-deque v0.3.0
[INFO] [stderr]    Compiling approx v0.4.0
[INFO] [stderr]    Compiling wgpu-types v0.8.0
[INFO] [stderr]    Compiling rectangle-pack v0.4.2
[INFO] [stderr]    Compiling vec_map v0.8.2
[INFO] [stderr]    Compiling xi-unicode v0.3.0
[INFO] [stderr]    Compiling owned_ttf_parser v0.12.0
[INFO] [stderr]    Compiling guillotiere v0.6.1
[INFO] [stderr]    Compiling profiling v1.0.1
[INFO] [stderr]    Compiling ab_glyph v0.2.10
[INFO] [stderr]    Compiling copyless v0.1.5
[INFO] [stderr]    Compiling fnv v1.0.7
[INFO] [stderr]    Compiling glyph_brush_layout v0.2.1
[INFO] [stderr]    Compiling stretch v0.3.2
[INFO] [stderr]    Compiling alsa v0.5.0
[INFO] [stderr]    Compiling thiserror-impl v1.0.25
[INFO] [stderr]    Compiling bytemuck_derive v1.0.1
[INFO] [stderr]    Compiling tracing-attributes v0.1.15
[INFO] [stderr]    Compiling gltf-derive v0.16.0
[INFO] [stderr]    Compiling bytemuck v1.5.1
[INFO] [stderr]    Compiling image v0.23.14
[INFO] [stderr]    Compiling thiserror v1.0.25
[INFO] [stderr]    Compiling naga v0.4.1
[INFO] [stderr]    Compiling minimp3 v0.5.1
[INFO] [stderr]    Compiling tracing v0.1.26
[INFO] [stderr]    Compiling gfx-hal v0.8.0
[INFO] [stderr]    Compiling smallvec v1.6.1
[INFO] [stderr]    Compiling toml v0.5.8
[INFO] [stderr]    Compiling uuid v0.8.2
[INFO] [stderr]    Compiling glam v0.15.2
[INFO] [stderr]    Compiling tracing-serde v0.1.2
[INFO] [stderr]    Compiling ron v0.6.4
[INFO] [stderr]    Compiling parking_lot_core v0.8.3
[INFO] [stderr]    Compiling gilrs-core v0.3.1
[INFO] [stderr]    Compiling parking_lot v0.11.1
[INFO] [stderr]    Compiling gilrs v0.8.1
[INFO] [stderr]    Compiling gfx-backend-gl v0.8.1
[INFO] [stderr]    Compiling gfx-backend-vulkan v0.8.0
[INFO] [stderr]    Compiling gfx-backend-empty v0.8.0
[INFO] [stderr]    Compiling cargo-manifest v0.2.4
[INFO] [stderr]    Compiling tracing-subscriber v0.2.18
[INFO] [stderr]    Compiling gltf-json v0.16.0
[INFO] [stderr]    Compiling rodio v0.13.1
[INFO] [stderr]    Compiling bevy_macro_utils v0.5.0 (https://github.com/bevyengine/bevy?branch=main#05209475)
[INFO] [stderr]    Compiling hexasphere v3.4.0
[INFO] [stderr]    Compiling bevy_derive v0.5.0 (https://github.com/bevyengine/bevy?branch=main#05209475)
[INFO] [stderr]    Compiling bevy_reflect_derive v0.5.0 (https://github.com/bevyengine/bevy?branch=main#05209475)
[INFO] [stderr]    Compiling bevy_ecs_macros v0.5.0 (https://github.com/bevyengine/bevy?branch=main#05209475)
[INFO] [stderr]    Compiling gltf v0.16.0
[INFO] [stderr]    Compiling bevy_utils v0.5.0 (https://github.com/bevyengine/bevy?branch=main#05209475)
[INFO] [stdout] error[E0597]: `desc_set` does not live long enough
[INFO] [stdout]     --> /opt/rustwide/cargo-home/registry/src/index.crates.io-6f17d22bba15001f/wgpu-core-0.8.1/src/device/mod.rs:1773:26
[INFO] [stdout]      |
[INFO] [stdout] 1760 |         let mut desc_set = desc_sets.pop().unwrap();
[INFO] [stdout]      |             ------------ binding `desc_set` declared here
[INFO] [stdout] ...
[INFO] [stdout] 1773 |                     set: desc_set.raw_mut(),
[INFO] [stdout]      |                          ^^^^^^^^^^^^^^^^^^ borrowed value does not live long enough
[INFO] [stdout] ...
[INFO] [stdout] 1794 |     }
[INFO] [stdout]      |     -
[INFO] [stdout]      |     |
[INFO] [stdout]      |     `desc_set` dropped here while still borrowed
[INFO] [stdout]      |     borrow might be used here, when `write_map` is dropped and runs the `Drop` code for type `BTreeMap`
[INFO] [stdout]      |
[INFO] [stdout]      = note: values in a scope are dropped in the opposite order they are defined
[INFO] [stdout] 
[INFO] [stdout] 
[INFO] [stdout] error: failed to write /tmp/rustcQwwLeS/lib.rmeta: No space left on device (os error 28)
[INFO] [stdout] 
[INFO] [stdout] 
[INFO] [stderr] error: could not compile `gltf` (lib) due to previous error
[INFO] [stderr] warning: build failed, waiting for other jobs to finish...
[INFO] [stderr] LLVM ERROR: IO failure on output stream: No space left on device
[INFO] [stdout] error: linking with `cc` failed: exit status: 1
[INFO] [stdout]   |
[INFO] [stdout]   = note: LC_ALL="C" PATH="/opt/rustwide/rustup-home/toolchains/beta-2023-04-20-x86_64-unknown-linux-gnu/lib/rustlib/x86_64-unknown-linux-gnu/bin:/opt/rustwide/cargo-home/bin:/usr/local/sbin:/usr/local/bin:/usr/sbin:/usr/bin:/sbin:/bin" VSLANG="1033" "cc" "-Wl,--version-script=/tmp/rustcyQxvWM/list" "-Wl,--no-undefined-version" "-m64" "/tmp/rustcyQxvWM/symbols.o" "/opt/rustwide/target/debug/deps/bevy_reflect_derive-cbdd8d9bfb631910.bevy_reflect_derive.1297e750-cgu.0.rcgu.o" "/opt/rustwide/target/debug/deps/bevy_reflect_derive-cbdd8d9bfb631910.bevy_reflect_derive.1297e750-cgu.1.rcgu.o" "/opt/rustwide/target/debug/deps/bevy_reflect_derive-cbdd8d9bfb631910.bevy_reflect_derive.1297e750-cgu.10.rcgu.o" "/opt/rustwide/target/debug/deps/bevy_reflect_derive-cbdd8d9bfb631910.bevy_reflect_derive.1297e750-cgu.11.rcgu.o" "/opt/rustwide/target/debug/deps/bevy_reflect_derive-cbdd8d9bfb631910.bevy_reflect_derive.1297e750-cgu.12.rcgu.o" "/opt/rustwide/target/debug/deps/bevy_reflect_derive-cbdd8d9bfb631910.bevy_reflect_derive.1297e750-cgu.13.rcgu.o" "/opt/rustwide/target/debug/deps/bevy_reflect_derive-cbdd8d9bfb631910.bevy_reflect_derive.1297e750-cgu.14.rcgu.o" "/opt/rustwide/target/debug/deps/bevy_reflect_derive-cbdd8d9bfb631910.bevy_reflect_derive.1297e750-cgu.15.rcgu.o" "/opt/rustwide/target/debug/deps/bevy_reflect_derive-cbdd8d9bfb631910.bevy_reflect_derive.1297e750-cgu.2.rcgu.o" "/opt/rustwide/target/debug/deps/bevy_reflect_derive-cbdd8d9bfb631910.bevy_reflect_derive.1297e750-cgu.3.rcgu.o" "/opt/rustwide/target/debug/deps/bevy_reflect_derive-cbdd8d9bfb631910.bevy_reflect_derive.1297e750-cgu.4.rcgu.o" "/opt/rustwide/target/debug/deps/bevy_reflect_derive-cbdd8d9bfb631910.bevy_reflect_derive.1297e750-cgu.5.rcgu.o" "/opt/rustwide/target/debug/deps/bevy_reflect_derive-cbdd8d9bfb631910.bevy_reflect_derive.1297e750-cgu.6.rcgu.o" "/opt/rustwide/target/debug/deps/bevy_reflect_derive-cbdd8d9bfb631910.bevy_reflect_derive.1297e750-cgu.7.rcgu.o" "/opt/rustwide/target/debug/deps/bevy_reflect_derive-cbdd8d9bfb631910.bevy_reflect_derive.1297e750-cgu.8.rcgu.o" "/opt/rustwide/target/debug/deps/bevy_reflect_derive-cbdd8d9bfb631910.bevy_reflect_derive.1297e750-cgu.9.rcgu.o" "/opt/rustwide/target/debug/deps/bevy_reflect_derive-cbdd8d9bfb631910.1b2xavtltj1fmyld.rcgu.rmeta" "/opt/rustwide/target/debug/deps/bevy_reflect_derive-cbdd8d9bfb631910.543i9gld7fd6ig3r.rcgu.o" "-Wl,--as-needed" "-L" "/opt/rustwide/target/debug/deps" "-L" "/opt/rustwide/rustup-home/toolchains/beta-2023-04-20-x86_64-unknown-linux-gnu/lib/rustlib/x86_64-unknown-linux-gnu/lib" "-Wl,-Bstatic" "/opt/rustwide/target/debug/deps/libuuid-882a2f6ce514b947.rlib" "/opt/rustwide/target/debug/deps/libgetrandom-75e5f23d18a69a6f.rlib" "/opt/rustwide/target/debug/deps/liblibc-106234c772bcaf53.rlib" "/opt/rustwide/target/debug/deps/libcfg_if-97437e183f3ae6e4.rlib" "/opt/rustwide/target/debug/deps/libbevy_macro_utils-86e713abce0294f4.rlib" "/opt/rustwide/target/debug/deps/libsyn-bfd97be97164b1ae.rlib" "/opt/rustwide/target/debug/deps/libquote-7accb961f7038651.rlib" "/opt/rustwide/target/debug/deps/libproc_macro2-c806839684a441d9.rlib" "/opt/rustwide/target/debug/deps/libunicode_xid-fb78da16da33d955.rlib" "/opt/rustwide/target/debug/deps/libcargo_manifest-1f51838f0abf22fe.rlib" "/opt/rustwide/target/debug/deps/libtoml-19def84b4ef2caa4.rlib" "/opt/rustwide/target/debug/deps/libindexmap-1c5d003c5670c2a2.rlib" "/opt/rustwide/target/debug/deps/libhashbrown-d915ac3443ec97a3.rlib" "/opt/rustwide/target/debug/deps/libahash-a28cf5154aceefb7.rlib" "/opt/rustwide/target/debug/deps/libserde-c1d0e7e837858d5e.rlib" "/opt/rustwide/rustup-home/toolchains/beta-2023-04-20-x86_64-unknown-linux-gnu/lib/rustlib/x86_64-unknown-linux-gnu/lib/libproc_macro-4ae0b5c8ec17d92d.rlib" "/opt/rustwide/rustup-home/toolchains/beta-2023-04-20-x86_64-unknown-linux-gnu/lib/rustlib/x86_64-unknown-linux-gnu/lib/libstd-0e29cc23c5e02021.rlib" "/opt/rustwide/rustup-home/toolchains/beta-2023-04-20-x86_64-unknown-linux-gnu/lib/rustlib/x86_64-unknown-linux-gnu/lib/libpanic_unwind-d903621768a861d9.rlib" "/opt/rustwide/rustup-home/toolchains/beta-2023-04-20-x86_64-unknown-linux-gnu/lib/rustlib/x86_64-unknown-linux-gnu/lib/libobject-6d0225e655f31c13.rlib" "/opt/rustwide/rustup-home/toolchains/beta-2023-04-20-x86_64-unknown-linux-gnu/lib/rustlib/x86_64-unknown-linux-gnu/lib/libmemchr-9dbaf4eac7eaa079.rlib" "/opt/rustwide/rustup-home/toolchains/beta-2023-04-20-x86_64-unknown-linux-gnu/lib/rustlib/x86_64-unknown-linux-gnu/lib/libaddr2line-27f05b3d42a66dd0.rlib" "/opt/rustwide/rustup-home/toolchains/beta-2023-04-20-x86_64-unknown-linux-gnu/lib/rustlib/x86_64-unknown-linux-gnu/lib/libgimli-4d73f1030321c9a2.rlib" "/opt/rustwide/rustup-home/toolchains/beta-2023-04-20-x86_64-unknown-linux-gnu/lib/rustlib/x86_64-unknown-linux-gnu/lib/librustc_demangle-2846c9e58abd0acb.rlib" "/opt/rustwide/rustup-home/toolchains/beta-2023-04-20-x86_64-unknown-linux-gnu/lib/rustlib/x86_64-unknown-linux-gnu/lib/libstd_detect-a53d0f50415947be.rlib" "/opt/rustwide/rustup-home/toolchains/beta-2023-04-20-x86_64-unknown-linux-gnu/lib/rustlib/x86_64-unknown-linux-gnu/lib/libhashbrown-d48e4b6abc25b9dc.rlib" "/opt/rustwide/rustup-home/toolchains/beta-2023-04-20-x86_64-unknown-linux-gnu/lib/rustlib/x86_64-unknown-linux-gnu/lib/libminiz_oxide-2991859439ef1207.rlib" "/opt/rustwide/rustup-home/toolchains/beta-2023-04-20-x86_64-unknown-linux-gnu/lib/rustlib/x86_64-unknown-linux-gnu/lib/libadler-8a687517e4221bae.rlib" "/opt/rustwide/rustup-home/toolchains/beta-2023-04-20-x86_64-unknown-linux-gnu/lib/rustlib/x86_64-unknown-linux-gnu/lib/librustc_std_workspace_alloc-e07b554f6a67f5b3.rlib" "/opt/rustwide/rustup-home/toolchains/beta-2023-04-20-x86_64-unknown-linux-gnu/lib/rustlib/x86_64-unknown-linux-gnu/lib/libunwind-b68238b7c3c619dd.rlib" "/opt/rustwide/rustup-home/toolchains/beta-2023-04-20-x86_64-unknown-linux-gnu/lib/rustlib/x86_64-unknown-linux-gnu/lib/libcfg_if-d5e213e896c017e4.rlib" "/opt/rustwide/rustup-home/toolchains/beta-2023-04-20-x86_64-unknown-linux-gnu/lib/rustlib/x86_64-unknown-linux-gnu/lib/liblibc-0211a3b2e61d8689.rlib" "/opt/rustwide/rustup-home/toolchains/beta-2023-04-20-x86_64-unknown-linux-gnu/lib/rustlib/x86_64-unknown-linux-gnu/lib/liballoc-b371f055239ba51f.rlib" "/opt/rustwide/rustup-home/toolchains/beta-2023-04-20-x86_64-unknown-linux-gnu/lib/rustlib/x86_64-unknown-linux-gnu/lib/librustc_std_workspace_core-e60518d2760eb01e.rlib" "/opt/rustwide/rustup-home/toolchains/beta-2023-04-20-x86_64-unknown-linux-gnu/lib/rustlib/x86_64-unknown-linux-gnu/lib/libcore-1ad943f92a4b1081.rlib" "/opt/rustwide/rustup-home/toolchains/beta-2023-04-20-x86_64-unknown-linux-gnu/lib/rustlib/x86_64-unknown-linux-gnu/lib/libcompiler_builtins-f0d6e4d0fc1e80b4.rlib" "-Wl,-Bdynamic" "-lgcc_s" "-lutil" "-lrt" "-lpthread" "-lm" "-ldl" "-lc" "-Wl,--eh-frame-hdr" "-Wl,-z,noexecstack" "-L" "/opt/rustwide/rustup-home/toolchains/beta-2023-04-20-x86_64-unknown-linux-gnu/lib/rustlib/x86_64-unknown-linux-gnu/lib" "-o" "/opt/rustwide/target/debug/deps/libbevy_reflect_derive-cbdd8d9bfb631910.so" "-Wl,--gc-sections" "-shared" "-Wl,-z,relro,-z,now" "-nodefaultlibs"
[INFO] [stdout]   = note: /usr/bin/ld: final link failed: No space left on device
[INFO] [stdout]           collect2: error: ld returned 1 exit status
[INFO] [stdout]           
[INFO] [stdout] 
[INFO] [stdout] 
[INFO] [stdout] error: linking with `cc` failed: exit status: 1
[INFO] [stdout]   |
[INFO] [stdout]   = note: LC_ALL="C" PATH="/opt/rustwide/rustup-home/toolchains/beta-2023-04-20-x86_64-unknown-linux-gnu/lib/rustlib/x86_64-unknown-linux-gnu/bin:/opt/rustwide/cargo-home/bin:/usr/local/sbin:/usr/local/bin:/usr/sbin:/usr/bin:/sbin:/bin" VSLANG="1033" "cc" "-Wl,--version-script=/tmp/rustcBHv64n/list" "-Wl,--no-undefined-version" "-m64" "/tmp/rustcBHv64n/symbols.o" "/opt/rustwide/target/debug/deps/bevy_ecs_macros-7438b948e3e82a5d.bevy_ecs_macros.36a5d5eb-cgu.0.rcgu.o" "/opt/rustwide/target/debug/deps/bevy_ecs_macros-7438b948e3e82a5d.bevy_ecs_macros.36a5d5eb-cgu.1.rcgu.o" "/opt/rustwide/target/debug/deps/bevy_ecs_macros-7438b948e3e82a5d.bevy_ecs_macros.36a5d5eb-cgu.10.rcgu.o" "/opt/rustwide/target/debug/deps/bevy_ecs_macros-7438b948e3e82a5d.bevy_ecs_macros.36a5d5eb-cgu.11.rcgu.o" "/opt/rustwide/target/debug/deps/bevy_ecs_macros-7438b948e3e82a5d.bevy_ecs_macros.36a5d5eb-cgu.12.rcgu.o" "/opt/rustwide/target/debug/deps/bevy_ecs_macros-7438b948e3e82a5d.bevy_ecs_macros.36a5d5eb-cgu.13.rcgu.o" "/opt/rustwide/target/debug/deps/bevy_ecs_macros-7438b948e3e82a5d.bevy_ecs_macros.36a5d5eb-cgu.14.rcgu.o" "/opt/rustwide/target/debug/deps/bevy_ecs_macros-7438b948e3e82a5d.bevy_ecs_macros.36a5d5eb-cgu.15.rcgu.o" "/opt/rustwide/target/debug/deps/bevy_ecs_macros-7438b948e3e82a5d.bevy_ecs_macros.36a5d5eb-cgu.2.rcgu.o" "/opt/rustwide/target/debug/deps/bevy_ecs_macros-7438b948e3e82a5d.bevy_ecs_macros.36a5d5eb-cgu.3.rcgu.o" "/opt/rustwide/target/debug/deps/bevy_ecs_macros-7438b948e3e82a5d.bevy_ecs_macros.36a5d5eb-cgu.4.rcgu.o" "/opt/rustwide/target/debug/deps/bevy_ecs_macros-7438b948e3e82a5d.bevy_ecs_macros.36a5d5eb-cgu.5.rcgu.o" "/opt/rustwide/target/debug/deps/bevy_ecs_macros-7438b948e3e82a5d.bevy_ecs_macros.36a5d5eb-cgu.6.rcgu.o" "/opt/rustwide/target/debug/deps/bevy_ecs_macros-7438b948e3e82a5d.bevy_ecs_macros.36a5d5eb-cgu.7.rcgu.o" "/opt/rustwide/target/debug/deps/bevy_ecs_macros-7438b948e3e82a5d.bevy_ecs_macros.36a5d5eb-cgu.8.rcgu.o" "/opt/rustwide/target/debug/deps/bevy_ecs_macros-7438b948e3e82a5d.bevy_ecs_macros.36a5d5eb-cgu.9.rcgu.o" "/opt/rustwide/target/debug/deps/bevy_ecs_macros-7438b948e3e82a5d.5kecxza5t5ylf9h.rcgu.rmeta" "/opt/rustwide/target/debug/deps/bevy_ecs_macros-7438b948e3e82a5d.2uq8qkszm4cfal5e.rcgu.o" "-Wl,--as-needed" "-L" "/opt/rustwide/target/debug/deps" "-L" "/opt/rustwide/rustup-home/toolchains/beta-2023-04-20-x86_64-unknown-linux-gnu/lib/rustlib/x86_64-unknown-linux-gnu/lib" "-Wl,-Bstatic" "/opt/rustwide/target/debug/deps/libbevy_macro_utils-86e713abce0294f4.rlib" "/opt/rustwide/target/debug/deps/libsyn-bfd97be97164b1ae.rlib" "/opt/rustwide/target/debug/deps/libquote-7accb961f7038651.rlib" "/opt/rustwide/target/debug/deps/libproc_macro2-c806839684a441d9.rlib" "/opt/rustwide/target/debug/deps/libunicode_xid-fb78da16da33d955.rlib" "/opt/rustwide/target/debug/deps/libcargo_manifest-1f51838f0abf22fe.rlib" "/opt/rustwide/target/debug/deps/libtoml-19def84b4ef2caa4.rlib" "/opt/rustwide/target/debug/deps/libindexmap-1c5d003c5670c2a2.rlib" "/opt/rustwide/target/debug/deps/libhashbrown-d915ac3443ec97a3.rlib" "/opt/rustwide/target/debug/deps/libahash-a28cf5154aceefb7.rlib" "/opt/rustwide/target/debug/deps/libserde-c1d0e7e837858d5e.rlib" "/opt/rustwide/rustup-home/toolchains/beta-2023-04-20-x86_64-unknown-linux-gnu/lib/rustlib/x86_64-unknown-linux-gnu/lib/libproc_macro-4ae0b5c8ec17d92d.rlib" "/opt/rustwide/rustup-home/toolchains/beta-2023-04-20-x86_64-unknown-linux-gnu/lib/rustlib/x86_64-unknown-linux-gnu/lib/libstd-0e29cc23c5e02021.rlib" "/opt/rustwide/rustup-home/toolchains/beta-2023-04-20-x86_64-unknown-linux-gnu/lib/rustlib/x86_64-unknown-linux-gnu/lib/libpanic_unwind-d903621768a861d9.rlib" "/opt/rustwide/rustup-home/toolchains/beta-2023-04-20-x86_64-unknown-linux-gnu/lib/rustlib/x86_64-unknown-linux-gnu/lib/libobject-6d0225e655f31c13.rlib" "/opt/rustwide/rustup-home/toolchains/beta-2023-04-20-x86_64-unknown-linux-gnu/lib/rustlib/x86_64-unknown-linux-gnu/lib/libmemchr-9dbaf4eac7eaa079.rlib" "/opt/rustwide/rustup-home/toolchains/beta-2023-04-20-x86_64-unknown-linux-gnu/lib/rustlib/x86_64-unknown-linux-gnu/lib/libaddr2line-27f05b3d42a66dd0.rlib" "/opt/rustwide/rustup-home/toolchains/beta-2023-04-20-x86_64-unknown-linux-gnu/lib/rustlib/x86_64-unknown-linux-gnu/lib/libgimli-4d73f1030321c9a2.rlib" "/opt/rustwide/rustup-home/toolchains/beta-2023-04-20-x86_64-unknown-linux-gnu/lib/rustlib/x86_64-unknown-linux-gnu/lib/librustc_demangle-2846c9e58abd0acb.rlib" "/opt/rustwide/rustup-home/toolchains/beta-2023-04-20-x86_64-unknown-linux-gnu/lib/rustlib/x86_64-unknown-linux-gnu/lib/libstd_detect-a53d0f50415947be.rlib" "/opt/rustwide/rustup-home/toolchains/beta-2023-04-20-x86_64-unknown-linux-gnu/lib/rustlib/x86_64-unknown-linux-gnu/lib/libhashbrown-d48e4b6abc25b9dc.rlib" "/opt/rustwide/rustup-home/toolchains/beta-2023-04-20-x86_64-unknown-linux-gnu/lib/rustlib/x86_64-unknown-linux-gnu/lib/libminiz_oxide-2991859439ef1207.rlib" "/opt/rustwide/rustup-home/toolchains/beta-2023-04-20-x86_64-unknown-linux-gnu/lib/rustlib/x86_64-unknown-linux-gnu/lib/libadler-8a687517e4221bae.rlib" "/opt/rustwide/rustup-home/toolchains/beta-2023-04-20-x86_64-unknown-linux-gnu/lib/rustlib/x86_64-unknown-linux-gnu/lib/librustc_std_workspace_alloc-e07b554f6a67f5b3.rlib" "/opt/rustwide/rustup-home/toolchains/beta-2023-04-20-x86_64-unknown-linux-gnu/lib/rustlib/x86_64-unknown-linux-gnu/lib/libunwind-b68238b7c3c619dd.rlib" "/opt/rustwide/rustup-home/toolchains/beta-2023-04-20-x86_64-unknown-linux-gnu/lib/rustlib/x86_64-unknown-linux-gnu/lib/libcfg_if-d5e213e896c017e4.rlib" "/opt/rustwide/rustup-home/toolchains/beta-2023-04-20-x86_64-unknown-linux-gnu/lib/rustlib/x86_64-unknown-linux-gnu/lib/liblibc-0211a3b2e61d8689.rlib" "/opt/rustwide/rustup-home/toolchains/beta-2023-04-20-x86_64-unknown-linux-gnu/lib/rustlib/x86_64-unknown-linux-gnu/lib/liballoc-b371f055239ba51f.rlib" "/opt/rustwide/rustup-home/toolchains/beta-2023-04-20-x86_64-unknown-linux-gnu/lib/rustlib/x86_64-unknown-linux-gnu/lib/librustc_std_workspace_core-e60518d2760eb01e.rlib" "/opt/rustwide/rustup-home/toolchains/beta-2023-04-20-x86_64-unknown-linux-gnu/lib/rustlib/x86_64-unknown-linux-gnu/lib/libcore-1ad943f92a4b1081.rlib" "/opt/rustwide/rustup-home/toolchains/beta-2023-04-20-x86_64-unknown-linux-gnu/lib/rustlib/x86_64-unknown-linux-gnu/lib/libcompiler_builtins-f0d6e4d0fc1e80b4.rlib" "-Wl,-Bdynamic" "-lgcc_s" "-lutil" "-lrt" "-lpthread" "-lm" "-ldl" "-lc" "-Wl,--eh-frame-hdr" "-Wl,-z,noexecstack" "-L" "/opt/rustwide/rustup-home/toolchains/beta-2023-04-20-x86_64-unknown-linux-gnu/lib/rustlib/x86_64-unknown-linux-gnu/lib" "-o" "/opt/rustwide/target/debug/deps/libbevy_ecs_macros-7438b948e3e82a5d.so" "-Wl,--gc-sections" "-shared" "-Wl,-z,relro,-z,now" "-nodefaultlibs"
[INFO] [stdout]   = note: /usr/bin/ld: final link failed: No space left on device
[INFO] [stdout]           collect2: error: ld returned 1 exit status
[INFO] [stdout]           
[INFO] [stdout] 
[INFO] [stdout] 
[INFO] [stdout] error: aborting due to previous error
[INFO] [stdout] 
[INFO] [stdout] 
[INFO] [stdout] error: aborting due to previous error
[INFO] [stdout] 
[INFO] [stdout] 
[INFO] [stdout] error: aborting due to previous error
[INFO] [stdout] 
[INFO] [stdout] 
[INFO] [stdout] For more information about this error, try `rustc --explain E0597`.
[INFO] [stdout] 
[INFO] [stderr] error: could not compile `bevy_reflect_derive` (lib) due to 2 previous errors
[INFO] [stderr] error: could not compile `bevy_ecs_macros` (lib) due to 2 previous errors
[INFO] [stderr] error: could not compile `wgpu-core` (lib) due to 2 previous errors
[INFO] [stderr] error: could not compile `gltf-json` (lib)
[INFO] running `Command { std: "docker" "inspect" "13f353241eddb97f2a68650a426bcf82e6b57cf6cc550bf05ac7abb0cb3c73ea", kill_on_drop: false }`
[INFO] running `Command { std: "docker" "rm" "-f" "13f353241eddb97f2a68650a426bcf82e6b57cf6cc550bf05ac7abb0cb3c73ea", kill_on_drop: false }`
[INFO] [stdout] 13f353241eddb97f2a68650a426bcf82e6b57cf6cc550bf05ac7abb0cb3c73ea
