[INFO] cloning repository https://github.com/aeolwyr/tergent
[INFO] running `Command { std: "git" "-c" "credential.helper=" "-c" "credential.helper=/workspace/cargo-home/bin/git-credential-null" "clone" "--bare" "https://github.com/aeolwyr/tergent" "/workspace/cache/git-repos/https%3A%2F%2Fgithub.com%2Faeolwyr%2Ftergent", kill_on_drop: false }`
[INFO] [stderr] Cloning into bare repository '/workspace/cache/git-repos/https%3A%2F%2Fgithub.com%2Faeolwyr%2Ftergent'...
[INFO] running `Command { std: "git" "rev-parse" "HEAD", kill_on_drop: false }`
[INFO] [stdout] d4b25663d773572c0052071f54f9577741672238
[INFO] testing aeolwyr/tergent against beta-2023-04-20 for beta-1.70-1
[INFO] running `Command { std: "git" "clone" "/workspace/cache/git-repos/https%3A%2F%2Fgithub.com%2Faeolwyr%2Ftergent" "/workspace/builds/worker-2-tc2/source", kill_on_drop: false }`
[INFO] [stderr] Cloning into '/workspace/builds/worker-2-tc2/source'...
[INFO] [stderr] done.
[INFO] validating manifest of git repo https://github.com/aeolwyr/tergent on toolchain beta-2023-04-20
[INFO] running `Command { std: CARGO_HOME="/workspace/cargo-home" RUSTUP_HOME="/workspace/rustup-home" "/workspace/cargo-home/bin/cargo" "+beta-2023-04-20" "metadata" "--manifest-path" "Cargo.toml" "--no-deps", kill_on_drop: false }`
[INFO] started tweaking git repo https://github.com/aeolwyr/tergent
[INFO] finished tweaking git repo https://github.com/aeolwyr/tergent
[INFO] tweaked toml for git repo https://github.com/aeolwyr/tergent written to /workspace/builds/worker-2-tc2/source/Cargo.toml
[INFO] crate git repo https://github.com/aeolwyr/tergent already has a lockfile, it will not be regenerated
[INFO] running `Command { std: CARGO_HOME="/workspace/cargo-home" RUSTUP_HOME="/workspace/rustup-home" "/workspace/cargo-home/bin/cargo" "+beta-2023-04-20" "fetch" "--manifest-path" "Cargo.toml", kill_on_drop: false }`
[INFO] [stderr]  Downloading crates ...
[INFO] [stderr]   Downloaded num-derive v0.3.1
[INFO] running `Command { std: "docker" "create" "-v" "/var/lib/crater-agent-workspace/builds/worker-2-tc2/target:/opt/rustwide/target:rw,Z" "-v" "/var/lib/crater-agent-workspace/builds/worker-2-tc2/source:/opt/rustwide/workdir:ro,Z" "-v" "/var/lib/crater-agent-workspace/cargo-home:/opt/rustwide/cargo-home:ro,Z" "-v" "/var/lib/crater-agent-workspace/rustup-home:/opt/rustwide/rustup-home:ro,Z" "-e" "SOURCE_DIR=/opt/rustwide/workdir" "-e" "CARGO_TARGET_DIR=/opt/rustwide/target" "-e" "CARGO_HOME=/opt/rustwide/cargo-home" "-e" "RUSTUP_HOME=/opt/rustwide/rustup-home" "-w" "/opt/rustwide/workdir" "-m" "1610612736" "--user" "0:0" "--network" "none" "ghcr.io/rust-lang/crates-build-env/linux@sha256:5ff2268d62e97bff2cde7d5815dd6ed5b47097566f13b8d0ca110b04b60e07ed" "/opt/rustwide/cargo-home/bin/cargo" "+beta-2023-04-20" "metadata" "--no-deps" "--format-version=1", kill_on_drop: false }`
[INFO] [stdout] 933452d7d36d11881866708b3b63a156c74454801acf261d51d50ca43dd5eb76
[INFO] running `Command { std: "docker" "start" "-a" "933452d7d36d11881866708b3b63a156c74454801acf261d51d50ca43dd5eb76", kill_on_drop: false }`
[INFO] running `Command { std: "docker" "inspect" "933452d7d36d11881866708b3b63a156c74454801acf261d51d50ca43dd5eb76", kill_on_drop: false }`
[INFO] running `Command { std: "docker" "rm" "-f" "933452d7d36d11881866708b3b63a156c74454801acf261d51d50ca43dd5eb76", kill_on_drop: false }`
[INFO] [stdout] 933452d7d36d11881866708b3b63a156c74454801acf261d51d50ca43dd5eb76
[INFO] running `Command { std: "docker" "create" "-v" "/var/lib/crater-agent-workspace/builds/worker-2-tc2/target:/opt/rustwide/target:rw,Z" "-v" "/var/lib/crater-agent-workspace/builds/worker-2-tc2/source:/opt/rustwide/workdir:ro,Z" "-v" "/var/lib/crater-agent-workspace/cargo-home:/opt/rustwide/cargo-home:ro,Z" "-v" "/var/lib/crater-agent-workspace/rustup-home:/opt/rustwide/rustup-home:ro,Z" "-e" "SOURCE_DIR=/opt/rustwide/workdir" "-e" "CARGO_TARGET_DIR=/opt/rustwide/target" "-e" "CARGO_INCREMENTAL=0" "-e" "RUST_BACKTRACE=full" "-e" "RUSTFLAGS=--cap-lints=warn" "-e" "RUSTDOCFLAGS=--cap-lints=warn" "-e" "CARGO_HOME=/opt/rustwide/cargo-home" "-e" "RUSTUP_HOME=/opt/rustwide/rustup-home" "-w" "/opt/rustwide/workdir" "-m" "1610612736" "--user" "0:0" "--network" "none" "ghcr.io/rust-lang/crates-build-env/linux@sha256:5ff2268d62e97bff2cde7d5815dd6ed5b47097566f13b8d0ca110b04b60e07ed" "/opt/rustwide/cargo-home/bin/cargo" "+beta-2023-04-20" "build" "--frozen" "--message-format=json", kill_on_drop: false }`
[INFO] [stdout] db72159c191c0557471c326885b653b26ab1dc5231ef9fef519d06f4e5d6ab34
[INFO] running `Command { std: "docker" "start" "-a" "db72159c191c0557471c326885b653b26ab1dc5231ef9fef519d06f4e5d6ab34", kill_on_drop: false }`
[INFO] [stderr]    Compiling autocfg v1.0.0
[INFO] [stderr]    Compiling libc v0.2.74
[INFO] [stderr]    Compiling getrandom v0.1.14
[INFO] [stderr]    Compiling cfg-if v0.1.10
[INFO] [stderr]    Compiling proc-macro2 v1.0.19
[INFO] [stderr]    Compiling unicode-xid v0.2.1
[INFO] [stderr]    Compiling ppv-lite86 v0.2.8
[INFO] [stderr]    Compiling serde v1.0.114
[INFO] [stderr]    Compiling ryu v1.0.5
[INFO] [stderr]    Compiling syn v1.0.38
[INFO] [stderr]    Compiling bitflags v1.2.1
[INFO] [stderr]    Compiling serde_json v1.0.57
[INFO] [stderr]    Compiling nix v0.18.0
[INFO] [stderr]    Compiling itoa v0.4.6
[INFO] [stderr]    Compiling once_cell v1.4.0
[INFO] [stderr]    Compiling hex v0.4.2
[INFO] [stderr]    Compiling base64 v0.12.3
[INFO] [stderr] LLVM ERROR: IO failure on output stream: No space left on device
[INFO] [stderr] LLVM ERROR: IO failure on output stream: No space left on device
[INFO] [stderr] LLVM ERROR: IO failure on output stream: No space left on device
[INFO] [stderr] LLVM ERROR: IO failure on output stream: No space left on device
[INFO] [stderr] LLVM ERROR: IO failure on output stream: No space left on device
[INFO] [stderr] LLVM ERROR: IO failure on output stream: No space left on device
[INFO] [stderr] LLVM ERROR: IO failure on output stream: No space left on device
[INFO] [stdout] error: failed to write /tmp/rustcHm970I/lib.rmeta: No space left on device (os error 28)
[INFO] [stdout] 
[INFO] [stdout] 
[INFO] [stderr] error: could not compile `nix` (build script)
[INFO] [stderr] warning: build failed, waiting for other jobs to finish...
[INFO] [stderr] error: could not compile `syn` (build script)
[INFO] [stderr] error: could not compile `serde_json` (build script)
[INFO] [stderr] error: could not compile `ryu` (build script)
[INFO] [stderr] error: could not compile `unicode-xid` (lib) due to previous error
[INFO] [stderr] error: could not compile `getrandom` (build script)
[INFO] [stderr] error: could not compile `serde` (build script)
[INFO] [stderr] error: could not compile `libc` (build script)
[INFO] [stderr] thread 'rustc' panicked at 'assertion failed: pos.get() <= self.position()', compiler/rustc_metadata/src/rmeta/encoder.rs:433:9
[INFO] [stderr] LLVM ERROR: IO failure on output stream: No space left on device
[INFO] [stderr] LLVM ERROR: IO failure on output stream: No space left on device
[INFO] [stdout] error: couldn't create a temp dir: No space left on device (os error 28) at path "/opt/rustwide/target/debug/deps/rmetaFzWpgb"
[INFO] [stdout] 
[INFO] [stdout] 
[INFO] [stderr] error: could not compile `bitflags` (build script)
[INFO] [stderr] error: could not compile `proc-macro2` (build script)
[INFO] [stderr] error: could not compile `autocfg` (lib) due to previous error
[INFO] [stdout] error: couldn't create a temp dir: No space left on device (os error 28) at path "/opt/rustwide/target/debug/deps/rmetaIRqCzZ"
[INFO] [stdout] 
[INFO] [stdout] 
[INFO] [stderr] error: could not compile `once_cell` (lib) due to previous error
[INFO] [stderr] error: could not compile `itoa` (lib)
[INFO] [stderr] thread 'rustc' panicked at 'assertion failed: pos.get() <= self.position()', compiler/rustc_metadata/src/rmeta/encoder.rs:433:9
[INFO] [stdout] error: couldn't create a temp dir: No space left on device (os error 28) at path "/opt/rustwide/target/debug/deps/rmetarMEuQZ"
[INFO] [stdout] 
[INFO] [stdout] 
[INFO] [stderr] error: could not compile `base64` (lib) due to previous error
[INFO] [stderr] error: could not compile `hex` (lib)
[INFO] [stderr] thread 'rustc' panicked at 'assertion failed: pos.get() <= self.position()', compiler/rustc_metadata/src/rmeta/encoder.rs:433:9
[INFO] [stderr] error: could not compile `ppv-lite86` (lib)
[INFO] running `Command { std: "docker" "inspect" "db72159c191c0557471c326885b653b26ab1dc5231ef9fef519d06f4e5d6ab34", kill_on_drop: false }`
[INFO] running `Command { std: "docker" "rm" "-f" "db72159c191c0557471c326885b653b26ab1dc5231ef9fef519d06f4e5d6ab34", kill_on_drop: false }`
[INFO] [stdout] db72159c191c0557471c326885b653b26ab1dc5231ef9fef519d06f4e5d6ab34
