[INFO] cloning repository https://github.com/adelcsc/AutoParts
[INFO] running `Command { std: "git" "-c" "credential.helper=" "-c" "credential.helper=/workspace/cargo-home/bin/git-credential-null" "clone" "--bare" "https://github.com/adelcsc/AutoParts" "/workspace/cache/git-repos/https%3A%2F%2Fgithub.com%2Fadelcsc%2FAutoParts", kill_on_drop: false }`
[INFO] [stderr] Cloning into bare repository '/workspace/cache/git-repos/https%3A%2F%2Fgithub.com%2Fadelcsc%2FAutoParts'...
[INFO] running `Command { std: "git" "rev-parse" "HEAD", kill_on_drop: false }`
[INFO] [stdout] b15dc51a46014d54e04abe44324d27f080f69ac0
[INFO] testing adelcsc/AutoParts against beta-2023-04-20 for beta-1.70-1
[INFO] running `Command { std: "git" "clone" "/workspace/cache/git-repos/https%3A%2F%2Fgithub.com%2Fadelcsc%2FAutoParts" "/workspace/builds/worker-0-tc2/source", kill_on_drop: false }`
[INFO] [stderr] Cloning into '/workspace/builds/worker-0-tc2/source'...
[INFO] [stderr] done.
[INFO] validating manifest of git repo https://github.com/adelcsc/AutoParts on toolchain beta-2023-04-20
[INFO] running `Command { std: CARGO_HOME="/workspace/cargo-home" RUSTUP_HOME="/workspace/rustup-home" "/workspace/cargo-home/bin/cargo" "+beta-2023-04-20" "metadata" "--manifest-path" "Cargo.toml" "--no-deps", kill_on_drop: false }`
[INFO] started tweaking git repo https://github.com/adelcsc/AutoParts
[INFO] finished tweaking git repo https://github.com/adelcsc/AutoParts
[INFO] tweaked toml for git repo https://github.com/adelcsc/AutoParts written to /workspace/builds/worker-0-tc2/source/Cargo.toml
[INFO] crate git repo https://github.com/adelcsc/AutoParts already has a lockfile, it will not be regenerated
[INFO] running `Command { std: CARGO_HOME="/workspace/cargo-home" RUSTUP_HOME="/workspace/rustup-home" "/workspace/cargo-home/bin/cargo" "+beta-2023-04-20" "fetch" "--manifest-path" "Cargo.toml", kill_on_drop: false }`
[INFO] [stderr]  Downloading crates ...
[INFO] [stderr]   Downloaded actix-rt v2.5.0
[INFO] [stderr]   Downloaded zstd v0.9.1+zstd.1.5.1
[INFO] [stderr]   Downloaded zstd-safe v4.1.2+zstd.1.5.1
[INFO] [stderr]   Downloaded actix v0.12.0
[INFO] [stderr]   Downloaded sea-query v0.20.0
[INFO] [stderr]   Downloaded actix-http v3.0.0-beta.18
[INFO] [stderr]   Downloaded rust_decimal v1.19.0
[INFO] [stderr]   Downloaded actix-web-actors v4.0.0-beta.10
[INFO] [stderr]   Downloaded actix-web v4.0.0-beta.19
[INFO] [stderr]   Downloaded actix-codec v0.4.1
[INFO] [stderr]   Downloaded ouroboros_macro v0.14.0
[INFO] [stderr]   Downloaded ouroboros v0.14.0
[INFO] [stderr]   Downloaded async-graphql-value v3.0.20
[INFO] [stderr]   Downloaded async-graphql-actix-web v3.0.20
[INFO] [stderr]   Downloaded sea-orm-macros v0.5.0
[INFO] [stderr]   Downloaded async-graphql-parser v3.0.20
[INFO] [stderr]   Downloaded jsonwebtoken v8.0.0-beta.7
[INFO] [stderr]   Downloaded actix-server v2.0.0-rc.3
[INFO] [stderr]   Downloaded async-graphql-derive v3.0.20
[INFO] [stderr]   Downloaded async-graphql v3.0.20
[INFO] [stderr]   Downloaded sea-orm v0.5.0
[INFO] running `Command { std: "docker" "create" "-v" "/var/lib/crater-agent-workspace/builds/worker-0-tc2/target:/opt/rustwide/target:rw,Z" "-v" "/var/lib/crater-agent-workspace/builds/worker-0-tc2/source:/opt/rustwide/workdir:ro,Z" "-v" "/var/lib/crater-agent-workspace/cargo-home:/opt/rustwide/cargo-home:ro,Z" "-v" "/var/lib/crater-agent-workspace/rustup-home:/opt/rustwide/rustup-home:ro,Z" "-e" "SOURCE_DIR=/opt/rustwide/workdir" "-e" "CARGO_TARGET_DIR=/opt/rustwide/target" "-e" "CARGO_HOME=/opt/rustwide/cargo-home" "-e" "RUSTUP_HOME=/opt/rustwide/rustup-home" "-w" "/opt/rustwide/workdir" "-m" "1610612736" "--user" "0:0" "--network" "none" "ghcr.io/rust-lang/crates-build-env/linux@sha256:5ff2268d62e97bff2cde7d5815dd6ed5b47097566f13b8d0ca110b04b60e07ed" "/opt/rustwide/cargo-home/bin/cargo" "+beta-2023-04-20" "metadata" "--no-deps" "--format-version=1", kill_on_drop: false }`
[INFO] [stdout] c5acb2e41325e14b9f919b0cf13b724b6d81aea1d68821d00ffa9532fcc0f25a
[INFO] running `Command { std: "docker" "start" "-a" "c5acb2e41325e14b9f919b0cf13b724b6d81aea1d68821d00ffa9532fcc0f25a", kill_on_drop: false }`
[INFO] running `Command { std: "docker" "inspect" "c5acb2e41325e14b9f919b0cf13b724b6d81aea1d68821d00ffa9532fcc0f25a", kill_on_drop: false }`
[INFO] running `Command { std: "docker" "rm" "-f" "c5acb2e41325e14b9f919b0cf13b724b6d81aea1d68821d00ffa9532fcc0f25a", kill_on_drop: false }`
[INFO] [stdout] c5acb2e41325e14b9f919b0cf13b724b6d81aea1d68821d00ffa9532fcc0f25a
[INFO] running `Command { std: "docker" "create" "-v" "/var/lib/crater-agent-workspace/builds/worker-0-tc2/target:/opt/rustwide/target:rw,Z" "-v" "/var/lib/crater-agent-workspace/builds/worker-0-tc2/source:/opt/rustwide/workdir:ro,Z" "-v" "/var/lib/crater-agent-workspace/cargo-home:/opt/rustwide/cargo-home:ro,Z" "-v" "/var/lib/crater-agent-workspace/rustup-home:/opt/rustwide/rustup-home:ro,Z" "-e" "SOURCE_DIR=/opt/rustwide/workdir" "-e" "CARGO_TARGET_DIR=/opt/rustwide/target" "-e" "CARGO_INCREMENTAL=0" "-e" "RUST_BACKTRACE=full" "-e" "RUSTFLAGS=--cap-lints=warn" "-e" "RUSTDOCFLAGS=--cap-lints=warn" "-e" "CARGO_HOME=/opt/rustwide/cargo-home" "-e" "RUSTUP_HOME=/opt/rustwide/rustup-home" "-w" "/opt/rustwide/workdir" "-m" "1610612736" "--user" "0:0" "--network" "none" "ghcr.io/rust-lang/crates-build-env/linux@sha256:5ff2268d62e97bff2cde7d5815dd6ed5b47097566f13b8d0ca110b04b60e07ed" "/opt/rustwide/cargo-home/bin/cargo" "+beta-2023-04-20" "build" "--frozen" "--message-format=json", kill_on_drop: false }`
[INFO] [stdout] a32044a62bfb342d73e4c890d7c475eea4f1c37b7978cc636b8c4d4b3f4c3d7f
[INFO] running `Command { std: "docker" "start" "-a" "a32044a62bfb342d73e4c890d7c475eea4f1c37b7978cc636b8c4d4b3f4c3d7f", kill_on_drop: false }`
[INFO] [stderr]    Compiling libc v0.2.112
[INFO] [stderr]    Compiling proc-macro2 v1.0.34
[INFO] [stderr]    Compiling unicode-xid v0.2.2
[INFO] [stderr]    Compiling syn v1.0.83
[INFO] [stderr]    Compiling cfg-if v1.0.0
[INFO] [stderr]    Compiling version_check v0.9.3
[INFO] [stderr]    Compiling autocfg v1.0.1
[INFO] [stderr]    Compiling serde_derive v1.0.132
[INFO] [stderr]    Compiling serde v1.0.132
[INFO] [stderr]    Compiling once_cell v1.9.0
[INFO] [stderr]    Compiling memchr v2.4.1
[INFO] [stderr]    Compiling futures-core v0.3.19
[INFO] [stderr]    Compiling log v0.4.14
[INFO] [stderr]    Compiling pin-project-lite v0.2.7
[INFO] [stderr]    Compiling parking_lot_core v0.8.5
[INFO] [stderr]    Compiling smallvec v1.7.0
[INFO] [stderr]    Compiling instant v0.1.12
[INFO] [stderr]    Compiling scopeguard v1.1.0
[INFO] [stderr]    Compiling lazy_static v1.4.0
[INFO] [stderr]    Compiling lock_api v0.4.5
[INFO] [stderr]    Compiling typenum v1.14.0
[INFO] [stderr]    Compiling itoa v0.4.8
[INFO] [stderr]    Compiling itoa v1.0.1
[INFO] [stderr]    Compiling ryu v1.0.9
[INFO] [stderr]    Compiling futures-sink v0.3.19
[INFO] [stderr]    Compiling pin-utils v0.1.0
[INFO] [stderr]    Compiling ahash v0.7.6
[INFO] [stderr]    Compiling generic-array v0.14.4
[INFO] [stderr]    Compiling futures-task v0.3.19
[INFO] [stderr]    Compiling futures-channel v0.3.19
[INFO] [stderr]    Compiling pkg-config v0.3.24
[INFO] [stderr]    Compiling futures-util v0.3.19
[INFO] [stderr]    Compiling bitflags v1.3.2
[INFO] [stderr]    Compiling num-traits v0.2.14
[INFO] [stderr]    Compiling slab v0.4.5
[INFO] [stderr]    Compiling futures-io v0.3.19
[INFO] [stderr]    Compiling num-integer v0.1.44
[INFO] [stderr]    Compiling fnv v1.0.7
[INFO] [stderr]    Compiling regex-syntax v0.6.25
[INFO] [stderr]    Compiling indexmap v1.7.0
[INFO] [stderr]    Compiling percent-encoding v2.1.0
[INFO] [stderr]    Compiling serde_json v1.0.73
[INFO] [stderr]    Compiling ppv-lite86 v0.2.15
[INFO] [stderr]    Compiling aho-corasick v0.7.18
[INFO] [stderr]    Compiling tinyvec_macros v0.1.0
[INFO] [stderr]    Compiling quote v1.0.10
[INFO] [stderr]    Compiling tinyvec v1.5.1
[INFO] [stderr]    Compiling cpufeatures v0.2.1
[INFO] [stderr]    Compiling jobserver v0.1.24
[INFO] [stderr]    Compiling getrandom v0.2.3
[INFO] [stderr]    Compiling signal-hook-registry v1.4.0
[INFO] [stderr]    Compiling mio v0.7.14
[INFO] [stderr]    Compiling num_cpus v1.13.1
[INFO] [stderr]    Compiling cc v1.0.72
[INFO] [stderr]    Compiling parking_lot v0.11.2
[INFO] [stderr]    Compiling rand_core v0.6.3
[INFO] [stderr]    Compiling crossbeam-utils v0.8.5
[INFO] [stderr]    Compiling matches v0.1.9
[INFO] [stderr]    Compiling hashbrown v0.11.2
[INFO] [stderr]    Compiling rand_chacha v0.3.1
[INFO] [stderr]    Compiling unicode-normalization v0.1.19
[INFO] [stderr]    Compiling openssl v0.10.38
[INFO] [stderr]    Compiling unicode-bidi v0.3.7
[INFO] [stderr]    Compiling rand v0.8.4
[INFO] [stderr]    Compiling form_urlencoded v1.0.1
[INFO] [stderr]    Compiling native-tls v0.2.8
[INFO] [stderr]    Compiling unicode-segmentation v1.8.0
[INFO] [stderr]    Compiling openssl-probe v0.1.4
[INFO] [stderr]    Compiling ucd-trie v0.1.3
[INFO] [stderr]    Compiling crossbeam-channel v0.5.1
[INFO] [stderr]    Compiling nom v7.1.0
[INFO] [stderr]    Compiling pest v2.1.3
[INFO] [stderr]    Compiling proc-macro-error-attr v1.0.4
[INFO] [stderr]    Compiling idna v0.2.3
[INFO] [stderr]    Compiling regex v1.5.4
[INFO] [stderr]    Compiling httparse v1.5.1
[INFO] [stderr]    Compiling openssl-sys v0.9.72
[INFO] [stderr]    Compiling zstd-sys v1.6.2+zstd.1.5.1
[INFO] [stderr]    Compiling heck v0.3.3
[INFO] [stderr]    Compiling maplit v1.0.2
[INFO] [stderr]    Compiling encoding_rs v0.8.30
[INFO] [stderr]    Compiling quickcheck v1.0.3
[INFO] [stderr]    Compiling brotli-sys v0.3.2
[INFO] [stderr]    Compiling libsqlite3-sys v0.22.2
[INFO] [stderr]    Compiling block-buffer v0.9.0
[INFO] [stderr]    Compiling miniz_oxide v0.4.4
[INFO] [stderr]    Compiling num-bigint v0.3.3
[INFO] [stderr]    Compiling proc-macro-error v1.0.4
[INFO] [stderr]    Compiling tracing-core v0.1.21
[INFO] [stderr]    Compiling opaque-debug v0.3.0
[INFO] [stderr]    Compiling time-macros v0.2.3
[INFO] [stderr]    Compiling url v2.2.2
[INFO] [stderr]    Compiling pest_meta v2.1.3
[INFO] [stderr]    Compiling crossbeam-queue v0.3.2
[INFO] [stderr]    Compiling zstd-safe v4.1.2+zstd.1.5.1
[INFO] [stderr]    Compiling either v1.6.1
[INFO] [stderr]    Compiling arrayvec v0.7.2
[INFO] [stderr]    Compiling local-waker v0.1.2
[INFO] [stderr]    Compiling minimal-lexical v0.2.1
[INFO] [stderr]    Compiling crc32fast v1.3.0
[INFO] [stderr]    Compiling itertools v0.10.3
[INFO] [stderr]    Compiling Inflector v0.11.4
[INFO] [stderr]    Compiling crypto-common v0.1.1
[INFO] [stderr]    Compiling block-buffer v0.10.0
[INFO] [stderr]    Compiling crc-catalog v1.1.1
[INFO] [stderr]    Compiling mime v0.3.16
[INFO] [stderr]    Compiling adler v1.0.2
[INFO] [stderr]    Compiling time v0.3.5
[INFO] [stderr]    Compiling ident_case v1.0.1
[INFO] [stderr]    Compiling strsim v0.10.0
[INFO] [stderr]    Compiling paste v1.0.6
[INFO] [stderr]    Compiling base64 v0.13.0
[INFO] [stderr]    Compiling unicode_categories v0.1.1
[INFO] [stderr]    Compiling crc v2.1.0
[INFO] [stderr]    Compiling digest v0.10.1
[INFO] [stderr]    Compiling pest_generator v2.1.3
[INFO] [stderr]    Compiling darling_core v0.13.1
[INFO] [stderr]    Compiling actix-utils v3.0.0
[INFO] [stderr]    Compiling stringprep v0.1.2
[INFO] [stderr]    Compiling digest v0.9.0
[INFO] [stderr]    Compiling atoi v0.4.0
[INFO] [stderr]    Compiling actix-service v2.0.2
[INFO] [stderr]    Compiling futures-intrusive v0.4.0
[INFO] [stderr]    Compiling time v0.1.43
[INFO] [stderr]    Compiling cookie v0.16.0
[INFO] [stderr]    Compiling sqlformat v0.1.8
[INFO] [stderr]    Compiling hex v0.4.3
[INFO] [stderr]    Compiling byteorder v1.4.3
[INFO] [stderr]    Compiling async-trait v0.1.52
[INFO] [stderr]    Compiling convert_case v0.4.0
[INFO] [stderr]    Compiling firestorm v0.5.0
[INFO] [stderr]    Compiling rustversion v1.0.6
[INFO] [stderr]    Compiling whoami v1.2.1
[INFO] [stderr]    Compiling sha2 v0.9.8
[INFO] [stderr]    Compiling flate2 v1.0.22
[INFO] [stderr]    Compiling sha-1 v0.10.0
[INFO] [stderr]    Compiling hashlink v0.7.0
[INFO] [stderr]    Compiling chrono v0.4.19
[INFO] [stderr]    Compiling socket2 v0.4.2
[INFO] [stderr]    Compiling mio v0.8.0
[INFO] [stderr]    Compiling num-bigint v0.4.3
[INFO] [stderr]    Compiling multer v2.0.2
[INFO] [stderr]    Compiling uuid v0.8.2
[INFO] [stderr]    Compiling httpdate v1.0.2
[INFO] [stderr]    Compiling language-tags v0.3.2
[INFO] [stderr]    Compiling ring v0.16.20
[INFO] [stderr]    Compiling ascii_utils v0.9.3
[INFO] [stderr]    Compiling remove_dir_all v0.5.3
[INFO] [stderr]    Compiling cache-padded v1.2.0
[INFO] [stderr]    Compiling spin v0.9.2
[INFO] [stderr]    Compiling dotenv v0.15.0
[INFO] [stderr]    Compiling tempfile v3.2.0
[INFO] [stderr]    Compiling fast_chemail v0.9.6
[INFO] [stderr]    Compiling concurrent-queue v1.2.2
[INFO] [stderr]    Compiling lru v0.7.2
[INFO] [stderr]    Compiling event-listener v2.5.1
[INFO] [stderr]    Compiling aliasable v0.1.3
[INFO] [stderr]    Compiling futures-timer v3.0.2
[INFO] [stderr]    Compiling futures-macro v0.3.19
[INFO] [stderr]    Compiling thiserror-impl v1.0.30
[INFO] [stderr]    Compiling actix-macros v0.2.3
[INFO] [stderr]    Compiling tracing-attributes v0.1.18
[INFO] [stderr]    Compiling pest_derive v2.1.0
[INFO] [stderr]    Compiling async-stream-impl v0.3.2
[INFO] [stderr]    Compiling derive_more v0.99.17
[INFO] [stderr]    Compiling darling_macro v0.13.1
[INFO] [stderr]    Compiling actix_derive v0.6.0
[INFO] [stderr]    Compiling sea-strum_macros v0.23.0
[INFO] [stderr]    Compiling ouroboros_macro v0.14.0
[INFO] [stderr]    Compiling bae v0.1.7
[INFO] [stderr]    Compiling untrusted v0.7.1
[INFO] [stderr]    Compiling stable_deref_trait v1.2.0
[INFO] [stderr]    Compiling static_assertions v1.1.0
[INFO] [stderr]    Compiling spin v0.5.2
[INFO] [stderr]    Compiling async-channel v1.6.1
[INFO] [stderr]    Compiling async-stream v0.3.2
[INFO] [stderr]    Compiling pem v1.0.1
[INFO] [stderr]    Compiling darling v0.13.1
[INFO] [stderr]    Compiling tracing v0.1.29
[INFO] [stderr]    Compiling sea-orm-macros v0.5.0
[INFO] [stderr]    Compiling thiserror v1.0.30
[INFO] [stderr]    Compiling simple_asn1 v0.6.1
[INFO] [stderr]    Compiling sea-query-derive v0.2.0
[INFO] [stderr]    Compiling sea-strum v0.23.0
[INFO] [stderr]    Compiling ouroboros v0.14.0
[INFO] [stderr]    Compiling local-channel v0.1.2
[INFO] [stderr]    Compiling futures-executor v0.3.19
[INFO] [stderr]    Compiling futures v0.3.19
[INFO] [stderr]    Compiling brotli2 v0.3.2
[INFO] [stderr]    Compiling bytes v1.1.0
[INFO] [stderr]    Compiling rust_decimal v1.19.0
[INFO] [stderr]    Compiling toml v0.5.8
[INFO] [stderr]    Compiling serde_urlencoded v0.7.0
[INFO] [stderr]    Compiling tokio v1.15.0
[INFO] [stderr]    Compiling http v0.2.5
[INFO] [stderr]    Compiling bytestring v1.0.0
[INFO] [stderr]    Compiling proc-macro-crate v1.1.0
[INFO] [stderr]    Compiling async-graphql-value v3.0.20
[INFO] [stderr]    Compiling sea-query v0.20.0
[INFO] [stderr]    Compiling jsonwebtoken v8.0.0-beta.7
[INFO] [stderr]    Compiling async-graphql-parser v3.0.20
[INFO] [stderr]    Compiling actix-router v0.5.0-beta.4
[INFO] [stderr]    Compiling actix-web-codegen v0.5.0-rc.1
[INFO] [stderr]    Compiling async-graphql-derive v3.0.20
[INFO] [stderr]    Compiling actix-rt v2.5.0
[INFO] [stderr]    Compiling tokio-native-tls v0.3.0
[INFO] [stderr]    Compiling tokio-util v0.6.9
[INFO] [stderr]    Compiling tokio-stream v0.1.8
[INFO] [stderr]    Compiling sqlx-rt v0.5.9
[INFO] [stderr]    Compiling actix-server v2.0.0-rc.3
[INFO] [stderr]    Compiling sqlx-core v0.5.9
[INFO] [stderr]    Compiling h2 v0.3.9
[INFO] [stderr]    Compiling actix-codec v0.4.1
[INFO] [stderr]    Compiling actix v0.12.0
[INFO] [stderr]    Compiling sqlx-macros v0.5.9
[INFO] [stderr]    Compiling zstd v0.9.1+zstd.1.5.1
[INFO] [stderr]    Compiling actix-http v3.0.0-beta.18
[INFO] [stderr]    Compiling async-graphql v3.0.20
[INFO] [stderr]    Compiling actix-web v4.0.0-beta.19
[INFO] [stderr]    Compiling sqlx v0.5.9
[INFO] [stderr]    Compiling sea-orm v0.5.0
[INFO] [stderr]    Compiling actix-web-actors v4.0.0-beta.10
[INFO] [stderr]    Compiling async-graphql-actix-web v3.0.20
[INFO] [stderr]    Compiling AutoParts v0.1.0 (/opt/rustwide/workdir)
[INFO] [stdout] warning: unused import: `std::fmt::format`
[INFO] [stdout]  --> src/controllers/mod.rs:2:9
[INFO] [stdout]   |
[INFO] [stdout] 2 |     use std::fmt::format;
[INFO] [stdout]   |         ^^^^^^^^^^^^^^^^
[INFO] [stdout]   |
[INFO] [stdout]   = note: `#[warn(unused_imports)]` on by default
[INFO] [stdout] 
[INFO] [stdout] 
[INFO] [stdout] warning: unused import: `actix_web::guard::Head`
[INFO] [stdout]  --> src/controllers/mod.rs:4:9
[INFO] [stdout]   |
[INFO] [stdout] 4 |     use actix_web::guard::Head;
[INFO] [stdout]   |         ^^^^^^^^^^^^^^^^^^^^^^
[INFO] [stdout] 
[INFO] [stdout] 
[INFO] [stdout] warning: unused import: `crate::entities::prelude::AlterNames`
[INFO] [stdout]  --> src/entities/mod.rs:7:5
[INFO] [stdout]   |
[INFO] [stdout] 7 | use crate::entities::prelude::AlterNames;
[INFO] [stdout]   |     ^^^^^^^^^^^^^^^^^^^^^^^^^^^^^^^^^^^^
[INFO] [stdout] 
[INFO] [stdout] 
[INFO] [stdout] warning: unused import: `DataLoader`
[INFO] [stdout]  --> src/entities/alter_names.rs:5:33
[INFO] [stdout]   |
[INFO] [stdout] 5 | use async_graphql::dataloader::{DataLoader, Loader};
[INFO] [stdout]   |                                 ^^^^^^^^^^
[INFO] [stdout] 
[INFO] [stdout] 
[INFO] [stdout] warning: unused import: `Object`
[INFO] [stdout]  --> src/entities/alter_names.rs:6:58
[INFO] [stdout]   |
[INFO] [stdout] 6 | use async_graphql::{ComplexObject, Context, InputObject, Object, SimpleObject};
[INFO] [stdout]   |                                                          ^^^^^^
[INFO] [stdout] 
[INFO] [stdout] 
[INFO] [stdout] warning: unused imports: `DbBackend`, `QueryTrait`
[INFO] [stdout]  --> src/entities/alter_names.rs:8:15
[INFO] [stdout]   |
[INFO] [stdout] 8 | use sea_orm::{DbBackend, EntityTrait, QueryTrait};
[INFO] [stdout]   |               ^^^^^^^^^               ^^^^^^^^^^
[INFO] [stdout] 
[INFO] [stdout] 
[INFO] [stdout] warning: unused import: `Query`
[INFO] [stdout]   --> src/entities/alter_names.rs:11:32
[INFO] [stdout]    |
[INFO] [stdout] 11 | use crate::entities::{DLoader, Query, SqliteLoader};
[INFO] [stdout]    |                                ^^^^^
[INFO] [stdout] 
[INFO] [stdout] 
[INFO] [stdout] warning: unused import: `crate::entities::places::Column::Col`
[INFO] [stdout]   --> src/entities/alter_names.rs:12:5
[INFO] [stdout]    |
[INFO] [stdout] 12 | use crate::entities::places::Column::Col;
[INFO] [stdout]    |     ^^^^^^^^^^^^^^^^^^^^^^^^^^^^^^^^^^^^
[INFO] [stdout] 
[INFO] [stdout] 
[INFO] [stdout] warning: unused import: `DataLoader`
[INFO] [stdout]  --> src/entities/part_names.rs:6:33
[INFO] [stdout]   |
[INFO] [stdout] 6 | use async_graphql::dataloader::{DataLoader, Loader};
[INFO] [stdout]   |                                 ^^^^^^^^^^
[INFO] [stdout] 
[INFO] [stdout] 
[INFO] [stdout] warning: unused imports: `DbBackend`, `QueryTrait`
[INFO] [stdout]  --> src/entities/part_names.rs:8:26
[INFO] [stdout]   |
[INFO] [stdout] 8 | use sea_orm::{Condition, DbBackend, QueryTrait};
[INFO] [stdout]   |                          ^^^^^^^^^  ^^^^^^^^^^
[INFO] [stdout] 
[INFO] [stdout] 
[INFO] [stdout] warning: unused import: `std::io::Bytes`
[INFO] [stdout]  --> src/main.rs:7:5
[INFO] [stdout]   |
[INFO] [stdout] 7 | use std::io::Bytes;
[INFO] [stdout]   |     ^^^^^^^^^^^^^^
[INFO] [stdout] 
[INFO] [stdout] 
[INFO] [stdout] warning: unused import: `SchemaBuilder`
[INFO] [stdout]   --> src/main.rs:10:63
[INFO] [stdout]    |
[INFO] [stdout] 10 | use async_graphql::{EmptyMutation, EmptySubscription, Schema, SchemaBuilder};
[INFO] [stdout]    |                                                               ^^^^^^^^^^^^^
[INFO] [stdout] 
[INFO] [stdout] 
[INFO] [stdout] warning: unused imports: `DatabaseConnection`, `EntityTrait`
[INFO] [stdout]   --> src/main.rs:14:25
[INFO] [stdout]    |
[INFO] [stdout] 14 | use sea_orm::{Database, DatabaseConnection, EntityTrait};
[INFO] [stdout]    |                         ^^^^^^^^^^^^^^^^^^  ^^^^^^^^^^^
[INFO] [stdout] 
[INFO] [stdout] 
[INFO] [stdout] warning: unreachable expression
[INFO] [stdout]   --> src/entities/mod.rs:38:1
[INFO] [stdout]    |
[INFO] [stdout] 38 |   #[Object]
[INFO] [stdout]    |   ^^^^^^^^^ unreachable expression
[INFO] [stdout] ...
[INFO] [stdout] 44 | /         match like {
[INFO] [stdout] 45 | |             None => {return alter_names::Entity::find().all(&loader.loader().pool).await.unwrap();}
[INFO] [stdout] 46 | |             Some(like) => {return loader.load_one(like).await.unwrap().unwrap();}
[INFO] [stdout] 47 | |         }
[INFO] [stdout]    | |_________- any code following this `match` expression is unreachable, as all arms diverge
[INFO] [stdout]    |
[INFO] [stdout]    = note: `#[warn(unreachable_code)]` on by default
[INFO] [stdout]    = note: this warning originates in the attribute macro `Object` (in Nightly builds, run with -Z macro-backtrace for more info)
[INFO] [stdout] 
[INFO] [stdout] 
[INFO] [stdout] warning: unreachable expression
[INFO] [stdout]   --> src/entities/part_names.rs:27:1
[INFO] [stdout]    |
[INFO] [stdout] 27 |   #[ComplexObject]
[INFO] [stdout]    |   ^^^^^^^^^^^^^^^^ unreachable expression
[INFO] [stdout] ...
[INFO] [stdout] 31 | /         match like {
[INFO] [stdout] 32 | |             None => {return super::alter_names::Entity::find().all(&loader.loader().pool).await.unwrap();}
[INFO] [stdout] 33 | |             Some(like) => {return loader.load_one(like).await.unwrap().unwrap();}
[INFO] [stdout] 34 | |         }
[INFO] [stdout]    | |_________- any code following this `match` expression is unreachable, as all arms diverge
[INFO] [stdout]    |
[INFO] [stdout]    = note: this warning originates in the attribute macro `ComplexObject` (in Nightly builds, run with -Z macro-backtrace for more info)
[INFO] [stdout] 
[INFO] [stdout] 
[INFO] [stdout] warning: unused variable: `info`
[INFO] [stdout]   --> src/controllers/mod.rs:13:9
[INFO] [stdout]    |
[INFO] [stdout] 13 |         info : web::Json<LoginRequest>
[INFO] [stdout]    |         ^^^^ help: if this is intentional, prefix it with an underscore: `_info`
[INFO] [stdout]    |
[INFO] [stdout]    = note: `#[warn(unused_variables)]` on by default
[INFO] [stdout] 
[INFO] [stdout] 
[INFO] [stdout] warning: unused variable: `like`
[INFO] [stdout]   --> src/entities/alter_names.rs:32:46
[INFO] [stdout]    |
[INFO] [stdout] 32 |     async fn partName(&self,ctx:&Context<'_>,like : Option<super::part_names::ModelInput>) -> super::part_names::Model{
[INFO] [stdout]    |                                              ^^^^ help: if this is intentional, prefix it with an underscore: `_like`
[INFO] [stdout] 
[INFO] [stdout] 
[INFO] [stdout] warning: unused variable: `key`
[INFO] [stdout]   --> src/entities/part_names.rs:46:13
[INFO] [stdout]    |
[INFO] [stdout] 46 |         for key in keys {
[INFO] [stdout]    |             ^^^ help: if this is intentional, prefix it with an underscore: `_key`
[INFO] [stdout] 
[INFO] [stdout] 
[INFO] [stdout] warning: unused variable: `item`
[INFO] [stdout]   --> src/entities/part_names.rs:53:47
[INFO] [stdout]    |
[INFO] [stdout] 53 |             let res= db_result.iter().filter(|item| {
[INFO] [stdout]    |                                               ^^^^ help: if this is intentional, prefix it with an underscore: `_item`
[INFO] [stdout] 
[INFO] [stdout] 
[INFO] [stdout] warning: unused variable: `like`
[INFO] [stdout]   --> src/entities/mod.rs:52:45
[INFO] [stdout]    |
[INFO] [stdout] 52 |     async fn parts(&self,ctx : &Context<'_>,like : Option<String>) ->Vec<part_names::Model> {
[INFO] [stdout]    |                                             ^^^^ help: if this is intentional, prefix it with an underscore: `_like`
[INFO] [stdout] 
[INFO] [stdout] 
[INFO] [stdout] warning: variable does not need to be mutable
[INFO] [stdout]   --> src/entities/part_names.rs:54:21
[INFO] [stdout]    |
[INFO] [stdout] 54 |                 let mut is_it =true;
[INFO] [stdout]    |                     ----^^^^^
[INFO] [stdout]    |                     |
[INFO] [stdout]    |                     help: remove this `mut`
[INFO] [stdout]    |
[INFO] [stdout]    = note: `#[warn(unused_mut)]` on by default
[INFO] [stdout] 
[INFO] [stdout] 
[INFO] [stdout] warning: variable does not need to be mutable
[INFO] [stdout]   --> src/entities/part_names.rs:47:17
[INFO] [stdout]    |
[INFO] [stdout] 47 |             let mut cond = Condition::all();
[INFO] [stdout]    |                 ----^^^^
[INFO] [stdout]    |                 |
[INFO] [stdout]    |                 help: remove this `mut`
[INFO] [stdout] 
[INFO] [stdout] 
[INFO] [stdout] warning: crate `AutoParts` should have a snake case name
[INFO] [stdout]   |
[INFO] [stdout]   = help: convert the identifier to snake case: `auto_parts`
[INFO] [stdout]   = note: `#[warn(non_snake_case)]` on by default
[INFO] [stdout] 
[INFO] [stdout] 
[INFO] [stdout] warning: function `loginUser` should have a snake case name
[INFO] [stdout]   --> src/controllers/mod.rs:12:25
[INFO] [stdout]    |
[INFO] [stdout] 12 |     pub(crate) async fn loginUser(
[INFO] [stdout]    |                         ^^^^^^^^^ help: convert the identifier to snake case: `login_user`
[INFO] [stdout] 
[INFO] [stdout] 
[INFO] [stdout] warning: method `alterNames` should have a snake case name
[INFO] [stdout]   --> src/entities/mod.rs:42:14
[INFO] [stdout]    |
[INFO] [stdout] 42 |     async fn alterNames(&self,ctx : &Context<'_>,like : Option<alter_names::ModelInput>) ->Vec<alter_names::Model> {
[INFO] [stdout]    |              ^^^^^^^^^^ help: convert the identifier to snake case: `alter_names`
[INFO] [stdout] 
[INFO] [stdout] 
[INFO] [stdout] warning: method `partName` should have a snake case name
[INFO] [stdout]   --> src/entities/alter_names.rs:32:14
[INFO] [stdout]    |
[INFO] [stdout] 32 |     async fn partName(&self,ctx:&Context<'_>,like : Option<super::part_names::ModelInput>) -> super::part_names::Model{
[INFO] [stdout]    |              ^^^^^^^^ help: convert the identifier to snake case: `part_name`
[INFO] [stdout] 
[INFO] [stdout] 
[INFO] [stdout] warning: method `alterNames` should have a snake case name
[INFO] [stdout]   --> src/entities/part_names.rs:29:14
[INFO] [stdout]    |
[INFO] [stdout] 29 |     async fn alterNames(&self,ctx:&Context<'_>,like : Option<super::alter_names::ModelInput>) -> Vec<super::alter_names::Model>{
[INFO] [stdout]    |              ^^^^^^^^^^ help: convert the identifier to snake case: `alter_names`
[INFO] [stdout] 
[INFO] [stdout] 
[INFO] [stdout] warning: 27 warnings emitted
[INFO] [stdout] 
[INFO] [stdout] 
[INFO] [stderr]     Finished dev [unoptimized + debuginfo] target(s) in 45.96s
[INFO] [stderr] warning: the following packages contain code that will be rejected by a future version of Rust: sqlx-macros v0.5.9
[INFO] [stderr] note: to see what the problems were, use the option `--future-incompat-report`, or run `cargo report future-incompatibilities --id 1`
[INFO] running `Command { std: "docker" "inspect" "a32044a62bfb342d73e4c890d7c475eea4f1c37b7978cc636b8c4d4b3f4c3d7f", kill_on_drop: false }`
[INFO] running `Command { std: "docker" "rm" "-f" "a32044a62bfb342d73e4c890d7c475eea4f1c37b7978cc636b8c4d4b3f4c3d7f", kill_on_drop: false }`
[INFO] [stdout] a32044a62bfb342d73e4c890d7c475eea4f1c37b7978cc636b8c4d4b3f4c3d7f
[INFO] running `Command { std: "docker" "create" "-v" "/var/lib/crater-agent-workspace/builds/worker-0-tc2/target:/opt/rustwide/target:rw,Z" "-v" "/var/lib/crater-agent-workspace/builds/worker-0-tc2/source:/opt/rustwide/workdir:ro,Z" "-v" "/var/lib/crater-agent-workspace/cargo-home:/opt/rustwide/cargo-home:ro,Z" "-v" "/var/lib/crater-agent-workspace/rustup-home:/opt/rustwide/rustup-home:ro,Z" "-e" "SOURCE_DIR=/opt/rustwide/workdir" "-e" "CARGO_TARGET_DIR=/opt/rustwide/target" "-e" "CARGO_INCREMENTAL=0" "-e" "RUST_BACKTRACE=full" "-e" "RUSTFLAGS=--cap-lints=warn" "-e" "RUSTDOCFLAGS=--cap-lints=warn" "-e" "CARGO_HOME=/opt/rustwide/cargo-home" "-e" "RUSTUP_HOME=/opt/rustwide/rustup-home" "-w" "/opt/rustwide/workdir" "-m" "1610612736" "--user" "0:0" "--network" "none" "ghcr.io/rust-lang/crates-build-env/linux@sha256:5ff2268d62e97bff2cde7d5815dd6ed5b47097566f13b8d0ca110b04b60e07ed" "/opt/rustwide/cargo-home/bin/cargo" "+beta-2023-04-20" "test" "--frozen" "--no-run" "--message-format=json", kill_on_drop: false }`
[INFO] [stdout] eca027f83f191d4140e5cab17073091b2bf32659905700ac82ca3ec3ced0bb16
[INFO] running `Command { std: "docker" "start" "-a" "eca027f83f191d4140e5cab17073091b2bf32659905700ac82ca3ec3ced0bb16", kill_on_drop: false }`
[INFO] [stderr]    Compiling AutoParts v0.1.0 (/opt/rustwide/workdir)
[INFO] [stdout] warning: unused import: `std::fmt::format`
[INFO] [stdout]  --> src/controllers/mod.rs:2:9
[INFO] [stdout]   |
[INFO] [stdout] 2 |     use std::fmt::format;
[INFO] [stdout]   |         ^^^^^^^^^^^^^^^^
[INFO] [stdout]   |
[INFO] [stdout]   = note: `#[warn(unused_imports)]` on by default
[INFO] [stdout] 
[INFO] [stdout] 
[INFO] [stdout] warning: unused import: `actix_web::guard::Head`
[INFO] [stdout]  --> src/controllers/mod.rs:4:9
[INFO] [stdout]   |
[INFO] [stdout] 4 |     use actix_web::guard::Head;
[INFO] [stdout]   |         ^^^^^^^^^^^^^^^^^^^^^^
[INFO] [stdout] 
[INFO] [stdout] 
[INFO] [stdout] warning: unused import: `crate::entities::prelude::AlterNames`
[INFO] [stdout]  --> src/entities/mod.rs:7:5
[INFO] [stdout]   |
[INFO] [stdout] 7 | use crate::entities::prelude::AlterNames;
[INFO] [stdout]   |     ^^^^^^^^^^^^^^^^^^^^^^^^^^^^^^^^^^^^
[INFO] [stdout] 
[INFO] [stdout] 
[INFO] [stdout] warning: unused import: `DataLoader`
[INFO] [stdout]  --> src/entities/alter_names.rs:5:33
[INFO] [stdout]   |
[INFO] [stdout] 5 | use async_graphql::dataloader::{DataLoader, Loader};
[INFO] [stdout]   |                                 ^^^^^^^^^^
[INFO] [stdout] 
[INFO] [stdout] 
[INFO] [stdout] warning: unused import: `Object`
[INFO] [stdout]  --> src/entities/alter_names.rs:6:58
[INFO] [stdout]   |
[INFO] [stdout] 6 | use async_graphql::{ComplexObject, Context, InputObject, Object, SimpleObject};
[INFO] [stdout]   |                                                          ^^^^^^
[INFO] [stdout] 
[INFO] [stdout] 
[INFO] [stdout] warning: unused imports: `DbBackend`, `QueryTrait`
[INFO] [stdout]  --> src/entities/alter_names.rs:8:15
[INFO] [stdout]   |
[INFO] [stdout] 8 | use sea_orm::{DbBackend, EntityTrait, QueryTrait};
[INFO] [stdout]   |               ^^^^^^^^^               ^^^^^^^^^^
[INFO] [stdout] 
[INFO] [stdout] 
[INFO] [stdout] warning: unused import: `Query`
[INFO] [stdout]   --> src/entities/alter_names.rs:11:32
[INFO] [stdout]    |
[INFO] [stdout] 11 | use crate::entities::{DLoader, Query, SqliteLoader};
[INFO] [stdout]    |                                ^^^^^
[INFO] [stdout] 
[INFO] [stdout] 
[INFO] [stdout] warning: unused import: `crate::entities::places::Column::Col`
[INFO] [stdout]   --> src/entities/alter_names.rs:12:5
[INFO] [stdout]    |
[INFO] [stdout] 12 | use crate::entities::places::Column::Col;
[INFO] [stdout]    |     ^^^^^^^^^^^^^^^^^^^^^^^^^^^^^^^^^^^^
[INFO] [stdout] 
[INFO] [stdout] 
[INFO] [stdout] warning: unused import: `DataLoader`
[INFO] [stdout]  --> src/entities/part_names.rs:6:33
[INFO] [stdout]   |
[INFO] [stdout] 6 | use async_graphql::dataloader::{DataLoader, Loader};
[INFO] [stdout]   |                                 ^^^^^^^^^^
[INFO] [stdout] 
[INFO] [stdout] 
[INFO] [stdout] warning: unused imports: `DbBackend`, `QueryTrait`
[INFO] [stdout]  --> src/entities/part_names.rs:8:26
[INFO] [stdout]   |
[INFO] [stdout] 8 | use sea_orm::{Condition, DbBackend, QueryTrait};
[INFO] [stdout]   |                          ^^^^^^^^^  ^^^^^^^^^^
[INFO] [stdout] 
[INFO] [stdout] 
[INFO] [stdout] warning: unused import: `DatabaseConnection`
[INFO] [stdout]  --> src/tests/mod.rs:3:29
[INFO] [stdout]   |
[INFO] [stdout] 3 |     use sea_orm::{Database, DatabaseConnection};
[INFO] [stdout]   |                             ^^^^^^^^^^^^^^^^^^
[INFO] [stdout] 
[INFO] [stdout] 
[INFO] [stdout] warning: unused import: `std::io::Bytes`
[INFO] [stdout]  --> src/main.rs:7:5
[INFO] [stdout]   |
[INFO] [stdout] 7 | use std::io::Bytes;
[INFO] [stdout]   |     ^^^^^^^^^^^^^^
[INFO] [stdout] 
[INFO] [stdout] 
[INFO] [stdout] warning: unused import: `SchemaBuilder`
[INFO] [stdout]   --> src/main.rs:10:63
[INFO] [stdout]    |
[INFO] [stdout] 10 | use async_graphql::{EmptyMutation, EmptySubscription, Schema, SchemaBuilder};
[INFO] [stdout]    |                                                               ^^^^^^^^^^^^^
[INFO] [stdout] 
[INFO] [stdout] 
[INFO] [stdout] warning: unused imports: `DatabaseConnection`, `EntityTrait`
[INFO] [stdout]   --> src/main.rs:14:25
[INFO] [stdout]    |
[INFO] [stdout] 14 | use sea_orm::{Database, DatabaseConnection, EntityTrait};
[INFO] [stdout]    |                         ^^^^^^^^^^^^^^^^^^  ^^^^^^^^^^^
[INFO] [stdout] 
[INFO] [stdout] 
[INFO] [stdout] error[E0728]: `await` is only allowed inside `async` functions and blocks
[INFO] [stdout]  --> src/tests/mod.rs:9:138
[INFO] [stdout]   |
[INFO] [stdout] 7 | ...fn test_altername_loader() {
[INFO] [stdout]   |       --------------------- this is not `async`
[INFO] [stdout] 8 | ...    let loader = SqliteLoader {pool:Database::connect("sqlite:app.db")};
[INFO] [stdout] 9 | ...    let rs = loader.load(vec![crate::entities::alter_names::Model{id:4,..crate::entities::alter_names::Model::default()}].as_slice()).await.un...
[INFO] [stdout]   |                                                                                                                                         ^^^^^^ only allowed inside `async` functions and blocks
[INFO] [stdout] 
[INFO] [stdout] 
[INFO] [stdout] warning: unreachable expression
[INFO] [stdout]   --> src/entities/mod.rs:38:1
[INFO] [stdout]    |
[INFO] [stdout] 38 |   #[Object]
[INFO] [stdout]    |   ^^^^^^^^^ unreachable expression
[INFO] [stdout] ...
[INFO] [stdout] 44 | /         match like {
[INFO] [stdout] 45 | |             None => {return alter_names::Entity::find().all(&loader.loader().pool).await.unwrap();}
[INFO] [stdout] 46 | |             Some(like) => {return loader.load_one(like).await.unwrap().unwrap();}
[INFO] [stdout] 47 | |         }
[INFO] [stdout]    | |_________- any code following this `match` expression is unreachable, as all arms diverge
[INFO] [stdout]    |
[INFO] [stdout]    = note: `#[warn(unreachable_code)]` on by default
[INFO] [stdout]    = note: this warning originates in the attribute macro `Object` (in Nightly builds, run with -Z macro-backtrace for more info)
[INFO] [stdout] 
[INFO] [stdout] 
[INFO] [stdout] warning: unreachable expression
[INFO] [stdout]   --> src/entities/part_names.rs:27:1
[INFO] [stdout]    |
[INFO] [stdout] 27 |   #[ComplexObject]
[INFO] [stdout]    |   ^^^^^^^^^^^^^^^^ unreachable expression
[INFO] [stdout] ...
[INFO] [stdout] 31 | /         match like {
[INFO] [stdout] 32 | |             None => {return super::alter_names::Entity::find().all(&loader.loader().pool).await.unwrap();}
[INFO] [stdout] 33 | |             Some(like) => {return loader.load_one(like).await.unwrap().unwrap();}
[INFO] [stdout] 34 | |         }
[INFO] [stdout]    | |_________- any code following this `match` expression is unreachable, as all arms diverge
[INFO] [stdout]    |
[INFO] [stdout]    = note: this warning originates in the attribute macro `ComplexObject` (in Nightly builds, run with -Z macro-backtrace for more info)
[INFO] [stdout] 
[INFO] [stdout] 
[INFO] [stdout] error[E0308]: mismatched types
[INFO] [stdout]  --> src/tests/mod.rs:8:41
[INFO] [stdout]   |
[INFO] [stdout] 8 |         let loader = SqliteLoader {pool:Database::connect("sqlite:app.db")};
[INFO] [stdout]   |                                         ^^^^^^^^^^^^^^^^^^^^^^^^^^^^^^^^^^ expected `DatabaseConnection`, found future
[INFO] [stdout] 
[INFO] [stdout] 
[INFO] [stdout] error[E0277]: the trait bound `SqliteLoader: Loader<alter_names::Model>` is not satisfied
[INFO] [stdout]  --> src/tests/mod.rs:9:30
[INFO] [stdout]   |
[INFO] [stdout] 9 | ...= loader.load(vec![crate::entities::alter_names::Model{id:4,..crate::entities::alter_names::Model::default()}].as_slice()).await.unwra...
[INFO] [stdout]   |             ---- ^^^^^^^^^^^^^^^^^^^^^^^^^^^^^^^^^^^^^^^^^^^^^^^^^^^^^^^^^^^^^^^^^^^^^^^^^^^^^^^^^^^^^^^^^^^^^^^^^^^^^^^^^^^ the trait `Loader<alter_names::Model>` is not implemented for `SqliteLoader`
[INFO] [stdout]   |             |
[INFO] [stdout]   |             required by a bound introduced by this call
[INFO] [stdout]   |
[INFO] [stdout]   = help: the following other types implement trait `Loader<K>`:
[INFO] [stdout]             <SqliteLoader as Loader<alter_names::ModelInput>>
[INFO] [stdout]             <SqliteLoader as Loader<part_names::ModelInput>>
[INFO] [stdout] 
[INFO] [stdout] 
[INFO] [stdout] error: aborting due to 3 previous errors; 16 warnings emitted
[INFO] [stdout] 
[INFO] [stdout] 
[INFO] [stdout] Some errors have detailed explanations: E0277, E0308, E0728.
[INFO] [stdout] 
[INFO] [stdout] For more information about an error, try `rustc --explain E0277`.
[INFO] [stdout] 
[INFO] [stderr] error: could not compile `AutoParts` (bin "AutoParts" test) due to 4 previous errors; 16 warnings emitted
[INFO] running `Command { std: "docker" "inspect" "eca027f83f191d4140e5cab17073091b2bf32659905700ac82ca3ec3ced0bb16", kill_on_drop: false }`
[INFO] running `Command { std: "docker" "rm" "-f" "eca027f83f191d4140e5cab17073091b2bf32659905700ac82ca3ec3ced0bb16", kill_on_drop: false }`
[INFO] [stdout] eca027f83f191d4140e5cab17073091b2bf32659905700ac82ca3ec3ced0bb16
