[INFO] cloning repository https://github.com/adamwoolhether/0ToProd
[INFO] running `Command { std: "git" "-c" "credential.helper=" "-c" "credential.helper=/workspace/cargo-home/bin/git-credential-null" "clone" "--bare" "https://github.com/adamwoolhether/0ToProd" "/workspace/cache/git-repos/https%3A%2F%2Fgithub.com%2Fadamwoolhether%2F0ToProd", kill_on_drop: false }`
[INFO] [stderr] Cloning into bare repository '/workspace/cache/git-repos/https%3A%2F%2Fgithub.com%2Fadamwoolhether%2F0ToProd'...
[INFO] running `Command { std: "git" "rev-parse" "HEAD", kill_on_drop: false }`
[INFO] [stdout] b6eb9ec011b9da99628ac5003041c9f42857607e
[INFO] testing adamwoolhether/0ToProd against beta-2023-04-20 for beta-1.70-1
[INFO] running `Command { std: "git" "clone" "/workspace/cache/git-repos/https%3A%2F%2Fgithub.com%2Fadamwoolhether%2F0ToProd" "/workspace/builds/worker-7-tc2/source", kill_on_drop: false }`
[INFO] [stderr] Cloning into '/workspace/builds/worker-7-tc2/source'...
[INFO] [stderr] done.
[INFO] validating manifest of git repo https://github.com/adamwoolhether/0ToProd on toolchain beta-2023-04-20
[INFO] running `Command { std: CARGO_HOME="/workspace/cargo-home" RUSTUP_HOME="/workspace/rustup-home" "/workspace/cargo-home/bin/cargo" "+beta-2023-04-20" "metadata" "--manifest-path" "Cargo.toml" "--no-deps", kill_on_drop: false }`
[INFO] started tweaking git repo https://github.com/adamwoolhether/0ToProd
[INFO] finished tweaking git repo https://github.com/adamwoolhether/0ToProd
[INFO] tweaked toml for git repo https://github.com/adamwoolhether/0ToProd written to /workspace/builds/worker-7-tc2/source/Cargo.toml
[INFO] crate git repo https://github.com/adamwoolhether/0ToProd already has a lockfile, it will not be regenerated
[INFO] running `Command { std: CARGO_HOME="/workspace/cargo-home" RUSTUP_HOME="/workspace/rustup-home" "/workspace/cargo-home/bin/cargo" "+beta-2023-04-20" "fetch" "--manifest-path" "Cargo.toml", kill_on_drop: false }`
[INFO] [stderr]     Updating crates.io index
[INFO] [stderr]  Downloading crates ...
[INFO] [stderr]   Downloaded fake v2.3.0
[INFO] [stderr]   Downloaded sqlx-macros v0.6.3
[INFO] [stderr]   Downloaded linkify v0.9.0
[INFO] [stderr]   Downloaded argon2 v0.5.0
[INFO] [stderr]   Downloaded sqlx-rt v0.6.3
[INFO] [stderr]   Downloaded sqlx v0.6.3
[INFO] [stderr]   Downloaded redis v0.21.7
[INFO] [stderr]   Downloaded actix-session v0.7.2
[INFO] [stderr]   Downloaded claim v0.5.0
[INFO] [stderr]   Downloaded whoami v1.4.0
[INFO] [stderr]   Downloaded actix-web-codegen v4.2.0
[INFO] [stderr]   Downloaded tracing-actix-web v0.7.3
[INFO] [stderr]   Downloaded sqlx-core v0.6.3
[INFO] [stderr]   Downloaded quickcheck_macros v0.9.1
[INFO] [stderr]   Downloaded sqlformat v0.2.1
[INFO] [stderr]   Downloaded actix-web-flash-messages v0.4.2
[INFO] [stderr]   Downloaded base64ct v1.0.1
[INFO] [stderr]   Downloaded dotenvy v0.15.7
[INFO] [stderr]   Downloaded aead v0.5.2
[INFO] [stderr]   Downloaded wiremock v0.5.18
[INFO] running `Command { std: "docker" "create" "-v" "/var/lib/crater-agent-workspace/builds/worker-7-tc2/target:/opt/rustwide/target:rw,Z" "-v" "/var/lib/crater-agent-workspace/builds/worker-7-tc2/source:/opt/rustwide/workdir:ro,Z" "-v" "/var/lib/crater-agent-workspace/cargo-home:/opt/rustwide/cargo-home:ro,Z" "-v" "/var/lib/crater-agent-workspace/rustup-home:/opt/rustwide/rustup-home:ro,Z" "-e" "SOURCE_DIR=/opt/rustwide/workdir" "-e" "CARGO_TARGET_DIR=/opt/rustwide/target" "-e" "CARGO_HOME=/opt/rustwide/cargo-home" "-e" "RUSTUP_HOME=/opt/rustwide/rustup-home" "-w" "/opt/rustwide/workdir" "-m" "1610612736" "--user" "0:0" "--network" "none" "ghcr.io/rust-lang/crates-build-env/linux@sha256:5ff2268d62e97bff2cde7d5815dd6ed5b47097566f13b8d0ca110b04b60e07ed" "/opt/rustwide/cargo-home/bin/cargo" "+beta-2023-04-20" "metadata" "--no-deps" "--format-version=1", kill_on_drop: false }`
[INFO] [stdout] 4c45047fb0d0be28e0004845d9d85374878f0187739b4328da6f582bb58b13c8
[INFO] running `Command { std: "docker" "start" "-a" "4c45047fb0d0be28e0004845d9d85374878f0187739b4328da6f582bb58b13c8", kill_on_drop: false }`
[INFO] running `Command { std: "docker" "inspect" "4c45047fb0d0be28e0004845d9d85374878f0187739b4328da6f582bb58b13c8", kill_on_drop: false }`
[INFO] running `Command { std: "docker" "rm" "-f" "4c45047fb0d0be28e0004845d9d85374878f0187739b4328da6f582bb58b13c8", kill_on_drop: false }`
[INFO] [stdout] 4c45047fb0d0be28e0004845d9d85374878f0187739b4328da6f582bb58b13c8
[INFO] running `Command { std: "docker" "create" "-v" "/var/lib/crater-agent-workspace/builds/worker-7-tc2/target:/opt/rustwide/target:rw,Z" "-v" "/var/lib/crater-agent-workspace/builds/worker-7-tc2/source:/opt/rustwide/workdir:ro,Z" "-v" "/var/lib/crater-agent-workspace/cargo-home:/opt/rustwide/cargo-home:ro,Z" "-v" "/var/lib/crater-agent-workspace/rustup-home:/opt/rustwide/rustup-home:ro,Z" "-e" "SOURCE_DIR=/opt/rustwide/workdir" "-e" "CARGO_TARGET_DIR=/opt/rustwide/target" "-e" "CARGO_INCREMENTAL=0" "-e" "RUST_BACKTRACE=full" "-e" "RUSTFLAGS=--cap-lints=warn" "-e" "RUSTDOCFLAGS=--cap-lints=warn" "-e" "CARGO_HOME=/opt/rustwide/cargo-home" "-e" "RUSTUP_HOME=/opt/rustwide/rustup-home" "-w" "/opt/rustwide/workdir" "-m" "1610612736" "--user" "0:0" "--network" "none" "ghcr.io/rust-lang/crates-build-env/linux@sha256:5ff2268d62e97bff2cde7d5815dd6ed5b47097566f13b8d0ca110b04b60e07ed" "/opt/rustwide/cargo-home/bin/cargo" "+beta-2023-04-20" "build" "--frozen" "--message-format=json", kill_on_drop: false }`
[INFO] [stdout] b17234a87dac2c315baa49f6b95d6f9c7209b78b8a58ebce785bc520ce1e2891
[INFO] running `Command { std: "docker" "start" "-a" "b17234a87dac2c315baa49f6b95d6f9c7209b78b8a58ebce785bc520ce1e2891", kill_on_drop: false }`
[INFO] [stderr]    Compiling libc v0.2.140
[INFO] [stderr]    Compiling proc-macro2 v1.0.56
[INFO] [stderr]    Compiling unicode-ident v1.0.8
[INFO] [stderr]    Compiling quote v1.0.26
[INFO] [stderr]    Compiling memchr v2.5.0
[INFO] [stderr]    Compiling once_cell v1.17.1
[INFO] [stderr]    Compiling pin-project-lite v0.2.9
[INFO] [stderr]    Compiling typenum v1.16.0
[INFO] [stderr]    Compiling generic-array v0.14.7
[INFO] [stderr]    Compiling syn v1.0.109
[INFO] [stderr]    Compiling log v0.4.17
[INFO] [stderr]    Compiling bytes v1.4.0
[INFO] [stderr]    Compiling futures-core v0.3.28
[INFO] [stderr]    Compiling smallvec v1.10.0
[INFO] [stderr]    Compiling serde_derive v1.0.159
[INFO] [stderr]    Compiling serde v1.0.159
[INFO] [stderr]    Compiling itoa v1.0.6
[INFO] [stderr]    Compiling syn v2.0.13
[INFO] [stderr]    Compiling getrandom v0.2.8
[INFO] [stderr]    Compiling jobserver v0.1.26
[INFO] [stderr]    Compiling socket2 v0.4.9
[INFO] [stderr]    Compiling rand_core v0.6.4
[INFO] [stderr]    Compiling num_cpus v1.15.0
[INFO] [stderr]    Compiling cc v1.0.79
[INFO] [stderr]    Compiling lock_api v0.4.6
[INFO] [stderr]    Compiling ahash v0.7.6
[INFO] [stderr]    Compiling parking_lot_core v0.9.7
[INFO] [stderr]    Compiling subtle v2.4.1
[INFO] [stderr]    Compiling mio v0.8.6
[INFO] [stderr]    Compiling signal-hook-registry v1.4.1
[INFO] [stderr]    Compiling futures-sink v0.3.28
[INFO] [stderr]    Compiling crypto-common v0.1.6
[INFO] [stderr]    Compiling block-buffer v0.10.4
[INFO] [stderr]    Compiling pin-utils v0.1.0
[INFO] [stderr]    Compiling untrusted v0.7.1
[INFO] [stderr]    Compiling parking_lot v0.12.1
[INFO] [stderr]    Compiling cpufeatures v0.2.6
[INFO] [stderr]    Compiling ring v0.16.20
[INFO] [stderr]    Compiling spin v0.5.2
[INFO] [stderr]    Compiling tinyvec_macros v0.1.1
[INFO] [stderr]    Compiling tracing-core v0.1.30
[INFO] [stderr]    Compiling slab v0.4.8
[INFO] [stderr]    Compiling tinyvec v1.6.0
[INFO] [stderr]    Compiling futures-channel v0.3.28
[INFO] [stderr]    Compiling futures-task v0.3.28
[INFO] [stderr]    Compiling futures-util v0.3.28
[INFO] [stderr]    Compiling unicode-bidi v0.3.13
[INFO] [stderr]    Compiling digest v0.10.6
[INFO] [stderr]    Compiling unicode-normalization v0.1.22
[INFO] [stderr]    Compiling ryu v1.0.13
[INFO] [stderr]    Compiling futures-io v0.3.28
[INFO] [stderr]    Compiling hashbrown v0.12.3
[INFO] [stderr]    Compiling serde_json v1.0.95
[INFO] [stderr]    Compiling idna v0.3.0
[INFO] [stderr]    Compiling ppv-lite86 v0.2.17
[INFO] [stderr]    Compiling http v0.2.9
[INFO] [stderr]    Compiling indexmap v1.9.3
[INFO] [stderr]    Compiling regex-syntax v0.6.29
[INFO] [stderr]    Compiling rand_chacha v0.3.1
[INFO] [stderr]    Compiling thiserror v1.0.40
[INFO] [stderr]    Compiling rustls v0.20.8
[INFO] [stderr]    Compiling paste v1.0.12
[INFO] [stderr]    Compiling inout v0.1.3
[INFO] [stderr]    Compiling aho-corasick v0.7.20
[INFO] [stderr]    Compiling num-traits v0.2.15
[INFO] [stderr]    Compiling base64 v0.21.0
[INFO] [stderr]    Compiling cipher v0.4.4
[INFO] [stderr]    Compiling futures-macro v0.3.28
[INFO] [stderr]    Compiling thiserror-impl v1.0.40
[INFO] [stderr]    Compiling rand v0.8.5
[INFO] [stderr]    Compiling regex v1.7.3
[INFO] [stderr]    Compiling url v2.3.1
[INFO] [stderr]    Compiling tokio-macros v1.8.2
[INFO] [stderr]    Compiling tracing-attributes v0.1.23
[INFO] [stderr]    Compiling hmac v0.12.1
[INFO] [stderr]    Compiling zstd-sys v2.0.7+zstd.1.5.4
[INFO] [stderr]    Compiling universal-hash v0.5.0
[INFO] [stderr]    Compiling tokio v1.19.2
[INFO] [stderr]    Compiling time-core v0.1.0
[INFO] [stderr]    Compiling opaque-debug v0.3.0
[INFO] [stderr]    Compiling httparse v1.8.0
[INFO] [stderr]    Compiling polyval v0.6.0
[INFO] [stderr]    Compiling time-macros v0.2.8
[INFO] [stderr]    Compiling hkdf v0.12.3
[INFO] [stderr]    Compiling tracing v0.1.37
[INFO] [stderr]    Compiling sha2 v0.10.6
[INFO] [stderr]    Compiling openssl-sys v0.9.85
[INFO] [stderr]    Compiling num-integer v0.1.45
[INFO] [stderr]    Compiling time v0.3.20
[INFO] [stderr]    Compiling ghash v0.5.0
[INFO] [stderr]    Compiling webpki v0.22.0
[INFO] [stderr]    Compiling ctr v0.9.2
[INFO] [stderr]    Compiling aes v0.8.2
[INFO] [stderr]    Compiling aead v0.5.2
[INFO] [stderr]    Compiling bytestring v1.3.0
[INFO] [stderr]    Compiling cookie v0.16.2
[INFO] [stderr]    Compiling parking_lot_core v0.8.6
[INFO] [stderr]    Compiling zstd-safe v6.0.4+zstd.1.5.4
[INFO] [stderr]    Compiling httpdate v1.0.2
[INFO] [stderr]    Compiling local-waker v0.1.3
[INFO] [stderr]    Compiling alloc-no-stdlib v2.0.4
[INFO] [stderr]    Compiling crc32fast v1.3.2
[INFO] [stderr]    Compiling aes-gcm v0.10.1
[INFO] [stderr]    Compiling alloc-stdlib v0.2.2
[INFO] [stderr]    Compiling sct v0.7.0
[INFO] [stderr]    Compiling sha1 v0.10.5
[INFO] [stderr]    Compiling instant v0.1.12
[INFO] [stderr]    Compiling crossbeam-utils v0.8.15
[INFO] [stderr]    Compiling base64 v0.20.0
[INFO] [stderr]    Compiling adler v1.0.2
[INFO] [stderr]    Compiling iana-time-zone v0.1.54
[INFO] [stderr]    Compiling tokio-util v0.7.3
[INFO] [stderr]    Compiling minimal-lexical v0.2.1
[INFO] [stderr]    Compiling miniz_oxide v0.6.2
[INFO] [stderr]    Compiling nom v7.1.3
[INFO] [stderr]    Compiling h2 v0.3.16
[INFO] [stderr]    Compiling actix-rt v2.8.0
[INFO] [stderr]    Compiling either v1.8.1
[INFO] [stderr]    Compiling brotli-decompressor v2.3.4
[INFO] [stderr]    Compiling actix-utils v3.0.1
[INFO] [stderr]    Compiling actix-service v2.0.2
[INFO] [stderr]    Compiling encoding_rs v0.8.32
[INFO] [stderr]    Compiling openssl v0.10.50
[INFO] [stderr]    Compiling ucd-trie v0.1.5
[INFO] [stderr]    Compiling crossbeam-queue v0.3.8
[INFO] [stderr]    Compiling mime v0.3.17
[INFO] [stderr]    Compiling convert_case v0.4.0
[INFO] [stderr]    Compiling foreign-types-shared v0.1.1
[INFO] [stderr]    Compiling foreign-types v0.3.2
[INFO] [stderr]    Compiling tokio-rustls v0.23.4
[INFO] [stderr]    Compiling pest v2.5.7
[INFO] [stderr]    Compiling brotli v3.3.4
[INFO] [stderr]    Compiling derive_more v0.99.17
[INFO] [stderr]    Compiling itertools v0.10.5
[INFO] [stderr]    Compiling parking_lot v0.11.2
[INFO] [stderr]    Compiling flate2 v1.0.25
[INFO] [stderr]    Compiling serde_urlencoded v0.7.1
[INFO] [stderr]    Compiling actix-router v0.5.1
[INFO] [stderr]    Compiling actix-codec v0.5.0
[INFO] [stderr]    Compiling local-channel v0.1.3
[INFO] [stderr]    Compiling rustls-pemfile v1.0.2
[INFO] [stderr]    Compiling openssl-macros v0.1.1
[INFO] [stderr]    Compiling dirs-sys v0.3.7
[INFO] [stderr]    Compiling native-tls v0.2.11
[INFO] [stderr]    Compiling unicode_categories v0.1.1
[INFO] [stderr]    Compiling language-tags v0.3.2
[INFO] [stderr]    Compiling async-trait v0.1.68
[INFO] [stderr]    Compiling crc-catalog v2.2.0
[INFO] [stderr]    Compiling sqlformat v0.2.1
[INFO] [stderr]    Compiling actix-web-codegen v4.2.0
[INFO] [stderr]    Compiling crc v3.0.1
[INFO] [stderr]    Compiling dirs v4.0.0
[INFO] [stderr]    Compiling futures-intrusive v0.4.2
[INFO] [stderr]    Compiling pest_meta v2.5.7
[INFO] [stderr]    Compiling actix-server v2.2.0
[INFO] [stderr]    Compiling atoi v1.0.0
[INFO] [stderr]    Compiling actix-macros v0.2.3
[INFO] [stderr]    Compiling stringprep v0.1.2
[INFO] [stderr]    Compiling time v0.1.45
[INFO] [stderr]    Compiling base64 v0.13.1
[INFO] [stderr]    Compiling byteorder v1.4.3
[INFO] [stderr]    Compiling hex v0.4.3
[INFO] [stderr]    Compiling try-lock v0.2.4
[INFO] [stderr]    Compiling dotenvy v0.15.7
[INFO] [stderr]    Compiling openssl-probe v0.1.5
[INFO] [stderr]    Compiling matches v0.1.10
[INFO] [stderr]    Compiling event-listener v2.5.3
[INFO] [stderr]    Compiling whoami v1.4.0
[INFO] [stderr]    Compiling anyhow v1.0.70
[INFO] [stderr]    Compiling idna v0.2.3
[INFO] [stderr]    Compiling want v0.3.0
[INFO] [stderr]    Compiling chrono v0.4.24
[INFO] [stderr]    Compiling pest_generator v2.5.7
[INFO] [stderr]    Compiling sqlx-rt v0.6.3
[INFO] [stderr]    Compiling tokio-stream v0.1.12
[INFO] [stderr]    Compiling hashlink v0.8.1
[INFO] [stderr]    Compiling uuid v1.3.0
[INFO] [stderr]    Compiling webpki-roots v0.22.6
[INFO] [stderr]    Compiling md-5 v0.10.5
[INFO] [stderr]    Compiling futures-executor v0.3.28
[INFO] [stderr]    Compiling regex-automata v0.1.10
[INFO] [stderr]    Compiling http-body v0.4.5
[INFO] [stderr]    Compiling ahash v0.8.3
[INFO] [stderr]    Compiling unicode-segmentation v1.10.1
[INFO] [stderr]    Compiling psl-types v2.0.11
[INFO] [stderr]    Compiling dlv-list v0.3.0
[INFO] [stderr]    Compiling tower-service v0.3.2
[INFO] [stderr]    Compiling bitflags v1.3.2
[INFO] [stderr]    Compiling overload v0.1.1
[INFO] [stderr]    Compiling hyper v0.14.25
[INFO] [stderr]    Compiling nu-ansi-term v0.46.0
[INFO] [stderr]    Compiling matchers v0.1.0
[INFO] [stderr]    Compiling sqlx-core v0.6.3
[INFO] [stderr]    Compiling heck v0.4.1
[INFO] [stderr]    Compiling ordered-multimap v0.4.3
[INFO] [stderr]    Compiling publicsuffix v2.2.3
[INFO] [stderr]    Compiling futures v0.3.28
[INFO] [stderr]    Compiling pest_derive v2.5.7
[INFO] [stderr]    Compiling tokio-native-tls v0.3.1
[INFO] [stderr]    Compiling sharded-slab v0.1.4
[INFO] [stderr]    Compiling tracing-log v0.1.3
[INFO] [stderr]    Compiling combine v4.6.6
[INFO] [stderr]    Compiling pin-project-internal v1.0.12
[INFO] [stderr]    Compiling thread_local v1.1.7
[INFO] [stderr]    Compiling base64ct v1.0.1
[INFO] [stderr]    Compiling linked-hash-map v0.5.6
[INFO] [stderr]    Compiling arc-swap v1.6.0
[INFO] [stderr]    Compiling tracing-subscriber v0.3.16
[INFO] [stderr]    Compiling yaml-rust v0.4.5
[INFO] [stderr]    Compiling password-hash v0.5.0
[INFO] [stderr]    Compiling json5 v0.4.1
[INFO] [stderr]    Compiling pin-project v1.0.12
[INFO] [stderr]    Compiling hyper-rustls v0.23.2
[INFO] [stderr]    Compiling rust-ini v0.18.0
[INFO] [stderr]    Compiling cookie_store v0.16.1
[INFO] [stderr]    Compiling ron v0.7.1
[INFO] [stderr]    Compiling toml v0.5.11
[INFO] [stderr]    Compiling blake2 v0.10.6
[INFO] [stderr]    Compiling gethostname v0.2.3
[INFO] [stderr]    Compiling pathdiff v0.2.1
[INFO] [stderr]    Compiling ipnet v2.7.2
[INFO] [stderr]    Compiling zeroize v1.6.0
[INFO] [stderr]    Compiling config v0.13.3
[INFO] [stderr]    Compiling secrecy v0.8.0
[INFO] [stderr]    Compiling reqwest v0.11.16
[INFO] [stderr]    Compiling tracing-bunyan-formatter v0.3.7
[INFO] [stderr]    Compiling redis v0.21.7
[INFO] [stderr]    Compiling argon2 v0.5.0
[INFO] [stderr]    Compiling serde-aux v4.1.2
[INFO] [stderr]    Compiling validator v0.16.0
[INFO] [stderr]    Compiling urlencoding v2.1.2
[INFO] [stderr]    Compiling htmlescape v0.3.1
[INFO] [stderr]    Compiling sqlx-macros v0.6.3
[INFO] [stderr]    Compiling zstd v0.12.3+zstd.1.5.2
[INFO] [stderr]    Compiling actix-http v3.3.0
[INFO] [stderr]    Compiling sqlx v0.6.3
[INFO] [stderr]    Compiling actix-web v4.0.1
[INFO] [stderr]    Compiling actix-session v0.7.2
[INFO] [stderr]    Compiling actix-web-flash-messages v0.4.2
[INFO] [stderr]    Compiling tracing-actix-web v0.7.3
[INFO] [stderr]    Compiling zero2prod v0.1.0 (/opt/rustwide/workdir)
[INFO] [stdout] error: error communicating with database: Cannot assign requested address (os error 99)
[INFO] [stdout]   --> src/authentication.rs:81:15
[INFO] [stdout]    |
[INFO] [stdout] 81 |       let row = sqlx::query!(
[INFO] [stdout]    |  _______________^
[INFO] [stdout] 82 | |         r#"
[INFO] [stdout] 83 | |         SELECT user_id, password_hash
[INFO] [stdout] 84 | |         FROM users
[INFO] [stdout] ...  |
[INFO] [stdout] 87 | |         username,
[INFO] [stdout] 88 | |     )
[INFO] [stdout]    | |_____^
[INFO] [stdout]    |
[INFO] [stdout]    = note: this error originates in the macro `$crate::sqlx_macros::expand_query` which comes from the expansion of the macro `sqlx::query` (in Nightly builds, run with -Z macro-backtrace for more info)
[INFO] [stdout] 
[INFO] [stdout] 
[INFO] [stdout] error: error communicating with database: Cannot assign requested address (os error 99)
[INFO] [stdout]   --> src/routes/admin/dashboard.rs:46:15
[INFO] [stdout]    |
[INFO] [stdout] 46 |       let row = sqlx::query!(
[INFO] [stdout]    |  _______________^
[INFO] [stdout] 47 | |         r#"
[INFO] [stdout] 48 | |         SELECT username
[INFO] [stdout] 49 | |         FROM users
[INFO] [stdout] ...  |
[INFO] [stdout] 52 | |         user_id,
[INFO] [stdout] 53 | |     )
[INFO] [stdout]    | |_____^
[INFO] [stdout]    |
[INFO] [stdout]    = note: this error originates in the macro `$crate::sqlx_macros::expand_query` which comes from the expansion of the macro `sqlx::query` (in Nightly builds, run with -Z macro-backtrace for more info)
[INFO] [stdout] 
[INFO] [stdout] 
[INFO] [stdout] error: error communicating with database: Cannot assign requested address (os error 99)
[INFO] [stdout]    --> src/routes/newsletters.rs:95:33
[INFO] [stdout]     |
[INFO] [stdout] 95  |       let confirmed_subscribers = sqlx::query!(
[INFO] [stdout]     |  _________________________________^
[INFO] [stdout] 96  | |         r#"
[INFO] [stdout] 97  | |         SELECT email
[INFO] [stdout] 98  | |         FROM subscriptions
[INFO] [stdout] 99  | |         WHERE status = 'confirmed'
[INFO] [stdout] 100 | |         "#,
[INFO] [stdout] 101 | |     )
[INFO] [stdout]     | |_____^
[INFO] [stdout]     |
[INFO] [stdout]     = note: this error originates in the macro `$crate::sqlx_macros::expand_query` which comes from the expansion of the macro `sqlx::query` (in Nightly builds, run with -Z macro-backtrace for more info)
[INFO] [stdout] 
[INFO] [stdout] 
[INFO] [stdout] error: error communicating with database: Cannot assign requested address (os error 99)
[INFO] [stdout]    --> src/routes/subscriptions.rs:138:5
[INFO] [stdout]     |
[INFO] [stdout] 138 | /     sqlx::query!(
[INFO] [stdout] 139 | |         r#"
[INFO] [stdout] 140 | |     INSERT INTO subscriptions (id, email, name, subscribed_at, status)
[INFO] [stdout] 141 | |     VALUES ($1, $2, $3, $4, 'pending_confirmation')
[INFO] [stdout] ...   |
[INFO] [stdout] 146 | |         Utc::now()
[INFO] [stdout] 147 | |     )
[INFO] [stdout]     | |_____^
[INFO] [stdout]     |
[INFO] [stdout]     = note: this error originates in the macro `$crate::sqlx_macros::expand_query` which comes from the expansion of the macro `sqlx::query` (in Nightly builds, run with -Z macro-backtrace for more info)
[INFO] [stdout] 
[INFO] [stdout] 
[INFO] [stdout] error: error communicating with database: Cannot assign requested address (os error 99)
[INFO] [stdout]    --> src/routes/subscriptions.rs:162:5
[INFO] [stdout]     |
[INFO] [stdout] 162 | /     sqlx::query!(
[INFO] [stdout] 163 | |         r#"
[INFO] [stdout] 164 | |     INSERT INTO subscription_tokens (subscription_token, subscriber_id)
[INFO] [stdout] 165 | |     VALUES ($1, $2)
[INFO] [stdout] ...   |
[INFO] [stdout] 168 | |         subscriber_id
[INFO] [stdout] 169 | |     )
[INFO] [stdout]     | |_____^
[INFO] [stdout]     |
[INFO] [stdout]     = note: this error originates in the macro `$crate::sqlx_macros::expand_query` which comes from the expansion of the macro `sqlx::query` (in Nightly builds, run with -Z macro-backtrace for more info)
[INFO] [stdout] 
[INFO] [stdout] 
[INFO] [stdout] error: error communicating with database: Cannot assign requested address (os error 99)
[INFO] [stdout]   --> src/routes/subscriptions_confirm.rs:31:5
[INFO] [stdout]    |
[INFO] [stdout] 31 | /     sqlx::query!(
[INFO] [stdout] 32 | |         r#"UPDATE subscriptions SET status = 'confirmed' WHERE id = $1"#,
[INFO] [stdout] 33 | |         subscriber_id,
[INFO] [stdout] 34 | |     )
[INFO] [stdout]    | |_____^
[INFO] [stdout]    |
[INFO] [stdout]    = note: this error originates in the macro `$crate::sqlx_macros::expand_query` which comes from the expansion of the macro `sqlx::query` (in Nightly builds, run with -Z macro-backtrace for more info)
[INFO] [stdout] 
[INFO] [stdout] 
[INFO] [stdout] error: error communicating with database: Cannot assign requested address (os error 99)
[INFO] [stdout]   --> src/routes/subscriptions_confirm.rs:45:18
[INFO] [stdout]    |
[INFO] [stdout] 45 |       let result = sqlx::query!(
[INFO] [stdout]    |  __________________^
[INFO] [stdout] 46 | |         r#"SELECT subscriber_id FROM subscription_tokens WHERE subscription_token = $1"#,
[INFO] [stdout] 47 | |         subscription_token,
[INFO] [stdout] 48 | |     )
[INFO] [stdout]    | |_____^
[INFO] [stdout]    |
[INFO] [stdout]    = note: this error originates in the macro `$crate::sqlx_macros::expand_query` which comes from the expansion of the macro `sqlx::query` (in Nightly builds, run with -Z macro-backtrace for more info)
[INFO] [stdout] 
[INFO] [stdout] 
[INFO] [stdout] warning: unused import: `chrono::Utc`
[INFO] [stdout]  --> src/routes/subscriptions.rs:7:5
[INFO] [stdout]   |
[INFO] [stdout] 7 | use chrono::Utc;
[INFO] [stdout]   |     ^^^^^^^^^^^
[INFO] [stdout]   |
[INFO] [stdout]   = note: `#[warn(unused_imports)]` on by default
[INFO] [stdout] 
[INFO] [stdout] 
[INFO] [stdout] warning: unused import: `anyhow::Context`
[INFO] [stdout]  --> src/routes/admin/dashboard.rs:6:5
[INFO] [stdout]   |
[INFO] [stdout] 6 | use anyhow::Context;
[INFO] [stdout]   |     ^^^^^^^^^^^^^^^
[INFO] [stdout] 
[INFO] [stdout] 
[INFO] [stdout] error: aborting due to 7 previous errors; 2 warnings emitted
[INFO] [stdout] 
[INFO] [stdout] 
[INFO] [stderr] error: could not compile `zero2prod` (lib) due to 8 previous errors; 2 warnings emitted
[INFO] running `Command { std: "docker" "inspect" "b17234a87dac2c315baa49f6b95d6f9c7209b78b8a58ebce785bc520ce1e2891", kill_on_drop: false }`
[INFO] running `Command { std: "docker" "rm" "-f" "b17234a87dac2c315baa49f6b95d6f9c7209b78b8a58ebce785bc520ce1e2891", kill_on_drop: false }`
[INFO] [stdout] b17234a87dac2c315baa49f6b95d6f9c7209b78b8a58ebce785bc520ce1e2891
