[INFO] cloning repository https://github.com/adamgreig/iris
[INFO] running `Command { std: "git" "-c" "credential.helper=" "-c" "credential.helper=/workspace/cargo-home/bin/git-credential-null" "clone" "--bare" "https://github.com/adamgreig/iris" "/workspace/cache/git-repos/https%3A%2F%2Fgithub.com%2Fadamgreig%2Firis", kill_on_drop: false }`
[INFO] [stderr] Cloning into bare repository '/workspace/cache/git-repos/https%3A%2F%2Fgithub.com%2Fadamgreig%2Firis'...
[INFO] running `Command { std: "git" "rev-parse" "HEAD", kill_on_drop: false }`
[INFO] [stdout] e768564c590d1e745d6f80a45ba951609f18de8c
[INFO] testing adamgreig/iris against 1.69.0 for beta-1.70-1
[INFO] running `Command { std: "git" "clone" "/workspace/cache/git-repos/https%3A%2F%2Fgithub.com%2Fadamgreig%2Firis" "/workspace/builds/worker-0-tc1/source", kill_on_drop: false }`
[INFO] [stderr] Cloning into '/workspace/builds/worker-0-tc1/source'...
[INFO] [stderr] done.
[INFO] validating manifest of git repo https://github.com/adamgreig/iris on toolchain 1.69.0
[INFO] running `Command { std: CARGO_HOME="/workspace/cargo-home" RUSTUP_HOME="/workspace/rustup-home" "/workspace/cargo-home/bin/cargo" "+1.69.0" "metadata" "--manifest-path" "Cargo.toml" "--no-deps", kill_on_drop: false }`
[INFO] started tweaking git repo https://github.com/adamgreig/iris
[INFO] finished tweaking git repo https://github.com/adamgreig/iris
[INFO] tweaked toml for git repo https://github.com/adamgreig/iris written to /workspace/builds/worker-0-tc1/source/Cargo.toml
[INFO] crate git repo https://github.com/adamgreig/iris already has a lockfile, it will not be regenerated
[INFO] running `Command { std: CARGO_HOME="/workspace/cargo-home" RUSTUP_HOME="/workspace/rustup-home" "/workspace/cargo-home/bin/cargo" "+1.69.0" "fetch" "--manifest-path" "Cargo.toml", kill_on_drop: false }`
[INFO] [stderr]  Downloading crates ...
[INFO] [stderr]   Downloaded clap v2.18.0
[INFO] running `Command { std: "docker" "create" "-v" "/var/lib/crater-agent-workspace/builds/worker-0-tc1/target:/opt/rustwide/target:rw,Z" "-v" "/var/lib/crater-agent-workspace/builds/worker-0-tc1/source:/opt/rustwide/workdir:ro,Z" "-v" "/var/lib/crater-agent-workspace/cargo-home:/opt/rustwide/cargo-home:ro,Z" "-v" "/var/lib/crater-agent-workspace/rustup-home:/opt/rustwide/rustup-home:ro,Z" "-e" "SOURCE_DIR=/opt/rustwide/workdir" "-e" "CARGO_TARGET_DIR=/opt/rustwide/target" "-e" "CARGO_HOME=/opt/rustwide/cargo-home" "-e" "RUSTUP_HOME=/opt/rustwide/rustup-home" "-w" "/opt/rustwide/workdir" "-m" "1610612736" "--user" "0:0" "--network" "none" "ghcr.io/rust-lang/crates-build-env/linux@sha256:5ff2268d62e97bff2cde7d5815dd6ed5b47097566f13b8d0ca110b04b60e07ed" "/opt/rustwide/cargo-home/bin/cargo" "+1.69.0" "metadata" "--no-deps" "--format-version=1", kill_on_drop: false }`
[INFO] [stdout] ba2f8b148e41a7e8d2b5e0f3350805c0254243fedc20d6d276dc584718de78fe
[INFO] running `Command { std: "docker" "start" "-a" "ba2f8b148e41a7e8d2b5e0f3350805c0254243fedc20d6d276dc584718de78fe", kill_on_drop: false }`
[INFO] running `Command { std: "docker" "inspect" "ba2f8b148e41a7e8d2b5e0f3350805c0254243fedc20d6d276dc584718de78fe", kill_on_drop: false }`
[INFO] running `Command { std: "docker" "rm" "-f" "ba2f8b148e41a7e8d2b5e0f3350805c0254243fedc20d6d276dc584718de78fe", kill_on_drop: false }`
[INFO] [stdout] ba2f8b148e41a7e8d2b5e0f3350805c0254243fedc20d6d276dc584718de78fe
[INFO] running `Command { std: "docker" "create" "-v" "/var/lib/crater-agent-workspace/builds/worker-0-tc1/target:/opt/rustwide/target:rw,Z" "-v" "/var/lib/crater-agent-workspace/builds/worker-0-tc1/source:/opt/rustwide/workdir:ro,Z" "-v" "/var/lib/crater-agent-workspace/cargo-home:/opt/rustwide/cargo-home:ro,Z" "-v" "/var/lib/crater-agent-workspace/rustup-home:/opt/rustwide/rustup-home:ro,Z" "-e" "SOURCE_DIR=/opt/rustwide/workdir" "-e" "CARGO_TARGET_DIR=/opt/rustwide/target" "-e" "CARGO_INCREMENTAL=0" "-e" "RUST_BACKTRACE=full" "-e" "RUSTFLAGS=--cap-lints=warn" "-e" "RUSTDOCFLAGS=--cap-lints=warn" "-e" "CARGO_HOME=/opt/rustwide/cargo-home" "-e" "RUSTUP_HOME=/opt/rustwide/rustup-home" "-w" "/opt/rustwide/workdir" "-m" "1610612736" "--user" "0:0" "--network" "none" "ghcr.io/rust-lang/crates-build-env/linux@sha256:5ff2268d62e97bff2cde7d5815dd6ed5b47097566f13b8d0ca110b04b60e07ed" "/opt/rustwide/cargo-home/bin/cargo" "+1.69.0" "build" "--frozen" "--message-format=json", kill_on_drop: false }`
[INFO] [stdout] 49b7e03965c77c2e2f9268874b7a5881453fd96400c3f7d8d7e963453c02a55d
[INFO] running `Command { std: "docker" "start" "-a" "49b7e03965c77c2e2f9268874b7a5881453fd96400c3f7d8d7e963453c02a55d", kill_on_drop: false }`
[INFO] [stderr]    Compiling libc v0.2.17
[INFO] [stderr]    Compiling vec_map v0.6.0
[INFO] [stderr]    Compiling bitflags v0.7.0
[INFO] [stderr]    Compiling unicode-segmentation v0.1.2
[INFO] [stderr]    Compiling strsim v0.5.1
[INFO] [stderr]    Compiling ansi_term v0.9.0
[INFO] [stderr]    Compiling unicode-width v0.1.3
[INFO] [stderr]    Compiling term_size v0.2.1
[INFO] [stderr]    Compiling clap v2.18.0
[INFO] [stderr]    Compiling iris v0.1.0 (/opt/rustwide/workdir)
[INFO] [stdout] warning: for loop over a `Result`. This is more readably written as an `if let` statement
[INFO] [stdout]   --> src/tts.rs:48:32
[INFO] [stdout]    |
[INFO] [stdout] 48 |                 for message in rx.recv() {
[INFO] [stdout]    |                                ^^^^^^^^^
[INFO] [stdout]    |
[INFO] [stdout]    = note: `#[warn(for_loops_over_fallibles)]` on by default
[INFO] [stdout] help: to check pattern in a loop use `while let`
[INFO] [stdout]    |
[INFO] [stdout] 48 |                 while let Ok(message) = rx.recv() {
[INFO] [stdout]    |                 ~~~~~~~~~~~~~       ~~~
[INFO] [stdout] help: consider using `if let` to clear intent
[INFO] [stdout]    |
[INFO] [stdout] 48 |                 if let Ok(message) = rx.recv() {
[INFO] [stdout]    |                 ~~~~~~~~~~       ~~~
[INFO] [stdout] 
[INFO] [stdout] 
[INFO] [stdout] warning: 1 warning emitted
[INFO] [stdout] 
[INFO] [stdout] 
[INFO] [stdout] error: linking with `cc` failed: exit status: 1
[INFO] [stdout]   |
[INFO] [stdout]   = note: LC_ALL="C" PATH="/opt/rustwide/rustup-home/toolchains/1.69.0-x86_64-unknown-linux-gnu/lib/rustlib/x86_64-unknown-linux-gnu/bin:/opt/rustwide/cargo-home/bin:/usr/local/sbin:/usr/local/bin:/usr/sbin:/usr/bin:/sbin:/bin" VSLANG="1033" "cc" "-m64" "/tmp/rustcAND1wh/symbols.o" "/opt/rustwide/target/debug/deps/tts_check_boards-f0fa7379a802d897.tts_check_boards.83662e46-cgu.0.rcgu.o" "/opt/rustwide/target/debug/deps/tts_check_boards-f0fa7379a802d897.tts_check_boards.83662e46-cgu.1.rcgu.o" "/opt/rustwide/target/debug/deps/tts_check_boards-f0fa7379a802d897.tts_check_boards.83662e46-cgu.10.rcgu.o" "/opt/rustwide/target/debug/deps/tts_check_boards-f0fa7379a802d897.tts_check_boards.83662e46-cgu.11.rcgu.o" "/opt/rustwide/target/debug/deps/tts_check_boards-f0fa7379a802d897.tts_check_boards.83662e46-cgu.12.rcgu.o" "/opt/rustwide/target/debug/deps/tts_check_boards-f0fa7379a802d897.tts_check_boards.83662e46-cgu.13.rcgu.o" "/opt/rustwide/target/debug/deps/tts_check_boards-f0fa7379a802d897.tts_check_boards.83662e46-cgu.14.rcgu.o" "/opt/rustwide/target/debug/deps/tts_check_boards-f0fa7379a802d897.tts_check_boards.83662e46-cgu.15.rcgu.o" "/opt/rustwide/target/debug/deps/tts_check_boards-f0fa7379a802d897.tts_check_boards.83662e46-cgu.2.rcgu.o" "/opt/rustwide/target/debug/deps/tts_check_boards-f0fa7379a802d897.tts_check_boards.83662e46-cgu.3.rcgu.o" "/opt/rustwide/target/debug/deps/tts_check_boards-f0fa7379a802d897.tts_check_boards.83662e46-cgu.4.rcgu.o" "/opt/rustwide/target/debug/deps/tts_check_boards-f0fa7379a802d897.tts_check_boards.83662e46-cgu.5.rcgu.o" "/opt/rustwide/target/debug/deps/tts_check_boards-f0fa7379a802d897.tts_check_boards.83662e46-cgu.6.rcgu.o" "/opt/rustwide/target/debug/deps/tts_check_boards-f0fa7379a802d897.tts_check_boards.83662e46-cgu.7.rcgu.o" "/opt/rustwide/target/debug/deps/tts_check_boards-f0fa7379a802d897.tts_check_boards.83662e46-cgu.8.rcgu.o" "/opt/rustwide/target/debug/deps/tts_check_boards-f0fa7379a802d897.tts_check_boards.83662e46-cgu.9.rcgu.o" "/opt/rustwide/target/debug/deps/tts_check_boards-f0fa7379a802d897.2dvdf70qdb8uva4q.rcgu.o" "-Wl,--as-needed" "-L" "/opt/rustwide/target/debug/deps" "-L" "/opt/rustwide/rustup-home/toolchains/1.69.0-x86_64-unknown-linux-gnu/lib/rustlib/x86_64-unknown-linux-gnu/lib" "-Wl,-Bstatic" "/opt/rustwide/target/debug/deps/libiris-8ce4943e34fe0519.rlib" "/opt/rustwide/rustup-home/toolchains/1.69.0-x86_64-unknown-linux-gnu/lib/rustlib/x86_64-unknown-linux-gnu/lib/libstd-89bc084783fdc439.rlib" "/opt/rustwide/rustup-home/toolchains/1.69.0-x86_64-unknown-linux-gnu/lib/rustlib/x86_64-unknown-linux-gnu/lib/libpanic_unwind-8bee4b287d4367c1.rlib" "/opt/rustwide/rustup-home/toolchains/1.69.0-x86_64-unknown-linux-gnu/lib/rustlib/x86_64-unknown-linux-gnu/lib/libobject-d61707aed80694c0.rlib" "/opt/rustwide/rustup-home/toolchains/1.69.0-x86_64-unknown-linux-gnu/lib/rustlib/x86_64-unknown-linux-gnu/lib/libmemchr-d85366256f22345b.rlib" "/opt/rustwide/rustup-home/toolchains/1.69.0-x86_64-unknown-linux-gnu/lib/rustlib/x86_64-unknown-linux-gnu/lib/libaddr2line-96069b86b8a8cae9.rlib" "/opt/rustwide/rustup-home/toolchains/1.69.0-x86_64-unknown-linux-gnu/lib/rustlib/x86_64-unknown-linux-gnu/lib/libgimli-d19d53abf68dfa6c.rlib" "/opt/rustwide/rustup-home/toolchains/1.69.0-x86_64-unknown-linux-gnu/lib/rustlib/x86_64-unknown-linux-gnu/lib/librustc_demangle-787cbccd19d64ac6.rlib" "/opt/rustwide/rustup-home/toolchains/1.69.0-x86_64-unknown-linux-gnu/lib/rustlib/x86_64-unknown-linux-gnu/lib/libstd_detect-b3837a36b830e0d0.rlib" "/opt/rustwide/rustup-home/toolchains/1.69.0-x86_64-unknown-linux-gnu/lib/rustlib/x86_64-unknown-linux-gnu/lib/libhashbrown-e3deb0e7e3f04966.rlib" "/opt/rustwide/rustup-home/toolchains/1.69.0-x86_64-unknown-linux-gnu/lib/rustlib/x86_64-unknown-linux-gnu/lib/libminiz_oxide-dabbb79c9815def4.rlib" "/opt/rustwide/rustup-home/toolchains/1.69.0-x86_64-unknown-linux-gnu/lib/rustlib/x86_64-unknown-linux-gnu/lib/libadler-305b01f34c9409f2.rlib" "/opt/rustwide/rustup-home/toolchains/1.69.0-x86_64-unknown-linux-gnu/lib/rustlib/x86_64-unknown-linux-gnu/lib/librustc_std_workspace_alloc-f833521df6074e73.rlib" "/opt/rustwide/rustup-home/toolchains/1.69.0-x86_64-unknown-linux-gnu/lib/rustlib/x86_64-unknown-linux-gnu/lib/libunwind-9ac333113350d171.rlib" "/opt/rustwide/rustup-home/toolchains/1.69.0-x86_64-unknown-linux-gnu/lib/rustlib/x86_64-unknown-linux-gnu/lib/libcfg_if-1c126114322d0eee.rlib" "/opt/rustwide/rustup-home/toolchains/1.69.0-x86_64-unknown-linux-gnu/lib/rustlib/x86_64-unknown-linux-gnu/lib/liblibc-bad9164fdeeecf92.rlib" "/opt/rustwide/rustup-home/toolchains/1.69.0-x86_64-unknown-linux-gnu/lib/rustlib/x86_64-unknown-linux-gnu/lib/liballoc-f9374b1e480fa681.rlib" "/opt/rustwide/rustup-home/toolchains/1.69.0-x86_64-unknown-linux-gnu/lib/rustlib/x86_64-unknown-linux-gnu/lib/librustc_std_workspace_core-207f06e41d9603af.rlib" "/opt/rustwide/rustup-home/toolchains/1.69.0-x86_64-unknown-linux-gnu/lib/rustlib/x86_64-unknown-linux-gnu/lib/libcore-7e2768e66e984e85.rlib" "/opt/rustwide/rustup-home/toolchains/1.69.0-x86_64-unknown-linux-gnu/lib/rustlib/x86_64-unknown-linux-gnu/lib/libcompiler_builtins-957b4aff41f8cd46.rlib" "-Wl,-Bdynamic" "-lflite_cmu_us_slt" "-lflite_usenglish" "-lflite_cmulex" "-lflite" "-lasound" "-lgcc_s" "-lutil" "-lrt" "-lpthread" "-lm" "-ldl" "-lc" "-Wl,--eh-frame-hdr" "-Wl,-z,noexecstack" "-L" "/opt/rustwide/rustup-home/toolchains/1.69.0-x86_64-unknown-linux-gnu/lib/rustlib/x86_64-unknown-linux-gnu/lib" "-o" "/opt/rustwide/target/debug/deps/tts_check_boards-f0fa7379a802d897" "-Wl,--gc-sections" "-pie" "-Wl,-z,relro,-z,now" "-nodefaultlibs"
[INFO] [stdout]   = note: /usr/bin/ld: cannot find -lflite_cmu_us_slt: No such file or directory
[INFO] [stdout]           /usr/bin/ld: cannot find -lflite_usenglish: No such file or directory
[INFO] [stdout]           /usr/bin/ld: cannot find -lflite_cmulex: No such file or directory
[INFO] [stdout]           /usr/bin/ld: cannot find -lflite: No such file or directory
[INFO] [stdout]           collect2: error: ld returned 1 exit status
[INFO] [stdout]           
[INFO] [stdout] 
[INFO] [stdout] 
[INFO] [stdout] error: aborting due to previous error
[INFO] [stdout] 
[INFO] [stdout] 
[INFO] [stderr] error: could not compile `iris` due to 2 previous errors
[INFO] [stderr] warning: build failed, waiting for other jobs to finish...
[INFO] [stdout] error: linking with `cc` failed: exit status: 1
[INFO] [stdout]   |
[INFO] [stdout]   = note: LC_ALL="C" PATH="/opt/rustwide/rustup-home/toolchains/1.69.0-x86_64-unknown-linux-gnu/lib/rustlib/x86_64-unknown-linux-gnu/bin:/opt/rustwide/cargo-home/bin:/usr/local/sbin:/usr/local/bin:/usr/sbin:/usr/bin:/sbin:/bin" VSLANG="1033" "cc" "-m64" "/tmp/rustcwveXNK/symbols.o" "/opt/rustwide/target/debug/deps/setup-a85dce36f778405f.setup.435eda76-cgu.0.rcgu.o" "/opt/rustwide/target/debug/deps/setup-a85dce36f778405f.setup.435eda76-cgu.1.rcgu.o" "/opt/rustwide/target/debug/deps/setup-a85dce36f778405f.setup.435eda76-cgu.10.rcgu.o" "/opt/rustwide/target/debug/deps/setup-a85dce36f778405f.setup.435eda76-cgu.11.rcgu.o" "/opt/rustwide/target/debug/deps/setup-a85dce36f778405f.setup.435eda76-cgu.12.rcgu.o" "/opt/rustwide/target/debug/deps/setup-a85dce36f778405f.setup.435eda76-cgu.13.rcgu.o" "/opt/rustwide/target/debug/deps/setup-a85dce36f778405f.setup.435eda76-cgu.14.rcgu.o" "/opt/rustwide/target/debug/deps/setup-a85dce36f778405f.setup.435eda76-cgu.15.rcgu.o" "/opt/rustwide/target/debug/deps/setup-a85dce36f778405f.setup.435eda76-cgu.2.rcgu.o" "/opt/rustwide/target/debug/deps/setup-a85dce36f778405f.setup.435eda76-cgu.3.rcgu.o" "/opt/rustwide/target/debug/deps/setup-a85dce36f778405f.setup.435eda76-cgu.4.rcgu.o" "/opt/rustwide/target/debug/deps/setup-a85dce36f778405f.setup.435eda76-cgu.5.rcgu.o" "/opt/rustwide/target/debug/deps/setup-a85dce36f778405f.setup.435eda76-cgu.6.rcgu.o" "/opt/rustwide/target/debug/deps/setup-a85dce36f778405f.setup.435eda76-cgu.7.rcgu.o" "/opt/rustwide/target/debug/deps/setup-a85dce36f778405f.setup.435eda76-cgu.8.rcgu.o" "/opt/rustwide/target/debug/deps/setup-a85dce36f778405f.setup.435eda76-cgu.9.rcgu.o" "/opt/rustwide/target/debug/deps/setup-a85dce36f778405f.4h7z5p0rr6akkhgq.rcgu.o" "-Wl,--as-needed" "-L" "/opt/rustwide/target/debug/deps" "-L" "/opt/rustwide/rustup-home/toolchains/1.69.0-x86_64-unknown-linux-gnu/lib/rustlib/x86_64-unknown-linux-gnu/lib" "-Wl,-Bstatic" "/opt/rustwide/target/debug/deps/libiris-8ce4943e34fe0519.rlib" "/opt/rustwide/rustup-home/toolchains/1.69.0-x86_64-unknown-linux-gnu/lib/rustlib/x86_64-unknown-linux-gnu/lib/libstd-89bc084783fdc439.rlib" "/opt/rustwide/rustup-home/toolchains/1.69.0-x86_64-unknown-linux-gnu/lib/rustlib/x86_64-unknown-linux-gnu/lib/libpanic_unwind-8bee4b287d4367c1.rlib" "/opt/rustwide/rustup-home/toolchains/1.69.0-x86_64-unknown-linux-gnu/lib/rustlib/x86_64-unknown-linux-gnu/lib/libobject-d61707aed80694c0.rlib" "/opt/rustwide/rustup-home/toolchains/1.69.0-x86_64-unknown-linux-gnu/lib/rustlib/x86_64-unknown-linux-gnu/lib/libmemchr-d85366256f22345b.rlib" "/opt/rustwide/rustup-home/toolchains/1.69.0-x86_64-unknown-linux-gnu/lib/rustlib/x86_64-unknown-linux-gnu/lib/libaddr2line-96069b86b8a8cae9.rlib" "/opt/rustwide/rustup-home/toolchains/1.69.0-x86_64-unknown-linux-gnu/lib/rustlib/x86_64-unknown-linux-gnu/lib/libgimli-d19d53abf68dfa6c.rlib" "/opt/rustwide/rustup-home/toolchains/1.69.0-x86_64-unknown-linux-gnu/lib/rustlib/x86_64-unknown-linux-gnu/lib/librustc_demangle-787cbccd19d64ac6.rlib" "/opt/rustwide/rustup-home/toolchains/1.69.0-x86_64-unknown-linux-gnu/lib/rustlib/x86_64-unknown-linux-gnu/lib/libstd_detect-b3837a36b830e0d0.rlib" "/opt/rustwide/rustup-home/toolchains/1.69.0-x86_64-unknown-linux-gnu/lib/rustlib/x86_64-unknown-linux-gnu/lib/libhashbrown-e3deb0e7e3f04966.rlib" "/opt/rustwide/rustup-home/toolchains/1.69.0-x86_64-unknown-linux-gnu/lib/rustlib/x86_64-unknown-linux-gnu/lib/libminiz_oxide-dabbb79c9815def4.rlib" "/opt/rustwide/rustup-home/toolchains/1.69.0-x86_64-unknown-linux-gnu/lib/rustlib/x86_64-unknown-linux-gnu/lib/libadler-305b01f34c9409f2.rlib" "/opt/rustwide/rustup-home/toolchains/1.69.0-x86_64-unknown-linux-gnu/lib/rustlib/x86_64-unknown-linux-gnu/lib/librustc_std_workspace_alloc-f833521df6074e73.rlib" "/opt/rustwide/rustup-home/toolchains/1.69.0-x86_64-unknown-linux-gnu/lib/rustlib/x86_64-unknown-linux-gnu/lib/libunwind-9ac333113350d171.rlib" "/opt/rustwide/rustup-home/toolchains/1.69.0-x86_64-unknown-linux-gnu/lib/rustlib/x86_64-unknown-linux-gnu/lib/libcfg_if-1c126114322d0eee.rlib" "/opt/rustwide/rustup-home/toolchains/1.69.0-x86_64-unknown-linux-gnu/lib/rustlib/x86_64-unknown-linux-gnu/lib/liblibc-bad9164fdeeecf92.rlib" "/opt/rustwide/rustup-home/toolchains/1.69.0-x86_64-unknown-linux-gnu/lib/rustlib/x86_64-unknown-linux-gnu/lib/liballoc-f9374b1e480fa681.rlib" "/opt/rustwide/rustup-home/toolchains/1.69.0-x86_64-unknown-linux-gnu/lib/rustlib/x86_64-unknown-linux-gnu/lib/librustc_std_workspace_core-207f06e41d9603af.rlib" "/opt/rustwide/rustup-home/toolchains/1.69.0-x86_64-unknown-linux-gnu/lib/rustlib/x86_64-unknown-linux-gnu/lib/libcore-7e2768e66e984e85.rlib" "/opt/rustwide/rustup-home/toolchains/1.69.0-x86_64-unknown-linux-gnu/lib/rustlib/x86_64-unknown-linux-gnu/lib/libcompiler_builtins-957b4aff41f8cd46.rlib" "-Wl,-Bdynamic" "-lflite_cmu_us_slt" "-lflite_usenglish" "-lflite_cmulex" "-lflite" "-lasound" "-lgcc_s" "-lutil" "-lrt" "-lpthread" "-lm" "-ldl" "-lc" "-Wl,--eh-frame-hdr" "-Wl,-z,noexecstack" "-L" "/opt/rustwide/rustup-home/toolchains/1.69.0-x86_64-unknown-linux-gnu/lib/rustlib/x86_64-unknown-linux-gnu/lib" "-o" "/opt/rustwide/target/debug/deps/setup-a85dce36f778405f" "-Wl,--gc-sections" "-pie" "-Wl,-z,relro,-z,now" "-nodefaultlibs"
[INFO] [stdout]   = note: /usr/bin/ld: cannot find -lflite_cmu_us_slt: No such file or directory
[INFO] [stdout]           /usr/bin/ld: cannot find -lflite_usenglish: No such file or directory
[INFO] [stdout]           /usr/bin/ld: cannot find -lflite_cmulex: No such file or directory
[INFO] [stdout]           /usr/bin/ld: cannot find -lflite: No such file or directory
[INFO] [stdout]           collect2: error: ld returned 1 exit status
[INFO] [stdout]           
[INFO] [stdout] 
[INFO] [stdout] 
[INFO] [stdout] error: aborting due to previous error
[INFO] [stdout] 
[INFO] [stdout] 
[INFO] [stderr] error: could not compile `iris` due to 2 previous errors
[INFO] [stdout] error: linking with `cc` failed: exit status: 1
[INFO] [stdout]   |
[INFO] [stdout]   = note: LC_ALL="C" PATH="/opt/rustwide/rustup-home/toolchains/1.69.0-x86_64-unknown-linux-gnu/lib/rustlib/x86_64-unknown-linux-gnu/bin:/opt/rustwide/cargo-home/bin:/usr/local/sbin:/usr/local/bin:/usr/sbin:/usr/bin:/sbin:/bin" VSLANG="1033" "cc" "-m64" "/tmp/rustcoWDOej/symbols.o" "/opt/rustwide/target/debug/deps/show-3d431605e1eee657.show.6a7b1a81-cgu.0.rcgu.o" "/opt/rustwide/target/debug/deps/show-3d431605e1eee657.show.6a7b1a81-cgu.1.rcgu.o" "/opt/rustwide/target/debug/deps/show-3d431605e1eee657.show.6a7b1a81-cgu.10.rcgu.o" "/opt/rustwide/target/debug/deps/show-3d431605e1eee657.show.6a7b1a81-cgu.11.rcgu.o" "/opt/rustwide/target/debug/deps/show-3d431605e1eee657.show.6a7b1a81-cgu.12.rcgu.o" "/opt/rustwide/target/debug/deps/show-3d431605e1eee657.show.6a7b1a81-cgu.13.rcgu.o" "/opt/rustwide/target/debug/deps/show-3d431605e1eee657.show.6a7b1a81-cgu.14.rcgu.o" "/opt/rustwide/target/debug/deps/show-3d431605e1eee657.show.6a7b1a81-cgu.15.rcgu.o" "/opt/rustwide/target/debug/deps/show-3d431605e1eee657.show.6a7b1a81-cgu.2.rcgu.o" "/opt/rustwide/target/debug/deps/show-3d431605e1eee657.show.6a7b1a81-cgu.3.rcgu.o" "/opt/rustwide/target/debug/deps/show-3d431605e1eee657.show.6a7b1a81-cgu.4.rcgu.o" "/opt/rustwide/target/debug/deps/show-3d431605e1eee657.show.6a7b1a81-cgu.5.rcgu.o" "/opt/rustwide/target/debug/deps/show-3d431605e1eee657.show.6a7b1a81-cgu.6.rcgu.o" "/opt/rustwide/target/debug/deps/show-3d431605e1eee657.show.6a7b1a81-cgu.7.rcgu.o" "/opt/rustwide/target/debug/deps/show-3d431605e1eee657.show.6a7b1a81-cgu.8.rcgu.o" "/opt/rustwide/target/debug/deps/show-3d431605e1eee657.show.6a7b1a81-cgu.9.rcgu.o" "/opt/rustwide/target/debug/deps/show-3d431605e1eee657.3la7h66z4o9b7jfd.rcgu.o" "-Wl,--as-needed" "-L" "/opt/rustwide/target/debug/deps" "-L" "/opt/rustwide/rustup-home/toolchains/1.69.0-x86_64-unknown-linux-gnu/lib/rustlib/x86_64-unknown-linux-gnu/lib" "-Wl,-Bstatic" "/opt/rustwide/target/debug/deps/libclap-d34ad74e3f176ebd.rlib" "/opt/rustwide/target/debug/deps/libunicode_segmentation-8ec051fbf18c66ec.rlib" "/opt/rustwide/target/debug/deps/libterm_size-53dd7c1034ce1b78.rlib" "/opt/rustwide/target/debug/deps/libvec_map-34fd4d9a645f0ad1.rlib" "/opt/rustwide/target/debug/deps/libbitflags-989e1a295ae5644a.rlib" "/opt/rustwide/target/debug/deps/libunicode_width-57ca55752b2b525e.rlib" "/opt/rustwide/target/debug/deps/liblibc-6183d7f87a7e4333.rlib" "/opt/rustwide/target/debug/deps/libansi_term-fc00f15a79d49090.rlib" "/opt/rustwide/target/debug/deps/libstrsim-ec95167168905155.rlib" "/opt/rustwide/target/debug/deps/libiris-8ce4943e34fe0519.rlib" "/opt/rustwide/rustup-home/toolchains/1.69.0-x86_64-unknown-linux-gnu/lib/rustlib/x86_64-unknown-linux-gnu/lib/libstd-89bc084783fdc439.rlib" "/opt/rustwide/rustup-home/toolchains/1.69.0-x86_64-unknown-linux-gnu/lib/rustlib/x86_64-unknown-linux-gnu/lib/libpanic_unwind-8bee4b287d4367c1.rlib" "/opt/rustwide/rustup-home/toolchains/1.69.0-x86_64-unknown-linux-gnu/lib/rustlib/x86_64-unknown-linux-gnu/lib/libobject-d61707aed80694c0.rlib" "/opt/rustwide/rustup-home/toolchains/1.69.0-x86_64-unknown-linux-gnu/lib/rustlib/x86_64-unknown-linux-gnu/lib/libmemchr-d85366256f22345b.rlib" "/opt/rustwide/rustup-home/toolchains/1.69.0-x86_64-unknown-linux-gnu/lib/rustlib/x86_64-unknown-linux-gnu/lib/libaddr2line-96069b86b8a8cae9.rlib" "/opt/rustwide/rustup-home/toolchains/1.69.0-x86_64-unknown-linux-gnu/lib/rustlib/x86_64-unknown-linux-gnu/lib/libgimli-d19d53abf68dfa6c.rlib" "/opt/rustwide/rustup-home/toolchains/1.69.0-x86_64-unknown-linux-gnu/lib/rustlib/x86_64-unknown-linux-gnu/lib/librustc_demangle-787cbccd19d64ac6.rlib" "/opt/rustwide/rustup-home/toolchains/1.69.0-x86_64-unknown-linux-gnu/lib/rustlib/x86_64-unknown-linux-gnu/lib/libstd_detect-b3837a36b830e0d0.rlib" "/opt/rustwide/rustup-home/toolchains/1.69.0-x86_64-unknown-linux-gnu/lib/rustlib/x86_64-unknown-linux-gnu/lib/libhashbrown-e3deb0e7e3f04966.rlib" "/opt/rustwide/rustup-home/toolchains/1.69.0-x86_64-unknown-linux-gnu/lib/rustlib/x86_64-unknown-linux-gnu/lib/libminiz_oxide-dabbb79c9815def4.rlib" "/opt/rustwide/rustup-home/toolchains/1.69.0-x86_64-unknown-linux-gnu/lib/rustlib/x86_64-unknown-linux-gnu/lib/libadler-305b01f34c9409f2.rlib" "/opt/rustwide/rustup-home/toolchains/1.69.0-x86_64-unknown-linux-gnu/lib/rustlib/x86_64-unknown-linux-gnu/lib/librustc_std_workspace_alloc-f833521df6074e73.rlib" "/opt/rustwide/rustup-home/toolchains/1.69.0-x86_64-unknown-linux-gnu/lib/rustlib/x86_64-unknown-linux-gnu/lib/libunwind-9ac333113350d171.rlib" "/opt/rustwide/rustup-home/toolchains/1.69.0-x86_64-unknown-linux-gnu/lib/rustlib/x86_64-unknown-linux-gnu/lib/libcfg_if-1c126114322d0eee.rlib" "/opt/rustwide/rustup-home/toolchains/1.69.0-x86_64-unknown-linux-gnu/lib/rustlib/x86_64-unknown-linux-gnu/lib/liblibc-bad9164fdeeecf92.rlib" "/opt/rustwide/rustup-home/toolchains/1.69.0-x86_64-unknown-linux-gnu/lib/rustlib/x86_64-unknown-linux-gnu/lib/liballoc-f9374b1e480fa681.rlib" "/opt/rustwide/rustup-home/toolchains/1.69.0-x86_64-unknown-linux-gnu/lib/rustlib/x86_64-unknown-linux-gnu/lib/librustc_std_workspace_core-207f06e41d9603af.rlib" "/opt/rustwide/rustup-home/toolchains/1.69.0-x86_64-unknown-linux-gnu/lib/rustlib/x86_64-unknown-linux-gnu/lib/libcore-7e2768e66e984e85.rlib" "/opt/rustwide/rustup-home/toolchains/1.69.0-x86_64-unknown-linux-gnu/lib/rustlib/x86_64-unknown-linux-gnu/lib/libcompiler_builtins-957b4aff41f8cd46.rlib" "-Wl,-Bdynamic" "-lutil" "-lflite_cmu_us_slt" "-lflite_usenglish" "-lflite_cmulex" "-lflite" "-lasound" "-lgcc_s" "-lutil" "-lrt" "-lpthread" "-lm" "-ldl" "-lc" "-Wl,--eh-frame-hdr" "-Wl,-z,noexecstack" "-L" "/opt/rustwide/rustup-home/toolchains/1.69.0-x86_64-unknown-linux-gnu/lib/rustlib/x86_64-unknown-linux-gnu/lib" "-o" "/opt/rustwide/target/debug/deps/show-3d431605e1eee657" "-Wl,--gc-sections" "-pie" "-Wl,-z,relro,-z,now" "-nodefaultlibs"
[INFO] [stdout]   = note: /usr/bin/ld: cannot find -lflite_cmu_us_slt: No such file or directory
[INFO] [stdout]           /usr/bin/ld: cannot find -lflite_usenglish: No such file or directory
[INFO] [stdout]           /usr/bin/ld: cannot find -lflite_cmulex: No such file or directory
[INFO] [stdout]           /usr/bin/ld: cannot find -lflite: No such file or directory
[INFO] [stdout]           collect2: error: ld returned 1 exit status
[INFO] [stdout]           
[INFO] [stdout] 
[INFO] [stdout] 
[INFO] [stdout] error: aborting due to previous error
[INFO] [stdout] 
[INFO] [stdout] 
[INFO] [stderr] error: could not compile `iris` due to 2 previous errors
[INFO] running `Command { std: "docker" "inspect" "49b7e03965c77c2e2f9268874b7a5881453fd96400c3f7d8d7e963453c02a55d", kill_on_drop: false }`
[INFO] running `Command { std: "docker" "rm" "-f" "49b7e03965c77c2e2f9268874b7a5881453fd96400c3f7d8d7e963453c02a55d", kill_on_drop: false }`
[INFO] [stdout] 49b7e03965c77c2e2f9268874b7a5881453fd96400c3f7d8d7e963453c02a55d
