[INFO] cloning repository https://github.com/adambudziak/rust_mcl
[INFO] running `Command { std: "git" "-c" "credential.helper=" "-c" "credential.helper=/workspace/cargo-home/bin/git-credential-null" "clone" "--bare" "https://github.com/adambudziak/rust_mcl" "/workspace/cache/git-repos/https%3A%2F%2Fgithub.com%2Fadambudziak%2Frust_mcl", kill_on_drop: false }`
[INFO] [stderr] Cloning into bare repository '/workspace/cache/git-repos/https%3A%2F%2Fgithub.com%2Fadambudziak%2Frust_mcl'...
[INFO] running `Command { std: "git" "rev-parse" "HEAD", kill_on_drop: false }`
[INFO] [stdout] 5584207cae733cf56438e4d2c43ebade084ac50c
[INFO] testing adambudziak/rust_mcl against beta-2023-04-20 for beta-1.70-1
[INFO] running `Command { std: "git" "clone" "/workspace/cache/git-repos/https%3A%2F%2Fgithub.com%2Fadambudziak%2Frust_mcl" "/workspace/builds/worker-7-tc2/source", kill_on_drop: false }`
[INFO] [stderr] Cloning into '/workspace/builds/worker-7-tc2/source'...
[INFO] [stderr] done.
[INFO] validating manifest of git repo https://github.com/adambudziak/rust_mcl on toolchain beta-2023-04-20
[INFO] running `Command { std: CARGO_HOME="/workspace/cargo-home" RUSTUP_HOME="/workspace/rustup-home" "/workspace/cargo-home/bin/cargo" "+beta-2023-04-20" "metadata" "--manifest-path" "Cargo.toml" "--no-deps", kill_on_drop: false }`
[INFO] started tweaking git repo https://github.com/adambudziak/rust_mcl
[INFO] finished tweaking git repo https://github.com/adambudziak/rust_mcl
[INFO] tweaked toml for git repo https://github.com/adambudziak/rust_mcl written to /workspace/builds/worker-7-tc2/source/Cargo.toml
[INFO] crate git repo https://github.com/adambudziak/rust_mcl already has a lockfile, it will not be regenerated
[INFO] running `Command { std: CARGO_HOME="/workspace/cargo-home" RUSTUP_HOME="/workspace/rustup-home" "/workspace/cargo-home/bin/cargo" "+beta-2023-04-20" "fetch" "--manifest-path" "Cargo.toml", kill_on_drop: false }`
[INFO] running `Command { std: "docker" "create" "-v" "/var/lib/crater-agent-workspace/builds/worker-7-tc2/target:/opt/rustwide/target:rw,Z" "-v" "/var/lib/crater-agent-workspace/builds/worker-7-tc2/source:/opt/rustwide/workdir:ro,Z" "-v" "/var/lib/crater-agent-workspace/cargo-home:/opt/rustwide/cargo-home:ro,Z" "-v" "/var/lib/crater-agent-workspace/rustup-home:/opt/rustwide/rustup-home:ro,Z" "-e" "SOURCE_DIR=/opt/rustwide/workdir" "-e" "CARGO_TARGET_DIR=/opt/rustwide/target" "-e" "CARGO_HOME=/opt/rustwide/cargo-home" "-e" "RUSTUP_HOME=/opt/rustwide/rustup-home" "-w" "/opt/rustwide/workdir" "-m" "1610612736" "--user" "0:0" "--network" "none" "ghcr.io/rust-lang/crates-build-env/linux@sha256:5ff2268d62e97bff2cde7d5815dd6ed5b47097566f13b8d0ca110b04b60e07ed" "/opt/rustwide/cargo-home/bin/cargo" "+beta-2023-04-20" "metadata" "--no-deps" "--format-version=1", kill_on_drop: false }`
[INFO] [stdout] 861465b34068990512026cd31e08c094786e51c95815c42f4268d90bab01724c
[INFO] running `Command { std: "docker" "start" "-a" "861465b34068990512026cd31e08c094786e51c95815c42f4268d90bab01724c", kill_on_drop: false }`
[INFO] running `Command { std: "docker" "inspect" "861465b34068990512026cd31e08c094786e51c95815c42f4268d90bab01724c", kill_on_drop: false }`
[INFO] running `Command { std: "docker" "rm" "-f" "861465b34068990512026cd31e08c094786e51c95815c42f4268d90bab01724c", kill_on_drop: false }`
[INFO] [stdout] 861465b34068990512026cd31e08c094786e51c95815c42f4268d90bab01724c
[INFO] running `Command { std: "docker" "create" "-v" "/var/lib/crater-agent-workspace/builds/worker-7-tc2/target:/opt/rustwide/target:rw,Z" "-v" "/var/lib/crater-agent-workspace/builds/worker-7-tc2/source:/opt/rustwide/workdir:ro,Z" "-v" "/var/lib/crater-agent-workspace/cargo-home:/opt/rustwide/cargo-home:ro,Z" "-v" "/var/lib/crater-agent-workspace/rustup-home:/opt/rustwide/rustup-home:ro,Z" "-e" "SOURCE_DIR=/opt/rustwide/workdir" "-e" "CARGO_TARGET_DIR=/opt/rustwide/target" "-e" "CARGO_INCREMENTAL=0" "-e" "RUST_BACKTRACE=full" "-e" "RUSTFLAGS=--cap-lints=warn" "-e" "RUSTDOCFLAGS=--cap-lints=warn" "-e" "CARGO_HOME=/opt/rustwide/cargo-home" "-e" "RUSTUP_HOME=/opt/rustwide/rustup-home" "-w" "/opt/rustwide/workdir" "-m" "1610612736" "--user" "0:0" "--network" "none" "ghcr.io/rust-lang/crates-build-env/linux@sha256:5ff2268d62e97bff2cde7d5815dd6ed5b47097566f13b8d0ca110b04b60e07ed" "/opt/rustwide/cargo-home/bin/cargo" "+beta-2023-04-20" "build" "--frozen" "--message-format=json", kill_on_drop: false }`
[INFO] [stdout] a1a7e5aa955f9240d8b39fc521cee134bc6caae5b2a80c73cc96e65aee051149
[INFO] running `Command { std: "docker" "start" "-a" "a1a7e5aa955f9240d8b39fc521cee134bc6caae5b2a80c73cc96e65aee051149", kill_on_drop: false }`
[INFO] [stderr]    Compiling proc-macro2 v1.0.5
[INFO] [stderr]    Compiling unicode-xid v0.2.0
[INFO] [stderr]    Compiling syn v1.0.5
[INFO] [stderr]    Compiling libc v0.2.62
[INFO] [stderr]    Compiling serde v1.0.101
[INFO] [stderr]    Compiling quote v1.0.2
[INFO] [stderr]    Compiling mcl_derive v0.5.0-alpha (/opt/rustwide/workdir/mcl_derive)
[INFO] [stderr]    Compiling mcl v0.5.0-alpha (/opt/rustwide/workdir/mcl)
[INFO] [stderr]     Finished dev [unoptimized + debuginfo] target(s) in 9.80s
[INFO] running `Command { std: "docker" "inspect" "a1a7e5aa955f9240d8b39fc521cee134bc6caae5b2a80c73cc96e65aee051149", kill_on_drop: false }`
[INFO] running `Command { std: "docker" "rm" "-f" "a1a7e5aa955f9240d8b39fc521cee134bc6caae5b2a80c73cc96e65aee051149", kill_on_drop: false }`
[INFO] [stdout] a1a7e5aa955f9240d8b39fc521cee134bc6caae5b2a80c73cc96e65aee051149
[INFO] running `Command { std: "docker" "create" "-v" "/var/lib/crater-agent-workspace/builds/worker-7-tc2/target:/opt/rustwide/target:rw,Z" "-v" "/var/lib/crater-agent-workspace/builds/worker-7-tc2/source:/opt/rustwide/workdir:ro,Z" "-v" "/var/lib/crater-agent-workspace/cargo-home:/opt/rustwide/cargo-home:ro,Z" "-v" "/var/lib/crater-agent-workspace/rustup-home:/opt/rustwide/rustup-home:ro,Z" "-e" "SOURCE_DIR=/opt/rustwide/workdir" "-e" "CARGO_TARGET_DIR=/opt/rustwide/target" "-e" "CARGO_INCREMENTAL=0" "-e" "RUST_BACKTRACE=full" "-e" "RUSTFLAGS=--cap-lints=warn" "-e" "RUSTDOCFLAGS=--cap-lints=warn" "-e" "CARGO_HOME=/opt/rustwide/cargo-home" "-e" "RUSTUP_HOME=/opt/rustwide/rustup-home" "-w" "/opt/rustwide/workdir" "-m" "1610612736" "--user" "0:0" "--network" "none" "ghcr.io/rust-lang/crates-build-env/linux@sha256:5ff2268d62e97bff2cde7d5815dd6ed5b47097566f13b8d0ca110b04b60e07ed" "/opt/rustwide/cargo-home/bin/cargo" "+beta-2023-04-20" "test" "--frozen" "--no-run" "--message-format=json", kill_on_drop: false }`
[INFO] [stdout] 241ce6c4832a3c7e84c66b237b6dd0931c6a270b8556711a25b016fae334b6c1
[INFO] running `Command { std: "docker" "start" "-a" "241ce6c4832a3c7e84c66b237b6dd0931c6a270b8556711a25b016fae334b6c1", kill_on_drop: false }`
[INFO] [stderr]    Compiling mcl_derive v0.5.0-alpha (/opt/rustwide/workdir/mcl_derive)
[INFO] [stderr]    Compiling mcl v0.5.0-alpha (/opt/rustwide/workdir/mcl)
[INFO] [stdout] warning: variable `P` should have a snake case name
[INFO] [stdout]    --> mcl/src/bn.rs:139:17
[INFO] [stdout]     |
[INFO] [stdout] 139 |             let P = G1::hash_and_map(b"abc").unwrap();
[INFO] [stdout]     |                 ^ help: convert the identifier to snake case: `p`
[INFO] [stdout]     |
[INFO] [stdout]     = note: `#[warn(non_snake_case)]` on by default
[INFO] [stdout] 
[INFO] [stdout] 
[INFO] [stdout] warning: variable `Q` should have a snake case name
[INFO] [stdout]    --> mcl/src/bn.rs:140:17
[INFO] [stdout]     |
[INFO] [stdout] 140 |             let Q = G2::hash_and_map(b"abc").unwrap();
[INFO] [stdout]     |                 ^ help: convert the identifier to snake case: `q`
[INFO] [stdout] 
[INFO] [stdout] 
[INFO] [stdout] warning: variable `aQ` should have a snake case name
[INFO] [stdout]    --> mcl/src/bn.rs:144:17
[INFO] [stdout]     |
[INFO] [stdout] 144 |             let aQ = Q * &a;
[INFO] [stdout]     |                 ^^ help: convert the identifier to snake case: `a_q`
[INFO] [stdout] 
[INFO] [stdout] 
[INFO] [stdout] warning: variable `bP` should have a snake case name
[INFO] [stdout]    --> mcl/src/bn.rs:145:17
[INFO] [stdout]     |
[INFO] [stdout] 145 |             let bP = P * &b;
[INFO] [stdout]     |                 ^^ help: convert the identifier to snake case: `b_p`
[INFO] [stdout] 
[INFO] [stdout] 
[INFO] [stdout] warning: unused variable: `g`
[INFO] [stdout]  --> mcl/examples/schnorr_pairing.rs:8:9
[INFO] [stdout]   |
[INFO] [stdout] 8 |     let g = G1::hash_and_map(b"something").unwrap();
[INFO] [stdout]   |         ^ help: if this is intentional, prefix it with an underscore: `_g`
[INFO] [stdout]   |
[INFO] [stdout]   = note: `#[warn(unused_variables)]` on by default
[INFO] [stdout] 
[INFO] [stdout] 
[INFO] [stdout] warning: variable `A` should have a snake case name
[INFO] [stdout]   --> mcl/examples/schnorr_pairing.rs:13:9
[INFO] [stdout]    |
[INFO] [stdout] 13 |     let A = &g2 * &a;
[INFO] [stdout]    |         ^ help: convert the identifier to snake case: `a`
[INFO] [stdout]    |
[INFO] [stdout]    = note: `#[warn(non_snake_case)]` on by default
[INFO] [stdout] 
[INFO] [stdout] 
[INFO] [stdout] warning: variable `X` should have a snake case name
[INFO] [stdout]   --> mcl/examples/schnorr_pairing.rs:17:9
[INFO] [stdout]    |
[INFO] [stdout] 17 |     let X = &g2 * &x;
[INFO] [stdout]    |         ^ help: convert the identifier to snake case (notice the capitalization): `x`
[INFO] [stdout] 
[INFO] [stdout] 
[INFO] [stdout] warning: variable `U` should have a snake case name
[INFO] [stdout]   --> mcl/examples/schnorr_pairing.rs:23:13
[INFO] [stdout]    |
[INFO] [stdout] 23 |     let mut U = X.get_str(Base::Dec);
[INFO] [stdout]    |             ^ help: convert the identifier to snake case (notice the capitalization): `u`
[INFO] [stdout] 
[INFO] [stdout] 
[INFO] [stdout] error: linking with `cc` failed: exit status: 1
[INFO] [stdout]   |
[INFO] [stdout]   = note: LC_ALL="C" PATH="/opt/rustwide/rustup-home/toolchains/beta-2023-04-20-x86_64-unknown-linux-gnu/lib/rustlib/x86_64-unknown-linux-gnu/bin:/opt/rustwide/cargo-home/bin:/usr/local/sbin:/usr/local/bin:/usr/sbin:/usr/bin:/sbin:/bin" VSLANG="1033" "cc" "-m64" "/tmp/rustcdiTa4m/symbols.o" "/opt/rustwide/target/debug/deps/mcl-0d13a77cf90e0be8.mcl.8ab7e3c9-cgu.0.rcgu.o" "/opt/rustwide/target/debug/deps/mcl-0d13a77cf90e0be8.mcl.8ab7e3c9-cgu.1.rcgu.o" "/opt/rustwide/target/debug/deps/mcl-0d13a77cf90e0be8.mcl.8ab7e3c9-cgu.10.rcgu.o" "/opt/rustwide/target/debug/deps/mcl-0d13a77cf90e0be8.mcl.8ab7e3c9-cgu.11.rcgu.o" "/opt/rustwide/target/debug/deps/mcl-0d13a77cf90e0be8.mcl.8ab7e3c9-cgu.12.rcgu.o" "/opt/rustwide/target/debug/deps/mcl-0d13a77cf90e0be8.mcl.8ab7e3c9-cgu.13.rcgu.o" "/opt/rustwide/target/debug/deps/mcl-0d13a77cf90e0be8.mcl.8ab7e3c9-cgu.14.rcgu.o" "/opt/rustwide/target/debug/deps/mcl-0d13a77cf90e0be8.mcl.8ab7e3c9-cgu.15.rcgu.o" "/opt/rustwide/target/debug/deps/mcl-0d13a77cf90e0be8.mcl.8ab7e3c9-cgu.2.rcgu.o" "/opt/rustwide/target/debug/deps/mcl-0d13a77cf90e0be8.mcl.8ab7e3c9-cgu.3.rcgu.o" "/opt/rustwide/target/debug/deps/mcl-0d13a77cf90e0be8.mcl.8ab7e3c9-cgu.4.rcgu.o" "/opt/rustwide/target/debug/deps/mcl-0d13a77cf90e0be8.mcl.8ab7e3c9-cgu.5.rcgu.o" "/opt/rustwide/target/debug/deps/mcl-0d13a77cf90e0be8.mcl.8ab7e3c9-cgu.6.rcgu.o" "/opt/rustwide/target/debug/deps/mcl-0d13a77cf90e0be8.mcl.8ab7e3c9-cgu.7.rcgu.o" "/opt/rustwide/target/debug/deps/mcl-0d13a77cf90e0be8.mcl.8ab7e3c9-cgu.8.rcgu.o" "/opt/rustwide/target/debug/deps/mcl-0d13a77cf90e0be8.mcl.8ab7e3c9-cgu.9.rcgu.o" "/opt/rustwide/target/debug/deps/mcl-0d13a77cf90e0be8.3oat4tlnbq9d4t32.rcgu.o" "-Wl,--as-needed" "-L" "/opt/rustwide/target/debug/deps" "-L" "/opt/rustwide/rustup-home/toolchains/beta-2023-04-20-x86_64-unknown-linux-gnu/lib/rustlib/x86_64-unknown-linux-gnu/lib" "-lmclbn384_256" "-Wl,-Bstatic" "/opt/rustwide/target/debug/deps/libserde-edd46f1e7a75f149.rlib" "/opt/rustwide/rustup-home/toolchains/beta-2023-04-20-x86_64-unknown-linux-gnu/lib/rustlib/x86_64-unknown-linux-gnu/lib/libtest-2bcc87e061734fce.rlib" "/opt/rustwide/rustup-home/toolchains/beta-2023-04-20-x86_64-unknown-linux-gnu/lib/rustlib/x86_64-unknown-linux-gnu/lib/libgetopts-4c2368e8367904c3.rlib" "/opt/rustwide/rustup-home/toolchains/beta-2023-04-20-x86_64-unknown-linux-gnu/lib/rustlib/x86_64-unknown-linux-gnu/lib/libunicode_width-06b9dcb8e6d4191c.rlib" "/opt/rustwide/rustup-home/toolchains/beta-2023-04-20-x86_64-unknown-linux-gnu/lib/rustlib/x86_64-unknown-linux-gnu/lib/librustc_std_workspace_std-23a78788aee51060.rlib" "/opt/rustwide/target/debug/deps/liblibc-c039897b5abb2969.rlib" "/opt/rustwide/rustup-home/toolchains/beta-2023-04-20-x86_64-unknown-linux-gnu/lib/rustlib/x86_64-unknown-linux-gnu/lib/libstd-0e29cc23c5e02021.rlib" "/opt/rustwide/rustup-home/toolchains/beta-2023-04-20-x86_64-unknown-linux-gnu/lib/rustlib/x86_64-unknown-linux-gnu/lib/libpanic_unwind-d903621768a861d9.rlib" "/opt/rustwide/rustup-home/toolchains/beta-2023-04-20-x86_64-unknown-linux-gnu/lib/rustlib/x86_64-unknown-linux-gnu/lib/libobject-6d0225e655f31c13.rlib" "/opt/rustwide/rustup-home/toolchains/beta-2023-04-20-x86_64-unknown-linux-gnu/lib/rustlib/x86_64-unknown-linux-gnu/lib/libmemchr-9dbaf4eac7eaa079.rlib" "/opt/rustwide/rustup-home/toolchains/beta-2023-04-20-x86_64-unknown-linux-gnu/lib/rustlib/x86_64-unknown-linux-gnu/lib/libaddr2line-27f05b3d42a66dd0.rlib" "/opt/rustwide/rustup-home/toolchains/beta-2023-04-20-x86_64-unknown-linux-gnu/lib/rustlib/x86_64-unknown-linux-gnu/lib/libgimli-4d73f1030321c9a2.rlib" "/opt/rustwide/rustup-home/toolchains/beta-2023-04-20-x86_64-unknown-linux-gnu/lib/rustlib/x86_64-unknown-linux-gnu/lib/librustc_demangle-2846c9e58abd0acb.rlib" "/opt/rustwide/rustup-home/toolchains/beta-2023-04-20-x86_64-unknown-linux-gnu/lib/rustlib/x86_64-unknown-linux-gnu/lib/libstd_detect-a53d0f50415947be.rlib" "/opt/rustwide/rustup-home/toolchains/beta-2023-04-20-x86_64-unknown-linux-gnu/lib/rustlib/x86_64-unknown-linux-gnu/lib/libhashbrown-d48e4b6abc25b9dc.rlib" "/opt/rustwide/rustup-home/toolchains/beta-2023-04-20-x86_64-unknown-linux-gnu/lib/rustlib/x86_64-unknown-linux-gnu/lib/libminiz_oxide-2991859439ef1207.rlib" "/opt/rustwide/rustup-home/toolchains/beta-2023-04-20-x86_64-unknown-linux-gnu/lib/rustlib/x86_64-unknown-linux-gnu/lib/libadler-8a687517e4221bae.rlib" "/opt/rustwide/rustup-home/toolchains/beta-2023-04-20-x86_64-unknown-linux-gnu/lib/rustlib/x86_64-unknown-linux-gnu/lib/librustc_std_workspace_alloc-e07b554f6a67f5b3.rlib" "/opt/rustwide/rustup-home/toolchains/beta-2023-04-20-x86_64-unknown-linux-gnu/lib/rustlib/x86_64-unknown-linux-gnu/lib/libunwind-b68238b7c3c619dd.rlib" "/opt/rustwide/rustup-home/toolchains/beta-2023-04-20-x86_64-unknown-linux-gnu/lib/rustlib/x86_64-unknown-linux-gnu/lib/libcfg_if-d5e213e896c017e4.rlib" "/opt/rustwide/rustup-home/toolchains/beta-2023-04-20-x86_64-unknown-linux-gnu/lib/rustlib/x86_64-unknown-linux-gnu/lib/liblibc-0211a3b2e61d8689.rlib" "/opt/rustwide/rustup-home/toolchains/beta-2023-04-20-x86_64-unknown-linux-gnu/lib/rustlib/x86_64-unknown-linux-gnu/lib/liballoc-b371f055239ba51f.rlib" "/opt/rustwide/rustup-home/toolchains/beta-2023-04-20-x86_64-unknown-linux-gnu/lib/rustlib/x86_64-unknown-linux-gnu/lib/librustc_std_workspace_core-e60518d2760eb01e.rlib" "/opt/rustwide/rustup-home/toolchains/beta-2023-04-20-x86_64-unknown-linux-gnu/lib/rustlib/x86_64-unknown-linux-gnu/lib/libcore-1ad943f92a4b1081.rlib" "/opt/rustwide/rustup-home/toolchains/beta-2023-04-20-x86_64-unknown-linux-gnu/lib/rustlib/x86_64-unknown-linux-gnu/lib/libcompiler_builtins-f0d6e4d0fc1e80b4.rlib" "-Wl,-Bdynamic" "-lutil" "-lgcc_s" "-lutil" "-lrt" "-lpthread" "-lm" "-ldl" "-lc" "-Wl,--eh-frame-hdr" "-Wl,-z,noexecstack" "-L" "/opt/rustwide/rustup-home/toolchains/beta-2023-04-20-x86_64-unknown-linux-gnu/lib/rustlib/x86_64-unknown-linux-gnu/lib" "-o" "/opt/rustwide/target/debug/deps/mcl-0d13a77cf90e0be8" "-Wl,--gc-sections" "-pie" "-Wl,-z,relro,-z,now" "-nodefaultlibs"
[INFO] [stdout]   = note: /usr/bin/ld: cannot find -lmclbn384_256: No such file or directory
[INFO] [stdout]           collect2: error: ld returned 1 exit status
[INFO] [stdout]           
[INFO] [stdout] 
[INFO] [stdout] 
[INFO] [stdout] warning: variable `U` should have a snake case name
[INFO] [stdout]   --> mcl/examples/schnorr_pairing.rs:25:9
[INFO] [stdout]    |
[INFO] [stdout] 25 |     let U = G1::hash_and_map(U.as_bytes()).unwrap();
[INFO] [stdout]    |         ^ help: convert the identifier to snake case (notice the capitalization): `u`
[INFO] [stdout] 
[INFO] [stdout] 
[INFO] [stdout] warning: variable `S` should have a snake case name
[INFO] [stdout]   --> mcl/examples/schnorr_pairing.rs:29:9
[INFO] [stdout]    |
[INFO] [stdout] 29 |     let S = &U * s;
[INFO] [stdout]    |         ^ help: convert the identifier to snake case (notice the capitalization): `s`
[INFO] [stdout] 
[INFO] [stdout] 
[INFO] [stdout] error: aborting due to previous error; 4 warnings emitted
[INFO] [stdout] 
[INFO] [stdout] 
[INFO] [stderr] error: could not compile `mcl` (lib test) due to 2 previous errors; 4 warnings emitted
[INFO] [stderr] warning: build failed, waiting for other jobs to finish...
[INFO] [stdout] warning: variable `P` should have a snake case name
[INFO] [stdout]   --> mcl/examples/pairing.rs:12:9
[INFO] [stdout]    |
[INFO] [stdout] 12 |     let P = G1::hash_and_map(b"this").unwrap();
[INFO] [stdout]    |         ^ help: convert the identifier to snake case: `p`
[INFO] [stdout]    |
[INFO] [stdout]    = note: `#[warn(non_snake_case)]` on by default
[INFO] [stdout] 
[INFO] [stdout] 
[INFO] [stdout] warning: variable `Q` should have a snake case name
[INFO] [stdout]   --> mcl/examples/pairing.rs:13:9
[INFO] [stdout]    |
[INFO] [stdout] 13 |     let Q = G2::hash_and_map(b"that").unwrap();
[INFO] [stdout]    |         ^ help: convert the identifier to snake case: `q`
[INFO] [stdout] 
[INFO] [stdout] 
[INFO] [stdout] warning: variable `aP` should have a snake case name
[INFO] [stdout]   --> mcl/examples/pairing.rs:17:9
[INFO] [stdout]    |
[INFO] [stdout] 17 |     let aP = &P * a;
[INFO] [stdout]    |         ^^ help: convert the identifier to snake case: `a_p`
[INFO] [stdout] 
[INFO] [stdout] 
[INFO] [stdout] warning: variable `bQ` should have a snake case name
[INFO] [stdout]   --> mcl/examples/pairing.rs:18:9
[INFO] [stdout]    |
[INFO] [stdout] 18 |     let bQ = &Q * b;
[INFO] [stdout]    |         ^^ help: convert the identifier to snake case: `b_q`
[INFO] [stdout] 
[INFO] [stdout] 
[INFO] [stderr] error: could not compile `mcl` (example "pairing") due to 2 previous errors; 4 warnings emitted
[INFO] [stdout] error: linking with `cc` failed: exit status: 1
[INFO] [stdout]   |
[INFO] [stdout]   = note: LC_ALL="C" PATH="/opt/rustwide/rustup-home/toolchains/beta-2023-04-20-x86_64-unknown-linux-gnu/lib/rustlib/x86_64-unknown-linux-gnu/bin:/opt/rustwide/cargo-home/bin:/usr/local/sbin:/usr/local/bin:/usr/sbin:/usr/bin:/sbin:/bin" VSLANG="1033" "cc" "-m64" "/tmp/rustc1SaaAk/symbols.o" "/opt/rustwide/target/debug/examples/pairing-239ed4a373c37d3b.pairing.11efa172-cgu.0.rcgu.o" "/opt/rustwide/target/debug/examples/pairing-239ed4a373c37d3b.pairing.11efa172-cgu.1.rcgu.o" "/opt/rustwide/target/debug/examples/pairing-239ed4a373c37d3b.pairing.11efa172-cgu.10.rcgu.o" "/opt/rustwide/target/debug/examples/pairing-239ed4a373c37d3b.pairing.11efa172-cgu.11.rcgu.o" "/opt/rustwide/target/debug/examples/pairing-239ed4a373c37d3b.pairing.11efa172-cgu.2.rcgu.o" "/opt/rustwide/target/debug/examples/pairing-239ed4a373c37d3b.pairing.11efa172-cgu.3.rcgu.o" "/opt/rustwide/target/debug/examples/pairing-239ed4a373c37d3b.pairing.11efa172-cgu.4.rcgu.o" "/opt/rustwide/target/debug/examples/pairing-239ed4a373c37d3b.pairing.11efa172-cgu.5.rcgu.o" "/opt/rustwide/target/debug/examples/pairing-239ed4a373c37d3b.pairing.11efa172-cgu.6.rcgu.o" "/opt/rustwide/target/debug/examples/pairing-239ed4a373c37d3b.pairing.11efa172-cgu.7.rcgu.o" "/opt/rustwide/target/debug/examples/pairing-239ed4a373c37d3b.pairing.11efa172-cgu.8.rcgu.o" "/opt/rustwide/target/debug/examples/pairing-239ed4a373c37d3b.pairing.11efa172-cgu.9.rcgu.o" "/opt/rustwide/target/debug/examples/pairing-239ed4a373c37d3b.11vxyj0v8mzgc57q.rcgu.o" "-Wl,--as-needed" "-L" "/opt/rustwide/target/debug/deps" "-L" "/opt/rustwide/rustup-home/toolchains/beta-2023-04-20-x86_64-unknown-linux-gnu/lib/rustlib/x86_64-unknown-linux-gnu/lib" "-Wl,-Bstatic" "/opt/rustwide/target/debug/deps/libmcl-6165ffb998d51497.rlib" "/opt/rustwide/target/debug/deps/libserde-edd46f1e7a75f149.rlib" "/opt/rustwide/target/debug/deps/liblibc-c039897b5abb2969.rlib" "/opt/rustwide/rustup-home/toolchains/beta-2023-04-20-x86_64-unknown-linux-gnu/lib/rustlib/x86_64-unknown-linux-gnu/lib/libstd-0e29cc23c5e02021.rlib" "/opt/rustwide/rustup-home/toolchains/beta-2023-04-20-x86_64-unknown-linux-gnu/lib/rustlib/x86_64-unknown-linux-gnu/lib/libpanic_unwind-d903621768a861d9.rlib" "/opt/rustwide/rustup-home/toolchains/beta-2023-04-20-x86_64-unknown-linux-gnu/lib/rustlib/x86_64-unknown-linux-gnu/lib/libobject-6d0225e655f31c13.rlib" "/opt/rustwide/rustup-home/toolchains/beta-2023-04-20-x86_64-unknown-linux-gnu/lib/rustlib/x86_64-unknown-linux-gnu/lib/libmemchr-9dbaf4eac7eaa079.rlib" "/opt/rustwide/rustup-home/toolchains/beta-2023-04-20-x86_64-unknown-linux-gnu/lib/rustlib/x86_64-unknown-linux-gnu/lib/libaddr2line-27f05b3d42a66dd0.rlib" "/opt/rustwide/rustup-home/toolchains/beta-2023-04-20-x86_64-unknown-linux-gnu/lib/rustlib/x86_64-unknown-linux-gnu/lib/libgimli-4d73f1030321c9a2.rlib" "/opt/rustwide/rustup-home/toolchains/beta-2023-04-20-x86_64-unknown-linux-gnu/lib/rustlib/x86_64-unknown-linux-gnu/lib/librustc_demangle-2846c9e58abd0acb.rlib" "/opt/rustwide/rustup-home/toolchains/beta-2023-04-20-x86_64-unknown-linux-gnu/lib/rustlib/x86_64-unknown-linux-gnu/lib/libstd_detect-a53d0f50415947be.rlib" "/opt/rustwide/rustup-home/toolchains/beta-2023-04-20-x86_64-unknown-linux-gnu/lib/rustlib/x86_64-unknown-linux-gnu/lib/libhashbrown-d48e4b6abc25b9dc.rlib" "/opt/rustwide/rustup-home/toolchains/beta-2023-04-20-x86_64-unknown-linux-gnu/lib/rustlib/x86_64-unknown-linux-gnu/lib/libminiz_oxide-2991859439ef1207.rlib" "/opt/rustwide/rustup-home/toolchains/beta-2023-04-20-x86_64-unknown-linux-gnu/lib/rustlib/x86_64-unknown-linux-gnu/lib/libadler-8a687517e4221bae.rlib" "/opt/rustwide/rustup-home/toolchains/beta-2023-04-20-x86_64-unknown-linux-gnu/lib/rustlib/x86_64-unknown-linux-gnu/lib/librustc_std_workspace_alloc-e07b554f6a67f5b3.rlib" "/opt/rustwide/rustup-home/toolchains/beta-2023-04-20-x86_64-unknown-linux-gnu/lib/rustlib/x86_64-unknown-linux-gnu/lib/libunwind-b68238b7c3c619dd.rlib" "/opt/rustwide/rustup-home/toolchains/beta-2023-04-20-x86_64-unknown-linux-gnu/lib/rustlib/x86_64-unknown-linux-gnu/lib/libcfg_if-d5e213e896c017e4.rlib" "/opt/rustwide/rustup-home/toolchains/beta-2023-04-20-x86_64-unknown-linux-gnu/lib/rustlib/x86_64-unknown-linux-gnu/lib/liblibc-0211a3b2e61d8689.rlib" "/opt/rustwide/rustup-home/toolchains/beta-2023-04-20-x86_64-unknown-linux-gnu/lib/rustlib/x86_64-unknown-linux-gnu/lib/liballoc-b371f055239ba51f.rlib" "/opt/rustwide/rustup-home/toolchains/beta-2023-04-20-x86_64-unknown-linux-gnu/lib/rustlib/x86_64-unknown-linux-gnu/lib/librustc_std_workspace_core-e60518d2760eb01e.rlib" "/opt/rustwide/rustup-home/toolchains/beta-2023-04-20-x86_64-unknown-linux-gnu/lib/rustlib/x86_64-unknown-linux-gnu/lib/libcore-1ad943f92a4b1081.rlib" "/opt/rustwide/rustup-home/toolchains/beta-2023-04-20-x86_64-unknown-linux-gnu/lib/rustlib/x86_64-unknown-linux-gnu/lib/libcompiler_builtins-f0d6e4d0fc1e80b4.rlib" "-Wl,-Bdynamic" "-lmclbn384_256" "-lutil" "-lgcc_s" "-lutil" "-lrt" "-lpthread" "-lm" "-ldl" "-lc" "-Wl,--eh-frame-hdr" "-Wl,-z,noexecstack" "-L" "/opt/rustwide/rustup-home/toolchains/beta-2023-04-20-x86_64-unknown-linux-gnu/lib/rustlib/x86_64-unknown-linux-gnu/lib" "-o" "/opt/rustwide/target/debug/examples/pairing-239ed4a373c37d3b" "-Wl,--gc-sections" "-pie" "-Wl,-z,relro,-z,now" "-nodefaultlibs"
[INFO] [stdout]   = note: /usr/bin/ld: cannot find -lmclbn384_256: No such file or directory
[INFO] [stdout]           collect2: error: ld returned 1 exit status
[INFO] [stdout]           
[INFO] [stdout] 
[INFO] [stdout] 
[INFO] [stdout] error: aborting due to previous error; 4 warnings emitted
[INFO] [stdout] 
[INFO] [stdout] 
[INFO] [stdout] error: linking with `cc` failed: exit status: 1
[INFO] [stdout]   |
[INFO] [stdout]   = note: LC_ALL="C" PATH="/opt/rustwide/rustup-home/toolchains/beta-2023-04-20-x86_64-unknown-linux-gnu/lib/rustlib/x86_64-unknown-linux-gnu/bin:/opt/rustwide/cargo-home/bin:/usr/local/sbin:/usr/local/bin:/usr/sbin:/usr/bin:/sbin:/bin" VSLANG="1033" "cc" "-m64" "/tmp/rustc6ejbi7/symbols.o" "/opt/rustwide/target/debug/examples/schnorr-135b45451aa0b031.schnorr.b95b8d7a-cgu.0.rcgu.o" "/opt/rustwide/target/debug/examples/schnorr-135b45451aa0b031.schnorr.b95b8d7a-cgu.1.rcgu.o" "/opt/rustwide/target/debug/examples/schnorr-135b45451aa0b031.schnorr.b95b8d7a-cgu.2.rcgu.o" "/opt/rustwide/target/debug/examples/schnorr-135b45451aa0b031.schnorr.b95b8d7a-cgu.3.rcgu.o" "/opt/rustwide/target/debug/examples/schnorr-135b45451aa0b031.schnorr.b95b8d7a-cgu.4.rcgu.o" "/opt/rustwide/target/debug/examples/schnorr-135b45451aa0b031.schnorr.b95b8d7a-cgu.5.rcgu.o" "/opt/rustwide/target/debug/examples/schnorr-135b45451aa0b031.schnorr.b95b8d7a-cgu.6.rcgu.o" "/opt/rustwide/target/debug/examples/schnorr-135b45451aa0b031.schnorr.b95b8d7a-cgu.7.rcgu.o" "/opt/rustwide/target/debug/examples/schnorr-135b45451aa0b031.schnorr.b95b8d7a-cgu.8.rcgu.o" "/opt/rustwide/target/debug/examples/schnorr-135b45451aa0b031.schnorr.b95b8d7a-cgu.9.rcgu.o" "/opt/rustwide/target/debug/examples/schnorr-135b45451aa0b031.2cch17ppomvkncps.rcgu.o" "-Wl,--as-needed" "-L" "/opt/rustwide/target/debug/deps" "-L" "/opt/rustwide/rustup-home/toolchains/beta-2023-04-20-x86_64-unknown-linux-gnu/lib/rustlib/x86_64-unknown-linux-gnu/lib" "-Wl,-Bstatic" "/opt/rustwide/target/debug/deps/libmcl-6165ffb998d51497.rlib" "/opt/rustwide/target/debug/deps/libserde-edd46f1e7a75f149.rlib" "/opt/rustwide/target/debug/deps/liblibc-c039897b5abb2969.rlib" "/opt/rustwide/rustup-home/toolchains/beta-2023-04-20-x86_64-unknown-linux-gnu/lib/rustlib/x86_64-unknown-linux-gnu/lib/libstd-0e29cc23c5e02021.rlib" "/opt/rustwide/rustup-home/toolchains/beta-2023-04-20-x86_64-unknown-linux-gnu/lib/rustlib/x86_64-unknown-linux-gnu/lib/libpanic_unwind-d903621768a861d9.rlib" "/opt/rustwide/rustup-home/toolchains/beta-2023-04-20-x86_64-unknown-linux-gnu/lib/rustlib/x86_64-unknown-linux-gnu/lib/libobject-6d0225e655f31c13.rlib" "/opt/rustwide/rustup-home/toolchains/beta-2023-04-20-x86_64-unknown-linux-gnu/lib/rustlib/x86_64-unknown-linux-gnu/lib/libmemchr-9dbaf4eac7eaa079.rlib" "/opt/rustwide/rustup-home/toolchains/beta-2023-04-20-x86_64-unknown-linux-gnu/lib/rustlib/x86_64-unknown-linux-gnu/lib/libaddr2line-27f05b3d42a66dd0.rlib" "/opt/rustwide/rustup-home/toolchains/beta-2023-04-20-x86_64-unknown-linux-gnu/lib/rustlib/x86_64-unknown-linux-gnu/lib/libgimli-4d73f1030321c9a2.rlib" "/opt/rustwide/rustup-home/toolchains/beta-2023-04-20-x86_64-unknown-linux-gnu/lib/rustlib/x86_64-unknown-linux-gnu/lib/librustc_demangle-2846c9e58abd0acb.rlib" "/opt/rustwide/rustup-home/toolchains/beta-2023-04-20-x86_64-unknown-linux-gnu/lib/rustlib/x86_64-unknown-linux-gnu/lib/libstd_detect-a53d0f50415947be.rlib" "/opt/rustwide/rustup-home/toolchains/beta-2023-04-20-x86_64-unknown-linux-gnu/lib/rustlib/x86_64-unknown-linux-gnu/lib/libhashbrown-d48e4b6abc25b9dc.rlib" "/opt/rustwide/rustup-home/toolchains/beta-2023-04-20-x86_64-unknown-linux-gnu/lib/rustlib/x86_64-unknown-linux-gnu/lib/libminiz_oxide-2991859439ef1207.rlib" "/opt/rustwide/rustup-home/toolchains/beta-2023-04-20-x86_64-unknown-linux-gnu/lib/rustlib/x86_64-unknown-linux-gnu/lib/libadler-8a687517e4221bae.rlib" "/opt/rustwide/rustup-home/toolchains/beta-2023-04-20-x86_64-unknown-linux-gnu/lib/rustlib/x86_64-unknown-linux-gnu/lib/librustc_std_workspace_alloc-e07b554f6a67f5b3.rlib" "/opt/rustwide/rustup-home/toolchains/beta-2023-04-20-x86_64-unknown-linux-gnu/lib/rustlib/x86_64-unknown-linux-gnu/lib/libunwind-b68238b7c3c619dd.rlib" "/opt/rustwide/rustup-home/toolchains/beta-2023-04-20-x86_64-unknown-linux-gnu/lib/rustlib/x86_64-unknown-linux-gnu/lib/libcfg_if-d5e213e896c017e4.rlib" "/opt/rustwide/rustup-home/toolchains/beta-2023-04-20-x86_64-unknown-linux-gnu/lib/rustlib/x86_64-unknown-linux-gnu/lib/liblibc-0211a3b2e61d8689.rlib" "/opt/rustwide/rustup-home/toolchains/beta-2023-04-20-x86_64-unknown-linux-gnu/lib/rustlib/x86_64-unknown-linux-gnu/lib/liballoc-b371f055239ba51f.rlib" "/opt/rustwide/rustup-home/toolchains/beta-2023-04-20-x86_64-unknown-linux-gnu/lib/rustlib/x86_64-unknown-linux-gnu/lib/librustc_std_workspace_core-e60518d2760eb01e.rlib" "/opt/rustwide/rustup-home/toolchains/beta-2023-04-20-x86_64-unknown-linux-gnu/lib/rustlib/x86_64-unknown-linux-gnu/lib/libcore-1ad943f92a4b1081.rlib" "/opt/rustwide/rustup-home/toolchains/beta-2023-04-20-x86_64-unknown-linux-gnu/lib/rustlib/x86_64-unknown-linux-gnu/lib/libcompiler_builtins-f0d6e4d0fc1e80b4.rlib" "-Wl,-Bdynamic" "-lmclbn384_256" "-lutil" "-lgcc_s" "-lutil" "-lrt" "-lpthread" "-lm" "-ldl" "-lc" "-Wl,--eh-frame-hdr" "-Wl,-z,noexecstack" "-L" "/opt/rustwide/rustup-home/toolchains/beta-2023-04-20-x86_64-unknown-linux-gnu/lib/rustlib/x86_64-unknown-linux-gnu/lib" "-o" "/opt/rustwide/target/debug/examples/schnorr-135b45451aa0b031" "-Wl,--gc-sections" "-pie" "-Wl,-z,relro,-z,now" "-nodefaultlibs"
[INFO] [stdout]   = note: /usr/bin/ld: cannot find -lmclbn384_256: No such file or directory
[INFO] [stdout]           collect2: error: ld returned 1 exit status
[INFO] [stdout]           
[INFO] [stdout] 
[INFO] [stdout] 
[INFO] [stdout] error: aborting due to previous error
[INFO] [stdout] 
[INFO] [stdout] 
[INFO] [stderr] error: could not compile `mcl` (example "schnorr") due to 2 previous errors
[INFO] [stdout] error: linking with `cc` failed: exit status: 1
[INFO] [stdout]   |
[INFO] [stdout]   = note: LC_ALL="C" PATH="/opt/rustwide/rustup-home/toolchains/beta-2023-04-20-x86_64-unknown-linux-gnu/lib/rustlib/x86_64-unknown-linux-gnu/bin:/opt/rustwide/cargo-home/bin:/usr/local/sbin:/usr/local/bin:/usr/sbin:/usr/bin:/sbin:/bin" VSLANG="1033" "cc" "-m64" "/tmp/rustcUTm8Xu/symbols.o" "/opt/rustwide/target/debug/examples/schnorr_pairing-24a64f745f6286cd.schnorr_pairing.6d615a64-cgu.0.rcgu.o" "/opt/rustwide/target/debug/examples/schnorr_pairing-24a64f745f6286cd.schnorr_pairing.6d615a64-cgu.1.rcgu.o" "/opt/rustwide/target/debug/examples/schnorr_pairing-24a64f745f6286cd.schnorr_pairing.6d615a64-cgu.10.rcgu.o" "/opt/rustwide/target/debug/examples/schnorr_pairing-24a64f745f6286cd.schnorr_pairing.6d615a64-cgu.11.rcgu.o" "/opt/rustwide/target/debug/examples/schnorr_pairing-24a64f745f6286cd.schnorr_pairing.6d615a64-cgu.12.rcgu.o" "/opt/rustwide/target/debug/examples/schnorr_pairing-24a64f745f6286cd.schnorr_pairing.6d615a64-cgu.13.rcgu.o" "/opt/rustwide/target/debug/examples/schnorr_pairing-24a64f745f6286cd.schnorr_pairing.6d615a64-cgu.14.rcgu.o" "/opt/rustwide/target/debug/examples/schnorr_pairing-24a64f745f6286cd.schnorr_pairing.6d615a64-cgu.15.rcgu.o" "/opt/rustwide/target/debug/examples/schnorr_pairing-24a64f745f6286cd.schnorr_pairing.6d615a64-cgu.2.rcgu.o" "/opt/rustwide/target/debug/examples/schnorr_pairing-24a64f745f6286cd.schnorr_pairing.6d615a64-cgu.3.rcgu.o" "/opt/rustwide/target/debug/examples/schnorr_pairing-24a64f745f6286cd.schnorr_pairing.6d615a64-cgu.4.rcgu.o" "/opt/rustwide/target/debug/examples/schnorr_pairing-24a64f745f6286cd.schnorr_pairing.6d615a64-cgu.5.rcgu.o" "/opt/rustwide/target/debug/examples/schnorr_pairing-24a64f745f6286cd.schnorr_pairing.6d615a64-cgu.6.rcgu.o" "/opt/rustwide/target/debug/examples/schnorr_pairing-24a64f745f6286cd.schnorr_pairing.6d615a64-cgu.7.rcgu.o" "/opt/rustwide/target/debug/examples/schnorr_pairing-24a64f745f6286cd.schnorr_pairing.6d615a64-cgu.8.rcgu.o" "/opt/rustwide/target/debug/examples/schnorr_pairing-24a64f745f6286cd.schnorr_pairing.6d615a64-cgu.9.rcgu.o" "/opt/rustwide/target/debug/examples/schnorr_pairing-24a64f745f6286cd.1jjwfu1kgzzrmh6x.rcgu.o" "-Wl,--as-needed" "-L" "/opt/rustwide/target/debug/deps" "-L" "/opt/rustwide/rustup-home/toolchains/beta-2023-04-20-x86_64-unknown-linux-gnu/lib/rustlib/x86_64-unknown-linux-gnu/lib" "-Wl,-Bstatic" "/opt/rustwide/target/debug/deps/libmcl-6165ffb998d51497.rlib" "/opt/rustwide/target/debug/deps/libserde-edd46f1e7a75f149.rlib" "/opt/rustwide/target/debug/deps/liblibc-c039897b5abb2969.rlib" "/opt/rustwide/rustup-home/toolchains/beta-2023-04-20-x86_64-unknown-linux-gnu/lib/rustlib/x86_64-unknown-linux-gnu/lib/libstd-0e29cc23c5e02021.rlib" "/opt/rustwide/rustup-home/toolchains/beta-2023-04-20-x86_64-unknown-linux-gnu/lib/rustlib/x86_64-unknown-linux-gnu/lib/libpanic_unwind-d903621768a861d9.rlib" "/opt/rustwide/rustup-home/toolchains/beta-2023-04-20-x86_64-unknown-linux-gnu/lib/rustlib/x86_64-unknown-linux-gnu/lib/libobject-6d0225e655f31c13.rlib" "/opt/rustwide/rustup-home/toolchains/beta-2023-04-20-x86_64-unknown-linux-gnu/lib/rustlib/x86_64-unknown-linux-gnu/lib/libmemchr-9dbaf4eac7eaa079.rlib" "/opt/rustwide/rustup-home/toolchains/beta-2023-04-20-x86_64-unknown-linux-gnu/lib/rustlib/x86_64-unknown-linux-gnu/lib/libaddr2line-27f05b3d42a66dd0.rlib" "/opt/rustwide/rustup-home/toolchains/beta-2023-04-20-x86_64-unknown-linux-gnu/lib/rustlib/x86_64-unknown-linux-gnu/lib/libgimli-4d73f1030321c9a2.rlib" "/opt/rustwide/rustup-home/toolchains/beta-2023-04-20-x86_64-unknown-linux-gnu/lib/rustlib/x86_64-unknown-linux-gnu/lib/librustc_demangle-2846c9e58abd0acb.rlib" "/opt/rustwide/rustup-home/toolchains/beta-2023-04-20-x86_64-unknown-linux-gnu/lib/rustlib/x86_64-unknown-linux-gnu/lib/libstd_detect-a53d0f50415947be.rlib" "/opt/rustwide/rustup-home/toolchains/beta-2023-04-20-x86_64-unknown-linux-gnu/lib/rustlib/x86_64-unknown-linux-gnu/lib/libhashbrown-d48e4b6abc25b9dc.rlib" "/opt/rustwide/rustup-home/toolchains/beta-2023-04-20-x86_64-unknown-linux-gnu/lib/rustlib/x86_64-unknown-linux-gnu/lib/libminiz_oxide-2991859439ef1207.rlib" "/opt/rustwide/rustup-home/toolchains/beta-2023-04-20-x86_64-unknown-linux-gnu/lib/rustlib/x86_64-unknown-linux-gnu/lib/libadler-8a687517e4221bae.rlib" "/opt/rustwide/rustup-home/toolchains/beta-2023-04-20-x86_64-unknown-linux-gnu/lib/rustlib/x86_64-unknown-linux-gnu/lib/librustc_std_workspace_alloc-e07b554f6a67f5b3.rlib" "/opt/rustwide/rustup-home/toolchains/beta-2023-04-20-x86_64-unknown-linux-gnu/lib/rustlib/x86_64-unknown-linux-gnu/lib/libunwind-b68238b7c3c619dd.rlib" "/opt/rustwide/rustup-home/toolchains/beta-2023-04-20-x86_64-unknown-linux-gnu/lib/rustlib/x86_64-unknown-linux-gnu/lib/libcfg_if-d5e213e896c017e4.rlib" "/opt/rustwide/rustup-home/toolchains/beta-2023-04-20-x86_64-unknown-linux-gnu/lib/rustlib/x86_64-unknown-linux-gnu/lib/liblibc-0211a3b2e61d8689.rlib" "/opt/rustwide/rustup-home/toolchains/beta-2023-04-20-x86_64-unknown-linux-gnu/lib/rustlib/x86_64-unknown-linux-gnu/lib/liballoc-b371f055239ba51f.rlib" "/opt/rustwide/rustup-home/toolchains/beta-2023-04-20-x86_64-unknown-linux-gnu/lib/rustlib/x86_64-unknown-linux-gnu/lib/librustc_std_workspace_core-e60518d2760eb01e.rlib" "/opt/rustwide/rustup-home/toolchains/beta-2023-04-20-x86_64-unknown-linux-gnu/lib/rustlib/x86_64-unknown-linux-gnu/lib/libcore-1ad943f92a4b1081.rlib" "/opt/rustwide/rustup-home/toolchains/beta-2023-04-20-x86_64-unknown-linux-gnu/lib/rustlib/x86_64-unknown-linux-gnu/lib/libcompiler_builtins-f0d6e4d0fc1e80b4.rlib" "-Wl,-Bdynamic" "-lmclbn384_256" "-lutil" "-lgcc_s" "-lutil" "-lrt" "-lpthread" "-lm" "-ldl" "-lc" "-Wl,--eh-frame-hdr" "-Wl,-z,noexecstack" "-L" "/opt/rustwide/rustup-home/toolchains/beta-2023-04-20-x86_64-unknown-linux-gnu/lib/rustlib/x86_64-unknown-linux-gnu/lib" "-o" "/opt/rustwide/target/debug/examples/schnorr_pairing-24a64f745f6286cd" "-Wl,--gc-sections" "-pie" "-Wl,-z,relro,-z,now" "-nodefaultlibs"
[INFO] [stdout]   = note: /usr/bin/ld: cannot find -lmclbn384_256: No such file or directory
[INFO] [stdout]           collect2: error: ld returned 1 exit status
[INFO] [stdout]           
[INFO] [stdout] 
[INFO] [stdout] 
[INFO] [stdout] error: aborting due to previous error; 6 warnings emitted
[INFO] [stdout] 
[INFO] [stdout] 
[INFO] [stderr] error: could not compile `mcl` (example "schnorr_pairing") due to 2 previous errors; 6 warnings emitted
[INFO] running `Command { std: "docker" "inspect" "241ce6c4832a3c7e84c66b237b6dd0931c6a270b8556711a25b016fae334b6c1", kill_on_drop: false }`
[INFO] running `Command { std: "docker" "rm" "-f" "241ce6c4832a3c7e84c66b237b6dd0931c6a270b8556711a25b016fae334b6c1", kill_on_drop: false }`
[INFO] [stdout] 241ce6c4832a3c7e84c66b237b6dd0931c6a270b8556711a25b016fae334b6c1
