[INFO] cloning repository https://github.com/abrahum/libonebot
[INFO] running `Command { std: "git" "-c" "credential.helper=" "-c" "credential.helper=/workspace/cargo-home/bin/git-credential-null" "clone" "--bare" "https://github.com/abrahum/libonebot" "/workspace/cache/git-repos/https%3A%2F%2Fgithub.com%2Fabrahum%2Flibonebot", kill_on_drop: false }`
[INFO] [stderr] Cloning into bare repository '/workspace/cache/git-repos/https%3A%2F%2Fgithub.com%2Fabrahum%2Flibonebot'...
[INFO] running `Command { std: "git" "rev-parse" "HEAD", kill_on_drop: false }`
[INFO] [stdout] 7088d31b64f3ef1839adad4931bd75bfc2955cab
[INFO] testing abrahum/libonebot against beta-2023-04-20 for beta-1.70-1
[INFO] running `Command { std: "git" "clone" "/workspace/cache/git-repos/https%3A%2F%2Fgithub.com%2Fabrahum%2Flibonebot" "/workspace/builds/worker-5-tc2/source", kill_on_drop: false }`
[INFO] [stderr] Cloning into '/workspace/builds/worker-5-tc2/source'...
[INFO] [stderr] done.
[INFO] validating manifest of git repo https://github.com/abrahum/libonebot on toolchain beta-2023-04-20
[INFO] running `Command { std: CARGO_HOME="/workspace/cargo-home" RUSTUP_HOME="/workspace/rustup-home" "/workspace/cargo-home/bin/cargo" "+beta-2023-04-20" "metadata" "--manifest-path" "Cargo.toml" "--no-deps", kill_on_drop: false }`
[INFO] started tweaking git repo https://github.com/abrahum/libonebot
[INFO] removed 0 missing examples
[INFO] finished tweaking git repo https://github.com/abrahum/libonebot
[INFO] tweaked toml for git repo https://github.com/abrahum/libonebot written to /workspace/builds/worker-5-tc2/source/Cargo.toml
[INFO] crate git repo https://github.com/abrahum/libonebot already has a lockfile, it will not be regenerated
[INFO] running `Command { std: CARGO_HOME="/workspace/cargo-home" RUSTUP_HOME="/workspace/rustup-home" "/workspace/cargo-home/bin/cargo" "+beta-2023-04-20" "fetch" "--manifest-path" "Cargo.toml", kill_on_drop: false }`
[INFO] [stderr]     Updating crates.io index
[INFO] [stderr]  Downloading crates ...
[INFO] [stderr]   Downloaded dashmap v5.3.4
[INFO] [stderr]   Downloaded rmp-serde v1.1.0
[INFO] [stderr]   Downloaded walle-macro v0.7.0-a2
[INFO] running `Command { std: "docker" "create" "-v" "/var/lib/crater-agent-workspace/builds/worker-5-tc2/target:/opt/rustwide/target:rw,Z" "-v" "/var/lib/crater-agent-workspace/builds/worker-5-tc2/source:/opt/rustwide/workdir:ro,Z" "-v" "/var/lib/crater-agent-workspace/cargo-home:/opt/rustwide/cargo-home:ro,Z" "-v" "/var/lib/crater-agent-workspace/rustup-home:/opt/rustwide/rustup-home:ro,Z" "-e" "SOURCE_DIR=/opt/rustwide/workdir" "-e" "CARGO_TARGET_DIR=/opt/rustwide/target" "-e" "CARGO_HOME=/opt/rustwide/cargo-home" "-e" "RUSTUP_HOME=/opt/rustwide/rustup-home" "-w" "/opt/rustwide/workdir" "-m" "1610612736" "--user" "0:0" "--network" "none" "ghcr.io/rust-lang/crates-build-env/linux@sha256:5ff2268d62e97bff2cde7d5815dd6ed5b47097566f13b8d0ca110b04b60e07ed" "/opt/rustwide/cargo-home/bin/cargo" "+beta-2023-04-20" "metadata" "--no-deps" "--format-version=1", kill_on_drop: false }`
[INFO] [stdout] 8f616bbfa3be954e34dd58a68e3955bf10c6fd0a3a61649f2a5fe47d3c1d09c0
[INFO] running `Command { std: "docker" "start" "-a" "8f616bbfa3be954e34dd58a68e3955bf10c6fd0a3a61649f2a5fe47d3c1d09c0", kill_on_drop: false }`
[INFO] running `Command { std: "docker" "inspect" "8f616bbfa3be954e34dd58a68e3955bf10c6fd0a3a61649f2a5fe47d3c1d09c0", kill_on_drop: false }`
[INFO] running `Command { std: "docker" "rm" "-f" "8f616bbfa3be954e34dd58a68e3955bf10c6fd0a3a61649f2a5fe47d3c1d09c0", kill_on_drop: false }`
[INFO] [stdout] 8f616bbfa3be954e34dd58a68e3955bf10c6fd0a3a61649f2a5fe47d3c1d09c0
[INFO] running `Command { std: "docker" "create" "-v" "/var/lib/crater-agent-workspace/builds/worker-5-tc2/target:/opt/rustwide/target:rw,Z" "-v" "/var/lib/crater-agent-workspace/builds/worker-5-tc2/source:/opt/rustwide/workdir:ro,Z" "-v" "/var/lib/crater-agent-workspace/cargo-home:/opt/rustwide/cargo-home:ro,Z" "-v" "/var/lib/crater-agent-workspace/rustup-home:/opt/rustwide/rustup-home:ro,Z" "-e" "SOURCE_DIR=/opt/rustwide/workdir" "-e" "CARGO_TARGET_DIR=/opt/rustwide/target" "-e" "CARGO_INCREMENTAL=0" "-e" "RUST_BACKTRACE=full" "-e" "RUSTFLAGS=--cap-lints=warn" "-e" "RUSTDOCFLAGS=--cap-lints=warn" "-e" "CARGO_HOME=/opt/rustwide/cargo-home" "-e" "RUSTUP_HOME=/opt/rustwide/rustup-home" "-w" "/opt/rustwide/workdir" "-m" "1610612736" "--user" "0:0" "--network" "none" "ghcr.io/rust-lang/crates-build-env/linux@sha256:5ff2268d62e97bff2cde7d5815dd6ed5b47097566f13b8d0ca110b04b60e07ed" "/opt/rustwide/cargo-home/bin/cargo" "+beta-2023-04-20" "build" "--frozen" "--message-format=json", kill_on_drop: false }`
[INFO] [stdout] 363417287ed59a52e1c862c7e2bd681b24bb5d686b76442a782d09ad8471d8f5
[INFO] running `Command { std: "docker" "start" "-a" "363417287ed59a52e1c862c7e2bd681b24bb5d686b76442a782d09ad8471d8f5", kill_on_drop: false }`
[INFO] [stderr]    Compiling proc-macro2 v1.0.40
[INFO] [stderr]    Compiling unicode-ident v1.0.1
[INFO] [stderr]    Compiling quote v1.0.20
[INFO] [stderr]    Compiling syn v1.0.98
[INFO] [stderr]    Compiling libc v0.2.126
[INFO] [stderr]    Compiling serde_derive v1.0.139
[INFO] [stderr]    Compiling serde v1.0.139
[INFO] [stderr]    Compiling num-traits v0.2.15
[INFO] [stderr]    Compiling parking_lot_core v0.9.3
[INFO] [stderr]    Compiling futures-core v0.3.21
[INFO] [stderr]    Compiling once_cell v1.13.0
[INFO] [stderr]    Compiling serde_json v1.0.82
[INFO] [stderr]    Compiling paste v1.0.7
[INFO] [stderr]    Compiling futures-util v0.3.21
[INFO] [stderr]    Compiling smallvec v1.9.0
[INFO] [stderr]    Compiling async-trait v0.1.56
[INFO] [stderr]    Compiling tracing-core v0.1.28
[INFO] [stderr]    Compiling futures-sink v0.3.21
[INFO] [stderr]    Compiling atty v0.2.14
[INFO] [stderr]    Compiling hashbrown v0.12.2
[INFO] [stderr]    Compiling colored v2.0.0
[INFO] [stderr]    Compiling dashmap v5.3.4
[INFO] [stderr]    Compiling rmp v0.8.11
[INFO] [stderr]    Compiling tracing-attributes v0.1.22
[INFO] [stderr]    Compiling thiserror-impl v1.0.31
[INFO] [stderr]    Compiling futures-macro v0.3.21
[INFO] [stderr]    Compiling tokio-macros v1.8.0
[INFO] [stderr]    Compiling walle-macro v0.7.0-a2
[INFO] [stderr]    Compiling tokio v1.19.2
[INFO] [stderr]    Compiling tracing v0.1.35
[INFO] [stderr]    Compiling thiserror v1.0.31
[INFO] [stderr]    Compiling rmp-serde v1.1.0
[INFO] [stderr]    Compiling walle-core v0.7.4 (/opt/rustwide/workdir)
[INFO] [stderr]     Finished dev [unoptimized + debuginfo] target(s) in 37.01s
[INFO] running `Command { std: "docker" "inspect" "363417287ed59a52e1c862c7e2bd681b24bb5d686b76442a782d09ad8471d8f5", kill_on_drop: false }`
[INFO] running `Command { std: "docker" "rm" "-f" "363417287ed59a52e1c862c7e2bd681b24bb5d686b76442a782d09ad8471d8f5", kill_on_drop: false }`
[INFO] [stdout] 363417287ed59a52e1c862c7e2bd681b24bb5d686b76442a782d09ad8471d8f5
[INFO] running `Command { std: "docker" "create" "-v" "/var/lib/crater-agent-workspace/builds/worker-5-tc2/target:/opt/rustwide/target:rw,Z" "-v" "/var/lib/crater-agent-workspace/builds/worker-5-tc2/source:/opt/rustwide/workdir:ro,Z" "-v" "/var/lib/crater-agent-workspace/cargo-home:/opt/rustwide/cargo-home:ro,Z" "-v" "/var/lib/crater-agent-workspace/rustup-home:/opt/rustwide/rustup-home:ro,Z" "-e" "SOURCE_DIR=/opt/rustwide/workdir" "-e" "CARGO_TARGET_DIR=/opt/rustwide/target" "-e" "CARGO_INCREMENTAL=0" "-e" "RUST_BACKTRACE=full" "-e" "RUSTFLAGS=--cap-lints=warn" "-e" "RUSTDOCFLAGS=--cap-lints=warn" "-e" "CARGO_HOME=/opt/rustwide/cargo-home" "-e" "RUSTUP_HOME=/opt/rustwide/rustup-home" "-w" "/opt/rustwide/workdir" "-m" "1610612736" "--user" "0:0" "--network" "none" "ghcr.io/rust-lang/crates-build-env/linux@sha256:5ff2268d62e97bff2cde7d5815dd6ed5b47097566f13b8d0ca110b04b60e07ed" "/opt/rustwide/cargo-home/bin/cargo" "+beta-2023-04-20" "test" "--frozen" "--no-run" "--message-format=json", kill_on_drop: false }`
[INFO] [stdout] 8516605e06dea92446773bc89492642ee0334c6b086d3964efea0160ec37e2d1
[INFO] running `Command { std: "docker" "start" "-a" "8516605e06dea92446773bc89492642ee0334c6b086d3964efea0160ec37e2d1", kill_on_drop: false }`
[INFO] [stderr]    Compiling tracing-core v0.1.28
[INFO] [stderr]    Compiling thread_local v1.1.4
[INFO] [stderr]    Compiling toml v0.5.9
[INFO] [stderr]    Compiling tracing-log v0.1.3
[INFO] [stderr]    Compiling tracing v0.1.35
[INFO] [stderr]    Compiling tracing-subscriber v0.3.14
[INFO] [stderr]    Compiling walle-core v0.7.4 (/opt/rustwide/workdir)
[INFO] [stdout] error[E0432]: unresolved import `crate::alt`
[INFO] [stdout]  --> src/test/mod.rs:3:5
[INFO] [stdout]   |
[INFO] [stdout] 3 |     alt::ColoredAlt,
[INFO] [stdout]   |     ^^^ could not find `alt` in the crate root
[INFO] [stdout] 
[INFO] [stdout] 
[INFO] [stdout] error[E0599]: no method named `colored_alt` found for struct `event::Event` in the current scope
[INFO] [stdout]   --> src/test/mod.rs:29:32
[INFO] [stdout]    |
[INFO] [stdout] 29 |         println!("{}", event.1.colored_alt());
[INFO] [stdout]    |                                ^^^^^^^^^^^ method not found in `Event`
[INFO] [stdout]    |
[INFO] [stdout]   ::: src/event.rs:13:1
[INFO] [stdout]    |
[INFO] [stdout] 13 | pub struct Event {
[INFO] [stdout]    | ---------------- method `colored_alt` not found for this struct
[INFO] [stdout] 
[INFO] [stdout] 
[INFO] [stdout] error[E0599]: no method named `colored_alt` found for struct `action::Action` in the current scope
[INFO] [stdout]    --> src/test/mod.rs:174:33
[INFO] [stdout]     |
[INFO] [stdout] 174 |         println!("{}", action.1.colored_alt());
[INFO] [stdout]     |                                 ^^^^^^^^^^^ method not found in `Action`
[INFO] [stdout]     |
[INFO] [stdout]    ::: src/action.rs:12:1
[INFO] [stdout]     |
[INFO] [stdout] 12  | pub struct Action {
[INFO] [stdout]     | ----------------- method `colored_alt` not found for this struct
[INFO] [stdout] 
[INFO] [stdout] 
[INFO] [stdout] error: aborting due to 3 previous errors
[INFO] [stdout] 
[INFO] [stdout] 
[INFO] [stdout] Some errors have detailed explanations: E0432, E0599.
[INFO] [stdout] 
[INFO] [stdout] For more information about an error, try `rustc --explain E0432`.
[INFO] [stdout] 
[INFO] [stderr] error: could not compile `walle-core` (lib test) due to 4 previous errors
[INFO] running `Command { std: "docker" "inspect" "8516605e06dea92446773bc89492642ee0334c6b086d3964efea0160ec37e2d1", kill_on_drop: false }`
[INFO] running `Command { std: "docker" "rm" "-f" "8516605e06dea92446773bc89492642ee0334c6b086d3964efea0160ec37e2d1", kill_on_drop: false }`
[INFO] [stdout] 8516605e06dea92446773bc89492642ee0334c6b086d3964efea0160ec37e2d1
