[INFO] cloning repository https://github.com/aalvarado/gol_rust
[INFO] running `Command { std: "git" "-c" "credential.helper=" "-c" "credential.helper=/workspace/cargo-home/bin/git-credential-null" "clone" "--bare" "https://github.com/aalvarado/gol_rust" "/workspace/cache/git-repos/https%3A%2F%2Fgithub.com%2Faalvarado%2Fgol_rust", kill_on_drop: false }`
[INFO] [stderr] Cloning into bare repository '/workspace/cache/git-repos/https%3A%2F%2Fgithub.com%2Faalvarado%2Fgol_rust'...
[INFO] running `Command { std: "git" "rev-parse" "HEAD", kill_on_drop: false }`
[INFO] [stdout] 30589dcaf6489401512185eabbdfaebe20b28e15
[INFO] testing aalvarado/gol_rust against beta-2023-04-20 for beta-1.70-1
[INFO] running `Command { std: "git" "clone" "/workspace/cache/git-repos/https%3A%2F%2Fgithub.com%2Faalvarado%2Fgol_rust" "/workspace/builds/worker-3-tc2/source", kill_on_drop: false }`
[INFO] [stderr] Cloning into '/workspace/builds/worker-3-tc2/source'...
[INFO] [stderr] done.
[INFO] validating manifest of git repo https://github.com/aalvarado/gol_rust on toolchain beta-2023-04-20
[INFO] running `Command { std: CARGO_HOME="/workspace/cargo-home" RUSTUP_HOME="/workspace/rustup-home" "/workspace/cargo-home/bin/cargo" "+beta-2023-04-20" "metadata" "--manifest-path" "Cargo.toml" "--no-deps", kill_on_drop: false }`
[INFO] started tweaking git repo https://github.com/aalvarado/gol_rust
[INFO] finished tweaking git repo https://github.com/aalvarado/gol_rust
[INFO] tweaked toml for git repo https://github.com/aalvarado/gol_rust written to /workspace/builds/worker-3-tc2/source/Cargo.toml
[INFO] crate git repo https://github.com/aalvarado/gol_rust already has a lockfile, it will not be regenerated
[INFO] running `Command { std: CARGO_HOME="/workspace/cargo-home" RUSTUP_HOME="/workspace/rustup-home" "/workspace/cargo-home/bin/cargo" "+beta-2023-04-20" "fetch" "--manifest-path" "Cargo.toml", kill_on_drop: false }`
[INFO] [stderr]  Downloading crates ...
[INFO] [stderr]   Downloaded ncurses v5.86.0
[INFO] running `Command { std: "docker" "create" "-v" "/var/lib/crater-agent-workspace/builds/worker-3-tc2/target:/opt/rustwide/target:rw,Z" "-v" "/var/lib/crater-agent-workspace/builds/worker-3-tc2/source:/opt/rustwide/workdir:ro,Z" "-v" "/var/lib/crater-agent-workspace/cargo-home:/opt/rustwide/cargo-home:ro,Z" "-v" "/var/lib/crater-agent-workspace/rustup-home:/opt/rustwide/rustup-home:ro,Z" "-e" "SOURCE_DIR=/opt/rustwide/workdir" "-e" "CARGO_TARGET_DIR=/opt/rustwide/target" "-e" "CARGO_HOME=/opt/rustwide/cargo-home" "-e" "RUSTUP_HOME=/opt/rustwide/rustup-home" "-w" "/opt/rustwide/workdir" "-m" "1610612736" "--user" "0:0" "--network" "none" "ghcr.io/rust-lang/crates-build-env/linux@sha256:5ff2268d62e97bff2cde7d5815dd6ed5b47097566f13b8d0ca110b04b60e07ed" "/opt/rustwide/cargo-home/bin/cargo" "+beta-2023-04-20" "metadata" "--no-deps" "--format-version=1", kill_on_drop: false }`
[INFO] [stdout] 8715fdad9ad457f4acdc3156f16741ebba2c8bd2e9e419784d99bd939d4e9b5e
[INFO] running `Command { std: "docker" "start" "-a" "8715fdad9ad457f4acdc3156f16741ebba2c8bd2e9e419784d99bd939d4e9b5e", kill_on_drop: false }`
[INFO] running `Command { std: "docker" "inspect" "8715fdad9ad457f4acdc3156f16741ebba2c8bd2e9e419784d99bd939d4e9b5e", kill_on_drop: false }`
[INFO] running `Command { std: "docker" "rm" "-f" "8715fdad9ad457f4acdc3156f16741ebba2c8bd2e9e419784d99bd939d4e9b5e", kill_on_drop: false }`
[INFO] [stdout] 8715fdad9ad457f4acdc3156f16741ebba2c8bd2e9e419784d99bd939d4e9b5e
[INFO] running `Command { std: "docker" "create" "-v" "/var/lib/crater-agent-workspace/builds/worker-3-tc2/target:/opt/rustwide/target:rw,Z" "-v" "/var/lib/crater-agent-workspace/builds/worker-3-tc2/source:/opt/rustwide/workdir:ro,Z" "-v" "/var/lib/crater-agent-workspace/cargo-home:/opt/rustwide/cargo-home:ro,Z" "-v" "/var/lib/crater-agent-workspace/rustup-home:/opt/rustwide/rustup-home:ro,Z" "-e" "SOURCE_DIR=/opt/rustwide/workdir" "-e" "CARGO_TARGET_DIR=/opt/rustwide/target" "-e" "CARGO_INCREMENTAL=0" "-e" "RUST_BACKTRACE=full" "-e" "RUSTFLAGS=--cap-lints=warn" "-e" "RUSTDOCFLAGS=--cap-lints=warn" "-e" "CARGO_HOME=/opt/rustwide/cargo-home" "-e" "RUSTUP_HOME=/opt/rustwide/rustup-home" "-w" "/opt/rustwide/workdir" "-m" "1610612736" "--user" "0:0" "--network" "none" "ghcr.io/rust-lang/crates-build-env/linux@sha256:5ff2268d62e97bff2cde7d5815dd6ed5b47097566f13b8d0ca110b04b60e07ed" "/opt/rustwide/cargo-home/bin/cargo" "+beta-2023-04-20" "build" "--frozen" "--message-format=json", kill_on_drop: false }`
[INFO] [stdout] 4e8901856f38c9e9c320e5a05f7f58f3f86d33e7ea7d2c87fc11a603eea25618
[INFO] running `Command { std: "docker" "start" "-a" "4e8901856f38c9e9c320e5a05f7f58f3f86d33e7ea7d2c87fc11a603eea25618", kill_on_drop: false }`
[INFO] [stderr]    Compiling memchr v2.4.1
[INFO] [stderr]    Compiling serde v1.0.132
[INFO] [stderr]    Compiling lexical-core v0.7.6
[INFO] [stderr]    Compiling pkg-config v0.3.9
[INFO] [stderr]    Compiling version_check v0.9.3
[INFO] [stderr]    Compiling ryu v1.0.9
[INFO] [stderr]    Compiling gcc v0.3.54
[INFO] [stderr]    Compiling unicode-xid v0.0.4
[INFO] [stderr]    Compiling cfg-if v1.0.0
[INFO] [stderr]    Compiling serde_json v1.0.73
[INFO] [stderr]    Compiling regex-syntax v0.6.25
[INFO] [stderr]    Compiling quote v0.3.15
[INFO] [stderr]    Compiling static_assertions v1.1.0
[INFO] [stderr]    Compiling bitflags v1.3.2
[INFO] [stderr]    Compiling arrayvec v0.5.2
[INFO] [stderr]    Compiling num-traits v0.1.40
[INFO] [stderr]    Compiling libc v0.2.31
[INFO] [stderr]    Compiling synom v0.11.3
[INFO] [stderr]    Compiling serde v0.8.23
[INFO] [stderr]    Compiling linked-hash-map v0.5.4
[INFO] [stderr]    Compiling syn v0.11.11
[INFO] [stderr]    Compiling itoa v1.0.1
[INFO] [stderr]    Compiling lazy_static v1.4.0
[INFO] [stderr]    Compiling yaml-rust v0.4.5
[INFO] [stderr]    Compiling rust-ini v0.13.0
[INFO] [stderr]    Compiling nom v5.1.2
[INFO] [stderr]    Compiling log v0.3.8
[INFO] [stderr]    Compiling ncurses v5.86.0
[INFO] [stderr]    Compiling aho-corasick v0.7.18
[INFO] [stderr]    Compiling serde_derive_internals v0.16.0
[INFO] [stderr]    Compiling pancurses v0.7.0
[INFO] [stderr]    Compiling serde_derive v1.0.15
[INFO] [stderr]    Compiling regex v1.5.4
[INFO] [stderr]    Compiling serde-hjson v0.9.1
[INFO] [stderr]    Compiling toml v0.5.8
[INFO] [stderr]    Compiling config v0.11.0
[INFO] [stderr]    Compiling gol_rust v0.1.0 (/opt/rustwide/workdir)
[INFO] [stdout] error[E0432]: unresolved import `self::pancurses`
[INFO] [stdout]  --> src/screen.rs:3:11
[INFO] [stdout]   |
[INFO] [stdout] 3 | use self::pancurses::{endwin, initscr};
[INFO] [stdout]   |           ^^^^^^^^^ could not find `pancurses` in `self`
[INFO] [stdout] 
[INFO] [stdout] 
[INFO] [stdout] error[E0432]: unresolved import `Grid`
[INFO] [stdout]  --> src/screen.rs:5:5
[INFO] [stdout]   |
[INFO] [stdout] 5 | use ::Grid;
[INFO] [stdout]   |     ^^^^^^ no `Grid` in the root
[INFO] [stdout]   |
[INFO] [stdout] help: a similar name exists in the module
[INFO] [stdout]   |
[INFO] [stdout] 5 | use ::grid;
[INFO] [stdout]   |       ~~~~
[INFO] [stdout] help: consider importing this struct instead
[INFO] [stdout]   |
[INFO] [stdout] 5 | use grid::Grid;
[INFO] [stdout]   |     ~~~~~~~~~~
[INFO] [stdout] 
[INFO] [stdout] 
[INFO] [stdout] error[E0412]: cannot find type `Config` in this scope
[INFO] [stdout]  --> src/screen.rs:9:17
[INFO] [stdout]   |
[INFO] [stdout] 9 |     config: &'a Config,
[INFO] [stdout]   |                 ^^^^^^ not found in this scope
[INFO] [stdout]   |
[INFO] [stdout] help: consider importing this struct
[INFO] [stdout]   |
[INFO] [stdout] 3 + use Config;
[INFO] [stdout]   |
[INFO] [stdout] 
[INFO] [stdout] 
[INFO] [stdout] error[E0412]: cannot find type `Grid` in the crate root
[INFO] [stdout]   --> src/screen.rs:10:13
[INFO] [stdout]    |
[INFO] [stdout] 10 |     grid: ::Grid,
[INFO] [stdout]    |             ^^^^ not found in the crate root
[INFO] [stdout]    |
[INFO] [stdout] help: consider importing this struct
[INFO] [stdout]    |
[INFO] [stdout] 3  + use grid::Grid;
[INFO] [stdout]    |
[INFO] [stdout] help: if you import `Grid`, refer to it directly
[INFO] [stdout]    |
[INFO] [stdout] 10 -     grid: ::Grid,
[INFO] [stdout] 10 +     grid: Grid,
[INFO] [stdout]    |
[INFO] [stdout] 
[INFO] [stdout] 
[INFO] [stdout] error[E0412]: cannot find type `Config` in this scope
[INFO] [stdout]   --> src/screen.rs:14:28
[INFO] [stdout]    |
[INFO] [stdout] 14 |     pub fn new(config: &'a Config) -> Screen<'a> {
[INFO] [stdout]    |                            ^^^^^^ not found in this scope
[INFO] [stdout]    |
[INFO] [stdout] help: consider importing this struct
[INFO] [stdout]    |
[INFO] [stdout] 3  + use Config;
[INFO] [stdout]    |
[INFO] [stdout] 
[INFO] [stdout] 
[INFO] [stdout] error: aborting due to 5 previous errors
[INFO] [stdout] 
[INFO] [stdout] 
[INFO] [stdout] Some errors have detailed explanations: E0412, E0432.
[INFO] [stdout] 
[INFO] [stdout] For more information about an error, try `rustc --explain E0412`.
[INFO] [stdout] 
[INFO] [stderr] error: could not compile `gol_rust` (bin "gol_rust") due to 6 previous errors
[INFO] running `Command { std: "docker" "inspect" "4e8901856f38c9e9c320e5a05f7f58f3f86d33e7ea7d2c87fc11a603eea25618", kill_on_drop: false }`
[INFO] running `Command { std: "docker" "rm" "-f" "4e8901856f38c9e9c320e5a05f7f58f3f86d33e7ea7d2c87fc11a603eea25618", kill_on_drop: false }`
[INFO] [stdout] 4e8901856f38c9e9c320e5a05f7f58f3f86d33e7ea7d2c87fc11a603eea25618
