[INFO] cloning repository https://github.com/Zoulei-CSU/3dtiles-mod
[INFO] running `Command { std: "git" "-c" "credential.helper=" "-c" "credential.helper=/workspace/cargo-home/bin/git-credential-null" "clone" "--bare" "https://github.com/Zoulei-CSU/3dtiles-mod" "/workspace/cache/git-repos/https%3A%2F%2Fgithub.com%2FZoulei-CSU%2F3dtiles-mod", kill_on_drop: false }`
[INFO] [stderr] Cloning into bare repository '/workspace/cache/git-repos/https%3A%2F%2Fgithub.com%2FZoulei-CSU%2F3dtiles-mod'...
[INFO] running `Command { std: "git" "rev-parse" "HEAD", kill_on_drop: false }`
[INFO] [stdout] f63de64f4e977739d82e242e6a3c9deed7f52f2c
[INFO] testing Zoulei-CSU/3dtiles-mod against 1.69.0 for beta-1.70-1
[INFO] running `Command { std: "git" "clone" "/workspace/cache/git-repos/https%3A%2F%2Fgithub.com%2FZoulei-CSU%2F3dtiles-mod" "/workspace/builds/worker-5-tc1/source", kill_on_drop: false }`
[INFO] [stderr] Cloning into '/workspace/builds/worker-5-tc1/source'...
[INFO] [stderr] done.
[INFO] validating manifest of git repo https://github.com/Zoulei-CSU/3dtiles-mod on toolchain 1.69.0
[INFO] running `Command { std: CARGO_HOME="/workspace/cargo-home" RUSTUP_HOME="/workspace/rustup-home" "/workspace/cargo-home/bin/cargo" "+1.69.0" "metadata" "--manifest-path" "Cargo.toml" "--no-deps", kill_on_drop: false }`
[INFO] started tweaking git repo https://github.com/Zoulei-CSU/3dtiles-mod
[INFO] finished tweaking git repo https://github.com/Zoulei-CSU/3dtiles-mod
[INFO] tweaked toml for git repo https://github.com/Zoulei-CSU/3dtiles-mod written to /workspace/builds/worker-5-tc1/source/Cargo.toml
[INFO] crate git repo https://github.com/Zoulei-CSU/3dtiles-mod already has a lockfile, it will not be regenerated
[INFO] running `Command { std: CARGO_HOME="/workspace/cargo-home" RUSTUP_HOME="/workspace/rustup-home" "/workspace/cargo-home/bin/cargo" "+1.69.0" "fetch" "--manifest-path" "Cargo.toml", kill_on_drop: false }`
[INFO] [stderr]  Downloading crates ...
[INFO] [stderr]   Downloaded serde-xml-rs v0.2.1
[INFO] [stderr]   Downloaded serde_json v1.0.71
[INFO] running `Command { std: "docker" "create" "-v" "/var/lib/crater-agent-workspace/builds/worker-5-tc1/target:/opt/rustwide/target:rw,Z" "-v" "/var/lib/crater-agent-workspace/builds/worker-5-tc1/source:/opt/rustwide/workdir:ro,Z" "-v" "/var/lib/crater-agent-workspace/cargo-home:/opt/rustwide/cargo-home:ro,Z" "-v" "/var/lib/crater-agent-workspace/rustup-home:/opt/rustwide/rustup-home:ro,Z" "-e" "SOURCE_DIR=/opt/rustwide/workdir" "-e" "CARGO_TARGET_DIR=/opt/rustwide/target" "-e" "CARGO_HOME=/opt/rustwide/cargo-home" "-e" "RUSTUP_HOME=/opt/rustwide/rustup-home" "-w" "/opt/rustwide/workdir" "-m" "1610612736" "--user" "0:0" "--network" "none" "ghcr.io/rust-lang/crates-build-env/linux@sha256:5ff2268d62e97bff2cde7d5815dd6ed5b47097566f13b8d0ca110b04b60e07ed" "/opt/rustwide/cargo-home/bin/cargo" "+1.69.0" "metadata" "--no-deps" "--format-version=1", kill_on_drop: false }`
[INFO] [stdout] 25b41316e49ae65b8991ac518ac4150db26efeb9580b1e59aa04e0891b94efcd
[INFO] running `Command { std: "docker" "start" "-a" "25b41316e49ae65b8991ac518ac4150db26efeb9580b1e59aa04e0891b94efcd", kill_on_drop: false }`
[INFO] running `Command { std: "docker" "inspect" "25b41316e49ae65b8991ac518ac4150db26efeb9580b1e59aa04e0891b94efcd", kill_on_drop: false }`
[INFO] running `Command { std: "docker" "rm" "-f" "25b41316e49ae65b8991ac518ac4150db26efeb9580b1e59aa04e0891b94efcd", kill_on_drop: false }`
[INFO] [stdout] 25b41316e49ae65b8991ac518ac4150db26efeb9580b1e59aa04e0891b94efcd
[INFO] running `Command { std: "docker" "create" "-v" "/var/lib/crater-agent-workspace/builds/worker-5-tc1/target:/opt/rustwide/target:rw,Z" "-v" "/var/lib/crater-agent-workspace/builds/worker-5-tc1/source:/opt/rustwide/workdir:ro,Z" "-v" "/var/lib/crater-agent-workspace/cargo-home:/opt/rustwide/cargo-home:ro,Z" "-v" "/var/lib/crater-agent-workspace/rustup-home:/opt/rustwide/rustup-home:ro,Z" "-e" "SOURCE_DIR=/opt/rustwide/workdir" "-e" "CARGO_TARGET_DIR=/opt/rustwide/target" "-e" "CARGO_INCREMENTAL=0" "-e" "RUST_BACKTRACE=full" "-e" "RUSTFLAGS=--cap-lints=warn" "-e" "RUSTDOCFLAGS=--cap-lints=warn" "-e" "CARGO_HOME=/opt/rustwide/cargo-home" "-e" "RUSTUP_HOME=/opt/rustwide/rustup-home" "-w" "/opt/rustwide/workdir" "-m" "1610612736" "--user" "0:0" "--network" "none" "ghcr.io/rust-lang/crates-build-env/linux@sha256:5ff2268d62e97bff2cde7d5815dd6ed5b47097566f13b8d0ca110b04b60e07ed" "/opt/rustwide/cargo-home/bin/cargo" "+1.69.0" "build" "--frozen" "--message-format=json", kill_on_drop: false }`
[INFO] [stdout] a56fad41c34a4e30e498d26d1d197e76fc69e6f1d0c0808ade86f237319b29e4
[INFO] running `Command { std: "docker" "start" "-a" "a56fad41c34a4e30e498d26d1d197e76fc69e6f1d0c0808ade86f237319b29e4", kill_on_drop: false }`
[INFO] [stderr]    Compiling libc v0.2.107
[INFO] [stderr]    Compiling proc-macro2 v1.0.32
[INFO] [stderr]    Compiling crossbeam-utils v0.8.5
[INFO] [stderr]    Compiling memoffset v0.6.4
[INFO] [stderr]    Compiling syn v1.0.81
[INFO] [stderr]    Compiling crossbeam-epoch v0.9.5
[INFO] [stderr]    Compiling log v0.4.14
[INFO] [stderr]    Compiling serde_derive v1.0.130
[INFO] [stderr]    Compiling num-traits v0.2.14
[INFO] [stderr]    Compiling serde v1.0.130
[INFO] [stderr]    Compiling num-integer v0.1.44
[INFO] [stderr]    Compiling ryu v1.0.5
[INFO] [stderr]    Compiling quote v1.0.10
[INFO] [stderr]    Compiling crossbeam-channel v0.5.1
[INFO] [stderr]    Compiling rayon v1.5.1
[INFO] [stderr]    Compiling num_cpus v1.13.0
[INFO] [stderr]    Compiling atty v0.2.14
[INFO] [stderr]    Compiling crossbeam-deque v0.8.1
[INFO] [stderr]    Compiling cc v1.0.72
[INFO] [stderr]    Compiling unicode-width v0.1.9
[INFO] [stderr]    Compiling serde_json v1.0.71
[INFO] [stderr]    Compiling bitflags v0.7.0
[INFO] [stderr]    Compiling quick-error v1.2.3
[INFO] [stderr]    Compiling regex v1.5.4
[INFO] [stderr]    Compiling humantime v1.3.0
[INFO] [stderr]    Compiling rayon-core v1.9.1
[INFO] [stderr]    Compiling xml-rs v0.3.6
[INFO] [stderr]    Compiling textwrap v0.11.0
[INFO] [stderr]    Compiling time v0.1.44
[INFO] [stderr]    Compiling log v0.3.9
[INFO] [stderr]    Compiling vec_map v0.8.2
[INFO] [stderr]    Compiling _3dtile v0.1.4 (/opt/rustwide/workdir)
[INFO] [stderr]    Compiling strsim v0.8.0
[INFO] [stderr]    Compiling ansi_term v0.11.0
[INFO] [stderr]    Compiling termcolor v1.1.2
[INFO] [stderr]    Compiling itoa v0.4.8
[INFO] [stderr]    Compiling clap v2.33.3
[INFO] [stderr]    Compiling env_logger v0.5.13
[INFO] [stderr]    Compiling chrono v0.4.19
[INFO] [stderr] The following warnings were emitted during compilation:
[INFO] [stderr] 
[INFO] [stderr] warning: In file included from ./src/shp23dtile.cpp:6:
[INFO] [stderr] warning: ./src/earcut.hpp: In member function 'mapbox::detail::Earcut<N>::Node* mapbox::detail::Earcut<N>::findHoleBridge(mapbox::detail::Earcut<N>::Node*, mapbox::detail::Earcut<N>::Node*)':
[INFO] [stderr] warning: ./src/earcut.hpp:460:23: error: 'numeric_limits' is not a member of 'std'
[INFO] [stderr] warning:   460 |     double qx = -std::numeric_limits<double>::infinity();
[INFO] [stderr] warning:       |                       ^~~~~~~~~~~~~~
[INFO] [stderr] warning: ./src/earcut.hpp:460:38: error: expected primary-expression before 'double'
[INFO] [stderr] warning:   460 |     double qx = -std::numeric_limits<double>::infinity();
[INFO] [stderr] warning:       |                                      ^~~~~~
[INFO] [stderr] warning: ./src/earcut.hpp:489:26: error: 'numeric_limits' is not a member of 'std'
[INFO] [stderr] warning:   489 |     double tanMin = std::numeric_limits<double>::infinity();
[INFO] [stderr] warning:       |                          ^~~~~~~~~~~~~~
[INFO] [stderr] warning: ./src/earcut.hpp:489:41: error: expected primary-expression before 'double'
[INFO] [stderr] warning:   489 |     double tanMin = std::numeric_limits<double>::infinity();
[INFO] [stderr] warning:       |                                         ^~~~~~
[INFO] [stderr] 
[INFO] [stderr] error: failed to run custom build command for `_3dtile v0.1.4 (/opt/rustwide/workdir)`
[INFO] [stderr] note: To improve backtraces for build dependencies, set the CARGO_PROFILE_DEV_BUILD_OVERRIDE_DEBUG=true environment variable to enable debug information generation.
[INFO] [stderr] 
[INFO] [stderr] Caused by:
[INFO] [stderr]   process didn't exit successfully: `/opt/rustwide/target/debug/build/_3dtile-d52258f9a5149845/build-script-build` (exit status: 1)
[INFO] [stderr]   --- stdout
[INFO] [stderr]   TARGET = Some("x86_64-unknown-linux-gnu")
[INFO] [stderr]   OPT_LEVEL = Some("0")
[INFO] [stderr]   HOST = Some("x86_64-unknown-linux-gnu")
[INFO] [stderr]   CXX_x86_64-unknown-linux-gnu = None
[INFO] [stderr]   CXX_x86_64_unknown_linux_gnu = None
[INFO] [stderr]   HOST_CXX = None
[INFO] [stderr]   CXX = None
[INFO] [stderr]   CXXFLAGS_x86_64-unknown-linux-gnu = None
[INFO] [stderr]   CXXFLAGS_x86_64_unknown_linux_gnu = None
[INFO] [stderr]   HOST_CXXFLAGS = None
[INFO] [stderr]   CXXFLAGS = None
[INFO] [stderr]   CRATE_CC_NO_DEFAULTS = None
[INFO] [stderr]   DEBUG = Some("true")
[INFO] [stderr]   CARGO_CFG_TARGET_FEATURE = Some("fxsr,sse,sse2")
[INFO] [stderr]   running: "c++" "-O0" "-ffunction-sections" "-fdata-sections" "-fPIC" "-g" "-fno-omit-frame-pointer" "-m64" "-I" "./src" "-I" "./src/osg" "-std=c++11" "-o" "/opt/rustwide/target/debug/build/_3dtile-6750cde4c7d53430/out/./src/tileset.o" "-c" "./src/tileset.cpp"
[INFO] [stderr]   exit status: 0
[INFO] [stderr]   running: "c++" "-O0" "-ffunction-sections" "-fdata-sections" "-fPIC" "-g" "-fno-omit-frame-pointer" "-m64" "-I" "./src" "-I" "./src/osg" "-std=c++11" "-o" "/opt/rustwide/target/debug/build/_3dtile-6750cde4c7d53430/out/./src/shp23dtile.o" "-c" "./src/shp23dtile.cpp"
[INFO] [stderr]   cargo:warning=In file included from ./src/shp23dtile.cpp:6:
[INFO] [stderr]   cargo:warning=./src/earcut.hpp: In member function 'mapbox::detail::Earcut<N>::Node* mapbox::detail::Earcut<N>::findHoleBridge(mapbox::detail::Earcut<N>::Node*, mapbox::detail::Earcut<N>::Node*)':
[INFO] [stderr]   cargo:warning=./src/earcut.hpp:460:23: error: 'numeric_limits' is not a member of 'std'
[INFO] [stderr]   cargo:warning=  460 |     double qx = -std::numeric_limits<double>::infinity();
[INFO] [stderr]   cargo:warning=      |                       ^~~~~~~~~~~~~~
[INFO] [stderr]   cargo:warning=./src/earcut.hpp:460:38: error: expected primary-expression before 'double'
[INFO] [stderr]   cargo:warning=  460 |     double qx = -std::numeric_limits<double>::infinity();
[INFO] [stderr]   cargo:warning=      |                                      ^~~~~~
[INFO] [stderr]   cargo:warning=./src/earcut.hpp:489:26: error: 'numeric_limits' is not a member of 'std'
[INFO] [stderr]   cargo:warning=  489 |     double tanMin = std::numeric_limits<double>::infinity();
[INFO] [stderr]   cargo:warning=      |                          ^~~~~~~~~~~~~~
[INFO] [stderr]   cargo:warning=./src/earcut.hpp:489:41: error: expected primary-expression before 'double'
[INFO] [stderr]   cargo:warning=  489 |     double tanMin = std::numeric_limits<double>::infinity();
[INFO] [stderr]   cargo:warning=      |                                         ^~~~~~
[INFO] [stderr]   exit status: 1
[INFO] [stderr] 
[INFO] [stderr]   --- stderr
[INFO] [stderr] 
[INFO] [stderr] 
[INFO] [stderr]   error occurred: Command "c++" "-O0" "-ffunction-sections" "-fdata-sections" "-fPIC" "-g" "-fno-omit-frame-pointer" "-m64" "-I" "./src" "-I" "./src/osg" "-std=c++11" "-o" "/opt/rustwide/target/debug/build/_3dtile-6750cde4c7d53430/out/./src/shp23dtile.o" "-c" "./src/shp23dtile.cpp" with args "c++" did not execute successfully (status code exit status: 1).
[INFO] [stderr] 
[INFO] [stderr] 
[INFO] [stderr] warning: build failed, waiting for other jobs to finish...
[INFO] running `Command { std: "docker" "inspect" "a56fad41c34a4e30e498d26d1d197e76fc69e6f1d0c0808ade86f237319b29e4", kill_on_drop: false }`
[INFO] running `Command { std: "docker" "rm" "-f" "a56fad41c34a4e30e498d26d1d197e76fc69e6f1d0c0808ade86f237319b29e4", kill_on_drop: false }`
[INFO] [stdout] a56fad41c34a4e30e498d26d1d197e76fc69e6f1d0c0808ade86f237319b29e4
