[INFO] cloning repository https://github.com/ZakisM/regedit_rust
[INFO] running `Command { std: "git" "-c" "credential.helper=" "-c" "credential.helper=/workspace/cargo-home/bin/git-credential-null" "clone" "--bare" "https://github.com/ZakisM/regedit_rust" "/workspace/cache/git-repos/https%3A%2F%2Fgithub.com%2FZakisM%2Fregedit_rust", kill_on_drop: false }`
[INFO] [stderr] Cloning into bare repository '/workspace/cache/git-repos/https%3A%2F%2Fgithub.com%2FZakisM%2Fregedit_rust'...
[INFO] running `Command { std: "git" "rev-parse" "HEAD", kill_on_drop: false }`
[INFO] [stdout] 44518b5c7c25f455d12973fa903d05ae1fccfc93
[INFO] testing ZakisM/regedit_rust against beta-2023-04-20 for beta-1.70-1
[INFO] running `Command { std: "git" "clone" "/workspace/cache/git-repos/https%3A%2F%2Fgithub.com%2FZakisM%2Fregedit_rust" "/workspace/builds/worker-1-tc2/source", kill_on_drop: false }`
[INFO] [stderr] Cloning into '/workspace/builds/worker-1-tc2/source'...
[INFO] [stderr] done.
[INFO] validating manifest of git repo https://github.com/ZakisM/regedit_rust on toolchain beta-2023-04-20
[INFO] running `Command { std: CARGO_HOME="/workspace/cargo-home" RUSTUP_HOME="/workspace/rustup-home" "/workspace/cargo-home/bin/cargo" "+beta-2023-04-20" "metadata" "--manifest-path" "Cargo.toml" "--no-deps", kill_on_drop: false }`
[INFO] started tweaking git repo https://github.com/ZakisM/regedit_rust
[INFO] finished tweaking git repo https://github.com/ZakisM/regedit_rust
[INFO] tweaked toml for git repo https://github.com/ZakisM/regedit_rust written to /workspace/builds/worker-1-tc2/source/Cargo.toml
[INFO] crate git repo https://github.com/ZakisM/regedit_rust already has a lockfile, it will not be regenerated
[INFO] running `Command { std: CARGO_HOME="/workspace/cargo-home" RUSTUP_HOME="/workspace/rustup-home" "/workspace/cargo-home/bin/cargo" "+beta-2023-04-20" "fetch" "--manifest-path" "Cargo.toml", kill_on_drop: false }`
[INFO] [stderr]  Downloading crates ...
[INFO] [stderr]   Downloaded serde_yaml v0.8.13
[INFO] running `Command { std: "docker" "create" "-v" "/var/lib/crater-agent-workspace/builds/worker-1-tc2/target:/opt/rustwide/target:rw,Z" "-v" "/var/lib/crater-agent-workspace/builds/worker-1-tc2/source:/opt/rustwide/workdir:ro,Z" "-v" "/var/lib/crater-agent-workspace/cargo-home:/opt/rustwide/cargo-home:ro,Z" "-v" "/var/lib/crater-agent-workspace/rustup-home:/opt/rustwide/rustup-home:ro,Z" "-e" "SOURCE_DIR=/opt/rustwide/workdir" "-e" "CARGO_TARGET_DIR=/opt/rustwide/target" "-e" "CARGO_HOME=/opt/rustwide/cargo-home" "-e" "RUSTUP_HOME=/opt/rustwide/rustup-home" "-w" "/opt/rustwide/workdir" "-m" "1610612736" "--user" "0:0" "--network" "none" "ghcr.io/rust-lang/crates-build-env/linux@sha256:5ff2268d62e97bff2cde7d5815dd6ed5b47097566f13b8d0ca110b04b60e07ed" "/opt/rustwide/cargo-home/bin/cargo" "+beta-2023-04-20" "metadata" "--no-deps" "--format-version=1", kill_on_drop: false }`
[INFO] [stdout] 458df952cb6ea6684cda85ed98d764fc48a8a02f228ff7aba008ca6a609ac8e4
[INFO] running `Command { std: "docker" "start" "-a" "458df952cb6ea6684cda85ed98d764fc48a8a02f228ff7aba008ca6a609ac8e4", kill_on_drop: false }`
[INFO] running `Command { std: "docker" "inspect" "458df952cb6ea6684cda85ed98d764fc48a8a02f228ff7aba008ca6a609ac8e4", kill_on_drop: false }`
[INFO] running `Command { std: "docker" "rm" "-f" "458df952cb6ea6684cda85ed98d764fc48a8a02f228ff7aba008ca6a609ac8e4", kill_on_drop: false }`
[INFO] [stdout] 458df952cb6ea6684cda85ed98d764fc48a8a02f228ff7aba008ca6a609ac8e4
[INFO] running `Command { std: "docker" "create" "-v" "/var/lib/crater-agent-workspace/builds/worker-1-tc2/target:/opt/rustwide/target:rw,Z" "-v" "/var/lib/crater-agent-workspace/builds/worker-1-tc2/source:/opt/rustwide/workdir:ro,Z" "-v" "/var/lib/crater-agent-workspace/cargo-home:/opt/rustwide/cargo-home:ro,Z" "-v" "/var/lib/crater-agent-workspace/rustup-home:/opt/rustwide/rustup-home:ro,Z" "-e" "SOURCE_DIR=/opt/rustwide/workdir" "-e" "CARGO_TARGET_DIR=/opt/rustwide/target" "-e" "CARGO_INCREMENTAL=0" "-e" "RUST_BACKTRACE=full" "-e" "RUSTFLAGS=--cap-lints=warn" "-e" "RUSTDOCFLAGS=--cap-lints=warn" "-e" "CARGO_HOME=/opt/rustwide/cargo-home" "-e" "RUSTUP_HOME=/opt/rustwide/rustup-home" "-w" "/opt/rustwide/workdir" "-m" "1610612736" "--user" "0:0" "--network" "none" "ghcr.io/rust-lang/crates-build-env/linux@sha256:5ff2268d62e97bff2cde7d5815dd6ed5b47097566f13b8d0ca110b04b60e07ed" "/opt/rustwide/cargo-home/bin/cargo" "+beta-2023-04-20" "build" "--frozen" "--message-format=json", kill_on_drop: false }`
[INFO] [stdout] deb930a3cd8147d85eb180a195c20688f5703a4c32198c13b3379cb5688c9a79
[INFO] running `Command { std: "docker" "start" "-a" "deb930a3cd8147d85eb180a195c20688f5703a4c32198c13b3379cb5688c9a79", kill_on_drop: false }`
[INFO] [stderr]    Compiling proc-macro2 v1.0.24
[INFO] [stderr]    Compiling unicode-xid v0.2.1
[INFO] [stderr]    Compiling syn v1.0.42
[INFO] [stderr]    Compiling serde_derive v1.0.116
[INFO] [stderr]    Compiling serde v1.0.116
[INFO] [stderr]    Compiling linked-hash-map v0.5.3
[INFO] [stderr]    Compiling winapi v0.3.9
[INFO] [stderr]    Compiling dtoa v0.4.6
[INFO] [stderr]    Compiling yaml-rust v0.4.4
[INFO] [stderr]    Compiling quote v1.0.7
[INFO] [stderr]    Compiling serde_yaml v0.8.13
[INFO] [stderr]    Compiling regedit_rust v0.1.0 (/opt/rustwide/workdir)
[INFO] [stdout] error[E0433]: failed to resolve: could not find `shared` in `winapi`
[INFO] [stdout]  --> src/config.rs:6:13
[INFO] [stdout]   |
[INFO] [stdout] 6 | use winapi::shared::minwindef::HKEY;
[INFO] [stdout]   |             ^^^^^^ could not find `shared` in `winapi`
[INFO] [stdout] 
[INFO] [stdout] 
[INFO] [stdout] error[E0433]: failed to resolve: could not find `um` in `winapi`
[INFO] [stdout]  --> src/config.rs:7:13
[INFO] [stdout]   |
[INFO] [stdout] 7 | use winapi::um::winreg::{
[INFO] [stdout]   |             ^^ could not find `um` in `winapi`
[INFO] [stdout] 
[INFO] [stdout] 
[INFO] [stdout] error[E0433]: failed to resolve: could not find `um` in `winapi`
[INFO] [stdout]  --> src/registry_handler.rs:4:13
[INFO] [stdout]   |
[INFO] [stdout] 4 | use winapi::um::winnt::{
[INFO] [stdout]   |             ^^ could not find `um` in `winapi`
[INFO] [stdout] 
[INFO] [stdout] 
[INFO] [stdout] error[E0433]: failed to resolve: could not find `um` in `winapi`
[INFO] [stdout]  --> src/registry_handler.rs:8:13
[INFO] [stdout]   |
[INFO] [stdout] 8 | use winapi::um::winreg::{RegOpenKeyExW, RegQueryValueExW, RegSetValueExW};
[INFO] [stdout]   |             ^^ could not find `um` in `winapi`
[INFO] [stdout] 
[INFO] [stdout] 
[INFO] [stdout] error[E0433]: failed to resolve: could not find `um` in `winapi`
[INFO] [stdout]  --> src/registry_value.rs:4:13
[INFO] [stdout]   |
[INFO] [stdout] 4 | use winapi::um::winnt::{
[INFO] [stdout]   |             ^^ could not find `um` in `winapi`
[INFO] [stdout] 
[INFO] [stdout] 
[INFO] [stdout] error[E0433]: failed to resolve: could not find `windows` in `os`
[INFO] [stdout]  --> src/util.rs:2:14
[INFO] [stdout]   |
[INFO] [stdout] 2 | use std::os::windows::ffi::OsStrExt;
[INFO] [stdout]   |              ^^^^^^^ could not find `windows` in `os`
[INFO] [stdout] 
[INFO] [stdout] 
[INFO] [stdout] error[E0433]: failed to resolve: could not find `shared` in `winapi`
[INFO] [stdout]    --> src/registry_handler.rs:118:26
[INFO] [stdout]     |
[INFO] [stdout] 118 | ) -> Result<*mut winapi::shared::minwindef::HKEY__> {
[INFO] [stdout]     |                          ^^^^^^ could not find `shared` in `winapi`
[INFO] [stdout] 
[INFO] [stdout] 
[INFO] [stdout] error[E0408]: variable `REG_EXPAND_SZ` is not bound in all patterns
[INFO] [stdout]   --> src/registry_value.rs:49:13
[INFO] [stdout]    |
[INFO] [stdout] 49 |             REG_SZ | REG_EXPAND_SZ | REG_MULTI_SZ | REG_LINK => {
[INFO] [stdout]    |             ^^^^^^   -------------   ^^^^^^^^^^^^   ^^^^^^^^ pattern doesn't bind `REG_EXPAND_SZ`
[INFO] [stdout]    |             |        |               |
[INFO] [stdout]    |             |        |               pattern doesn't bind `REG_EXPAND_SZ`
[INFO] [stdout]    |             |        variable not in all patterns
[INFO] [stdout]    |             pattern doesn't bind `REG_EXPAND_SZ`
[INFO] [stdout]    |
[INFO] [stdout] help: if you meant to match on a variant or a `const` item, consider making the path in the pattern qualified: `path::to::ModOrType::REG_EXPAND_SZ`
[INFO] [stdout]   --> src/registry_value.rs:49:22
[INFO] [stdout]    |
[INFO] [stdout] 49 |             REG_SZ | REG_EXPAND_SZ | REG_MULTI_SZ | REG_LINK => {
[INFO] [stdout]    |                      ^^^^^^^^^^^^^
[INFO] [stdout] 
[INFO] [stdout] 
[INFO] [stdout] error[E0408]: variable `REG_LINK` is not bound in all patterns
[INFO] [stdout]   --> src/registry_value.rs:49:13
[INFO] [stdout]    |
[INFO] [stdout] 49 |             REG_SZ | REG_EXPAND_SZ | REG_MULTI_SZ | REG_LINK => {
[INFO] [stdout]    |             ^^^^^^   ^^^^^^^^^^^^^   ^^^^^^^^^^^^   -------- variable not in all patterns
[INFO] [stdout]    |             |        |               |
[INFO] [stdout]    |             |        |               pattern doesn't bind `REG_LINK`
[INFO] [stdout]    |             |        pattern doesn't bind `REG_LINK`
[INFO] [stdout]    |             pattern doesn't bind `REG_LINK`
[INFO] [stdout]    |
[INFO] [stdout] help: if you meant to match on a variant or a `const` item, consider making the path in the pattern qualified: `path::to::ModOrType::REG_LINK`
[INFO] [stdout]   --> src/registry_value.rs:49:53
[INFO] [stdout]    |
[INFO] [stdout] 49 |             REG_SZ | REG_EXPAND_SZ | REG_MULTI_SZ | REG_LINK => {
[INFO] [stdout]    |                                                     ^^^^^^^^
[INFO] [stdout] 
[INFO] [stdout] 
[INFO] [stdout] error[E0408]: variable `REG_MULTI_SZ` is not bound in all patterns
[INFO] [stdout]   --> src/registry_value.rs:49:13
[INFO] [stdout]    |
[INFO] [stdout] 49 |             REG_SZ | REG_EXPAND_SZ | REG_MULTI_SZ | REG_LINK => {
[INFO] [stdout]    |             ^^^^^^   ^^^^^^^^^^^^^   ------------   ^^^^^^^^ pattern doesn't bind `REG_MULTI_SZ`
[INFO] [stdout]    |             |        |               |
[INFO] [stdout]    |             |        |               variable not in all patterns
[INFO] [stdout]    |             |        pattern doesn't bind `REG_MULTI_SZ`
[INFO] [stdout]    |             pattern doesn't bind `REG_MULTI_SZ`
[INFO] [stdout]    |
[INFO] [stdout] help: if you meant to match on a variant or a `const` item, consider making the path in the pattern qualified: `path::to::ModOrType::REG_MULTI_SZ`
[INFO] [stdout]   --> src/registry_value.rs:49:38
[INFO] [stdout]    |
[INFO] [stdout] 49 |             REG_SZ | REG_EXPAND_SZ | REG_MULTI_SZ | REG_LINK => {
[INFO] [stdout]    |                                      ^^^^^^^^^^^^
[INFO] [stdout] 
[INFO] [stdout] 
[INFO] [stdout] error[E0408]: variable `REG_SZ` is not bound in all patterns
[INFO] [stdout]   --> src/registry_value.rs:49:22
[INFO] [stdout]    |
[INFO] [stdout] 49 |             REG_SZ | REG_EXPAND_SZ | REG_MULTI_SZ | REG_LINK => {
[INFO] [stdout]    |             ------   ^^^^^^^^^^^^^   ^^^^^^^^^^^^   ^^^^^^^^ pattern doesn't bind `REG_SZ`
[INFO] [stdout]    |             |        |               |
[INFO] [stdout]    |             |        |               pattern doesn't bind `REG_SZ`
[INFO] [stdout]    |             |        pattern doesn't bind `REG_SZ`
[INFO] [stdout]    |             variable not in all patterns
[INFO] [stdout]    |
[INFO] [stdout] help: if you meant to match on a variant or a `const` item, consider making the path in the pattern qualified: `path::to::ModOrType::REG_SZ`
[INFO] [stdout]   --> src/registry_value.rs:49:13
[INFO] [stdout]    |
[INFO] [stdout] 49 |             REG_SZ | REG_EXPAND_SZ | REG_MULTI_SZ | REG_LINK => {
[INFO] [stdout]    |             ^^^^^^
[INFO] [stdout] 
[INFO] [stdout] 
[INFO] [stdout] error[E0599]: no method named `encode_wide` found for reference `&OsStr` in the current scope
[INFO] [stdout]   --> src/util.rs:12:14
[INFO] [stdout]    |
[INFO] [stdout] 11 | /         OsStr::new(self)
[INFO] [stdout] 12 | |             .encode_wide()
[INFO] [stdout]    | |             -^^^^^^^^^^^ method not found in `&OsStr`
[INFO] [stdout]    | |_____________|
[INFO] [stdout]    | 
[INFO] [stdout] 
[INFO] [stdout] 
[INFO] [stdout] error: aborting due to 12 previous errors
[INFO] [stdout] 
[INFO] [stdout] 
[INFO] [stdout] Some errors have detailed explanations: E0408, E0433, E0599.
[INFO] [stdout] 
[INFO] [stdout] For more information about an error, try `rustc --explain E0408`.
[INFO] [stdout] 
[INFO] [stderr] error: could not compile `regedit_rust` (bin "regedit_rust") due to 13 previous errors
[INFO] running `Command { std: "docker" "inspect" "deb930a3cd8147d85eb180a195c20688f5703a4c32198c13b3379cb5688c9a79", kill_on_drop: false }`
[INFO] running `Command { std: "docker" "rm" "-f" "deb930a3cd8147d85eb180a195c20688f5703a4c32198c13b3379cb5688c9a79", kill_on_drop: false }`
[INFO] [stdout] deb930a3cd8147d85eb180a195c20688f5703a4c32198c13b3379cb5688c9a79
