[INFO] cloning repository https://github.com/Zabalkanskiy/product_store_back_end
[INFO] running `Command { std: "git" "-c" "credential.helper=" "-c" "credential.helper=/workspace/cargo-home/bin/git-credential-null" "clone" "--bare" "https://github.com/Zabalkanskiy/product_store_back_end" "/workspace/cache/git-repos/https%3A%2F%2Fgithub.com%2FZabalkanskiy%2Fproduct_store_back_end", kill_on_drop: false }`
[INFO] [stderr] Cloning into bare repository '/workspace/cache/git-repos/https%3A%2F%2Fgithub.com%2FZabalkanskiy%2Fproduct_store_back_end'...
[INFO] running `Command { std: "git" "rev-parse" "HEAD", kill_on_drop: false }`
[INFO] [stdout] 1574d679e90a06a5f16667d540b7675d6d3cb6f0
[INFO] testing Zabalkanskiy/product_store_back_end against 1.69.0 for beta-1.70-1
[INFO] running `Command { std: "git" "clone" "/workspace/cache/git-repos/https%3A%2F%2Fgithub.com%2FZabalkanskiy%2Fproduct_store_back_end" "/workspace/builds/worker-4-tc1/source", kill_on_drop: false }`
[INFO] [stderr] Cloning into '/workspace/builds/worker-4-tc1/source'...
[INFO] [stderr] done.
[INFO] validating manifest of git repo https://github.com/Zabalkanskiy/product_store_back_end on toolchain 1.69.0
[INFO] running `Command { std: CARGO_HOME="/workspace/cargo-home" RUSTUP_HOME="/workspace/rustup-home" "/workspace/cargo-home/bin/cargo" "+1.69.0" "metadata" "--manifest-path" "Cargo.toml" "--no-deps", kill_on_drop: false }`
[INFO] started tweaking git repo https://github.com/Zabalkanskiy/product_store_back_end
[INFO] finished tweaking git repo https://github.com/Zabalkanskiy/product_store_back_end
[INFO] tweaked toml for git repo https://github.com/Zabalkanskiy/product_store_back_end written to /workspace/builds/worker-4-tc1/source/Cargo.toml
[INFO] crate git repo https://github.com/Zabalkanskiy/product_store_back_end already has a lockfile, it will not be regenerated
[INFO] running `Command { std: CARGO_HOME="/workspace/cargo-home" RUSTUP_HOME="/workspace/rustup-home" "/workspace/cargo-home/bin/cargo" "+1.69.0" "fetch" "--manifest-path" "Cargo.toml", kill_on_drop: false }`
[INFO] [stderr]  Downloading crates ...
[INFO] [stderr]   Downloaded bitflags v1.0.5
[INFO] [stderr]   Downloaded tokio v0.1.19
[INFO] [stderr]   Downloaded hyper v0.12.28
[INFO] [stderr]   Downloaded libc v0.2.53
[INFO] running `Command { std: "docker" "create" "-v" "/var/lib/crater-agent-workspace/builds/worker-4-tc1/target:/opt/rustwide/target:rw,Z" "-v" "/var/lib/crater-agent-workspace/builds/worker-4-tc1/source:/opt/rustwide/workdir:ro,Z" "-v" "/var/lib/crater-agent-workspace/cargo-home:/opt/rustwide/cargo-home:ro,Z" "-v" "/var/lib/crater-agent-workspace/rustup-home:/opt/rustwide/rustup-home:ro,Z" "-e" "SOURCE_DIR=/opt/rustwide/workdir" "-e" "CARGO_TARGET_DIR=/opt/rustwide/target" "-e" "CARGO_HOME=/opt/rustwide/cargo-home" "-e" "RUSTUP_HOME=/opt/rustwide/rustup-home" "-w" "/opt/rustwide/workdir" "-m" "1610612736" "--user" "0:0" "--network" "none" "ghcr.io/rust-lang/crates-build-env/linux@sha256:5ff2268d62e97bff2cde7d5815dd6ed5b47097566f13b8d0ca110b04b60e07ed" "/opt/rustwide/cargo-home/bin/cargo" "+1.69.0" "metadata" "--no-deps" "--format-version=1", kill_on_drop: false }`
[INFO] [stdout] 8ea135b6d762d92ff1b80a60ddcd68f6aab43a470890a2a04201cc7ca22e23d4
[INFO] running `Command { std: "docker" "start" "-a" "8ea135b6d762d92ff1b80a60ddcd68f6aab43a470890a2a04201cc7ca22e23d4", kill_on_drop: false }`
[INFO] running `Command { std: "docker" "inspect" "8ea135b6d762d92ff1b80a60ddcd68f6aab43a470890a2a04201cc7ca22e23d4", kill_on_drop: false }`
[INFO] running `Command { std: "docker" "rm" "-f" "8ea135b6d762d92ff1b80a60ddcd68f6aab43a470890a2a04201cc7ca22e23d4", kill_on_drop: false }`
[INFO] [stdout] 8ea135b6d762d92ff1b80a60ddcd68f6aab43a470890a2a04201cc7ca22e23d4
[INFO] running `Command { std: "docker" "create" "-v" "/var/lib/crater-agent-workspace/builds/worker-4-tc1/target:/opt/rustwide/target:rw,Z" "-v" "/var/lib/crater-agent-workspace/builds/worker-4-tc1/source:/opt/rustwide/workdir:ro,Z" "-v" "/var/lib/crater-agent-workspace/cargo-home:/opt/rustwide/cargo-home:ro,Z" "-v" "/var/lib/crater-agent-workspace/rustup-home:/opt/rustwide/rustup-home:ro,Z" "-e" "SOURCE_DIR=/opt/rustwide/workdir" "-e" "CARGO_TARGET_DIR=/opt/rustwide/target" "-e" "CARGO_INCREMENTAL=0" "-e" "RUST_BACKTRACE=full" "-e" "RUSTFLAGS=--cap-lints=warn" "-e" "RUSTDOCFLAGS=--cap-lints=warn" "-e" "CARGO_HOME=/opt/rustwide/cargo-home" "-e" "RUSTUP_HOME=/opt/rustwide/rustup-home" "-w" "/opt/rustwide/workdir" "-m" "1610612736" "--user" "0:0" "--network" "none" "ghcr.io/rust-lang/crates-build-env/linux@sha256:5ff2268d62e97bff2cde7d5815dd6ed5b47097566f13b8d0ca110b04b60e07ed" "/opt/rustwide/cargo-home/bin/cargo" "+1.69.0" "build" "--frozen" "--message-format=json", kill_on_drop: false }`
[INFO] [stdout] e793c70ffb373cc2556be2befc4d84080d2fcac07b94ffc40a4316d041e4faf1
[INFO] running `Command { std: "docker" "start" "-a" "e793c70ffb373cc2556be2befc4d84080d2fcac07b94ffc40a4316d041e4faf1", kill_on_drop: false }`
[INFO] [stderr]    Compiling libc v0.2.53
[INFO] [stderr]    Compiling cfg-if v0.1.7
[INFO] [stderr]    Compiling autocfg v0.1.2
[INFO] [stderr]    Compiling rand_core v0.4.0
[INFO] [stderr]    Compiling lazy_static v1.3.0
[INFO] [stderr]    Compiling futures v0.1.26
[INFO] [stderr]    Compiling semver-parser v0.7.0
[INFO] [stderr]    Compiling byteorder v1.3.1
[INFO] [stderr]    Compiling scopeguard v0.3.3
[INFO] [stderr]    Compiling slab v0.4.2
[INFO] [stderr]    Compiling fnv v1.0.6
[INFO] [stderr]    Compiling arrayvec v0.4.10
[INFO] [stderr]    Compiling stable_deref_trait v1.1.1
[INFO] [stderr]    Compiling smallvec v0.6.9
[INFO] [stderr]    Compiling nodrop v0.1.13
[INFO] [stderr]    Compiling lazycell v1.2.1
[INFO] [stderr]    Compiling log v0.4.6
[INFO] [stderr]    Compiling memoffset v0.2.1
[INFO] [stderr]    Compiling crossbeam-utils v0.6.5
[INFO] [stderr]    Compiling owning_ref v0.4.0
[INFO] [stderr]    Compiling memchr v2.2.0
[INFO] [stderr]    Compiling httparse v1.3.3
[INFO] [stderr]    Compiling itoa v0.4.4
[INFO] [stderr]    Compiling tokio-trace-core v0.1.0
[INFO] [stderr]    Compiling rand_core v0.3.1
[INFO] [stderr]    Compiling rand_jitter v0.1.4
[INFO] [stderr]    Compiling semver v0.9.0
[INFO] [stderr]    Compiling rand_isaac v0.1.1
[INFO] [stderr]    Compiling rand_hc v0.1.0
[INFO] [stderr]    Compiling rand_xorshift v0.1.1
[INFO] [stderr]    Compiling rand_pcg v0.1.2
[INFO] [stderr]    Compiling rand_chacha v0.1.1
[INFO] [stderr]    Compiling rand v0.6.5
[INFO] [stderr]    Compiling lock_api v0.1.5
[INFO] [stderr]    Compiling rustc_version v0.2.3
[INFO] [stderr]    Compiling crossbeam-queue v0.1.2
[INFO] [stderr]    Compiling string v0.1.3
[INFO] [stderr]    Compiling try-lock v0.2.2
[INFO] [stderr]    Compiling ucd-util v0.1.3
[INFO] [stderr]    Compiling regex v1.1.6
[INFO] [stderr]    Compiling indexmap v1.0.2
[INFO] [stderr]    Compiling thread_local v0.3.6
[INFO] [stderr]    Compiling utf8-ranges v1.0.2
[INFO] [stderr]    Compiling iovec v0.1.2
[INFO] [stderr]    Compiling rand_os v0.1.3
[INFO] [stderr]    Compiling num_cpus v1.10.0
[INFO] [stderr]    Compiling net2 v0.2.33
[INFO] [stderr]    Compiling crossbeam-epoch v0.7.1
[INFO] [stderr]    Compiling time v0.1.42
[INFO] [stderr]    Compiling parking_lot_core v0.4.0
[INFO] [stderr]    Compiling bytes v0.4.12
[INFO] [stderr]    Compiling aho-corasick v0.7.3
[INFO] [stderr]    Compiling regex-syntax v0.6.6
[INFO] [stderr]    Compiling mio v0.6.16
[INFO] [stderr]    Compiling crossbeam-deque v0.7.1
[INFO] [stderr]    Compiling tokio-executor v0.1.7
[INFO] [stderr]    Compiling tokio-sync v0.1.5
[INFO] [stderr]    Compiling want v0.0.6
[INFO] [stderr]    Compiling futures-cpupool v0.1.8
[INFO] [stderr]    Compiling tokio-io v0.1.12
[INFO] [stderr]    Compiling http v0.1.17
[INFO] [stderr]    Compiling tokio-timer v0.2.10
[INFO] [stderr]    Compiling tokio-current-thread v0.1.6
[INFO] [stderr]    Compiling tokio-threadpool v0.1.14
[INFO] [stderr]    Compiling parking_lot v0.7.1
[INFO] [stderr]    Compiling tokio-reactor v0.1.9
[INFO] [stderr]    Compiling tokio v0.1.19
[INFO] [stderr]    Compiling tokio-tcp v0.1.3
[INFO] [stderr]    Compiling h2 v0.1.18
[INFO] [stderr]    Compiling hyper v0.12.28
[INFO] [stderr]    Compiling product_store_back v0.1.0 (/opt/rustwide/workdir)
[INFO] [stdout] warning: unused import: `future`
[INFO] [stdout]  --> src/main.rs:4:15
[INFO] [stdout]   |
[INFO] [stdout] 4 | use futures::{future, Future};
[INFO] [stdout]   |               ^^^^^^
[INFO] [stdout]   |
[INFO] [stdout]   = note: `#[warn(unused_imports)]` on by default
[INFO] [stdout] 
[INFO] [stdout] 
[INFO] [stdout] error[E0616]: field `body` of struct `Request` is private
[INFO] [stdout]   --> src/main.rs:32:23
[INFO] [stdout]    |
[INFO] [stdout] 32 |                if req.body.name == USERNAME && req.body.password == PASSWORD {
[INFO] [stdout]    |                       ^^^^ private field
[INFO] [stdout]    |
[INFO] [stdout] help: a method `body` also exists, call it with parentheses
[INFO] [stdout]    |
[INFO] [stdout] 32 |                if req.body().name == USERNAME && req.body.password == PASSWORD {
[INFO] [stdout]    |                           ++
[INFO] [stdout] 
[INFO] [stdout] 
[INFO] [stdout] error[E0616]: field `body` of struct `Request` is private
[INFO] [stdout]   --> src/main.rs:32:52
[INFO] [stdout]    |
[INFO] [stdout] 32 |                if req.body.name == USERNAME && req.body.password == PASSWORD {
[INFO] [stdout]    |                                                    ^^^^ private field
[INFO] [stdout]    |
[INFO] [stdout] help: a method `body` also exists, call it with parentheses
[INFO] [stdout]    |
[INFO] [stdout] 32 |                if req.body.name == USERNAME && req.body().password == PASSWORD {
[INFO] [stdout]    |                                                        ++
[INFO] [stdout] 
[INFO] [stdout] 
[INFO] [stdout] error[E0308]: `if` and `else` have incompatible types
[INFO] [stdout]   --> src/main.rs:39:17
[INFO] [stdout]    |
[INFO] [stdout] 30 | /              if method == &Method::POST {
[INFO] [stdout] 31 | |                  //псевдокод чтения тела запроса нужно сделать через serde??
[INFO] [stdout] 32 | |/                if req.body.name == USERNAME && req.body.password == PASSWORD {
[INFO] [stdout] 33 | ||                    //код  js который необходимо реализовать на расте 
[INFO] [stdout] 34 | ||                    //библиотека const jwt = require("jsonwebtoken");
[INFO] [stdout] 35 | ||                      //  let token = jwt.sign({ data: USERNAME, expiresIn: "1h" }, APP_SECRET);
[INFO] [stdout] 36 | ||                     //res.json({ success: true, token: token });
[INFO] [stdout] 37 | ||                }
[INFO] [stdout]    | ||________________- expected because of this
[INFO] [stdout] 38 | |              } else{
[INFO] [stdout] 39 | |                  response_with_code(StatusCode::METHOD_NOT_ALLOWED)
[INFO] [stdout]    | |                  ^^^^^^^^^^^^^^^^^^^^^^^^^^^^^^^^^^^^^^^^^^^^^^^^^^ expected `()`, found `Response<Body>`
[INFO] [stdout] 40 | |              }
[INFO] [stdout]    | |______________- `if` and `else` have incompatible types
[INFO] [stdout]    |
[INFO] [stdout]    = note: expected unit type `()`
[INFO] [stdout]                  found struct `Response<Body>`
[INFO] [stdout] 
[INFO] [stdout] 
[INFO] [stdout] error[E0277]: expected a `FnMut<(Request<_>,)>` closure, found `impl futures::Future<Item = Response<Body>, Error = hyper::Error>`
[INFO] [stdout]   --> src/main.rs:63:59
[INFO] [stdout]    |
[INFO] [stdout] 63 |     let server = builder.serve(move | req| service_fn_ok( microservice_handler(req)));
[INFO] [stdout]    |                                            -------------  ^^^^^^^^^^^^^^^^^^^^^^^^^ expected an `FnMut<(Request<_>,)>` closure, found `impl futures::Future<Item = Response<Body>, Error = hyper::Error>`
[INFO] [stdout]    |                                            |
[INFO] [stdout]    |                                            required by a bound introduced by this call
[INFO] [stdout]    |
[INFO] [stdout]    = help: the trait `FnMut<(Request<_>,)>` is not implemented for `impl futures::Future<Item = Response<Body>, Error = hyper::Error>`
[INFO] [stdout] note: required by a bound in `service_fn_ok`
[INFO] [stdout]   --> /opt/rustwide/cargo-home/registry/src/github.com-1ecc6299db9ec823/hyper-0.12.28/src/service/service.rs:87:8
[INFO] [stdout]    |
[INFO] [stdout] 87 |     F: FnMut(Request<R>) -> Response<S>,
[INFO] [stdout]    |        ^^^^^^^^^^^^^^^^^^^^^^^^^^^^^^^^ required by this bound in `service_fn_ok`
[INFO] [stdout] 
[INFO] [stdout] 
[INFO] [stdout] error[E0593]: closure is expected to take 0 arguments, but it takes 1 argument
[INFO] [stdout]   --> src/main.rs:63:26
[INFO] [stdout]    |
[INFO] [stdout] 63 |     let server = builder.serve(move | req| service_fn_ok( microservice_handler(req)));
[INFO] [stdout]    |                          ^^^^^ ----------- takes 1 argument
[INFO] [stdout]    |                          |
[INFO] [stdout]    |                          expected closure that takes 0 arguments
[INFO] [stdout]    |
[INFO] [stdout]    = note: required for `[closure@src/main.rs:63:32: 63:43]` to implement `NewService`
[INFO] [stdout]    = note: required for `[closure@src/main.rs:63:32: 63:43]` to implement `MakeServiceRef<AddrStream>`
[INFO] [stdout] 
[INFO] [stdout] 
[INFO] [stdout] error[E0599]: the method `map_err` exists for struct `Server<AddrIncoming, [closure@main.rs:63:32]>`, but its trait bounds were not satisfied
[INFO] [stdout]   --> src/main.rs:64:25
[INFO] [stdout]    |
[INFO] [stdout] 63 |     let server = builder.serve(move | req| service_fn_ok( microservice_handler(req)));
[INFO] [stdout]    |                                -----------
[INFO] [stdout]    |                                |
[INFO] [stdout]    |                                doesn't satisfy `<_ as MakeService<&AddrStream>>::Error = _`
[INFO] [stdout]    |                                doesn't satisfy `<_ as MakeService<&AddrStream>>::Future = _`
[INFO] [stdout]    |                                doesn't satisfy `<_ as MakeService<&AddrStream>>::MakeError = _`
[INFO] [stdout]    |                                doesn't satisfy `<_ as MakeService<&AddrStream>>::ReqBody = Body`
[INFO] [stdout]    |                                doesn't satisfy `<_ as MakeService<&AddrStream>>::ResBody = _`
[INFO] [stdout]    |                                doesn't satisfy `<_ as MakeService<&AddrStream>>::Service = _`
[INFO] [stdout]    |                                doesn't satisfy `<_ as MakeServiceRef<AddrStream>>::ReqBody = Body`
[INFO] [stdout]    |                                doesn't satisfy `<_ as MakeServiceRef<AddrStream>>::ResBody = _`
[INFO] [stdout]    |                                doesn't satisfy `_: MakeService<&AddrStream>`
[INFO] [stdout]    |                                doesn't satisfy `_: MakeServiceRef<AddrStream>`
[INFO] [stdout] 64 |     let server = server.map_err(drop);
[INFO] [stdout]    |                         ^^^^^^^ method cannot be called on `Server<AddrIncoming, [closure@main.rs:63:32]>` due to unsatisfied trait bounds
[INFO] [stdout]    |
[INFO] [stdout]   ::: /opt/rustwide/cargo-home/registry/src/github.com-1ecc6299db9ec823/hyper-0.12.28/src/server/mod.rs:81:1
[INFO] [stdout]    |
[INFO] [stdout] 81 | pub struct Server<I, S, E = Exec> {
[INFO] [stdout]    | --------------------------------- doesn't satisfy `_: Future`
[INFO] [stdout]    |
[INFO] [stdout]    = note: the following trait bounds were not satisfied:
[INFO] [stdout]            `<[closure@src/main.rs:63:32: 63:43] as MakeServiceRef<AddrStream>>::ReqBody = Body`
[INFO] [stdout]            which is required by `Server<AddrIncoming, [closure@src/main.rs:63:32: 63:43]>: futures::Future`
[INFO] [stdout]            `<[closure@src/main.rs:63:32: 63:43] as MakeServiceRef<AddrStream>>::ResBody = _`
[INFO] [stdout]            which is required by `Server<AddrIncoming, [closure@src/main.rs:63:32: 63:43]>: futures::Future`
[INFO] [stdout]            `[closure@src/main.rs:63:32: 63:43]: MakeServiceRef<AddrStream>`
[INFO] [stdout]            which is required by `Server<AddrIncoming, [closure@src/main.rs:63:32: 63:43]>: futures::Future`
[INFO] [stdout]            `<[closure@src/main.rs:63:32: 63:43] as MakeService<&'a AddrStream>>::Error = _`
[INFO] [stdout]            which is required by `Server<AddrIncoming, [closure@src/main.rs:63:32: 63:43]>: futures::Future`
[INFO] [stdout]            `<[closure@src/main.rs:63:32: 63:43] as MakeService<&'a AddrStream>>::MakeError = _`
[INFO] [stdout]            which is required by `Server<AddrIncoming, [closure@src/main.rs:63:32: 63:43]>: futures::Future`
[INFO] [stdout]            `<[closure@src/main.rs:63:32: 63:43] as MakeService<&'a AddrStream>>::Service = _`
[INFO] [stdout]            which is required by `Server<AddrIncoming, [closure@src/main.rs:63:32: 63:43]>: futures::Future`
[INFO] [stdout]            `<[closure@src/main.rs:63:32: 63:43] as MakeService<&'a AddrStream>>::Future = _`
[INFO] [stdout]            which is required by `Server<AddrIncoming, [closure@src/main.rs:63:32: 63:43]>: futures::Future`
[INFO] [stdout]            `<[closure@src/main.rs:63:32: 63:43] as MakeService<&'a AddrStream>>::ReqBody = Body`
[INFO] [stdout]            which is required by `Server<AddrIncoming, [closure@src/main.rs:63:32: 63:43]>: futures::Future`
[INFO] [stdout]            `<[closure@src/main.rs:63:32: 63:43] as MakeService<&'a AddrStream>>::ResBody = _`
[INFO] [stdout]            which is required by `Server<AddrIncoming, [closure@src/main.rs:63:32: 63:43]>: futures::Future`
[INFO] [stdout]            `[closure@src/main.rs:63:32: 63:43]: MakeService<&'a AddrStream>`
[INFO] [stdout]            which is required by `Server<AddrIncoming, [closure@src/main.rs:63:32: 63:43]>: futures::Future`
[INFO] [stdout]            `Server<AddrIncoming, [closure@src/main.rs:63:32: 63:43]>: futures::Future`
[INFO] [stdout]            which is required by `&mut Server<AddrIncoming, [closure@src/main.rs:63:32: 63:43]>: futures::Future`
[INFO] [stdout] 
[INFO] [stdout] 
[INFO] [stdout] error: aborting due to 6 previous errors; 1 warning emitted
[INFO] [stdout] 
[INFO] [stdout] 
[INFO] [stdout] Some errors have detailed explanations: E0277, E0308, E0593, E0599, E0616.
[INFO] [stdout] 
[INFO] [stdout] For more information about an error, try `rustc --explain E0277`.
[INFO] [stdout] 
[INFO] [stderr] error: could not compile `product_store_back` due to 7 previous errors; 1 warning emitted
[INFO] running `Command { std: "docker" "inspect" "e793c70ffb373cc2556be2befc4d84080d2fcac07b94ffc40a4316d041e4faf1", kill_on_drop: false }`
[INFO] running `Command { std: "docker" "rm" "-f" "e793c70ffb373cc2556be2befc4d84080d2fcac07b94ffc40a4316d041e4faf1", kill_on_drop: false }`
[INFO] [stdout] e793c70ffb373cc2556be2befc4d84080d2fcac07b94ffc40a4316d041e4faf1
