[INFO] cloning repository https://github.com/Yucklys/tempo
[INFO] running `Command { std: "git" "-c" "credential.helper=" "-c" "credential.helper=/workspace/cargo-home/bin/git-credential-null" "clone" "--bare" "https://github.com/Yucklys/tempo" "/workspace/cache/git-repos/https%3A%2F%2Fgithub.com%2FYucklys%2Ftempo", kill_on_drop: false }`
[INFO] [stderr] Cloning into bare repository '/workspace/cache/git-repos/https%3A%2F%2Fgithub.com%2FYucklys%2Ftempo'...
[INFO] running `Command { std: "git" "rev-parse" "HEAD", kill_on_drop: false }`
[INFO] [stdout] 308eeb22f88aecb36be31889dd1dfda7992008b6
[INFO] testing Yucklys/tempo against beta-2023-04-20 for beta-1.70-1
[INFO] running `Command { std: "git" "clone" "/workspace/cache/git-repos/https%3A%2F%2Fgithub.com%2FYucklys%2Ftempo" "/workspace/builds/worker-5-tc2/source", kill_on_drop: false }`
[INFO] [stderr] Cloning into '/workspace/builds/worker-5-tc2/source'...
[INFO] [stderr] done.
[INFO] [stderr] Updating files:  50% (14/28)
Updating files:  53% (15/28)
Updating files:  57% (16/28)
Updating files:  60% (17/28)
Updating files:  64% (18/28)
Updating files:  67% (19/28)
Updating files:  71% (20/28)
Updating files:  75% (21/28)
Updating files:  78% (22/28)
Updating files:  82% (23/28)
Updating files:  85% (24/28)
Updating files:  89% (25/28)
Updating files:  92% (26/28)
Updating files:  96% (27/28)
Updating files: 100% (28/28)
Updating files: 100% (28/28), done.
[INFO] validating manifest of git repo https://github.com/Yucklys/tempo on toolchain beta-2023-04-20
[INFO] running `Command { std: CARGO_HOME="/workspace/cargo-home" RUSTUP_HOME="/workspace/rustup-home" "/workspace/cargo-home/bin/cargo" "+beta-2023-04-20" "metadata" "--manifest-path" "Cargo.toml" "--no-deps", kill_on_drop: false }`
[INFO] started tweaking git repo https://github.com/Yucklys/tempo
[INFO] finished tweaking git repo https://github.com/Yucklys/tempo
[INFO] tweaked toml for git repo https://github.com/Yucklys/tempo written to /workspace/builds/worker-5-tc2/source/Cargo.toml
[INFO] crate git repo https://github.com/Yucklys/tempo already has a lockfile, it will not be regenerated
[INFO] running `Command { std: CARGO_HOME="/workspace/cargo-home" RUSTUP_HOME="/workspace/rustup-home" "/workspace/cargo-home/bin/cargo" "+beta-2023-04-20" "fetch" "--manifest-path" "Cargo.toml", kill_on_drop: false }`
[INFO] [stderr]  Downloading crates ...
[INFO] [stderr]   Downloaded eframe v0.13.1
[INFO] running `Command { std: "docker" "create" "-v" "/var/lib/crater-agent-workspace/builds/worker-5-tc2/target:/opt/rustwide/target:rw,Z" "-v" "/var/lib/crater-agent-workspace/builds/worker-5-tc2/source:/opt/rustwide/workdir:ro,Z" "-v" "/var/lib/crater-agent-workspace/cargo-home:/opt/rustwide/cargo-home:ro,Z" "-v" "/var/lib/crater-agent-workspace/rustup-home:/opt/rustwide/rustup-home:ro,Z" "-e" "SOURCE_DIR=/opt/rustwide/workdir" "-e" "CARGO_TARGET_DIR=/opt/rustwide/target" "-e" "CARGO_HOME=/opt/rustwide/cargo-home" "-e" "RUSTUP_HOME=/opt/rustwide/rustup-home" "-w" "/opt/rustwide/workdir" "-m" "1610612736" "--user" "0:0" "--network" "none" "ghcr.io/rust-lang/crates-build-env/linux@sha256:5ff2268d62e97bff2cde7d5815dd6ed5b47097566f13b8d0ca110b04b60e07ed" "/opt/rustwide/cargo-home/bin/cargo" "+beta-2023-04-20" "metadata" "--no-deps" "--format-version=1", kill_on_drop: false }`
[INFO] [stdout] d3670cf905a645f42ba49c6c4cf86f0225f8f647a7f5fc2f9680003da7e6a260
[INFO] running `Command { std: "docker" "start" "-a" "d3670cf905a645f42ba49c6c4cf86f0225f8f647a7f5fc2f9680003da7e6a260", kill_on_drop: false }`
[INFO] running `Command { std: "docker" "inspect" "d3670cf905a645f42ba49c6c4cf86f0225f8f647a7f5fc2f9680003da7e6a260", kill_on_drop: false }`
[INFO] running `Command { std: "docker" "rm" "-f" "d3670cf905a645f42ba49c6c4cf86f0225f8f647a7f5fc2f9680003da7e6a260", kill_on_drop: false }`
[INFO] [stdout] d3670cf905a645f42ba49c6c4cf86f0225f8f647a7f5fc2f9680003da7e6a260
[INFO] running `Command { std: "docker" "create" "-v" "/var/lib/crater-agent-workspace/builds/worker-5-tc2/target:/opt/rustwide/target:rw,Z" "-v" "/var/lib/crater-agent-workspace/builds/worker-5-tc2/source:/opt/rustwide/workdir:ro,Z" "-v" "/var/lib/crater-agent-workspace/cargo-home:/opt/rustwide/cargo-home:ro,Z" "-v" "/var/lib/crater-agent-workspace/rustup-home:/opt/rustwide/rustup-home:ro,Z" "-e" "SOURCE_DIR=/opt/rustwide/workdir" "-e" "CARGO_TARGET_DIR=/opt/rustwide/target" "-e" "CARGO_INCREMENTAL=0" "-e" "RUST_BACKTRACE=full" "-e" "RUSTFLAGS=--cap-lints=warn" "-e" "RUSTDOCFLAGS=--cap-lints=warn" "-e" "CARGO_HOME=/opt/rustwide/cargo-home" "-e" "RUSTUP_HOME=/opt/rustwide/rustup-home" "-w" "/opt/rustwide/workdir" "-m" "1610612736" "--user" "0:0" "--network" "none" "ghcr.io/rust-lang/crates-build-env/linux@sha256:5ff2268d62e97bff2cde7d5815dd6ed5b47097566f13b8d0ca110b04b60e07ed" "/opt/rustwide/cargo-home/bin/cargo" "+beta-2023-04-20" "build" "--frozen" "--message-format=json", kill_on_drop: false }`
[INFO] [stdout] 65cd7f440a8a23c9dfea8010c97bdcfe3db57da1e6ce0b40d9c87c643d3d2564
[INFO] running `Command { std: "docker" "start" "-a" "65cd7f440a8a23c9dfea8010c97bdcfe3db57da1e6ce0b40d9c87c643d3d2564", kill_on_drop: false }`
[INFO] [stderr]    Compiling libc v0.2.97
[INFO] [stderr]    Compiling proc-macro2 v1.0.27
[INFO] [stderr]    Compiling syn v1.0.65
[INFO] [stderr]    Compiling log v0.4.14
[INFO] [stderr]    Compiling xml-rs v0.8.3
[INFO] [stderr]    Compiling once_cell v1.8.0
[INFO] [stderr]    Compiling memchr v2.4.0
[INFO] [stderr]    Compiling bitflags v1.2.1
[INFO] [stderr]    Compiling pkg-config v0.3.19
[INFO] [stderr]    Compiling libloading v0.7.0
[INFO] [stderr]    Compiling smallvec v1.6.1
[INFO] [stderr]    Compiling khronos_api v3.1.0
[INFO] [stderr]    Compiling value-bag v1.0.0-alpha.7
[INFO] [stderr]    Compiling crossbeam-utils v0.8.5
[INFO] [stderr]    Compiling nom v6.1.2
[INFO] [stderr]    Compiling downcast-rs v1.2.0
[INFO] [stderr]    Compiling ab_glyph_rasterizer v0.1.4
[INFO] [stderr]    Compiling dlib v0.5.0
[INFO] [stderr]    Compiling num-traits v0.2.14
[INFO] [stderr]    Compiling memoffset v0.6.4
[INFO] [stderr]    Compiling scopeguard v1.1.0
[INFO] [stderr]    Compiling futures-core v0.3.16
[INFO] [stderr]    Compiling crossbeam-epoch v0.9.5
[INFO] [stderr]    Compiling ttf-parser v0.6.2
[INFO] [stderr]    Compiling crossbeam-queue v0.3.2
[INFO] [stderr]    Compiling maybe-uninit v2.0.0
[INFO] [stderr]    Compiling nix v0.18.0
[INFO] [stderr]    Compiling cache-padded v1.1.1
[INFO] [stderr]    Compiling same-file v1.0.6
[INFO] [stderr]    Compiling wayland-sys v0.28.6
[INFO] [stderr]    Compiling x11-dl v2.18.5
[INFO] [stderr]    Compiling cfg-if v0.1.10
[INFO] [stderr]    Compiling walkdir v2.3.2
[INFO] [stderr]    Compiling concurrent-queue v1.2.2
[INFO] [stderr]    Compiling crossbeam-channel v0.5.1
[INFO] [stderr]    Compiling ahash v0.7.4
[INFO] [stderr]    Compiling instant v0.1.10
[INFO] [stderr]    Compiling libloading v0.6.7
[INFO] [stderr]    Compiling quote v1.0.9
[INFO] [stderr]    Compiling event-listener v2.5.1
[INFO] [stderr]    Compiling waker-fn v1.1.0
[INFO] [stderr]    Compiling crossbeam-deque v0.8.0
[INFO] [stderr]    Compiling parking v2.0.0
[INFO] [stderr]    Compiling fastrand v1.5.0
[INFO] [stderr]    Compiling wayland-scanner v0.28.6
[INFO] [stderr]    Compiling ttf-parser v0.12.3
[INFO] [stderr]    Compiling xdg v2.2.0
[INFO] [stderr]    Compiling futures-io v0.3.16
[INFO] [stderr]    Compiling crossbeam v0.8.1
[INFO] [stderr]    Compiling dlib v0.4.2
[INFO] [stderr]    Compiling lock_api v0.4.4
[INFO] [stderr]    Compiling proc-macro-error-attr v1.0.4
[INFO] [stderr]    Compiling owned_ttf_parser v0.6.0
[INFO] [stderr]    Compiling futures-lite v1.12.0
[INFO] [stderr]    Compiling miniz_oxide v0.4.4
[INFO] [stderr]    Compiling rusttype v0.9.2
[INFO] [stderr]    Compiling cc v1.0.69
[INFO] [stderr]    Compiling winit v0.25.0
[INFO] [stderr]    Compiling ordered-float v2.7.0
[INFO] [stderr]    Compiling proc-macro-error v1.0.4
[INFO] [stderr]    Compiling nix v0.20.0
[INFO] [stderr]    Compiling getrandom v0.2.3
[INFO] [stderr]    Compiling andrew v0.3.1
[INFO] [stderr]    Compiling parking_lot_core v0.8.3
[INFO] [stderr]    Compiling memmap2 v0.1.0
[INFO] [stderr]    Compiling xcb v0.9.0
[INFO] [stderr]    Compiling owned_ttf_parser v0.12.1
[INFO] [stderr]    Compiling raw-window-handle v0.3.3
[INFO] [stderr]    Compiling shared_library v0.1.9
[INFO] [stderr]    Compiling ab_glyph v0.2.11
[INFO] [stderr]    Compiling parking_lot v0.11.1
[INFO] [stderr]    Compiling memmap2 v0.2.3
[INFO] [stderr]    Compiling xcursor v0.3.3
[INFO] [stderr]    Compiling emath v0.13.0
[INFO] [stderr]    Compiling gimli v0.25.0
[INFO] [stderr]    Compiling serde_derive v1.0.126
[INFO] [stderr]    Compiling backtrace v0.3.61
[INFO] [stderr]    Compiling slab v0.4.3
[INFO] [stderr]    Compiling atomic_refcell v0.1.7
[INFO] [stderr]    Compiling async-task v4.0.3
[INFO] [stderr]    Compiling adler v1.0.2
[INFO] [stderr]    Compiling epaint v0.13.0
[INFO] [stderr]    Compiling osmesa-sys v0.1.2
[INFO] [stderr]    Compiling wayland-client v0.28.6
[INFO] [stderr]    Compiling wayland-protocols v0.28.6
[INFO] [stderr]    Compiling socket2 v0.4.0
[INFO] [stderr]    Compiling async-channel v1.6.1
[INFO] [stderr]    Compiling object v0.26.0
[INFO] [stderr]    Compiling num-integer v0.1.44
[INFO] [stderr]    Compiling indexmap v1.7.0
[INFO] [stderr]    Compiling unicode-segmentation v1.7.1
[INFO] [stderr]    Compiling rustc-demangle v0.1.20
[INFO] [stderr]    Compiling atomic-waker v1.0.0
[INFO] [stderr]    Compiling serde v1.0.126
[INFO] [stderr]    Compiling heck v0.3.3
[INFO] [stderr]    Compiling blocking v1.0.2
[INFO] [stderr]    Compiling egui v0.13.1
[INFO] [stderr]    Compiling async-executor v1.4.1
[INFO] [stderr]    Compiling num_cpus v1.13.0
[INFO] [stderr]    Compiling async-mutex v1.4.0
[INFO] [stderr]    Compiling takeable-option v0.5.0
[INFO] [stderr]    Compiling unicode-width v0.1.8
[INFO] [stderr]    Compiling textwrap v0.12.1
[INFO] [stderr]    Compiling atty v0.2.14
[INFO] [stderr]    Compiling dirs-sys v0.3.6
[INFO] [stderr]    Compiling wayland-commons v0.28.6
[INFO] [stderr]    Compiling addr2line v0.16.0
[INFO] [stderr]    Compiling time v0.1.44
[INFO] [stderr]    Compiling async-lock v2.4.0
[INFO] [stderr]    Compiling webbrowser v0.5.5
[INFO] [stderr]    Compiling os_str_bytes v2.4.0
[INFO] [stderr]    Compiling termcolor v1.1.2
[INFO] [stderr]    Compiling strsim v0.10.0
[INFO] [stderr]    Compiling vec_map v0.8.2
[INFO] [stderr]    Compiling chrono v0.4.19
[INFO] [stderr]    Compiling dirs v3.0.2
[INFO] [stderr]    Compiling epi v0.13.0
[INFO] [stderr]    Compiling ctor v0.1.20
[INFO] [stderr]    Compiling clap_derive v3.0.0-beta.2
[INFO] [stderr]    Compiling async-attributes v1.1.2
[INFO] [stderr]    Compiling wayland-cursor v0.28.6
[INFO] [stderr]    Compiling wayland-egl v0.28.6
[INFO] [stderr]    Compiling gl_generator v0.14.0
[INFO] [stderr]    Compiling calloop v0.6.5
[INFO] [stderr]    Compiling mio v0.7.13
[INFO] [stderr]    Compiling polling v2.1.0
[INFO] [stderr]    Compiling kv-log-macro v1.0.7
[INFO] [stderr]    Compiling clap v3.0.0-beta.2
[INFO] [stderr]    Compiling async-io v1.6.0
[INFO] [stderr]    Compiling mio-misc v1.2.1
[INFO] [stderr]    Compiling async-global-executor v2.0.2
[INFO] [stderr]    Compiling glutin_glx_sys v0.1.7
[INFO] [stderr]    Compiling glutin_egl_sys v0.1.5
[INFO] [stderr]    Compiling glium v0.30.1
[INFO] [stderr]    Compiling async-std v1.9.0
[INFO] [stderr]    Compiling x11-clipboard v0.5.2
[INFO] [stderr]    Compiling toml v0.5.8
[INFO] [stderr]    Compiling tempo_core v0.1.0 (/opt/rustwide/workdir/src/core)
[INFO] [stdout] warning: unused import: `std::collections::HashMap`
[INFO] [stdout]  --> src/core/src/lib.rs:6:5
[INFO] [stdout]   |
[INFO] [stdout] 6 | use std::collections::HashMap;
[INFO] [stdout]   |     ^^^^^^^^^^^^^^^^^^^^^^^^^
[INFO] [stdout]   |
[INFO] [stdout]   = note: `#[warn(unused_imports)]` on by default
[INFO] [stdout] 
[INFO] [stdout] 
[INFO] [stdout] warning: 1 warning emitted
[INFO] [stdout] 
[INFO] [stdout] 
[INFO] [stderr]    Compiling smithay-client-toolkit v0.12.3
[INFO] [stderr]    Compiling smithay-client-toolkit v0.14.0
[INFO] [stderr]    Compiling smithay-clipboard v0.6.4
[INFO] [stderr]    Compiling copypasta v0.7.1
[INFO] [stderr]    Compiling glutin v0.27.0
[INFO] [stderr]    Compiling egui_glium v0.13.1
[INFO] [stderr]    Compiling eframe v0.13.1
[INFO] [stderr]    Compiling tempo v0.1.0 (/opt/rustwide/workdir)
[INFO] [stdout] error[E0432]: unresolved import `crate::gui::Message`
[INFO] [stdout]  --> src/gui/recipe_tree.rs:1:5
[INFO] [stdout]   |
[INFO] [stdout] 1 | use crate::gui::Message;
[INFO] [stdout]   |     ^^^^^^^^^^^^^^^^^^^ no `Message` in `gui`
[INFO] [stdout] 
[INFO] [stdout] 
[INFO] [stdout] error[E0432]: unresolved import `iced`
[INFO] [stdout]  --> src/gui/recipe_tree.rs:2:5
[INFO] [stdout]   |
[INFO] [stdout] 2 | use iced::{Align, Checkbox, Column, Element, Length, Row, Text};
[INFO] [stdout]   |     ^^^^ use of undeclared crate or module `iced`
[INFO] [stdout] 
[INFO] [stdout] 
[INFO] [stdout] error[E0433]: failed to resolve: use of undeclared crate or module `iced`
[INFO] [stdout]  --> src/gui/mod.rs:8:32
[INFO] [stdout]   |
[INFO] [stdout] 8 | pub fn run_gui(flags: Opts) -> iced::Result {
[INFO] [stdout]   |                                ^^^^ use of undeclared crate or module `iced`
[INFO] [stdout] 
[INFO] [stdout] 
[INFO] [stdout] error[E0433]: failed to resolve: use of undeclared crate or module `pick_list`
[INFO] [stdout]   --> src/gui/mod.rs:24:19
[INFO] [stdout]    |
[INFO] [stdout] 24 |     profile_list: pick_list::State<Profile>,
[INFO] [stdout]    |                   ^^^^^^^^^ use of undeclared crate or module `pick_list`
[INFO] [stdout] 
[INFO] [stdout] 
[INFO] [stdout] error[E0433]: failed to resolve: use of undeclared crate or module `button`
[INFO] [stdout]   --> src/gui/mod.rs:28:32
[INFO] [stdout]    |
[INFO] [stdout] 28 |     saved_inputs: Vec<(String, button::State)>,
[INFO] [stdout]    |                                ^^^^^^ use of undeclared crate or module `button`
[INFO] [stdout] 
[INFO] [stdout] 
[INFO] [stdout] error[E0433]: failed to resolve: use of undeclared type `Message`
[INFO] [stdout]    --> src/gui/mod.rs:109:29
[INFO] [stdout]     |
[INFO] [stdout] 109 | ...                   Message::ProfileSelected,
[INFO] [stdout]     |                       ^^^^^^^ use of undeclared type `Message`
[INFO] [stdout] 
[INFO] [stdout] 
[INFO] [stdout] error[E0433]: failed to resolve: use of undeclared type `Length`
[INFO] [stdout]    --> src/gui/mod.rs:111:32
[INFO] [stdout]     |
[INFO] [stdout] 111 |                         .width(Length::Fill);
[INFO] [stdout]     |                                ^^^^^^ use of undeclared type `Length`
[INFO] [stdout] 
[INFO] [stdout] 
[INFO] [stdout] error[E0433]: failed to resolve: use of undeclared type `Message`
[INFO] [stdout]    --> src/gui/mod.rs:132:21
[INFO] [stdout]     |
[INFO] [stdout] 132 |                     Message::InputChanged(value) => {
[INFO] [stdout]     |                     ^^^^^^^ use of undeclared type `Message`
[INFO] [stdout] 
[INFO] [stdout] 
[INFO] [stdout] error[E0433]: failed to resolve: use of undeclared type `Message`
[INFO] [stdout]    --> src/gui/mod.rs:135:21
[INFO] [stdout]     |
[INFO] [stdout] 135 |                     Message::InputSubmitted => {
[INFO] [stdout]     |                     ^^^^^^^ use of undeclared type `Message`
[INFO] [stdout] 
[INFO] [stdout] 
[INFO] [stdout] error[E0433]: failed to resolve: use of undeclared crate or module `button`
[INFO] [stdout]    --> src/gui/mod.rs:138:57
[INFO] [stdout]     |
[INFO] [stdout] 138 | ...                   .push((state.input.clone(), button::State::new()));
[INFO] [stdout]     |                                                   ^^^^^^ use of undeclared crate or module `button`
[INFO] [stdout] 
[INFO] [stdout] 
[INFO] [stdout] error[E0433]: failed to resolve: use of undeclared type `Message`
[INFO] [stdout]    --> src/gui/mod.rs:141:21
[INFO] [stdout]     |
[INFO] [stdout] 141 |                     Message::GenerateOutput(input) => {
[INFO] [stdout]     |                     ^^^^^^^ use of undeclared type `Message`
[INFO] [stdout] 
[INFO] [stdout] 
[INFO] [stdout] error[E0433]: failed to resolve: use of undeclared type `Message`
[INFO] [stdout]    --> src/gui/mod.rs:148:21
[INFO] [stdout]     |
[INFO] [stdout] 148 |                     Message::ProfileSelected(profile) => state.preferred_profile = Some(profile),
[INFO] [stdout]     |                     ^^^^^^^ use of undeclared type `Message`
[INFO] [stdout] 
[INFO] [stdout] 
[INFO] [stdout] error[E0433]: failed to resolve: use of undeclared type `Message`
[INFO] [stdout]    --> src/gui/mod.rs:149:21
[INFO] [stdout]     |
[INFO] [stdout] 149 |                     Message::TemplateToggle(i, is_enabled) => {
[INFO] [stdout]     |                     ^^^^^^^ use of undeclared type `Message`
[INFO] [stdout] 
[INFO] [stdout] 
[INFO] [stdout] error[E0433]: failed to resolve: use of undeclared crate or module `iced`
[INFO] [stdout]  --> src/main.rs:7:20
[INFO] [stdout]   |
[INFO] [stdout] 7 | async fn main() -> iced::Result {
[INFO] [stdout]   |                    ^^^^ use of undeclared crate or module `iced`
[INFO] [stdout] 
[INFO] [stdout] 
[INFO] [stdout] error[E0422]: cannot find struct, variant or union type `Settings` in this scope
[INFO] [stdout]  --> src/gui/mod.rs:9:14
[INFO] [stdout]   |
[INFO] [stdout] 9 |     App::run(Settings {
[INFO] [stdout]   |              ^^^^^^^^ not found in this scope
[INFO] [stdout]   |
[INFO] [stdout] help: consider importing this struct
[INFO] [stdout]   |
[INFO] [stdout] 3 + use crate::gui::egui::util::undoer::Settings;
[INFO] [stdout]   |
[INFO] [stdout] 
[INFO] [stdout] 
[INFO] [stdout] error[E0433]: failed to resolve: use of undeclared type `Settings`
[INFO] [stdout]   --> src/gui/mod.rs:11:11
[INFO] [stdout]    |
[INFO] [stdout] 11 |         ..Settings::with_flags(flags)
[INFO] [stdout]    |           ^^^^^^^^ use of undeclared type `Settings`
[INFO] [stdout]    |
[INFO] [stdout] help: consider importing this struct
[INFO] [stdout]    |
[INFO] [stdout] 3  + use crate::gui::egui::util::undoer::Settings;
[INFO] [stdout]    |
[INFO] [stdout] 
[INFO] [stdout] 
[INFO] [stdout] error[E0425]: cannot find value `input_box` in this scope
[INFO] [stdout]    --> src/gui/mod.rs:116:35
[INFO] [stdout]     |
[INFO] [stdout] 116 | ...                   .push(input_box)
[INFO] [stdout]     |                             ^^^^^^^^^ not found in this scope
[INFO] [stdout] 
[INFO] [stdout] 
[INFO] [stdout] error[E0425]: cannot find value `inputs` in this scope
[INFO] [stdout]    --> src/gui/mod.rs:117:35
[INFO] [stdout]     |
[INFO] [stdout] 117 | ...                   .push(inputs);
[INFO] [stdout]     |                             ^^^^^^ help: a local variable with a similar name exists: `input`
[INFO] [stdout] 
[INFO] [stdout] 
[INFO] [stdout] error[E0425]: cannot find value `message` in this scope
[INFO] [stdout]    --> src/gui/mod.rs:131:23
[INFO] [stdout]     |
[INFO] [stdout] 131 |                 match message {
[INFO] [stdout]     |                       ^^^^^^^ not found in this scope
[INFO] [stdout] 
[INFO] [stdout] 
[INFO] [stdout] warning: unused import: `LoadError`
[INFO] [stdout]  --> src/gui/mod.rs:6:40
[INFO] [stdout]   |
[INFO] [stdout] 6 | use tempo_core::{apply_format, Config, LoadError, Opts, Profile};
[INFO] [stdout]   |                                        ^^^^^^^^^
[INFO] [stdout]   |
[INFO] [stdout]   = note: `#[warn(unused_imports)]` on by default
[INFO] [stdout] 
[INFO] [stdout] 
[INFO] [stdout] error[E0599]: no variant or associated item named `run` found for enum `gui::App` in the current scope
[INFO] [stdout]   --> src/gui/mod.rs:9:10
[INFO] [stdout]    |
[INFO] [stdout] 9  |     App::run(Settings {
[INFO] [stdout]    |          ^^^ variant or associated item not found in `gui::App`
[INFO] [stdout] ...
[INFO] [stdout] 16 | enum App {
[INFO] [stdout]    | -------- variant or associated item `run` not found for this enum
[INFO] [stdout] 
[INFO] [stdout] 
[INFO] [stdout] error[E0277]: the trait bound `eframe::egui::Label: From<&mut String>` is not satisfied
[INFO] [stdout]    --> src/gui/mod.rs:103:38
[INFO] [stdout]     |
[INFO] [stdout] 103 | ...                   ui.label(output);
[INFO] [stdout]     |                          ----- ^^^^^^ the trait `From<&mut String>` is not implemented for `eframe::egui::Label`
[INFO] [stdout]     |                          |
[INFO] [stdout]     |                          required by a bound introduced by this call
[INFO] [stdout]     |
[INFO] [stdout]     = note: required for `&mut String` to implement `Into<eframe::egui::Label>`
[INFO] [stdout] note: required by a bound in `Ui::label`
[INFO] [stdout]    --> /opt/rustwide/cargo-home/registry/src/index.crates.io-6f17d22bba15001f/egui-0.13.1/src/ui.rs:939:41
[INFO] [stdout]     |
[INFO] [stdout] 939 |     pub fn label(&mut self, label: impl Into<Label>) -> Response {
[INFO] [stdout]     |                                         ^^^^^^^^^^^ required by this bound in `Ui::label`
[INFO] [stdout] help: consider dereferencing here
[INFO] [stdout]     |
[INFO] [stdout] 103 |                             ui.label(*output);
[INFO] [stdout]     |                                      +
[INFO] [stdout] 
[INFO] [stdout] 
[INFO] [stdout] error[E0433]: failed to resolve: use of undeclared type `PickList`
[INFO] [stdout]    --> src/gui/mod.rs:105:46
[INFO] [stdout]     |
[INFO] [stdout] 105 |                         let profile_picker = PickList::new(
[INFO] [stdout]     |                                              ^^^^^^^^ use of undeclared type `PickList`
[INFO] [stdout] 
[INFO] [stdout] 
[INFO] [stdout] error[E0433]: failed to resolve: use of undeclared type `Column`
[INFO] [stdout]    --> src/gui/mod.rs:113:39
[INFO] [stdout]     |
[INFO] [stdout] 113 |                         let content = Column::new()
[INFO] [stdout]     |                                       ^^^^^^ use of undeclared type `Column`
[INFO] [stdout] 
[INFO] [stdout] 
[INFO] [stdout] error[E0433]: failed to resolve: use of undeclared type `Length`
[INFO] [stdout]    --> src/gui/mod.rs:115:36
[INFO] [stdout]     |
[INFO] [stdout] 115 | ...                   .width(Length::FillPortion(3))
[INFO] [stdout]     |                              ^^^^^^ use of undeclared type `Length`
[INFO] [stdout] 
[INFO] [stdout] 
[INFO] [stdout] error[E0433]: failed to resolve: use of undeclared type `Column`
[INFO] [stdout]    --> src/gui/mod.rs:118:44
[INFO] [stdout]     |
[INFO] [stdout] 118 |                         let profile_view = Column::new()
[INFO] [stdout]     |                                            ^^^^^^ use of undeclared type `Column`
[INFO] [stdout] 
[INFO] [stdout] 
[INFO] [stdout] error[E0433]: failed to resolve: use of undeclared type `Length`
[INFO] [stdout]    --> src/gui/mod.rs:120:36
[INFO] [stdout]     |
[INFO] [stdout] 120 | ...                   .width(Length::FillPortion(7))
[INFO] [stdout]     |                              ^^^^^^ use of undeclared type `Length`
[INFO] [stdout] 
[INFO] [stdout] 
[INFO] [stdout] error[E0433]: failed to resolve: use of undeclared type `Row`
[INFO] [stdout]    --> src/gui/mod.rs:124:35
[INFO] [stdout]     |
[INFO] [stdout] 124 |                         let row = Row::new()
[INFO] [stdout]     |                                   ^^^ use of undeclared type `Row`
[INFO] [stdout] 
[INFO] [stdout] 
[INFO] [stdout] error: aborting due to 27 previous errors; 1 warning emitted
[INFO] [stdout] 
[INFO] [stdout] 
[INFO] [stdout] Some errors have detailed explanations: E0277, E0422, E0425, E0432, E0433, E0599.
[INFO] [stdout] 
[INFO] [stdout] For more information about an error, try `rustc --explain E0277`.
[INFO] [stdout] 
[INFO] [stderr] error: could not compile `tempo` (bin "tempo") due to 28 previous errors; 1 warning emitted
[INFO] running `Command { std: "docker" "inspect" "65cd7f440a8a23c9dfea8010c97bdcfe3db57da1e6ce0b40d9c87c643d3d2564", kill_on_drop: false }`
[INFO] running `Command { std: "docker" "rm" "-f" "65cd7f440a8a23c9dfea8010c97bdcfe3db57da1e6ce0b40d9c87c643d3d2564", kill_on_drop: false }`
[INFO] [stdout] 65cd7f440a8a23c9dfea8010c97bdcfe3db57da1e6ce0b40d9c87c643d3d2564
