[INFO] cloning repository https://github.com/YeyaSwizaw/vulkan-experiments
[INFO] running `Command { std: "git" "-c" "credential.helper=" "-c" "credential.helper=/workspace/cargo-home/bin/git-credential-null" "clone" "--bare" "https://github.com/YeyaSwizaw/vulkan-experiments" "/workspace/cache/git-repos/https%3A%2F%2Fgithub.com%2FYeyaSwizaw%2Fvulkan-experiments", kill_on_drop: false }`
[INFO] [stderr] Cloning into bare repository '/workspace/cache/git-repos/https%3A%2F%2Fgithub.com%2FYeyaSwizaw%2Fvulkan-experiments'...
[INFO] running `Command { std: "git" "rev-parse" "HEAD", kill_on_drop: false }`
[INFO] [stdout] dbbb7c4fdeb17b1bb5ba7d0edfdde76d1dc085ea
[INFO] testing YeyaSwizaw/vulkan-experiments against 1.69.0 for beta-1.70-1
[INFO] running `Command { std: "git" "clone" "/workspace/cache/git-repos/https%3A%2F%2Fgithub.com%2FYeyaSwizaw%2Fvulkan-experiments" "/workspace/builds/worker-5-tc1/source", kill_on_drop: false }`
[INFO] [stderr] Cloning into '/workspace/builds/worker-5-tc1/source'...
[INFO] [stderr] done.
[INFO] validating manifest of git repo https://github.com/YeyaSwizaw/vulkan-experiments on toolchain 1.69.0
[INFO] running `Command { std: CARGO_HOME="/workspace/cargo-home" RUSTUP_HOME="/workspace/rustup-home" "/workspace/cargo-home/bin/cargo" "+1.69.0" "metadata" "--manifest-path" "Cargo.toml" "--no-deps", kill_on_drop: false }`
[INFO] started tweaking git repo https://github.com/YeyaSwizaw/vulkan-experiments
[INFO] finished tweaking git repo https://github.com/YeyaSwizaw/vulkan-experiments
[INFO] tweaked toml for git repo https://github.com/YeyaSwizaw/vulkan-experiments written to /workspace/builds/worker-5-tc1/source/Cargo.toml
[INFO] crate git repo https://github.com/YeyaSwizaw/vulkan-experiments already has a lockfile, it will not be regenerated
[INFO] running `Command { std: CARGO_HOME="/workspace/cargo-home" RUSTUP_HOME="/workspace/rustup-home" "/workspace/cargo-home/bin/cargo" "+1.69.0" "fetch" "--manifest-path" "Cargo.toml", kill_on_drop: false }`
[INFO] [stderr]     Updating git repository `https://github.com/YeyaSwizaw/stateloop`
[INFO] [stderr]     Updating git repository `https://github.com/tomaka/vulkano`
[INFO] [stderr]     Updating git submodule `https://github.com/KhronosGroup/glslang`
[INFO] [stderr]  Downloading crates ...
[INFO] [stderr]   Downloaded num-traits v0.1.39
[INFO] [stderr]   Downloaded cgl v0.2.1
[INFO] [stderr]   Downloaded gleam v0.4.7
[INFO] [stderr]   Downloaded objc_id v0.1.0
[INFO] [stderr]   Downloaded cmake v0.1.24
[INFO] [stderr]   Downloaded libc v0.2.24
[INFO] [stderr]   Downloaded gl_generator v0.5.3
[INFO] [stderr]   Downloaded shared_library v0.1.5
[INFO] [stderr]   Downloaded fnv v1.0.5
[INFO] [stderr]   Downloaded tempfile v2.1.5
[INFO] [stderr]   Downloaded objc v0.2.2
[INFO] [stderr]   Downloaded wayland-kbd v0.8.0
[INFO] [stderr]   Downloaded wayland-scanner v0.8.7
[INFO] [stderr]   Downloaded wayland-sys v0.8.7
[INFO] [stderr]   Downloaded wayland-client v0.8.7
[INFO] [stderr]   Downloaded wayland-window v0.5.0
[INFO] [stderr]   Downloaded winit v0.6.4
[INFO] [stderr]   Downloaded core-graphics v0.7.0
[INFO] [stderr]   Downloaded metal-rs v0.3.0
[INFO] [stderr]   Downloaded cocoa v0.8.1
[INFO] running `Command { std: "docker" "create" "-v" "/var/lib/crater-agent-workspace/builds/worker-5-tc1/target:/opt/rustwide/target:rw,Z" "-v" "/var/lib/crater-agent-workspace/builds/worker-5-tc1/source:/opt/rustwide/workdir:ro,Z" "-v" "/var/lib/crater-agent-workspace/cargo-home:/opt/rustwide/cargo-home:ro,Z" "-v" "/var/lib/crater-agent-workspace/rustup-home:/opt/rustwide/rustup-home:ro,Z" "-e" "SOURCE_DIR=/opt/rustwide/workdir" "-e" "CARGO_TARGET_DIR=/opt/rustwide/target" "-e" "CARGO_HOME=/opt/rustwide/cargo-home" "-e" "RUSTUP_HOME=/opt/rustwide/rustup-home" "-w" "/opt/rustwide/workdir" "-m" "1610612736" "--user" "0:0" "--network" "none" "ghcr.io/rust-lang/crates-build-env/linux@sha256:5ff2268d62e97bff2cde7d5815dd6ed5b47097566f13b8d0ca110b04b60e07ed" "/opt/rustwide/cargo-home/bin/cargo" "+1.69.0" "metadata" "--no-deps" "--format-version=1", kill_on_drop: false }`
[INFO] [stdout] 4d63818816108bbe99dc14f982709e382753e8145058708e997a6e5218c01dab
[INFO] running `Command { std: "docker" "start" "-a" "4d63818816108bbe99dc14f982709e382753e8145058708e997a6e5218c01dab", kill_on_drop: false }`
[INFO] running `Command { std: "docker" "inspect" "4d63818816108bbe99dc14f982709e382753e8145058708e997a6e5218c01dab", kill_on_drop: false }`
[INFO] running `Command { std: "docker" "rm" "-f" "4d63818816108bbe99dc14f982709e382753e8145058708e997a6e5218c01dab", kill_on_drop: false }`
[INFO] [stdout] 4d63818816108bbe99dc14f982709e382753e8145058708e997a6e5218c01dab
[INFO] running `Command { std: "docker" "create" "-v" "/var/lib/crater-agent-workspace/builds/worker-5-tc1/target:/opt/rustwide/target:rw,Z" "-v" "/var/lib/crater-agent-workspace/builds/worker-5-tc1/source:/opt/rustwide/workdir:ro,Z" "-v" "/var/lib/crater-agent-workspace/cargo-home:/opt/rustwide/cargo-home:ro,Z" "-v" "/var/lib/crater-agent-workspace/rustup-home:/opt/rustwide/rustup-home:ro,Z" "-e" "SOURCE_DIR=/opt/rustwide/workdir" "-e" "CARGO_TARGET_DIR=/opt/rustwide/target" "-e" "CARGO_INCREMENTAL=0" "-e" "RUST_BACKTRACE=full" "-e" "RUSTFLAGS=--cap-lints=warn" "-e" "RUSTDOCFLAGS=--cap-lints=warn" "-e" "CARGO_HOME=/opt/rustwide/cargo-home" "-e" "RUSTUP_HOME=/opt/rustwide/rustup-home" "-w" "/opt/rustwide/workdir" "-m" "1610612736" "--user" "0:0" "--network" "none" "ghcr.io/rust-lang/crates-build-env/linux@sha256:5ff2268d62e97bff2cde7d5815dd6ed5b47097566f13b8d0ca110b04b60e07ed" "/opt/rustwide/cargo-home/bin/cargo" "+1.69.0" "build" "--frozen" "--message-format=json", kill_on_drop: false }`
[INFO] [stdout] 250c43099f9430072efa6fa54e48931aa523ed8b3e5c43a3cdb95799da419ca1
[INFO] running `Command { std: "docker" "start" "-a" "250c43099f9430072efa6fa54e48931aa523ed8b3e5c43a3cdb95799da419ca1", kill_on_drop: false }`
[INFO] [stderr]    Compiling libc v0.2.24
[INFO] [stderr]    Compiling siphasher v0.2.2
[INFO] [stderr]    Compiling itoa v0.3.1
[INFO] [stderr]    Compiling num-traits v0.1.39
[INFO] [stderr]    Compiling serde v0.9.15
[INFO] [stderr]    Compiling dtoa v0.4.1
[INFO] [stderr]    Compiling lazy_static v0.2.8
[INFO] [stderr]    Compiling bitflags v0.7.0
[INFO] [stderr]    Compiling winapi-build v0.1.1
[INFO] [stderr]    Compiling semver v0.1.20
[INFO] [stderr]    Compiling winapi v0.2.8
[INFO] [stderr]    Compiling gcc v0.3.51
[INFO] [stderr]    Compiling pkg-config v0.3.9
[INFO] [stderr]    Compiling byteorder v1.0.0
[INFO] [stderr]    Compiling vulkano v0.4.3 (https://github.com/tomaka/vulkano#934169dd)
[INFO] [stderr]    Compiling smallvec v0.3.3
[INFO] [stderr]    Compiling vk-sys v0.2.3 (https://github.com/tomaka/vulkano#934169dd)
[INFO] [stderr]    Compiling xml-rs v0.3.6
[INFO] [stderr]    Compiling fnv v1.0.5
[INFO] [stderr]    Compiling crossbeam v0.2.10
[INFO] [stderr]    Compiling phf_shared v0.7.21
[INFO] [stderr]    Compiling unicode-xid v0.0.4
[INFO] [stderr]    Compiling quote v0.3.15
[INFO] [stderr]    Compiling phf v0.7.21
[INFO] [stderr]    Compiling kernel32-sys v0.2.2
[INFO] [stderr]    Compiling rustc_version v0.1.7
[INFO] [stderr]    Compiling rand v0.3.15
[INFO] [stderr]    Compiling shared_library v0.1.5
[INFO] [stderr]    Compiling x11-dl v2.14.0
[INFO] [stderr]    Compiling cmake v0.1.24
[INFO] [stderr]    Compiling syn v0.10.8
[INFO] [stderr]    Compiling tempfile v2.1.5
[INFO] [stderr]    Compiling fs2 v0.2.5
[INFO] [stderr]    Compiling memmap v0.4.0
[INFO] [stderr]    Compiling glsl-to-spirv v0.1.2 (https://github.com/tomaka/vulkano#934169dd)
[INFO] [stderr]    Compiling wayland-scanner v0.8.7
[INFO] [stderr]    Compiling phf_generator v0.7.21
[INFO] [stderr]    Compiling tempdir v0.3.5
[INFO] [stderr]    Compiling phf_codegen v0.7.21
[INFO] [stderr]    Compiling wayland-client v0.8.7
[INFO] [stderr]    Compiling target_build_utils v0.3.1
[INFO] [stderr]    Compiling serde_json v0.9.10
[INFO] [stderr] error: could not compile `vulkano`
[INFO] [stderr] 
[INFO] [stderr] Caused by:
[INFO] [stderr]   process didn't exit successfully: `rustc --crate-name vulkano /opt/rustwide/cargo-home/git/checkouts/vulkano-fcdd9024751cb884/934169d/vulkano/src/lib.rs --error-format=json --json=diagnostic-rendered-ansi,artifacts,future-incompat --crate-type lib --emit=dep-info,metadata,link -C embed-bitcode=no -C debuginfo=2 -C metadata=3d108b1d3d0a5e67 -C extra-filename=-3d108b1d3d0a5e67 --out-dir /opt/rustwide/target/debug/deps -L dependency=/opt/rustwide/target/debug/deps --extern crossbeam=/opt/rustwide/target/debug/deps/libcrossbeam-afb1ac92311b7cd2.rmeta --extern fnv=/opt/rustwide/target/debug/deps/libfnv-d3f5c48a8def9807.rmeta --extern lazy_static=/opt/rustwide/target/debug/deps/liblazy_static-3701951712b7a496.rmeta --extern shared_library=/opt/rustwide/target/debug/deps/libshared_library-612e334d881c36bd.rmeta --extern smallvec=/opt/rustwide/target/debug/deps/libsmallvec-8a3c2294b899b163.rmeta --extern vk_sys=/opt/rustwide/target/debug/deps/libvk_sys-81f22a9a3f0f3680.rmeta --cap-lints allow --cap-lints=warn` (signal: 9, SIGKILL: kill)
[INFO] [stderr] warning: build failed, waiting for other jobs to finish...
[INFO] [stderr] error: failed to run custom build command for `glsl-to-spirv v0.1.2 (https://github.com/tomaka/vulkano#934169dd)`
[INFO] [stderr] note: To improve backtraces for build dependencies, set the CARGO_PROFILE_DEV_BUILD_OVERRIDE_DEBUG=true environment variable to enable debug information generation.
[INFO] [stderr] 
[INFO] [stderr] Caused by:
[INFO] [stderr]   process didn't exit successfully: `/opt/rustwide/target/debug/build/glsl-to-spirv-282b1eee7072792c/build-script-build` (exit status: 101)
[INFO] [stderr]   --- stdout
[INFO] [stderr]   cargo:rerun-if-changed=build/glslangValidator.exe
[INFO] [stderr]   running: cd "/opt/rustwide/target/debug/build/glsl-to-spirv-0cb1b56a7965f5c3/out/build" && CMAKE_PREFIX_PATH="" "cmake" "/opt/rustwide/cargo-home/git/checkouts/vulkano-fcdd9024751cb884/934169d/glsl-to-spirv/glslang" "-DCMAKE_INSTALL_PREFIX=/opt/rustwide/target/debug/build/glsl-to-spirv-0cb1b56a7965f5c3/out" "-DCMAKE_C_FLAGS= -ffunction-sections -fdata-sections -fPIC -m64" "-DCMAKE_C_COMPILER=/usr/bin/cc" "-DCMAKE_CXX_FLAGS= -ffunction-sections -fdata-sections -fPIC -m64" "-DCMAKE_CXX_COMPILER=/usr/bin/c++" "-DCMAKE_BUILD_TYPE=Debug"
[INFO] [stderr]   -- The C compiler identification is GNU 11.3.0
[INFO] [stderr]   -- The CXX compiler identification is GNU 11.3.0
[INFO] [stderr]   -- Detecting C compiler ABI info
[INFO] [stderr]   -- Detecting C compiler ABI info - done
[INFO] [stderr]   -- Check for working C compiler: /usr/bin/cc - skipped
[INFO] [stderr]   -- Detecting C compile features
[INFO] [stderr]   -- Detecting C compile features - done
[INFO] [stderr]   -- Detecting CXX compiler ABI info
[INFO] [stderr]   -- Detecting CXX compiler ABI info - done
[INFO] [stderr]   -- Check for working CXX compiler: /usr/bin/c++ - skipped
[INFO] [stderr]   -- Detecting CXX compile features
[INFO] [stderr]   -- Detecting CXX compile features - done
[INFO] [stderr]   -- Google Mock was not found - tests based on that will not build
[INFO] [stderr]   -- Configuring done
[INFO] [stderr]   -- Generating done
[INFO] [stderr]   -- Build files have been written to: /opt/rustwide/target/debug/build/glsl-to-spirv-0cb1b56a7965f5c3/out/build
[INFO] [stderr]   running: cd "/opt/rustwide/target/debug/build/glsl-to-spirv-0cb1b56a7965f5c3/out/build" && "cmake" "--build" "." "--target" "install" "--config" "Debug" "--" "-j16"
[INFO] [stderr]   [  1%] Building CXX object glslang/OSDependent/Unix/CMakeFiles/OSDependent.dir/ossource.cpp.o
[INFO] [stderr]   [  3%] Building CXX object glslang/CMakeFiles/glslang.dir/MachineIndependent/glslang_tab.cpp.o
[INFO] [stderr]   [  7%] Building CXX object glslang/CMakeFiles/glslang.dir/MachineIndependent/Constant.cpp.o
[INFO] [stderr]   [  7%] Building CXX object StandAlone/CMakeFiles/glslang-default-resource-limits.dir/ResourceLimits.cpp.o
[INFO] [stderr]   [  8%] Building CXX object OGLCompilersDLL/CMakeFiles/OGLCompiler.dir/InitializeDll.cpp.o
[INFO] [stderr]   [ 10%] Building CXX object glslang/CMakeFiles/glslang.dir/MachineIndependent/InfoSink.cpp.o
[INFO] [stderr]   [ 12%] Building CXX object SPIRV/CMakeFiles/SPVRemapper.dir/SPVRemapper.cpp.o
[INFO] [stderr]   [ 14%] Building CXX object SPIRV/CMakeFiles/SPVRemapper.dir/doc.cpp.o
[INFO] [stderr]   [ 15%] Building CXX object hlsl/CMakeFiles/HLSL.dir/hlslScanContext.cpp.o
[INFO] [stderr]   [ 17%] Building CXX object glslang/CMakeFiles/glslang.dir/MachineIndependent/Intermediate.cpp.o
[INFO] [stderr]   [ 19%] Building CXX object hlsl/CMakeFiles/HLSL.dir/hlslParseHelper.cpp.o
[INFO] [stderr]   [ 21%] Building CXX object SPIRV/CMakeFiles/SPIRV.dir/GlslangToSpv.cpp.o
[INFO] [stderr]   [ 22%] Building CXX object glslang/CMakeFiles/glslang.dir/MachineIndependent/Initialize.cpp.o
[INFO] [stderr]   [ 24%] Building CXX object SPIRV/CMakeFiles/SPIRV.dir/InReadableOrder.cpp.o
[INFO] [stderr]   [ 26%] Building CXX object glslang/CMakeFiles/glslang.dir/MachineIndependent/IntermTraverse.cpp.o
[INFO] [stderr]   [ 28%] Building CXX object hlsl/CMakeFiles/HLSL.dir/hlslOpMap.cpp.o
[INFO] [stderr]   [ 29%] Linking CXX static library libOSDependent.a
[INFO] [stderr]   [ 31%] Linking CXX static library libOGLCompiler.a
[INFO] [stderr]   [ 31%] Built target OSDependent
[INFO] [stderr]   [ 33%] Building CXX object hlsl/CMakeFiles/HLSL.dir/hlslTokenStream.cpp.o
[INFO] [stderr]   [ 33%] Built target OGLCompiler
[INFO] [stderr]   [ 35%] Building CXX object hlsl/CMakeFiles/HLSL.dir/hlslGrammar.cpp.o
[INFO] [stderr]   [ 36%] Linking CXX static library libglslang-default-resource-limits.a
[INFO] [stderr]   [ 38%] Building CXX object glslang/CMakeFiles/glslang.dir/MachineIndependent/ParseContextBase.cpp.o
[INFO] [stderr]   [ 40%] Building CXX object SPIRV/CMakeFiles/SPIRV.dir/Logger.cpp.o
[INFO] [stderr]   [ 40%] Built target glslang-default-resource-limits
[INFO] [stderr]   [ 42%] Building CXX object glslang/CMakeFiles/glslang.dir/MachineIndependent/ParseHelper.cpp.o
[INFO] [stderr]   [ 43%] Building CXX object hlsl/CMakeFiles/HLSL.dir/hlslParseables.cpp.o
[INFO] [stderr]   [ 45%] Building CXX object glslang/CMakeFiles/glslang.dir/MachineIndependent/PoolAlloc.cpp.o
[INFO] [stderr]   [ 47%] Building CXX object glslang/CMakeFiles/glslang.dir/MachineIndependent/RemoveTree.cpp.o
[INFO] [stderr]   [ 49%] Building CXX object glslang/CMakeFiles/glslang.dir/MachineIndependent/Scan.cpp.o
[INFO] [stderr]   [ 50%] Building CXX object glslang/CMakeFiles/glslang.dir/MachineIndependent/ShaderLang.cpp.o
[INFO] [stderr]   [ 52%] Building CXX object glslang/CMakeFiles/glslang.dir/MachineIndependent/SymbolTable.cpp.o
[INFO] [stderr]   [ 54%] Building CXX object SPIRV/CMakeFiles/SPIRV.dir/SpvBuilder.cpp.o
[INFO] [stderr]   [ 56%] Building CXX object glslang/CMakeFiles/glslang.dir/MachineIndependent/Versions.cpp.o
[INFO] [stderr]   [ 57%] Building CXX object glslang/CMakeFiles/glslang.dir/MachineIndependent/intermOut.cpp.o
[INFO] [stderr]   [ 59%] Building CXX object glslang/CMakeFiles/glslang.dir/MachineIndependent/limits.cpp.o
[INFO] [stderr]   [ 61%] Building CXX object glslang/CMakeFiles/glslang.dir/MachineIndependent/linkValidate.cpp.o
[INFO] [stderr]   [ 63%] Building CXX object glslang/CMakeFiles/glslang.dir/MachineIndependent/parseConst.cpp.o
[INFO] [stderr]   [ 64%] Building CXX object glslang/CMakeFiles/glslang.dir/MachineIndependent/reflection.cpp.o
[INFO] [stderr]   [ 66%] Building CXX object glslang/CMakeFiles/glslang.dir/MachineIndependent/preprocessor/Pp.cpp.o
[INFO] [stderr]   [ 68%] Building CXX object glslang/CMakeFiles/glslang.dir/MachineIndependent/preprocessor/PpAtom.cpp.o
[INFO] [stderr]   [ 70%] Building CXX object glslang/CMakeFiles/glslang.dir/MachineIndependent/preprocessor/PpContext.cpp.o
[INFO] [stderr]   [ 71%] Building CXX object glslang/CMakeFiles/glslang.dir/MachineIndependent/preprocessor/PpMemory.cpp.o
[INFO] [stderr]   [ 73%] Building CXX object glslang/CMakeFiles/glslang.dir/MachineIndependent/preprocessor/PpScanner.cpp.o
[INFO] [stderr] 
[INFO] [stderr]   --- stderr
[INFO] [stderr]   CMake Deprecation Warning at CMakeLists.txt:1 (cmake_minimum_required):
[INFO] [stderr]     Compatibility with CMake < 2.8.12 will be removed from a future version of
[INFO] [stderr]     CMake.
[INFO] [stderr] 
[INFO] [stderr]     Update the VERSION argument <min> value or use a ...<max> suffix to tell
[INFO] [stderr]     CMake that the project does not need compatibility with older versions.
[INFO] [stderr] 
[INFO] [stderr] 
[INFO] [stderr]   /opt/rustwide/cargo-home/git/checkouts/vulkano-fcdd9024751cb884/934169d/glsl-to-spirv/glslang/StandAlone/ResourceLimits.cpp:244: warning: ignoring '#pragma warning ' [-Wunknown-pragmas]
[INFO] [stderr]     244 | #pragma warning(suppress: 4996)
[INFO] [stderr]         | 
[INFO] [stderr]   /opt/rustwide/cargo-home/git/checkouts/vulkano-fcdd9024751cb884/934169d/glsl-to-spirv/glslang/StandAlone/ResourceLimits.cpp:247: warning: ignoring '#pragma warning ' [-Wunknown-pragmas]
[INFO] [stderr]     247 | #pragma warning(suppress: 4996)
[INFO] [stderr]         | 
[INFO] [stderr]   /opt/rustwide/cargo-home/git/checkouts/vulkano-fcdd9024751cb884/934169d/glsl-to-spirv/glslang/StandAlone/ResourceLimits.cpp:443: warning: ignoring '#pragma warning ' [-Wunknown-pragmas]
[INFO] [stderr]     443 | #pragma warning(suppress: 4996)
[INFO] [stderr]         | 
[INFO] [stderr]   c++: fatal error: Killed signal terminated program cc1plus
[INFO] [stderr]   compilation terminated.
[INFO] [stderr]   gmake[2]: *** [SPIRV/CMakeFiles/SPVRemapper.dir/build.make:76: SPIRV/CMakeFiles/SPVRemapper.dir/SPVRemapper.cpp.o] Error 1
[INFO] [stderr]   gmake[1]: *** [CMakeFiles/Makefile2:423: SPIRV/CMakeFiles/SPVRemapper.dir/all] Error 2
[INFO] [stderr]   gmake[1]: *** Waiting for unfinished jobs....
[INFO] [stderr]   /opt/rustwide/cargo-home/git/checkouts/vulkano-fcdd9024751cb884/934169d/glsl-to-spirv/glslang/SPIRV/GlslangToSpv.cpp: In member function 'spv::Id {anonymous}::TGlslangToSpvTraverser::createInvocationsOperation(glslang::TOperator, spv::Id, spv::Id, glslang::TBasicType)':
[INFO] [stderr]   /opt/rustwide/cargo-home/git/checkouts/vulkano-fcdd9024751cb884/934169d/glsl-to-spirv/glslang/SPIRV/GlslangToSpv.cpp:3964:10: warning: unused variable 'isUnsigned' [-Wunused-variable]
[INFO] [stderr]    3964 |     bool isUnsigned = typeProxy == glslang::EbtUint || typeProxy == glslang::EbtUint64;
[INFO] [stderr]         |          ^~~~~~~~~~
[INFO] [stderr]   /opt/rustwide/cargo-home/git/checkouts/vulkano-fcdd9024751cb884/934169d/glsl-to-spirv/glslang/SPIRV/GlslangToSpv.cpp:3965:10: warning: unused variable 'isFloat' [-Wunused-variable]
[INFO] [stderr]    3965 |     bool isFloat = typeProxy == glslang::EbtFloat || typeProxy == glslang::EbtDouble;
[INFO] [stderr]         |          ^~~~~~~
[INFO] [stderr]   /opt/rustwide/cargo-home/git/checkouts/vulkano-fcdd9024751cb884/934169d/glsl-to-spirv/glslang/SPIRV/GlslangToSpv.cpp: In member function 'spv::Id {anonymous}::TGlslangToSpvTraverser::createNoArgOperation(glslang::TOperator, spv::Decoration, spv::Id)':
[INFO] [stderr]   /opt/rustwide/cargo-home/git/checkouts/vulkano-fcdd9024751cb884/934169d/glsl-to-spirv/glslang/SPIRV/GlslangToSpv.cpp:4374:93: warning: unused parameter 'precision' [-Wunused-parameter]
[INFO] [stderr]    4374 | spv::Id TGlslangToSpvTraverser::createNoArgOperation(glslang::TOperator op, spv::Decoration precision, spv::Id typeId)
[INFO] [stderr]         |                                                                             ~~~~~~~~~~~~~~~~^~~~~~~~~
[INFO] [stderr]   /opt/rustwide/cargo-home/git/checkouts/vulkano-fcdd9024751cb884/934169d/glsl-to-spirv/glslang/SPIRV/GlslangToSpv.cpp:4374:112: warning: unused parameter 'typeId' [-Wunused-parameter]
[INFO] [stderr]    4374 | spv::Id TGlslangToSpvTraverser::createNoArgOperation(glslang::TOperator op, spv::Decoration precision, spv::Id typeId)
[INFO] [stderr]         |                                                                                                        ~~~~~~~~^~~~~~
[INFO] [stderr]   c++: fatal error: Killed signal terminated program cc1plus
[INFO] [stderr]   compilation terminated.
[INFO] [stderr]   gmake[2]: *** [hlsl/CMakeFiles/HLSL.dir/build.make:76: hlsl/CMakeFiles/HLSL.dir/hlslParseHelper.cpp.o] Error 1
[INFO] [stderr]   gmake[2]: *** Waiting for unfinished jobs....
[INFO] [stderr]   /opt/rustwide/cargo-home/git/checkouts/vulkano-fcdd9024751cb884/934169d/glsl-to-spirv/glslang/glslang/MachineIndependent/ParseHelper.cpp: In member function 'void glslang::TParseContext::computeBuiltinPrecisions(glslang::TIntermTyped&, const glslang::TFunction&)':
[INFO] [stderr]   /opt/rustwide/cargo-home/git/checkouts/vulkano-fcdd9024751cb884/934169d/glsl-to-spirv/glslang/glslang/MachineIndependent/ParseHelper.cpp:1317:13: warning: variable 'numArgs' set but not used [-Wunused-but-set-variable]
[INFO] [stderr]    1317 |         int numArgs = (int)sequence.size();
[INFO] [stderr]         |             ^~~~~~~
[INFO] [stderr]   /opt/rustwide/cargo-home/git/checkouts/vulkano-fcdd9024751cb884/934169d/glsl-to-spirv/glslang/glslang/MachineIndependent/ParseHelper.cpp: In member function 'void glslang::TParseContext::handlePrecisionQualifier(const glslang::TSourceLoc&, glslang::TQualifier&, glslang::TPrecisionQualifier)':
[INFO] [stderr]   /opt/rustwide/cargo-home/git/checkouts/vulkano-fcdd9024751cb884/934169d/glsl-to-spirv/glslang/glslang/MachineIndependent/ParseHelper.cpp:1914:64: warning: unused parameter 'loc' [-Wunused-parameter]
[INFO] [stderr]    1914 | void TParseContext::handlePrecisionQualifier(const TSourceLoc& loc, TQualifier& qualifier, TPrecisionQualifier precision)
[INFO] [stderr]         |                                              ~~~~~~~~~~~~~~~~~~^~~
[INFO] [stderr]   /opt/rustwide/cargo-home/git/checkouts/vulkano-fcdd9024751cb884/934169d/glsl-to-spirv/glslang/SPIRV/GlslangToSpv.cpp: At global scope:
[INFO] [stderr]   /opt/rustwide/cargo-home/git/checkouts/vulkano-fcdd9024751cb884/934169d/glsl-to-spirv/glslang/SPIRV/GlslangToSpv.cpp:4823:9: warning: 'spv::Id {anonymous}::TGlslangToSpvTraverser::getExtBuiltins(const char*)' defined but not used [-Wunused-function]
[INFO] [stderr]    4823 | spv::Id TGlslangToSpvTraverser::getExtBuiltins(const char* name)
[INFO] [stderr]         |         ^~~~~~~~~~~~~~~~~~~~~~
[INFO] [stderr]   gmake[1]: *** [CMakeFiles/Makefile2:449: hlsl/CMakeFiles/HLSL.dir/all] Error 2
[INFO] [stderr]   c++: fatal error: Killed signal terminated program cc1plus
[INFO] [stderr]   compilation terminated.
[INFO] [stderr]   gmake[2]: *** [SPIRV/CMakeFiles/SPIRV.dir/build.make:76: SPIRV/CMakeFiles/SPIRV.dir/GlslangToSpv.cpp.o] Error 1
[INFO] [stderr]   gmake[2]: *** Waiting for unfinished jobs....
[INFO] [stderr]   c++: fatal error: Killed signal terminated program cc1plus
[INFO] [stderr]   compilation terminated.
[INFO] [stderr]   gmake[2]: *** [glslang/CMakeFiles/glslang.dir/build.make:174: glslang/CMakeFiles/glslang.dir/MachineIndependent/ParseHelper.cpp.o] Error 1
[INFO] [stderr]   gmake[2]: *** Waiting for unfinished jobs....
[INFO] [stderr]   c++: fatal error: Killed signal terminated program cc1plus
[INFO] [stderr]   compilation terminated.
[INFO] [stderr]   gmake[2]: *** [glslang/CMakeFiles/glslang.dir/build.make:216: glslang/CMakeFiles/glslang.dir/MachineIndependent/Scan.cpp.o] Error 1
[INFO] [stderr]   gmake[1]: *** [CMakeFiles/Makefile2:397: SPIRV/CMakeFiles/SPIRV.dir/all] Error 2
[INFO] [stderr]   gmake[1]: *** [CMakeFiles/Makefile2:229: glslang/CMakeFiles/glslang.dir/all] Error 2
[INFO] [stderr]   gmake: *** [Makefile:146: all] Error 2
[INFO] [stderr]   thread 'main' panicked at '
[INFO] [stderr]   command did not execute successfully, got: exit status: 2
[INFO] [stderr] 
[INFO] [stderr]   build script failed, must exit now', /opt/rustwide/cargo-home/registry/src/github.com-1ecc6299db9ec823/cmake-0.1.24/src/lib.rs:593:5
[INFO] [stderr]   stack backtrace:
[INFO] [stderr]      0:     0x55e4642ae99a - std::backtrace_rs::backtrace::libunwind::trace::ha9053a9a07ca49cb
[INFO] [stderr]                                  at /rustc/84c898d65adf2f39a5a98507f1fe0ce10a2b8dbc/library/std/src/../../backtrace/src/backtrace/libunwind.rs:93:5
[INFO] [stderr]      1:     0x55e4642ae99a - std::backtrace_rs::backtrace::trace_unsynchronized::h9c2852a457ad564e
[INFO] [stderr]                                  at /rustc/84c898d65adf2f39a5a98507f1fe0ce10a2b8dbc/library/std/src/../../backtrace/src/backtrace/mod.rs:66:5
[INFO] [stderr]      2:     0x55e4642ae99a - std::sys_common::backtrace::_print_fmt::h457936fbfaa0070f
[INFO] [stderr]                                  at /rustc/84c898d65adf2f39a5a98507f1fe0ce10a2b8dbc/library/std/src/sys_common/backtrace.rs:65:5
[INFO] [stderr]      3:     0x55e4642ae99a - <std::sys_common::backtrace::_print::DisplayBacktrace as core::fmt::Display>::fmt::h5779d7bf7f70cb0c
[INFO] [stderr]                                  at /rustc/84c898d65adf2f39a5a98507f1fe0ce10a2b8dbc/library/std/src/sys_common/backtrace.rs:44:22
[INFO] [stderr]      4:     0x55e4642ce5fe - core::fmt::write::h5a4baaff1bcd3eb5
[INFO] [stderr]                                  at /rustc/84c898d65adf2f39a5a98507f1fe0ce10a2b8dbc/library/core/src/fmt/mod.rs:1232:17
[INFO] [stderr]      5:     0x55e4642abfc5 - std::io::Write::write_fmt::h4bc1f301cb9e9cce
[INFO] [stderr]                                  at /rustc/84c898d65adf2f39a5a98507f1fe0ce10a2b8dbc/library/std/src/io/mod.rs:1684:15
[INFO] [stderr]      6:     0x55e4642ae765 - std::sys_common::backtrace::_print::h5fcdc36060f177e8
[INFO] [stderr]                                  at /rustc/84c898d65adf2f39a5a98507f1fe0ce10a2b8dbc/library/std/src/sys_common/backtrace.rs:47:5
[INFO] [stderr]      7:     0x55e4642ae765 - std::sys_common::backtrace::print::h54ca9458b876c8bf
[INFO] [stderr]                                  at /rustc/84c898d65adf2f39a5a98507f1fe0ce10a2b8dbc/library/std/src/sys_common/backtrace.rs:34:9
[INFO] [stderr]      8:     0x55e4642affdf - std::panicking::default_hook::{{closure}}::hbe471161c7664ed6
[INFO] [stderr]                                  at /rustc/84c898d65adf2f39a5a98507f1fe0ce10a2b8dbc/library/std/src/panicking.rs:271:22
[INFO] [stderr]      9:     0x55e4642afd1b - std::panicking::default_hook::ha3500da57aa4ac4f
[INFO] [stderr]                                  at /rustc/84c898d65adf2f39a5a98507f1fe0ce10a2b8dbc/library/std/src/panicking.rs:290:9
[INFO] [stderr]     10:     0x55e4642b0588 - std::panicking::rust_panic_with_hook::h50c09d000dc561d2
[INFO] [stderr]                                  at /rustc/84c898d65adf2f39a5a98507f1fe0ce10a2b8dbc/library/std/src/panicking.rs:692:13
[INFO] [stderr]     11:     0x55e4642b0489 - std::panicking::begin_panic_handler::{{closure}}::h9e2b2176e00e0d9c
[INFO] [stderr]                                  at /rustc/84c898d65adf2f39a5a98507f1fe0ce10a2b8dbc/library/std/src/panicking.rs:583:13
[INFO] [stderr]     12:     0x55e4642aee06 - std::sys_common::backtrace::__rust_end_short_backtrace::h5739b8e512c09d02
[INFO] [stderr]                                  at /rustc/84c898d65adf2f39a5a98507f1fe0ce10a2b8dbc/library/std/src/sys_common/backtrace.rs:150:18
[INFO] [stderr]     13:     0x55e4642b0192 - rust_begin_unwind
[INFO] [stderr]                                  at /rustc/84c898d65adf2f39a5a98507f1fe0ce10a2b8dbc/library/std/src/panicking.rs:579:5
[INFO] [stderr]     14:     0x55e4642668e3 - core::panicking::panic_fmt::hf33a1475b4dc5c3e
[INFO] [stderr]                                  at /rustc/84c898d65adf2f39a5a98507f1fe0ce10a2b8dbc/library/core/src/panicking.rs:64:14
[INFO] [stderr]     15:     0x55e46426d45f - cmake::fail::h050abb4b4bf66f8e
[INFO] [stderr]     16:     0x55e46426cec3 - cmake::run::h0a8666eb3c33b7a6
[INFO] [stderr]     17:     0x55e46426ae35 - cmake::Config::build::h7d2b5d9d9a760c9c
[INFO] [stderr]     18:     0x55e464267d63 - cmake::build::hd9d27613e49ed095
[INFO] [stderr]     19:     0x55e4642679c5 - build_script_build::main::h79668c5f591da48f
[INFO] [stderr]     20:     0x55e464266f03 - core::ops::function::FnOnce::call_once::h83300d83f9221efd
[INFO] [stderr]     21:     0x55e464267389 - std::sys_common::backtrace::__rust_begin_short_backtrace::hcf20c777388fc35b
[INFO] [stderr]     22:     0x55e4642672e9 - std::rt::lang_start::{{closure}}::h02a3d63eb999401d
[INFO] [stderr]     23:     0x55e4642a884c - core::ops::function::impls::<impl core::ops::function::FnOnce<A> for &F>::call_once::hd6efcd3bec896f2c
[INFO] [stderr]                                  at /rustc/84c898d65adf2f39a5a98507f1fe0ce10a2b8dbc/library/core/src/ops/function.rs:287:13
[INFO] [stderr]     24:     0x55e4642a884c - std::panicking::try::do_call::hce04e543bb1f4cbb
[INFO] [stderr]                                  at /rustc/84c898d65adf2f39a5a98507f1fe0ce10a2b8dbc/library/std/src/panicking.rs:487:40
[INFO] [stderr]     25:     0x55e4642a884c - std::panicking::try::h3342dd4e1f680968
[INFO] [stderr]                                  at /rustc/84c898d65adf2f39a5a98507f1fe0ce10a2b8dbc/library/std/src/panicking.rs:451:19
[INFO] [stderr]     26:     0x55e4642a884c - std::panic::catch_unwind::h148ce1e59ac0cee7
[INFO] [stderr]                                  at /rustc/84c898d65adf2f39a5a98507f1fe0ce10a2b8dbc/library/std/src/panic.rs:140:14
[INFO] [stderr]     27:     0x55e4642a884c - std::rt::lang_start_internal::{{closure}}::h25f9dda2057a67fe
[INFO] [stderr]                                  at /rustc/84c898d65adf2f39a5a98507f1fe0ce10a2b8dbc/library/std/src/rt.rs:148:48
[INFO] [stderr]     28:     0x55e4642a884c - std::panicking::try::do_call::h7caaaeaf9401650b
[INFO] [stderr]                                  at /rustc/84c898d65adf2f39a5a98507f1fe0ce10a2b8dbc/library/std/src/panicking.rs:487:40
[INFO] [stderr]     29:     0x55e4642a884c - std::panicking::try::he7d15285746cbbc2
[INFO] [stderr]                                  at /rustc/84c898d65adf2f39a5a98507f1fe0ce10a2b8dbc/library/std/src/panicking.rs:451:19
[INFO] [stderr]     30:     0x55e4642a884c - std::panic::catch_unwind::h89fb4f50c0301fe0
[INFO] [stderr]                                  at /rustc/84c898d65adf2f39a5a98507f1fe0ce10a2b8dbc/library/std/src/panic.rs:140:14
[INFO] [stderr]     31:     0x55e4642a884c - std::rt::lang_start_internal::h078acd489417d3c1
[INFO] [stderr]                                  at /rustc/84c898d65adf2f39a5a98507f1fe0ce10a2b8dbc/library/std/src/rt.rs:148:20
[INFO] [stderr]     32:     0x55e4642672c7 - std::rt::lang_start::h5736ae5cca40c2b1
[INFO] [stderr]     33:     0x55e464267cd5 - main
[INFO] [stderr]     34:     0x7fc764e4fd90 - <unknown>
[INFO] [stderr]     35:     0x7fc764e4fe40 - __libc_start_main
[INFO] [stderr]     36:     0x55e464266e15 - _start
[INFO] [stderr]     37:                0x0 - <unknown>
[INFO] running `Command { std: "docker" "inspect" "250c43099f9430072efa6fa54e48931aa523ed8b3e5c43a3cdb95799da419ca1", kill_on_drop: false }`
[INFO] running `Command { std: "docker" "rm" "-f" "250c43099f9430072efa6fa54e48931aa523ed8b3e5c43a3cdb95799da419ca1", kill_on_drop: false }`
[INFO] [stdout] 250c43099f9430072efa6fa54e48931aa523ed8b3e5c43a3cdb95799da419ca1
