[INFO] cloning repository https://github.com/YDHCUI/taskschd
[INFO] running `Command { std: "git" "-c" "credential.helper=" "-c" "credential.helper=/workspace/cargo-home/bin/git-credential-null" "clone" "--bare" "https://github.com/YDHCUI/taskschd" "/workspace/cache/git-repos/https%3A%2F%2Fgithub.com%2FYDHCUI%2Ftaskschd", kill_on_drop: false }`
[INFO] [stderr] Cloning into bare repository '/workspace/cache/git-repos/https%3A%2F%2Fgithub.com%2FYDHCUI%2Ftaskschd'...
[INFO] running `Command { std: "git" "rev-parse" "HEAD", kill_on_drop: false }`
[INFO] [stdout] 6719c05c2392eb5e93fb8ba51bfb558ccb00f5c6
[INFO] testing YDHCUI/taskschd against 1.69.0 for beta-1.70-1
[INFO] running `Command { std: "git" "clone" "/workspace/cache/git-repos/https%3A%2F%2Fgithub.com%2FYDHCUI%2Ftaskschd" "/workspace/builds/worker-4-tc1/source", kill_on_drop: false }`
[INFO] [stderr] Cloning into '/workspace/builds/worker-4-tc1/source'...
[INFO] [stderr] done.
[INFO] validating manifest of git repo https://github.com/YDHCUI/taskschd on toolchain 1.69.0
[INFO] running `Command { std: CARGO_HOME="/workspace/cargo-home" RUSTUP_HOME="/workspace/rustup-home" "/workspace/cargo-home/bin/cargo" "+1.69.0" "metadata" "--manifest-path" "Cargo.toml" "--no-deps", kill_on_drop: false }`
[INFO] started tweaking git repo https://github.com/YDHCUI/taskschd
[INFO] finished tweaking git repo https://github.com/YDHCUI/taskschd
[INFO] tweaked toml for git repo https://github.com/YDHCUI/taskschd written to /workspace/builds/worker-4-tc1/source/Cargo.toml
[INFO] crate git repo https://github.com/YDHCUI/taskschd already has a lockfile, it will not be regenerated
[INFO] running `Command { std: CARGO_HOME="/workspace/cargo-home" RUSTUP_HOME="/workspace/rustup-home" "/workspace/cargo-home/bin/cargo" "+1.69.0" "fetch" "--manifest-path" "Cargo.toml", kill_on_drop: false }`
[INFO] [stderr]     Updating crates.io index
[INFO] [stderr]  Downloading crates ...
[INFO] [stderr]   Downloaded rust-ini v0.10.3
[INFO] [stderr]   Downloaded comedy v0.1.0
[INFO] running `Command { std: "docker" "create" "-v" "/var/lib/crater-agent-workspace/builds/worker-4-tc1/target:/opt/rustwide/target:rw,Z" "-v" "/var/lib/crater-agent-workspace/builds/worker-4-tc1/source:/opt/rustwide/workdir:ro,Z" "-v" "/var/lib/crater-agent-workspace/cargo-home:/opt/rustwide/cargo-home:ro,Z" "-v" "/var/lib/crater-agent-workspace/rustup-home:/opt/rustwide/rustup-home:ro,Z" "-e" "SOURCE_DIR=/opt/rustwide/workdir" "-e" "CARGO_TARGET_DIR=/opt/rustwide/target" "-e" "CARGO_HOME=/opt/rustwide/cargo-home" "-e" "RUSTUP_HOME=/opt/rustwide/rustup-home" "-w" "/opt/rustwide/workdir" "-m" "1610612736" "--user" "0:0" "--network" "none" "ghcr.io/rust-lang/crates-build-env/linux@sha256:5ff2268d62e97bff2cde7d5815dd6ed5b47097566f13b8d0ca110b04b60e07ed" "/opt/rustwide/cargo-home/bin/cargo" "+1.69.0" "metadata" "--no-deps" "--format-version=1", kill_on_drop: false }`
[INFO] [stdout] 7cce87d7097aa16faebf4f92c68a3dd82cfa561e8426b2d88a4e42fb0a118bd7
[INFO] running `Command { std: "docker" "start" "-a" "7cce87d7097aa16faebf4f92c68a3dd82cfa561e8426b2d88a4e42fb0a118bd7", kill_on_drop: false }`
[INFO] running `Command { std: "docker" "inspect" "7cce87d7097aa16faebf4f92c68a3dd82cfa561e8426b2d88a4e42fb0a118bd7", kill_on_drop: false }`
[INFO] running `Command { std: "docker" "rm" "-f" "7cce87d7097aa16faebf4f92c68a3dd82cfa561e8426b2d88a4e42fb0a118bd7", kill_on_drop: false }`
[INFO] [stdout] 7cce87d7097aa16faebf4f92c68a3dd82cfa561e8426b2d88a4e42fb0a118bd7
[INFO] running `Command { std: "docker" "create" "-v" "/var/lib/crater-agent-workspace/builds/worker-4-tc1/target:/opt/rustwide/target:rw,Z" "-v" "/var/lib/crater-agent-workspace/builds/worker-4-tc1/source:/opt/rustwide/workdir:ro,Z" "-v" "/var/lib/crater-agent-workspace/cargo-home:/opt/rustwide/cargo-home:ro,Z" "-v" "/var/lib/crater-agent-workspace/rustup-home:/opt/rustwide/rustup-home:ro,Z" "-e" "SOURCE_DIR=/opt/rustwide/workdir" "-e" "CARGO_TARGET_DIR=/opt/rustwide/target" "-e" "CARGO_INCREMENTAL=0" "-e" "RUST_BACKTRACE=full" "-e" "RUSTFLAGS=--cap-lints=warn" "-e" "RUSTDOCFLAGS=--cap-lints=warn" "-e" "CARGO_HOME=/opt/rustwide/cargo-home" "-e" "RUSTUP_HOME=/opt/rustwide/rustup-home" "-w" "/opt/rustwide/workdir" "-m" "1610612736" "--user" "0:0" "--network" "none" "ghcr.io/rust-lang/crates-build-env/linux@sha256:5ff2268d62e97bff2cde7d5815dd6ed5b47097566f13b8d0ca110b04b60e07ed" "/opt/rustwide/cargo-home/bin/cargo" "+1.69.0" "build" "--frozen" "--message-format=json", kill_on_drop: false }`
[INFO] [stdout] 359eae981a26d83f9b8df889ca19f5cb7677d927afe6e9f2d909c4e89c6c87d5
[INFO] running `Command { std: "docker" "start" "-a" "359eae981a26d83f9b8df889ca19f5cb7677d927afe6e9f2d909c4e89c6c87d5", kill_on_drop: false }`
[INFO] [stderr]    Compiling proc-macro2 v1.0.56
[INFO] [stderr]    Compiling unicode-ident v1.0.8
[INFO] [stderr]    Compiling libc v0.2.126
[INFO] [stderr]    Compiling quote v1.0.26
[INFO] [stderr]    Compiling autocfg v1.1.0
[INFO] [stderr]    Compiling memchr v2.5.0
[INFO] [stderr]    Compiling syn v1.0.109
[INFO] [stderr]    Compiling cc v1.0.79
[INFO] [stderr]    Compiling cfg-if v1.0.0
[INFO] [stderr]    Compiling gimli v0.27.2
[INFO] [stderr]    Compiling failure_derive v0.1.8
[INFO] [stderr]    Compiling winapi v0.3.9
[INFO] [stderr]    Compiling adler v1.0.2
[INFO] [stderr]    Compiling unicode-xid v0.2.4
[INFO] [stderr]    Compiling rustc-demangle v0.1.23
[INFO] [stderr]    Compiling log v0.4.17
[INFO] [stderr]    Compiling rust-ini v0.10.3
[INFO] [stderr]    Compiling miniz_oxide v0.6.2
[INFO] [stderr]    Compiling xml-rs v0.8.4
[INFO] [stderr]    Compiling percent-encoding v2.2.0
[INFO] [stderr]    Compiling num-traits v0.2.15
[INFO] [stderr]    Compiling num-integer v0.1.45
[INFO] [stderr]    Compiling object v0.30.3
[INFO] [stderr]    Compiling wio v0.2.2
[INFO] [stderr]    Compiling backtrace v0.3.67
[INFO] [stderr]    Compiling time v0.1.44
[INFO] [stderr]    Compiling chrono v0.4.19
[INFO] [stderr]    Compiling addr2line v0.19.0
[INFO] [stderr]    Compiling synstructure v0.12.6
[INFO] [stderr]    Compiling failure v0.1.8
[INFO] [stderr]    Compiling comedy v0.1.0
[INFO] [stderr]    Compiling taskschd v0.1.0 (/opt/rustwide/workdir)
[INFO] [stdout] error[E0433]: failed to resolve: could not find `windows` in `os`
[INFO] [stdout]   --> src/taskschd.rs:18:14
[INFO] [stdout]    |
[INFO] [stdout] 18 | use std::os::windows::ffi::{OsStrExt, OsStringExt};
[INFO] [stdout]    |              ^^^^^^^ could not find `windows` in `os`
[INFO] [stdout] 
[INFO] [stdout] 
[INFO] [stdout] error[E0432]: unresolved import `comedy::com`
[INFO] [stdout]   --> src/taskschd.rs:22:13
[INFO] [stdout]    |
[INFO] [stdout] 22 | use comedy::com::{create_instance_inproc_server, ComRef};
[INFO] [stdout]    |             ^^^ could not find `com` in `comedy`
[INFO] [stdout] 
[INFO] [stdout] 
[INFO] [stdout] error[E0432]: unresolved import `comedy::error`
[INFO] [stdout]   --> src/taskschd.rs:23:13
[INFO] [stdout]    |
[INFO] [stdout] 23 | use comedy::error::{HResult, Win32Error};
[INFO] [stdout]    |             ^^^^^ could not find `error` in `comedy`
[INFO] [stdout] 
[INFO] [stdout] 
[INFO] [stdout] error[E0433]: failed to resolve: could not find `shared` in `winapi`
[INFO] [stdout]   --> src/taskschd.rs:30:13
[INFO] [stdout]    |
[INFO] [stdout] 30 | use winapi::shared::{
[INFO] [stdout]    |             ^^^^^^ could not find `shared` in `winapi`
[INFO] [stdout] 
[INFO] [stdout] 
[INFO] [stdout] error[E0432]: unresolved imports `comedy::com_call`, `comedy::com_call_getter`
[INFO] [stdout]   --> src/taskschd.rs:24:14
[INFO] [stdout]    |
[INFO] [stdout] 24 | use comedy::{com_call, com_call_getter};
[INFO] [stdout]    |              ^^^^^^^^  ^^^^^^^^^^^^^^^ no `com_call_getter` in the root
[INFO] [stdout]    |              |
[INFO] [stdout]    |              no `com_call` in the root
[INFO] [stdout] 
[INFO] [stdout] 
[INFO] [stdout] error[E0433]: failed to resolve: could not find `um` in `winapi`
[INFO] [stdout]   --> src/taskschd.rs:38:13
[INFO] [stdout]    |
[INFO] [stdout] 38 | use winapi::um::taskschd::{
[INFO] [stdout]    |             ^^ could not find `um` in `winapi`
[INFO] [stdout] 
[INFO] [stdout] 
[INFO] [stdout] error[E0433]: failed to resolve: could not find `windows` in `os`
[INFO] [stdout]  --> src/ole_utils.rs:8:14
[INFO] [stdout]   |
[INFO] [stdout] 8 | use std::os::windows::ffi::OsStrExt;
[INFO] [stdout]   |              ^^^^^^^ could not find `windows` in `os`
[INFO] [stdout] 
[INFO] [stdout] 
[INFO] [stdout] error[E0432]: unresolved import `winapi::um`
[INFO] [stdout]   --> src/taskschd.rs:38:13
[INFO] [stdout]    |
[INFO] [stdout] 38 | use winapi::um::taskschd::{
[INFO] [stdout]    |             ^^ could not find `um` in `winapi`
[INFO] [stdout] 
[INFO] [stdout] 
[INFO] [stdout] error[E0432]: unresolved import `winapi::shared`
[INFO] [stdout]   --> src/ole_utils.rs:12:13
[INFO] [stdout]    |
[INFO] [stdout] 12 | use winapi::shared::{winerror, wtypes};
[INFO] [stdout]    |             ^^^^^^ could not find `shared` in `winapi`
[INFO] [stdout] 
[INFO] [stdout] 
[INFO] [stdout] error[E0432]: unresolved import `winapi::um`
[INFO] [stdout]   --> src/ole_utils.rs:13:13
[INFO] [stdout]    |
[INFO] [stdout] 13 | use winapi::um::{oaidl, oleauto};
[INFO] [stdout]    |             ^^ could not find `um` in `winapi`
[INFO] [stdout] 
[INFO] [stdout] 
[INFO] [stdout] error[E0432]: unresolved imports `comedy::HResult`, `self::taskschd::IRegisteredTaskCollection`, `self::taskschd::IActionCollection`
[INFO] [stdout]    --> src/taskschd.rs:204:13
[INFO] [stdout]     |
[INFO] [stdout] 204 |         use self::taskschd::IRegisteredTaskCollection;
[INFO] [stdout]     |             ^^^^^^^^^^^^^^^^^^^^^^^^^^^^^^^^^^^^^^^^^
[INFO] [stdout] ...
[INFO] [stdout] 278 |         use self::taskschd::IActionCollection;
[INFO] [stdout]     |             ^^^^^^^^^^^^^^^^^^^^^^^^^^^^^^^^^
[INFO] [stdout]     |
[INFO] [stdout]    ::: src/ole_utils.rs:15:5
[INFO] [stdout]     |
[INFO] [stdout] 15  | use comedy::HResult;
[INFO] [stdout]     |     ^^^^^^^^^^^^^^^ no `HResult` in the root
[INFO] [stdout] 
[INFO] [stdout] 
[INFO] [stdout] error: cannot determine resolution for the macro `com_call`
[INFO] [stdout]    --> src/taskschd.rs:85:17
[INFO] [stdout]     |
[INFO] [stdout] 85  |                 com_call!(self.0, $interface::$method(v.as_raw_ptr()))?;
[INFO] [stdout]     |                 ^^^^^^^^
[INFO] [stdout] ...
[INFO] [stdout] 431 |     datetime_putter!(IDailyTrigger::put_StartBoundary);
[INFO] [stdout]     |     -------------------------------------------------- in this macro invocation
[INFO] [stdout]     |
[INFO] [stdout]     = note: import resolution is stuck, try simplifying macro imports
[INFO] [stdout]     = note: this error originates in the macro `datetime_putter` (in Nightly builds, run with -Z macro-backtrace for more info)
[INFO] [stdout] 
[INFO] [stdout] 
[INFO] [stdout] error: cannot determine resolution for the macro `com_call`
[INFO] [stdout]    --> src/taskschd.rs:439:13
[INFO] [stdout]     |
[INFO] [stdout] 439 |             com_call!(self.0, IDailyTrigger::put_StartBoundary(v.as_raw_ptr()))?;
[INFO] [stdout]     |             ^^^^^^^^
[INFO] [stdout]     |
[INFO] [stdout]     = note: import resolution is stuck, try simplifying macro imports
[INFO] [stdout] 
[INFO] [stdout] 
[INFO] [stdout] error: cannot determine resolution for the macro `com_call`
[INFO] [stdout]    --> src/taskschd.rs:448:22
[INFO] [stdout]     |
[INFO] [stdout] 448 |             let hr = com_call!(
[INFO] [stdout]     |                      ^^^^^^^^
[INFO] [stdout]     |
[INFO] [stdout]     = note: import resolution is stuck, try simplifying macro imports
[INFO] [stdout] 
[INFO] [stdout] 
[INFO] [stdout] error: cannot determine resolution for the macro `com_call`
[INFO] [stdout]    --> src/taskschd.rs:459:13
[INFO] [stdout]     |
[INFO] [stdout] 459 |             com_call!(self.0, IDailyTrigger::put_DaysInterval(v))?;
[INFO] [stdout]     |             ^^^^^^^^
[INFO] [stdout]     |
[INFO] [stdout]     = note: import resolution is stuck, try simplifying macro imports
[INFO] [stdout] 
[INFO] [stdout] 
[INFO] [stdout] error: cannot determine resolution for the macro `com_call`
[INFO] [stdout]    --> src/taskschd.rs:99:17
[INFO] [stdout]     |
[INFO] [stdout] 99  |                 com_call!(self.0, $interface::$method(v.as_raw_ptr()))?;
[INFO] [stdout]     |                 ^^^^^^^^
[INFO] [stdout] ...
[INFO] [stdout] 468 |     to_os_str_putter!(IExecAction::put_Path, &Path);
[INFO] [stdout]     |     ----------------------------------------------- in this macro invocation
[INFO] [stdout]     |
[INFO] [stdout]     = note: import resolution is stuck, try simplifying macro imports
[INFO] [stdout]     = note: this error originates in the macro `to_os_str_putter` (in Nightly builds, run with -Z macro-backtrace for more info)
[INFO] [stdout] 
[INFO] [stdout] 
[INFO] [stdout] error: cannot determine resolution for the macro `com_call`
[INFO] [stdout]    --> src/taskschd.rs:99:17
[INFO] [stdout]     |
[INFO] [stdout] 99  |                 com_call!(self.0, $interface::$method(v.as_raw_ptr()))?;
[INFO] [stdout]     |                 ^^^^^^^^
[INFO] [stdout] ...
[INFO] [stdout] 469 |     to_os_str_putter!(IExecAction::put_WorkingDirectory, &Path);
[INFO] [stdout]     |     ----------------------------------------------------------- in this macro invocation
[INFO] [stdout]     |
[INFO] [stdout]     = note: import resolution is stuck, try simplifying macro imports
[INFO] [stdout]     = note: this error originates in the macro `to_os_str_putter` (in Nightly builds, run with -Z macro-backtrace for more info)
[INFO] [stdout] 
[INFO] [stdout] 
[INFO] [stdout] error: cannot determine resolution for the macro `com_call`
[INFO] [stdout]    --> src/taskschd.rs:519:13
[INFO] [stdout]     |
[INFO] [stdout] 519 |             com_call!(self.0, IExecAction::put_Arguments(args.as_raw_ptr()))?;
[INFO] [stdout]     |             ^^^^^^^^
[INFO] [stdout]     |
[INFO] [stdout]     = note: import resolution is stuck, try simplifying macro imports
[INFO] [stdout] 
[INFO] [stdout] 
[INFO] [stdout] error: cannot determine resolution for the macro `com_call`
[INFO] [stdout]    --> src/taskschd.rs:530:13
[INFO] [stdout]     |
[INFO] [stdout] 530 |             com_call!(
[INFO] [stdout]     |             ^^^^^^^^
[INFO] [stdout]     |
[INFO] [stdout]     = note: import resolution is stuck, try simplifying macro imports
[INFO] [stdout] 
[INFO] [stdout] 
[INFO] [stdout] error: cannot determine resolution for the macro `com_call_getter`
[INFO] [stdout]    --> src/taskschd.rs:542:18
[INFO] [stdout]     |
[INFO] [stdout] 542 |         unsafe { com_call_getter!(|tc| self.0, IRegisteredTask::get_Definition(tc)) }
[INFO] [stdout]     |                  ^^^^^^^^^^^^^^^
[INFO] [stdout]     |
[INFO] [stdout]     = note: import resolution is stuck, try simplifying macro imports
[INFO] [stdout] 
[INFO] [stdout] 
[INFO] [stdout] error: cannot determine resolution for the macro `com_call_getter`
[INFO] [stdout]    --> src/taskschd.rs:561:13
[INFO] [stdout]     |
[INFO] [stdout] 561 |             com_call_getter!(
[INFO] [stdout]     |             ^^^^^^^^^^^^^^^
[INFO] [stdout]     |
[INFO] [stdout]     = note: import resolution is stuck, try simplifying macro imports
[INFO] [stdout] 
[INFO] [stdout] 
[INFO] [stdout] error: cannot determine resolution for the macro `com_call`
[INFO] [stdout]    --> src/taskschd.rs:71:17
[INFO] [stdout]     |
[INFO] [stdout] 71  |                 com_call!(self.0, $interface::$method(v.as_raw_ptr()))?;
[INFO] [stdout]     |                 ^^^^^^^^
[INFO] [stdout] ...
[INFO] [stdout] 416 |     bstring_putter!(IRegistrationInfo::put_Description);
[INFO] [stdout]     |     --------------------------------------------------- in this macro invocation
[INFO] [stdout]     |
[INFO] [stdout]     = note: import resolution is stuck, try simplifying macro imports
[INFO] [stdout]     = note: this error originates in the macro `bstring_putter` (in Nightly builds, run with -Z macro-backtrace for more info)
[INFO] [stdout] 
[INFO] [stdout] 
[INFO] [stdout] error: cannot determine resolution for the macro `com_call`
[INFO] [stdout]    --> src/taskschd.rs:71:17
[INFO] [stdout]     |
[INFO] [stdout] 71  |                 com_call!(self.0, $interface::$method(v.as_raw_ptr()))?;
[INFO] [stdout]     |                 ^^^^^^^^
[INFO] [stdout] ...
[INFO] [stdout] 415 |     bstring_putter!(IRegistrationInfo::put_Author);
[INFO] [stdout]     |     ---------------------------------------------- in this macro invocation
[INFO] [stdout]     |
[INFO] [stdout]     = note: import resolution is stuck, try simplifying macro imports
[INFO] [stdout]     = note: this error originates in the macro `bstring_putter` (in Nightly builds, run with -Z macro-backtrace for more info)
[INFO] [stdout] 
[INFO] [stdout] 
[INFO] [stdout] error: cannot determine resolution for the macro `com_call`
[INFO] [stdout]    --> src/taskschd.rs:58:17
[INFO] [stdout]     |
[INFO] [stdout] 58  |                 com_call!(self.0, $interface::$method(v))?;
[INFO] [stdout]     |                 ^^^^^^^^
[INFO] [stdout] ...
[INFO] [stdout] 409 |     bool_putter!(ITaskSettings::put_WakeToRun);
[INFO] [stdout]     |     ------------------------------------------ in this macro invocation
[INFO] [stdout]     |
[INFO] [stdout]     = note: import resolution is stuck, try simplifying macro imports
[INFO] [stdout]     = note: this error originates in the macro `bool_putter` (in Nightly builds, run with -Z macro-backtrace for more info)
[INFO] [stdout] 
[INFO] [stdout] 
[INFO] [stdout] error: cannot determine resolution for the macro `com_call`
[INFO] [stdout]    --> src/taskschd.rs:58:17
[INFO] [stdout]     |
[INFO] [stdout] 58  |                 com_call!(self.0, $interface::$method(v))?;
[INFO] [stdout]     |                 ^^^^^^^^
[INFO] [stdout] ...
[INFO] [stdout] 408 |     bool_putter!(ITaskSettings::put_Enabled);
[INFO] [stdout]     |     ---------------------------------------- in this macro invocation
[INFO] [stdout]     |
[INFO] [stdout]     = note: import resolution is stuck, try simplifying macro imports
[INFO] [stdout]     = note: this error originates in the macro `bool_putter` (in Nightly builds, run with -Z macro-backtrace for more info)
[INFO] [stdout] 
[INFO] [stdout] 
[INFO] [stdout] error: cannot determine resolution for the macro `com_call`
[INFO] [stdout]    --> src/taskschd.rs:58:17
[INFO] [stdout]     |
[INFO] [stdout] 58  |                 com_call!(self.0, $interface::$method(v))?;
[INFO] [stdout]     |                 ^^^^^^^^
[INFO] [stdout] ...
[INFO] [stdout] 407 |     bool_putter!(ITaskSettings::put_StopIfGoingOnBatteries);
[INFO] [stdout]     |     ------------------------------------------------------- in this macro invocation
[INFO] [stdout]     |
[INFO] [stdout]     = note: import resolution is stuck, try simplifying macro imports
[INFO] [stdout]     = note: this error originates in the macro `bool_putter` (in Nightly builds, run with -Z macro-backtrace for more info)
[INFO] [stdout] 
[INFO] [stdout] 
[INFO] [stdout] error: cannot determine resolution for the macro `com_call`
[INFO] [stdout]    --> src/taskschd.rs:58:17
[INFO] [stdout]     |
[INFO] [stdout] 58  |                 com_call!(self.0, $interface::$method(v))?;
[INFO] [stdout]     |                 ^^^^^^^^
[INFO] [stdout] ...
[INFO] [stdout] 406 |     bool_putter!(ITaskSettings::put_StartWhenAvailable);
[INFO] [stdout]     |     --------------------------------------------------- in this macro invocation
[INFO] [stdout]     |
[INFO] [stdout]     = note: import resolution is stuck, try simplifying macro imports
[INFO] [stdout]     = note: this error originates in the macro `bool_putter` (in Nightly builds, run with -Z macro-backtrace for more info)
[INFO] [stdout] 
[INFO] [stdout] 
[INFO] [stdout] error: cannot determine resolution for the macro `com_call`
[INFO] [stdout]    --> src/taskschd.rs:58:17
[INFO] [stdout]     |
[INFO] [stdout] 58  |                 com_call!(self.0, $interface::$method(v))?;
[INFO] [stdout]     |                 ^^^^^^^^
[INFO] [stdout] ...
[INFO] [stdout] 405 |     bool_putter!(ITaskSettings::put_RunOnlyIfNetworkAvailable);
[INFO] [stdout]     |     ---------------------------------------------------------- in this macro invocation
[INFO] [stdout]     |
[INFO] [stdout]     = note: import resolution is stuck, try simplifying macro imports
[INFO] [stdout]     = note: this error originates in the macro `bool_putter` (in Nightly builds, run with -Z macro-backtrace for more info)
[INFO] [stdout] 
[INFO] [stdout] 
[INFO] [stdout] error: cannot determine resolution for the macro `com_call`
[INFO] [stdout]    --> src/taskschd.rs:58:17
[INFO] [stdout]     |
[INFO] [stdout] 58  |                 com_call!(self.0, $interface::$method(v))?;
[INFO] [stdout]     |                 ^^^^^^^^
[INFO] [stdout] ...
[INFO] [stdout] 404 |     bool_putter!(ITaskSettings::put_RunOnlyIfIdle);
[INFO] [stdout]     |     ---------------------------------------------- in this macro invocation
[INFO] [stdout]     |
[INFO] [stdout]     = note: import resolution is stuck, try simplifying macro imports
[INFO] [stdout]     = note: this error originates in the macro `bool_putter` (in Nightly builds, run with -Z macro-backtrace for more info)
[INFO] [stdout] 
[INFO] [stdout] 
[INFO] [stdout] error: cannot determine resolution for the macro `com_call`
[INFO] [stdout]    --> src/taskschd.rs:399:13
[INFO] [stdout]     |
[INFO] [stdout] 399 |             com_call!(self.0, ITaskSettings::put_MultipleInstances(v as u32))?;
[INFO] [stdout]     |             ^^^^^^^^
[INFO] [stdout]     |
[INFO] [stdout]     = note: import resolution is stuck, try simplifying macro imports
[INFO] [stdout] 
[INFO] [stdout] 
[INFO] [stdout] error: cannot determine resolution for the macro `com_call`
[INFO] [stdout]    --> src/taskschd.rs:58:17
[INFO] [stdout]     |
[INFO] [stdout] 58  |                 com_call!(self.0, $interface::$method(v))?;
[INFO] [stdout]     |                 ^^^^^^^^
[INFO] [stdout] ...
[INFO] [stdout] 394 |     bool_putter!(ITaskSettings::put_Hidden);
[INFO] [stdout]     |     --------------------------------------- in this macro invocation
[INFO] [stdout]     |
[INFO] [stdout]     = note: import resolution is stuck, try simplifying macro imports
[INFO] [stdout]     = note: this error originates in the macro `bool_putter` (in Nightly builds, run with -Z macro-backtrace for more info)
[INFO] [stdout] 
[INFO] [stdout] 
[INFO] [stdout] error: cannot determine resolution for the macro `com_call`
[INFO] [stdout]    --> src/taskschd.rs:113:17
[INFO] [stdout]     |
[INFO] [stdout] 113 |                 com_call!(self.0, $interface::$method(v.as_raw_ptr()))?;
[INFO] [stdout]     |                 ^^^^^^^^
[INFO] [stdout] ...
[INFO] [stdout] 393 |     to_string_putter!(ITaskSettings::put_ExecutionTimeLimit, chrono::Duration);
[INFO] [stdout]     |     -------------------------------------------------------------------------- in this macro invocation
[INFO] [stdout]     |
[INFO] [stdout]     = note: import resolution is stuck, try simplifying macro imports
[INFO] [stdout]     = note: this error originates in the macro `to_string_putter` (in Nightly builds, run with -Z macro-backtrace for more info)
[INFO] [stdout] 
[INFO] [stdout] 
[INFO] [stdout] error: cannot determine resolution for the macro `com_call`
[INFO] [stdout]    --> src/taskschd.rs:58:17
[INFO] [stdout]     |
[INFO] [stdout] 58  |                 com_call!(self.0, $interface::$method(v))?;
[INFO] [stdout]     |                 ^^^^^^^^
[INFO] [stdout] ...
[INFO] [stdout] 392 |     bool_putter!(ITaskSettings::put_DisallowStartIfOnBatteries);
[INFO] [stdout]     |     ----------------------------------------------------------- in this macro invocation
[INFO] [stdout]     |
[INFO] [stdout]     = note: import resolution is stuck, try simplifying macro imports
[INFO] [stdout]     = note: this error originates in the macro `bool_putter` (in Nightly builds, run with -Z macro-backtrace for more info)
[INFO] [stdout] 
[INFO] [stdout] 
[INFO] [stdout] error: cannot determine resolution for the macro `com_call`
[INFO] [stdout]    --> src/taskschd.rs:58:17
[INFO] [stdout]     |
[INFO] [stdout] 58  |                 com_call!(self.0, $interface::$method(v))?;
[INFO] [stdout]     |                 ^^^^^^^^
[INFO] [stdout] ...
[INFO] [stdout] 391 |     bool_putter!(ITaskSettings::put_AllowDemandStart);
[INFO] [stdout]     |     ------------------------------------------------- in this macro invocation
[INFO] [stdout]     |
[INFO] [stdout]     = note: import resolution is stuck, try simplifying macro imports
[INFO] [stdout]     = note: this error originates in the macro `bool_putter` (in Nightly builds, run with -Z macro-backtrace for more info)
[INFO] [stdout] 
[INFO] [stdout] 
[INFO] [stdout] error: cannot determine resolution for the macro `com_call`
[INFO] [stdout]    --> src/taskschd.rs:376:13
[INFO] [stdout]     |
[INFO] [stdout] 376 |             com_call!(task_definition, ITaskDefinition::get_XmlText(&mut xml))
[INFO] [stdout]     |             ^^^^^^^^
[INFO] [stdout]     |
[INFO] [stdout]     = note: import resolution is stuck, try simplifying macro imports
[INFO] [stdout] 
[INFO] [stdout] 
[INFO] [stdout] error: cannot determine resolution for the macro `com_call_getter`
[INFO] [stdout]    --> src/taskschd.rs:355:13
[INFO] [stdout]     |
[INFO] [stdout] 355 |             com_call_getter!(
[INFO] [stdout]     |             ^^^^^^^^^^^^^^^
[INFO] [stdout]     |
[INFO] [stdout]     = note: import resolution is stuck, try simplifying macro imports
[INFO] [stdout] 
[INFO] [stdout] 
[INFO] [stdout] error: cannot determine resolution for the macro `com_call`
[INFO] [stdout]    --> src/taskschd.rs:315:17
[INFO] [stdout]     |
[INFO] [stdout] 315 |                 com_call!(trigger, ITrigger::get_Type(&mut trigger_type))?;
[INFO] [stdout]     |                 ^^^^^^^^
[INFO] [stdout]     |
[INFO] [stdout]     = note: import resolution is stuck, try simplifying macro imports
[INFO] [stdout] 
[INFO] [stdout] 
[INFO] [stdout] error: cannot determine resolution for the macro `com_call_getter`
[INFO] [stdout]    --> src/taskschd.rs:312:31
[INFO] [stdout]     |
[INFO] [stdout] 312 |                 let trigger = com_call_getter!(|t| triggers, ITriggerCollection::get_Item(i, t))?;
[INFO] [stdout]     |                               ^^^^^^^^^^^^^^^
[INFO] [stdout]     |
[INFO] [stdout]     = note: import resolution is stuck, try simplifying macro imports
[INFO] [stdout] 
[INFO] [stdout] 
[INFO] [stdout] error: cannot determine resolution for the macro `com_call`
[INFO] [stdout]    --> src/taskschd.rs:308:13
[INFO] [stdout]     |
[INFO] [stdout] 308 |             com_call!(triggers, ITriggerCollection::get_Count(&mut count))?;
[INFO] [stdout]     |             ^^^^^^^^
[INFO] [stdout]     |
[INFO] [stdout]     = note: import resolution is stuck, try simplifying macro imports
[INFO] [stdout] 
[INFO] [stdout] 
[INFO] [stdout] error: cannot determine resolution for the macro `com_call_getter`
[INFO] [stdout]    --> src/taskschd.rs:306:28
[INFO] [stdout]     |
[INFO] [stdout] 306 |             let triggers = com_call_getter!(|tc| self.0, ITaskDefinition::get_Triggers(tc))?;
[INFO] [stdout]     |                            ^^^^^^^^^^^^^^^
[INFO] [stdout]     |
[INFO] [stdout]     = note: import resolution is stuck, try simplifying macro imports
[INFO] [stdout] 
[INFO] [stdout] 
[INFO] [stdout] error: cannot determine resolution for the macro `com_call_getter`
[INFO] [stdout]    --> src/taskschd.rs:294:23
[INFO] [stdout]     |
[INFO] [stdout] 294 |         let trigger = com_call_getter!(|t| triggers, ITriggerCollection::Create(trigger_type, t))?;
[INFO] [stdout]     |                       ^^^^^^^^^^^^^^^
[INFO] [stdout]     |
[INFO] [stdout]     = note: import resolution is stuck, try simplifying macro imports
[INFO] [stdout] 
[INFO] [stdout] 
[INFO] [stdout] error: cannot determine resolution for the macro `com_call_getter`
[INFO] [stdout]    --> src/taskschd.rs:293:24
[INFO] [stdout]     |
[INFO] [stdout] 293 |         let triggers = com_call_getter!(|tc| self.0, ITaskDefinition::get_Triggers(tc))?;
[INFO] [stdout]     |                        ^^^^^^^^^^^^^^^
[INFO] [stdout]     |
[INFO] [stdout]     = note: import resolution is stuck, try simplifying macro imports
[INFO] [stdout] 
[INFO] [stdout] 
[INFO] [stdout] error: cannot determine resolution for the macro `com_call_getter`
[INFO] [stdout]    --> src/taskschd.rs:281:22
[INFO] [stdout]     |
[INFO] [stdout] 281 |         let action = com_call_getter!(|a| actions, IActionCollection::Create(action_type, a))?;
[INFO] [stdout]     |                      ^^^^^^^^^^^^^^^
[INFO] [stdout]     |
[INFO] [stdout]     = note: import resolution is stuck, try simplifying macro imports
[INFO] [stdout] 
[INFO] [stdout] 
[INFO] [stdout] error: cannot determine resolution for the macro `com_call_getter`
[INFO] [stdout]    --> src/taskschd.rs:280:23
[INFO] [stdout]     |
[INFO] [stdout] 280 |         let actions = com_call_getter!(|ac| self.0, ITaskDefinition::get_Actions(ac))?;
[INFO] [stdout]     |                       ^^^^^^^^^^^^^^^
[INFO] [stdout]     |
[INFO] [stdout]     = note: import resolution is stuck, try simplifying macro imports
[INFO] [stdout] 
[INFO] [stdout] 
[INFO] [stdout] error: cannot determine resolution for the macro `com_call_getter`
[INFO] [stdout]    --> src/taskschd.rs:270:18
[INFO] [stdout]     |
[INFO] [stdout] 270 |         unsafe { com_call_getter!(|ri| self.0, ITaskDefinition::get_RegistrationInfo(ri)) }
[INFO] [stdout]     |                  ^^^^^^^^^^^^^^^
[INFO] [stdout]     |
[INFO] [stdout]     = note: import resolution is stuck, try simplifying macro imports
[INFO] [stdout] 
[INFO] [stdout] 
[INFO] [stdout] error: cannot determine resolution for the macro `com_call_getter`
[INFO] [stdout]    --> src/taskschd.rs:266:18
[INFO] [stdout]     |
[INFO] [stdout] 266 |         unsafe { com_call_getter!(|s| self.0, ITaskDefinition::get_Settings(s)) }.map(TaskSettings)
[INFO] [stdout]     |                  ^^^^^^^^^^^^^^^
[INFO] [stdout]     |
[INFO] [stdout]     = note: import resolution is stuck, try simplifying macro imports
[INFO] [stdout] 
[INFO] [stdout] 
[INFO] [stdout] error: cannot determine resolution for the macro `com_call`
[INFO] [stdout]    --> src/taskschd.rs:249:13
[INFO] [stdout]     |
[INFO] [stdout] 249 |             com_call!(
[INFO] [stdout]     |             ^^^^^^^^
[INFO] [stdout]     |
[INFO] [stdout]     = note: import resolution is stuck, try simplifying macro imports
[INFO] [stdout] 
[INFO] [stdout] 
[INFO] [stdout] error: cannot determine resolution for the macro `com_call`
[INFO] [stdout]    --> src/taskschd.rs:235:13
[INFO] [stdout]     |
[INFO] [stdout] 235 |             com_call!(
[INFO] [stdout]     |             ^^^^^^^^
[INFO] [stdout]     |
[INFO] [stdout]     = note: import resolution is stuck, try simplifying macro imports
[INFO] [stdout] 
[INFO] [stdout] 
[INFO] [stdout] error: cannot determine resolution for the macro `com_call_getter`
[INFO] [stdout]    --> src/taskschd.rs:225:13
[INFO] [stdout]     |
[INFO] [stdout] 225 |             com_call_getter!(
[INFO] [stdout]     |             ^^^^^^^^^^^^^^^
[INFO] [stdout]     |
[INFO] [stdout]     = note: import resolution is stuck, try simplifying macro imports
[INFO] [stdout] 
[INFO] [stdout] 
[INFO] [stdout] error: cannot determine resolution for the macro `com_call`
[INFO] [stdout]    --> src/taskschd.rs:216:13
[INFO] [stdout]     |
[INFO] [stdout] 216 |             com_call!(tasks, IRegisteredTaskCollection::get_Count(&mut count))?;
[INFO] [stdout]     |             ^^^^^^^^
[INFO] [stdout]     |
[INFO] [stdout]     = note: import resolution is stuck, try simplifying macro imports
[INFO] [stdout] 
[INFO] [stdout] 
[INFO] [stdout] error: cannot determine resolution for the macro `com_call_getter`
[INFO] [stdout]    --> src/taskschd.rs:213:25
[INFO] [stdout]     |
[INFO] [stdout] 213 |             let tasks = com_call_getter!(|t| self.0, ITaskFolder::GetTasks(flags as LONG, t))?;
[INFO] [stdout]     |                         ^^^^^^^^^^^^^^^
[INFO] [stdout]     |
[INFO] [stdout]     = note: import resolution is stuck, try simplifying macro imports
[INFO] [stdout] 
[INFO] [stdout] 
[INFO] [stdout] error: cannot determine resolution for the macro `com_call_getter`
[INFO] [stdout]    --> src/taskschd.rs:195:13
[INFO] [stdout]     |
[INFO] [stdout] 195 |             com_call_getter!(
[INFO] [stdout]     |             ^^^^^^^^^^^^^^^
[INFO] [stdout]     |
[INFO] [stdout]     = note: import resolution is stuck, try simplifying macro imports
[INFO] [stdout] 
[INFO] [stdout] 
[INFO] [stdout] error: cannot determine resolution for the macro `com_call_getter`
[INFO] [stdout]    --> src/taskschd.rs:166:13
[INFO] [stdout]     |
[INFO] [stdout] 166 |             com_call_getter!(
[INFO] [stdout]     |             ^^^^^^^^^^^^^^^
[INFO] [stdout]     |
[INFO] [stdout]     = note: import resolution is stuck, try simplifying macro imports
[INFO] [stdout] 
[INFO] [stdout] 
[INFO] [stdout] error: cannot determine resolution for the macro `com_call_getter`
[INFO] [stdout]    --> src/taskschd.rs:156:13
[INFO] [stdout]     |
[INFO] [stdout] 156 |             com_call_getter!(
[INFO] [stdout]     |             ^^^^^^^^^^^^^^^
[INFO] [stdout]     |
[INFO] [stdout]     = note: import resolution is stuck, try simplifying macro imports
[INFO] [stdout] 
[INFO] [stdout] 
[INFO] [stdout] error: cannot determine resolution for the macro `com_call`
[INFO] [stdout]    --> src/taskschd.rs:131:13
[INFO] [stdout]     |
[INFO] [stdout] 131 |             com_call!(
[INFO] [stdout]     |             ^^^^^^^^
[INFO] [stdout]     |
[INFO] [stdout]     = note: import resolution is stuck, try simplifying macro imports
[INFO] [stdout] 
[INFO] [stdout] 
[INFO] [stdout] error[E0405]: cannot find trait `Interface` in crate `winapi`
[INFO] [stdout]    --> src/taskschd.rs:274:37
[INFO] [stdout]     |
[INFO] [stdout] 274 |     unsafe fn add_action<T: winapi::Interface>(
[INFO] [stdout]     |                                     ^^^^^^^^^ not found in `winapi`
[INFO] [stdout] 
[INFO] [stdout] 
[INFO] [stdout] error[E0405]: cannot find trait `Interface` in crate `winapi`
[INFO] [stdout]    --> src/taskschd.rs:289:38
[INFO] [stdout]     |
[INFO] [stdout] 289 |     unsafe fn add_trigger<T: winapi::Interface>(
[INFO] [stdout]     |                                      ^^^^^^^^^ not found in `winapi`
[INFO] [stdout] 
[INFO] [stdout] 
[INFO] [stdout] warning: unused import: `OptionBstringExt`
[INFO] [stdout]   --> src/taskschd.rs:27:65
[INFO] [stdout]    |
[INFO] [stdout] 27 | use crate::ole_utils::{empty_variant, BString, IntoVariantBool, OptionBstringExt};
[INFO] [stdout]    |                                                                 ^^^^^^^^^^^^^^^^
[INFO] [stdout]    |
[INFO] [stdout]    = note: `#[warn(unused_imports)]` on by default
[INFO] [stdout] 
[INFO] [stdout] 
[INFO] [stdout] error: aborting due to 57 previous errors; 1 warning emitted
[INFO] [stdout] 
[INFO] [stdout] 
[INFO] [stdout] Some errors have detailed explanations: E0405, E0432, E0433.
[INFO] [stdout] 
[INFO] [stdout] For more information about an error, try `rustc --explain E0405`.
[INFO] [stdout] 
[INFO] [stderr] error: could not compile `taskschd` due to 58 previous errors; 1 warning emitted
[INFO] [stderr] warning: build failed, waiting for other jobs to finish...
[INFO] running `Command { std: "docker" "inspect" "359eae981a26d83f9b8df889ca19f5cb7677d927afe6e9f2d909c4e89c6c87d5", kill_on_drop: false }`
[INFO] running `Command { std: "docker" "rm" "-f" "359eae981a26d83f9b8df889ca19f5cb7677d927afe6e9f2d909c4e89c6c87d5", kill_on_drop: false }`
[INFO] [stdout] 359eae981a26d83f9b8df889ca19f5cb7677d927afe6e9f2d909c4e89c6c87d5
