[INFO] cloning repository https://github.com/XMPPwocky/legend_of_link
[INFO] running `Command { std: "git" "-c" "credential.helper=" "-c" "credential.helper=/workspace/cargo-home/bin/git-credential-null" "clone" "--bare" "https://github.com/XMPPwocky/legend_of_link" "/workspace/cache/git-repos/https%3A%2F%2Fgithub.com%2FXMPPwocky%2Flegend_of_link", kill_on_drop: false }`
[INFO] [stderr] Cloning into bare repository '/workspace/cache/git-repos/https%3A%2F%2Fgithub.com%2FXMPPwocky%2Flegend_of_link'...
[INFO] running `Command { std: "git" "rev-parse" "HEAD", kill_on_drop: false }`
[INFO] [stdout] 0a0105115b658a95a9e644140a65d56ee906ec1b
[INFO] testing XMPPwocky/legend_of_link against beta-2023-04-20 for beta-1.70-1
[INFO] running `Command { std: "git" "clone" "/workspace/cache/git-repos/https%3A%2F%2Fgithub.com%2FXMPPwocky%2Flegend_of_link" "/workspace/builds/worker-0-tc2/source", kill_on_drop: false }`
[INFO] [stderr] Cloning into '/workspace/builds/worker-0-tc2/source'...
[INFO] [stderr] done.
[INFO] validating manifest of git repo https://github.com/XMPPwocky/legend_of_link on toolchain beta-2023-04-20
[INFO] running `Command { std: CARGO_HOME="/workspace/cargo-home" RUSTUP_HOME="/workspace/rustup-home" "/workspace/cargo-home/bin/cargo" "+beta-2023-04-20" "metadata" "--manifest-path" "Cargo.toml" "--no-deps", kill_on_drop: false }`
[INFO] started tweaking git repo https://github.com/XMPPwocky/legend_of_link
[INFO] finished tweaking git repo https://github.com/XMPPwocky/legend_of_link
[INFO] tweaked toml for git repo https://github.com/XMPPwocky/legend_of_link written to /workspace/builds/worker-0-tc2/source/Cargo.toml
[INFO] crate git repo https://github.com/XMPPwocky/legend_of_link already has a lockfile, it will not be regenerated
[INFO] running `Command { std: CARGO_HOME="/workspace/cargo-home" RUSTUP_HOME="/workspace/rustup-home" "/workspace/cargo-home/bin/cargo" "+beta-2023-04-20" "fetch" "--manifest-path" "Cargo.toml", kill_on_drop: false }`
[INFO] [stderr]     Updating crates.io index
[INFO] [stderr]  Downloading crates ...
[INFO] [stderr]   Downloaded phf_shared v0.4.9
[INFO] [stderr]   Downloaded phf_mac v0.4.9
[INFO] [stderr]   Downloaded rustc-serialize v0.2.7
[INFO] [stderr]   Downloaded phf v0.4.9
[INFO] [stderr]   Downloaded time v0.1.12
[INFO] [stderr]   Downloaded gcc v0.1.4
[INFO] [stderr]   Downloaded xxhash v0.0.6
[INFO] running `Command { std: "docker" "create" "-v" "/var/lib/crater-agent-workspace/builds/worker-0-tc2/target:/opt/rustwide/target:rw,Z" "-v" "/var/lib/crater-agent-workspace/builds/worker-0-tc2/source:/opt/rustwide/workdir:ro,Z" "-v" "/var/lib/crater-agent-workspace/cargo-home:/opt/rustwide/cargo-home:ro,Z" "-v" "/var/lib/crater-agent-workspace/rustup-home:/opt/rustwide/rustup-home:ro,Z" "-e" "SOURCE_DIR=/opt/rustwide/workdir" "-e" "CARGO_TARGET_DIR=/opt/rustwide/target" "-e" "CARGO_HOME=/opt/rustwide/cargo-home" "-e" "RUSTUP_HOME=/opt/rustwide/rustup-home" "-w" "/opt/rustwide/workdir" "-m" "1610612736" "--user" "0:0" "--network" "none" "ghcr.io/rust-lang/crates-build-env/linux@sha256:97d61d7686bf65f8ecb15491ab51835e82dc9176a96a831f143a431b191fc501" "/opt/rustwide/cargo-home/bin/cargo" "+beta-2023-04-20" "metadata" "--no-deps" "--format-version=1", kill_on_drop: false }`
[INFO] [stdout] 66c53687af6bea72b298366bc38212ff3150dce0a0db242a6160e2f48e22cb6c
[INFO] running `Command { std: "docker" "start" "-a" "66c53687af6bea72b298366bc38212ff3150dce0a0db242a6160e2f48e22cb6c", kill_on_drop: false }`
[INFO] running `Command { std: "docker" "inspect" "66c53687af6bea72b298366bc38212ff3150dce0a0db242a6160e2f48e22cb6c", kill_on_drop: false }`
[INFO] running `Command { std: "docker" "rm" "-f" "66c53687af6bea72b298366bc38212ff3150dce0a0db242a6160e2f48e22cb6c", kill_on_drop: false }`
[INFO] [stdout] 66c53687af6bea72b298366bc38212ff3150dce0a0db242a6160e2f48e22cb6c
[INFO] running `Command { std: "docker" "create" "-v" "/var/lib/crater-agent-workspace/builds/worker-0-tc2/target:/opt/rustwide/target:rw,Z" "-v" "/var/lib/crater-agent-workspace/builds/worker-0-tc2/source:/opt/rustwide/workdir:ro,Z" "-v" "/var/lib/crater-agent-workspace/cargo-home:/opt/rustwide/cargo-home:ro,Z" "-v" "/var/lib/crater-agent-workspace/rustup-home:/opt/rustwide/rustup-home:ro,Z" "-e" "SOURCE_DIR=/opt/rustwide/workdir" "-e" "CARGO_TARGET_DIR=/opt/rustwide/target" "-e" "CARGO_INCREMENTAL=0" "-e" "RUST_BACKTRACE=full" "-e" "RUSTFLAGS=--cap-lints=warn" "-e" "RUSTDOCFLAGS=--cap-lints=warn" "-e" "CARGO_HOME=/opt/rustwide/cargo-home" "-e" "RUSTUP_HOME=/opt/rustwide/rustup-home" "-w" "/opt/rustwide/workdir" "-m" "1610612736" "--user" "0:0" "--network" "none" "ghcr.io/rust-lang/crates-build-env/linux@sha256:97d61d7686bf65f8ecb15491ab51835e82dc9176a96a831f143a431b191fc501" "/opt/rustwide/cargo-home/bin/cargo" "+beta-2023-04-20" "build" "--frozen" "--message-format=json", kill_on_drop: false }`
[INFO] [stdout] 267461e1366ffcfe4c8ba18186909a6fd672428f7acf359f45e4f14b76393e32
[INFO] running `Command { std: "docker" "start" "-a" "267461e1366ffcfe4c8ba18186909a6fd672428f7acf359f45e4f14b76393e32", kill_on_drop: false }`
[INFO] [stderr]    Compiling phf_shared v0.4.9
[INFO] [stderr]    Compiling gcc v0.1.4
[INFO] [stderr]    Compiling lazy_static v0.1.6 (https://github.com/Kimundi/lazy-static.rs#31a7aa01)
[INFO] [stderr]    Compiling xxhash v0.0.6
[INFO] [stderr]    Compiling rustc-serialize v0.2.7
[INFO] [stderr]    Compiling matches v0.1.2
[INFO] [stderr]    Compiling html5ever_macros v0.0.0 (https://github.com/servo/html5ever#771e136a)
[INFO] [stdout] error: expected parameter name, found `:`
[INFO] [stdout]    --> /opt/rustwide/cargo-home/registry/src/index.crates.io-6f17d22bba15001f/xxhash-0.0.6/src/lib.rs:317:18
[INFO] [stdout]     |
[INFO] [stdout] 317 |     let test = |&: size: usize, seed: u64, expected: u64| {
[INFO] [stdout]     |                  ^ expected parameter name
[INFO] [stdout] 
[INFO] [stdout] 
[INFO] [stdout] error: expected parameter name, found `:`
[INFO] [stdout]    --> /opt/rustwide/cargo-home/registry/src/index.crates.io-6f17d22bba15001f/xxhash-0.0.6/src/lib.rs:368:21
[INFO] [stdout]     |
[INFO] [stdout] 368 |     bench_base(b, |&: v| oneshot(v, 0))
[INFO] [stdout]     |                     ^ expected parameter name
[INFO] [stdout] 
[INFO] [stdout] 
[INFO] [stdout] error: expected parameter name, found `:`
[INFO] [stdout]    --> /opt/rustwide/cargo-home/registry/src/index.crates.io-6f17d22bba15001f/xxhash-0.0.6/src/xxh32.rs:240:18
[INFO] [stdout]     |
[INFO] [stdout] 240 |     let test = |&: size: usize, seed: u32, expected: u32| {
[INFO] [stdout]     |                  ^ expected parameter name
[INFO] [stdout] 
[INFO] [stdout] 
[INFO] [stdout] error: expected parameter name, found `:`
[INFO] [stdout]    --> /opt/rustwide/cargo-home/registry/src/index.crates.io-6f17d22bba15001f/xxhash-0.0.6/src/xxh32.rs:265:19
[INFO] [stdout]     |
[INFO] [stdout] 265 |     bench.iter( |&:| f(v.as_slice()) );
[INFO] [stdout]     |                   ^ expected parameter name
[INFO] [stdout] 
[INFO] [stdout] 
[INFO] [stdout] error: expected parameter name, found `:`
[INFO] [stdout]    --> /opt/rustwide/cargo-home/registry/src/index.crates.io-6f17d22bba15001f/xxhash-0.0.6/src/xxh32.rs:271:17
[INFO] [stdout]     |
[INFO] [stdout] 271 |     test_base(|&: v, seed|{
[INFO] [stdout]     |                 ^ expected parameter name
[INFO] [stdout] 
[INFO] [stdout] 
[INFO] [stdout] error[E0432]: unresolved import `std::num::Int`
[INFO] [stdout]   --> /opt/rustwide/cargo-home/registry/src/index.crates.io-6f17d22bba15001f/xxhash-0.0.6/src/lib.rs:32:5
[INFO] [stdout]    |
[INFO] [stdout] 32 | use std::num::Int;
[INFO] [stdout]    |     ^^^^^^^^^^^^^ no `Int` in `num`
[INFO] [stdout] 
[INFO] [stdout] 
[INFO] [stdout] error[E0432]: unresolved import `std::raw`
[INFO] [stdout]   --> /opt/rustwide/cargo-home/registry/src/index.crates.io-6f17d22bba15001f/xxhash-0.0.6/src/lib.rs:33:10
[INFO] [stdout]    |
[INFO] [stdout] 33 | use std::raw::{Repr};
[INFO] [stdout]    |          ^^^ could not find `raw` in `std`
[INFO] [stdout] 
[INFO] [stdout] 
[INFO] [stdout] error[E0432]: unresolved import `std::ptr::copy_memory`
[INFO] [stdout]   --> /opt/rustwide/cargo-home/registry/src/index.crates.io-6f17d22bba15001f/xxhash-0.0.6/src/lib.rs:34:16
[INFO] [stdout]    |
[INFO] [stdout] 34 | use std::ptr::{copy_memory};
[INFO] [stdout]    |                ^^^^^^^^^^^ no `copy_memory` in `ptr`
[INFO] [stdout] 
[INFO] [stdout] 
[INFO] [stdout] error[E0432]: unresolved import `std::hash::Writer`
[INFO] [stdout]   --> /opt/rustwide/cargo-home/registry/src/index.crates.io-6f17d22bba15001f/xxhash-0.0.6/src/lib.rs:35:31
[INFO] [stdout]    |
[INFO] [stdout] 35 | use std::hash::{Hash, Hasher, Writer};
[INFO] [stdout]    |                               ^^^^^^ no `Writer` in `hash`
[INFO] [stdout] 
[INFO] [stdout] 
[INFO] [stdout] error[E0432]: unresolved import `std::num::Int`
[INFO] [stdout]  --> /opt/rustwide/cargo-home/registry/src/index.crates.io-6f17d22bba15001f/xxhash-0.0.6/src/xxh32.rs:2:5
[INFO] [stdout]   |
[INFO] [stdout] 2 | use std::num::Int;
[INFO] [stdout]   |     ^^^^^^^^^^^^^ no `Int` in `num`
[INFO] [stdout]   |
[INFO] [stdout] help: consider importing this unresolved item instead
[INFO] [stdout]   |
[INFO] [stdout] 2 | use Int;
[INFO] [stdout]   |     ~~~
[INFO] [stdout] 
[INFO] [stdout] 
[INFO] [stdout] error[E0432]: unresolved import `std::raw`
[INFO] [stdout]  --> /opt/rustwide/cargo-home/registry/src/index.crates.io-6f17d22bba15001f/xxhash-0.0.6/src/xxh32.rs:3:10
[INFO] [stdout]   |
[INFO] [stdout] 3 | use std::raw::{Repr};
[INFO] [stdout]   |          ^^^ could not find `raw` in `std`
[INFO] [stdout] 
[INFO] [stdout] 
[INFO] [stdout] error[E0432]: unresolved import `std::ptr::copy_memory`
[INFO] [stdout]  --> /opt/rustwide/cargo-home/registry/src/index.crates.io-6f17d22bba15001f/xxhash-0.0.6/src/xxh32.rs:4:16
[INFO] [stdout]   |
[INFO] [stdout] 4 | use std::ptr::{copy_memory};
[INFO] [stdout]   |                ^^^^^^^^^^^ no `copy_memory` in `ptr`
[INFO] [stdout]   |
[INFO] [stdout]   = help: consider importing this unresolved item instead:
[INFO] [stdout]           copy_memory
[INFO] [stdout] 
[INFO] [stdout] 
[INFO] [stdout] error[E0432]: unresolved import `std::hash::Writer`
[INFO] [stdout]  --> /opt/rustwide/cargo-home/registry/src/index.crates.io-6f17d22bba15001f/xxhash-0.0.6/src/xxh32.rs:5:31
[INFO] [stdout]   |
[INFO] [stdout] 5 | use std::hash::{Hash, Hasher, Writer};
[INFO] [stdout]   |                               ^^^^^^ no `Writer` in `hash`
[INFO] [stdout]   |
[INFO] [stdout]   = help: consider importing this unresolved item instead:
[INFO] [stdout]           Writer
[INFO] [stdout] 
[INFO] [stdout] 
[INFO] [stdout] error[E0259]: the name `core` is defined multiple times
[INFO] [stdout]  --> /opt/rustwide/cargo-home/registry/src/index.crates.io-6f17d22bba15001f/phf_shared-0.4.9/src/lib.rs:3:1
[INFO] [stdout]   |
[INFO] [stdout] 3 | extern crate core;
[INFO] [stdout]   | ^^^^^^^^^^^^^^^^^^ `core` reimported here
[INFO] [stdout]   |
[INFO] [stdout]   = note: `core` must be defined only once in the type namespace of this module
[INFO] [stdout] help: you can use `as` to change the binding name of the import
[INFO] [stdout]   |
[INFO] [stdout] 3 | extern crate core as other_core;
[INFO] [stdout]   |
[INFO] [stdout] 
[INFO] [stdout] 
[INFO] [stdout] error[E0407]: method `hash` is not a member of trait `Hasher`
[INFO] [stdout]    --> /opt/rustwide/cargo-home/registry/src/index.crates.io-6f17d22bba15001f/xxhash-0.0.6/src/xxh32.rs:188:5
[INFO] [stdout]     |
[INFO] [stdout] 188 | /     fn hash<T: ?Sized + Hash<XXState>>(&self, value: &T) -> u64 {
[INFO] [stdout] 189 | |         let mut state = XXState::new_with_seed(self.seed);
[INFO] [stdout] 190 | |         value.hash(&mut state);
[INFO] [stdout] 191 | |         state.digest() as u64
[INFO] [stdout] 192 | |     }
[INFO] [stdout]     | |_____^ not a member of trait `Hasher`
[INFO] [stdout] 
[INFO] [stdout] 
[INFO] [stdout] error[E0407]: method `hash` is not a member of trait `Hasher`
[INFO] [stdout]    --> /opt/rustwide/cargo-home/registry/src/index.crates.io-6f17d22bba15001f/xxhash-0.0.6/src/lib.rs:276:5
[INFO] [stdout]     |
[INFO] [stdout] 276 | /     fn hash<T: ?Sized + Hash<XXState>>(&self, value: &T) -> u64
[INFO] [stdout] 277 | |     {
[INFO] [stdout] 278 | |         let mut state = XXState::new_with_seed(self.seed);
[INFO] [stdout] 279 | |         value.hash(&mut state);
[INFO] [stdout] 280 | |         state.digest()
[INFO] [stdout] 281 | |     }
[INFO] [stdout]     | |_____^ not a member of trait `Hasher`
[INFO] [stdout] 
[INFO] [stdout] 
[INFO] [stdout] error[E0412]: cannot find type `int` in this scope
[INFO] [stdout]   --> /opt/rustwide/cargo-home/registry/src/index.crates.io-6f17d22bba15001f/xxhash-0.0.6/src/xxh32.rs:12:18
[INFO] [stdout]    |
[INFO] [stdout] 12 | pub type isize = int;
[INFO] [stdout]    |                  ^^^
[INFO] [stdout]    |                  |
[INFO] [stdout]    |                  not found in this scope
[INFO] [stdout]    |                  help: perhaps you intended to use this type: `i32`
[INFO] [stdout] 
[INFO] [stdout] 
[INFO] [stdout] error[E0412]: cannot find type `uint` in this scope
[INFO] [stdout]   --> /opt/rustwide/cargo-home/registry/src/index.crates.io-6f17d22bba15001f/xxhash-0.0.6/src/xxh32.rs:14:18
[INFO] [stdout]    |
[INFO] [stdout] 14 | pub type usize = uint;
[INFO] [stdout]    |                  ^^^^ not found in this scope
[INFO] [stdout] 
[INFO] [stdout] 
[INFO] [stdout] error[E0412]: cannot find type `int` in this scope
[INFO] [stdout]   --> /opt/rustwide/cargo-home/registry/src/index.crates.io-6f17d22bba15001f/xxhash-0.0.6/src/xxh32.rs:72:59
[INFO] [stdout]    |
[INFO] [stdout] 72 |             let dst: *mut u8 = mem.offset(self.memsize as int);
[INFO] [stdout]    |                                                           ^^^
[INFO] [stdout]    |                                                           |
[INFO] [stdout]    |                                                           not found in this scope
[INFO] [stdout]    |                                                           help: perhaps you intended to use this type: `i32`
[INFO] [stdout] 
[INFO] [stdout] 
[INFO] [stdout] error[E0412]: cannot find type `int` in this scope
[INFO] [stdout]   --> /opt/rustwide/cargo-home/registry/src/index.crates.io-6f17d22bba15001f/xxhash-0.0.6/src/xxh32.rs:81:59
[INFO] [stdout]    |
[INFO] [stdout] 81 |             let dst: *mut u8 = mem.offset(self.memsize as int);
[INFO] [stdout]    |                                                           ^^^
[INFO] [stdout]    |                                                           |
[INFO] [stdout]    |                                                           not found in this scope
[INFO] [stdout]    |                                                           help: perhaps you intended to use this type: `i32`
[INFO] [stdout] 
[INFO] [stdout] 
[INFO] [stdout] error[E0412]: cannot find type `int` in this scope
[INFO] [stdout]    --> /opt/rustwide/cargo-home/registry/src/index.crates.io-6f17d22bba15001f/xxhash-0.0.6/src/xxh32.rs:105:40
[INFO] [stdout]     |
[INFO] [stdout] 105 |             data = data.offset(bump as int);
[INFO] [stdout]     |                                        ^^^
[INFO] [stdout]     |                                        |
[INFO] [stdout]     |                                        not found in this scope
[INFO] [stdout]     |                                        help: perhaps you intended to use this type: `i32`
[INFO] [stdout] 
[INFO] [stdout] 
[INFO] [stderr]    Compiling string_cache_macros v0.0.0 (https://github.com/servo/string-cache#c63f5640)
[INFO] [stdout] error[E0412]: cannot find type `int` in this scope
[INFO] [stdout]   --> /opt/rustwide/cargo-home/registry/src/index.crates.io-6f17d22bba15001f/xxhash-0.0.6/src/lib.rs:45:18
[INFO] [stdout]    |
[INFO] [stdout] 45 | pub type isize = int;
[INFO] [stdout]    |                  ^^^
[INFO] [stdout]    |                  |
[INFO] [stdout]    |                  not found in this scope
[INFO] [stdout]    |                  help: perhaps you intended to use this type: `i32`
[INFO] [stdout] 
[INFO] [stdout] 
[INFO] [stdout] error[E0412]: cannot find type `uint` in this scope
[INFO] [stdout]   --> /opt/rustwide/cargo-home/registry/src/index.crates.io-6f17d22bba15001f/xxhash-0.0.6/src/lib.rs:47:18
[INFO] [stdout]    |
[INFO] [stdout] 47 | pub type usize = uint;
[INFO] [stdout]    |                  ^^^^ not found in this scope
[INFO] [stdout] 
[INFO] [stdout] 
[INFO] [stdout] error[E0557]: feature has been removed
[INFO] [stdout]   --> /opt/rustwide/cargo-home/git/checkouts/html5ever-48a92f35b16375be/771e136/macros/src/lib.rs:13:25
[INFO] [stdout]    |
[INFO] [stdout] 13 | #![feature(macro_rules, plugin_registrar, quote)]
[INFO] [stdout]    |                         ^^^^^^^^^^^^^^^^ feature has been removed
[INFO] [stdout]    |
[INFO] [stdout]    = note: a __rustc_plugin_registrar symbol must now be defined instead
[INFO] [stdout] 
[INFO] [stdout] 
[INFO] [stdout] error[E0412]: cannot find type `int` in this scope
[INFO] [stdout]    --> /opt/rustwide/cargo-home/registry/src/index.crates.io-6f17d22bba15001f/xxhash-0.0.6/src/lib.rs:115:59
[INFO] [stdout]     |
[INFO] [stdout] 115 |             let dst: *mut u8 = mem.offset(self.memsize as int);
[INFO] [stdout]     |                                                           ^^^
[INFO] [stdout]     |                                                           |
[INFO] [stdout]     |                                                           not found in this scope
[INFO] [stdout]     |                                                           help: perhaps you intended to use this type: `i32`
[INFO] [stdout] 
[INFO] [stdout] 
[INFO] [stdout] error[E0557]: feature has been removed
[INFO] [stdout]   --> /opt/rustwide/cargo-home/git/checkouts/html5ever-48a92f35b16375be/771e136/macros/src/lib.rs:13:43
[INFO] [stdout]    |
[INFO] [stdout] 13 | #![feature(macro_rules, plugin_registrar, quote)]
[INFO] [stdout]    |                                           ^^^^^ feature has been removed
[INFO] [stdout] 
[INFO] [stdout] 
[INFO] [stdout] error[E0412]: cannot find type `int` in this scope
[INFO] [stdout]    --> /opt/rustwide/cargo-home/registry/src/index.crates.io-6f17d22bba15001f/xxhash-0.0.6/src/lib.rs:124:59
[INFO] [stdout]     |
[INFO] [stdout] 124 |             let dst: *mut u8 = mem.offset(self.memsize as int);
[INFO] [stdout]     |                                                           ^^^
[INFO] [stdout]     |                                                           |
[INFO] [stdout]     |                                                           not found in this scope
[INFO] [stdout]     |                                                           help: perhaps you intended to use this type: `i32`
[INFO] [stdout] 
[INFO] [stdout] 
[INFO] [stdout] error[E0432]: unresolved import `core::slice::AsSlice`
[INFO] [stdout]  --> /opt/rustwide/cargo-home/registry/src/index.crates.io-6f17d22bba15001f/phf_shared-0.4.9/src/lib.rs:5:5
[INFO] [stdout]   |
[INFO] [stdout] 5 | use core::slice::AsSlice;
[INFO] [stdout]   |     ^^^^^^^^^^^^^-------
[INFO] [stdout]   |     |            |
[INFO] [stdout]   |     |            help: a similar name exists in the module: `slice`
[INFO] [stdout]   |     no `AsSlice` in `slice`
[INFO] [stdout] 
[INFO] [stdout] 
[INFO] [stdout] error[E0412]: cannot find type `int` in this scope
[INFO] [stdout]    --> /opt/rustwide/cargo-home/registry/src/index.crates.io-6f17d22bba15001f/xxhash-0.0.6/src/lib.rs:153:40
[INFO] [stdout]     |
[INFO] [stdout] 153 |             data = data.offset(bump as int);
[INFO] [stdout]     |                                        ^^^
[INFO] [stdout]     |                                        |
[INFO] [stdout]     |                                        not found in this scope
[INFO] [stdout]     |                                        help: perhaps you intended to use this type: `i32`
[INFO] [stdout] 
[INFO] [stdout] 
[INFO] [stdout] error[E0432]: unresolved import `core::str::StrExt`
[INFO] [stdout]  --> /opt/rustwide/cargo-home/registry/src/index.crates.io-6f17d22bba15001f/phf_shared-0.4.9/src/lib.rs:6:5
[INFO] [stdout]   |
[INFO] [stdout] 6 | use core::str::StrExt;
[INFO] [stdout]   |     ^^^^^^^^^^^^^^^^^ no `StrExt` in `str`
[INFO] [stdout] 
[INFO] [stdout] 
[INFO] [stdout] error[E0432]: unresolved import `core::hash::Writer`
[INFO] [stdout]  --> /opt/rustwide/cargo-home/registry/src/index.crates.io-6f17d22bba15001f/phf_shared-0.4.9/src/lib.rs:7:18
[INFO] [stdout]   |
[INFO] [stdout] 7 | use core::hash::{Writer, Hasher, Hash, SipHasher};
[INFO] [stdout]   |                  ^^^^^^ no `Writer` in `hash`
[INFO] [stdout] 
[INFO] [stdout] 
[INFO] [stdout] error: macros that expand to items must be delimited with braces or followed by a semicolon
[INFO] [stdout]   --> /opt/rustwide/cargo-home/git/checkouts/html5ever-48a92f35b16375be/771e136/macros/src/internal.rs:14:19
[INFO] [stdout]    |
[INFO] [stdout] 14 |   macro_rules! bail ( ($cx:expr, $sp:expr, $msg:expr) => ({
[INFO] [stdout]    |  ___________________^
[INFO] [stdout] 15 | |     $cx.span_err($sp, $msg);
[INFO] [stdout] 16 | |     return ::syntax::ext::base::DummyResult::any($sp);
[INFO] [stdout] 17 | | }))
[INFO] [stdout]    | |___^
[INFO] [stdout]    |
[INFO] [stdout] help: change the delimiters to curly braces
[INFO] [stdout]    |
[INFO] [stdout] 14 ~ macro_rules! bail { ($cx:expr, $sp:expr, $msg:expr) => ({
[INFO] [stdout] 15 |     $cx.span_err($sp, $msg);
[INFO] [stdout] 16 |     return ::syntax::ext::base::DummyResult::any($sp);
[INFO] [stdout] 17 ~ })}
[INFO] [stdout]    |
[INFO] [stdout] help: add a semicolon
[INFO] [stdout]    |
[INFO] [stdout] 17 | }));
[INFO] [stdout]    |    +
[INFO] [stdout] 
[INFO] [stdout] 
[INFO] [stdout] error: macros that expand to items must be delimited with braces or followed by a semicolon
[INFO] [stdout]   --> /opt/rustwide/cargo-home/git/checkouts/html5ever-48a92f35b16375be/771e136/macros/src/internal.rs:19:22
[INFO] [stdout]    |
[INFO] [stdout] 19 |   macro_rules! bail_if ( ($e:expr, $cx:expr, $sp:expr, $msg:expr) => (
[INFO] [stdout]    |  ______________________^
[INFO] [stdout] 20 | |     if $e { bail!($cx, $sp, $msg) }
[INFO] [stdout] 21 | | ))
[INFO] [stdout]    | |__^
[INFO] [stdout]    |
[INFO] [stdout] help: change the delimiters to curly braces
[INFO] [stdout]    |
[INFO] [stdout] 19 ~ macro_rules! bail_if { ($e:expr, $cx:expr, $sp:expr, $msg:expr) => (
[INFO] [stdout] 20 |     if $e { bail!($cx, $sp, $msg) }
[INFO] [stdout] 21 ~ )}
[INFO] [stdout]    |
[INFO] [stdout] help: add a semicolon
[INFO] [stdout]    |
[INFO] [stdout] 21 | ));
[INFO] [stdout]    |   +
[INFO] [stdout] 
[INFO] [stdout] 
[INFO] [stdout] error: expected expression, found `]`
[INFO] [stdout]    --> /opt/rustwide/cargo-home/registry/src/index.crates.io-6f17d22bba15001f/rustc-serialize-0.2.7/src/json.rs:630:39
[INFO] [stdout]     |
[INFO] [stdout] 630 |         let out = str::from_utf8(&buf[]).unwrap();
[INFO] [stdout]     |                                       ^ expected expression
[INFO] [stdout] 
[INFO] [stdout] 
[INFO] [stdout] error: macros that expand to items must be delimited with braces or followed by a semicolon
[INFO] [stdout]   --> /opt/rustwide/cargo-home/git/checkouts/html5ever-48a92f35b16375be/771e136/macros/src/internal.rs:23:21
[INFO] [stdout]    |
[INFO] [stdout] 23 |   macro_rules! expect ( ($cx:expr, $sp:expr, $e:expr, $msg:expr) => (
[INFO] [stdout]    |  _____________________^
[INFO] [stdout] 24 | |     match $e {
[INFO] [stdout] 25 | |         Some(x) => x,
[INFO] [stdout] 26 | |         None => bail!($cx, $sp, $msg),
[INFO] [stdout] 27 | |     }
[INFO] [stdout] 28 | | ))
[INFO] [stdout]    | |__^
[INFO] [stdout]    |
[INFO] [stdout] help: change the delimiters to curly braces
[INFO] [stdout]    |
[INFO] [stdout] 23 ~ macro_rules! expect { ($cx:expr, $sp:expr, $e:expr, $msg:expr) => (
[INFO] [stdout] 24 |     match $e {
[INFO] [stdout]  ...
[INFO] [stdout] 27 |     }
[INFO] [stdout] 28 ~ )}
[INFO] [stdout]    |
[INFO] [stdout] help: add a semicolon
[INFO] [stdout]    |
[INFO] [stdout] 28 | ));
[INFO] [stdout]    |   +
[INFO] [stdout] 
[INFO] [stdout] 
[INFO] [stdout] error[E0432]: unresolved import `std::io::Command`
[INFO] [stdout]  --> /opt/rustwide/cargo-home/registry/src/index.crates.io-6f17d22bba15001f/gcc-0.1.4/src/lib.rs:3:5
[INFO] [stdout]   |
[INFO] [stdout] 3 | use std::io::Command;
[INFO] [stdout]   |     ^^^^^^^^^^^^^^^^ no `Command` in `io`
[INFO] [stdout]   |
[INFO] [stdout] help: consider importing this struct instead
[INFO] [stdout]   |
[INFO] [stdout] 3 | use std::process::Command;
[INFO] [stdout]   |     ~~~~~~~~~~~~~~~~~~~~~
[INFO] [stdout] 
[INFO] [stdout] 
[INFO] [stdout] error: expected expression, found `]`
[INFO] [stdout]    --> /opt/rustwide/cargo-home/registry/src/index.crates.io-6f17d22bba15001f/rustc-serialize-0.2.7/src/json.rs:901:39
[INFO] [stdout]     |
[INFO] [stdout] 901 |         let out = str::from_utf8(&buf[]).unwrap();
[INFO] [stdout]     |                                       ^ expected expression
[INFO] [stdout] 
[INFO] [stdout] 
[INFO] [stdout] error[E0432]: unresolved import `std::io::process`
[INFO] [stdout]  --> /opt/rustwide/cargo-home/registry/src/index.crates.io-6f17d22bba15001f/gcc-0.1.4/src/lib.rs:4:14
[INFO] [stdout]   |
[INFO] [stdout] 4 | use std::io::process::InheritFd;
[INFO] [stdout]   |              ^^^^^^^ could not find `process` in `io`
[INFO] [stdout] 
[INFO] [stdout] 
[INFO] [stdout] error: expected expression, found `]`
[INFO] [stdout]     --> /opt/rustwide/cargo-home/registry/src/index.crates.io-6f17d22bba15001f/rustc-serialize-0.2.7/src/json.rs:1054:44
[INFO] [stdout]      |
[INFO] [stdout] 1054 |             Json::String(ref s) => Some(&s[]),
[INFO] [stdout]      |                                            ^ expected expression
[INFO] [stdout] 
[INFO] [stdout] 
[INFO] [stdout] error[E0432]: unresolved import `std::os::getenv`
[INFO] [stdout]   --> /opt/rustwide/cargo-home/registry/src/index.crates.io-6f17d22bba15001f/gcc-0.1.4/src/lib.rs:31:9
[INFO] [stdout]    |
[INFO] [stdout] 31 |     use std::os::getenv;
[INFO] [stdout]    |         ^^^^^^^^^^^^^^^ no `getenv` in `os`
[INFO] [stdout] 
[INFO] [stdout] 
[INFO] [stdout] error: expected expression, found `]`
[INFO] [stdout]     --> /opt/rustwide/cargo-home/registry/src/index.crates.io-6f17d22bba15001f/rustc-serialize-0.2.7/src/json.rs:2149:63
[INFO] [stdout]      |
[INFO] [stdout] 2149 |         let idx = match names.iter().position(|n| *n == &name[]) {
[INFO] [stdout]      |                   ----- while parsing this `match` expression ^ expected expression
[INFO] [stdout] 
[INFO] [stdout] 
[INFO] [stdout] error[E0433]: failed to resolve: could not find `fs` in `io`
[INFO] [stdout]    --> /opt/rustwide/cargo-home/registry/src/index.crates.io-6f17d22bba15001f/gcc-0.1.4/src/lib.rs:104:18
[INFO] [stdout]     |
[INFO] [stdout] 104 |         std::io::fs::mkdir_recursive(&obj.dir_path(), std::io::USER_RWX).unwrap();
[INFO] [stdout]     |                  ^^ could not find `fs` in `io`
[INFO] [stdout] 
[INFO] [stdout] 
[INFO] [stdout] error: expected expression, found `]`
[INFO] [stdout]     --> /opt/rustwide/cargo-home/registry/src/index.crates.io-6f17d22bba15001f/rustc-serialize-0.2.7/src/json.rs:3359:43
[INFO] [stdout]      |
[INFO] [stdout] 3359 |         let json_str = from_utf8(&mem_buf[]).unwrap();
[INFO] [stdout]      |                                           ^ expected expression
[INFO] [stdout] 
[INFO] [stdout] 
[INFO] [stdout] error: expected expression, found `]`
[INFO] [stdout]     --> /opt/rustwide/cargo-home/registry/src/index.crates.io-6f17d22bba15001f/rustc-serialize-0.2.7/src/json.rs:3375:43
[INFO] [stdout]      |
[INFO] [stdout] 3375 |         let json_str = from_utf8(&mem_buf[]).unwrap();
[INFO] [stdout]      |                                           ^ expected expression
[INFO] [stdout] 
[INFO] [stdout] 
[INFO] [stdout] error[E0412]: cannot find type `Path` in this scope
[INFO] [stdout]   --> /opt/rustwide/cargo-home/registry/src/index.crates.io-6f17d22bba15001f/gcc-0.1.4/src/lib.rs:10:34
[INFO] [stdout]    |
[INFO] [stdout] 10 |     pub include_directories: Vec<Path>,
[INFO] [stdout]    |                                  ^^^^ not found in this scope
[INFO] [stdout]    |
[INFO] [stdout] help: consider importing this struct
[INFO] [stdout]    |
[INFO] [stdout] 3  + use std::path::Path;
[INFO] [stdout]    |
[INFO] [stdout] 
[INFO] [stdout] 
[INFO] [stdout] error[E0412]: cannot find type `Path` in this scope
[INFO] [stdout]   --> /opt/rustwide/cargo-home/registry/src/index.crates.io-6f17d22bba15001f/gcc-0.1.4/src/lib.rs:14:22
[INFO] [stdout]    |
[INFO] [stdout] 14 |     pub objects: Vec<Path>,
[INFO] [stdout]    |                      ^^^^ not found in this scope
[INFO] [stdout]    |
[INFO] [stdout] help: consider importing this struct
[INFO] [stdout]    |
[INFO] [stdout] 3  + use std::path::Path;
[INFO] [stdout]    |
[INFO] [stdout] 
[INFO] [stdout] 
[INFO] [stdout] error: expected expression, found `]`
[INFO] [stdout]     --> /opt/rustwide/cargo-home/registry/src/index.crates.io-6f17d22bba15001f/rustc-serialize-0.2.7/src/json.rs:3415:45
[INFO] [stdout]      |
[INFO] [stdout] 3415 |             let printed = from_utf8(&writer[]).unwrap();
[INFO] [stdout]      |                                             ^ expected expression
[INFO] [stdout] 
[INFO] [stdout] 
[INFO] [stdout] error[E0433]: failed to resolve: use of undeclared type `Path`
[INFO] [stdout]   --> /opt/rustwide/cargo-home/registry/src/index.crates.io-6f17d22bba15001f/gcc-0.1.4/src/lib.rs:99:15
[INFO] [stdout]    |
[INFO] [stdout] 99 |     let src = Path::new(getenv("CARGO_MANIFEST_DIR").unwrap());
[INFO] [stdout]    |               ^^^^ use of undeclared type `Path`
[INFO] [stdout]    |
[INFO] [stdout] help: consider importing this struct
[INFO] [stdout]    |
[INFO] [stdout] 3  + use std::path::Path;
[INFO] [stdout]    |
[INFO] [stdout] 
[INFO] [stdout] 
[INFO] [stdout] error[E0433]: failed to resolve: use of undeclared type `Path`
[INFO] [stdout]    --> /opt/rustwide/cargo-home/registry/src/index.crates.io-6f17d22bba15001f/gcc-0.1.4/src/lib.rs:100:15
[INFO] [stdout]     |
[INFO] [stdout] 100 |     let dst = Path::new(getenv("OUT_DIR").unwrap());
[INFO] [stdout]     |               ^^^^ use of undeclared type `Path`
[INFO] [stdout]     |
[INFO] [stdout] help: consider importing this struct
[INFO] [stdout]     |
[INFO] [stdout] 3   + use std::path::Path;
[INFO] [stdout]     |
[INFO] [stdout] 
[INFO] [stdout] 
[INFO] [stdout] error[E0425]: cannot find value `USER_RWX` in module `std::io`
[INFO] [stdout]    --> /opt/rustwide/cargo-home/registry/src/index.crates.io-6f17d22bba15001f/gcc-0.1.4/src/lib.rs:104:64
[INFO] [stdout]     |
[INFO] [stdout] 104 |         std::io::fs::mkdir_recursive(&obj.dir_path(), std::io::USER_RWX).unwrap();
[INFO] [stdout]     |                                                                ^^^^^^^^ not found in `std::io`
[INFO] [stdout] 
[INFO] [stdout] 
[INFO] [stdout] error: expected one of `!`, `(`, `+`, `::`, `;`, `<`, or `]`, found `,`
[INFO] [stdout]   --> /opt/rustwide/cargo-home/git/checkouts/html5ever-48a92f35b16375be/771e136/macros/src/named_entities.rs:34:54
[INFO] [stdout]    |
[INFO] [stdout] 34 | fn build_map(js: Json) -> Option<HashMap<String, [u32, ..2]>> {
[INFO] [stdout]    |                                                      ^ expected one of 7 possible tokens
[INFO] [stdout]    |
[INFO] [stdout] help: expressions must be enclosed in braces to be used as const generic arguments
[INFO] [stdout]    |
[INFO] [stdout] 34 | fn build_map(js: Json) -> Option<{ HashMap<String }, [u32, ..2]>> {
[INFO] [stdout]    |                                  +                +
[INFO] [stdout] 
[INFO] [stdout] 
[INFO] [stdout] error: expected one of `!`, `(`, `+`, `::`, `;`, `<`, or `]`, found `,`
[INFO] [stdout]   --> /opt/rustwide/cargo-home/git/checkouts/html5ever-48a92f35b16375be/771e136/macros/src/named_entities.rs:34:54
[INFO] [stdout]    |
[INFO] [stdout] 34 | fn build_map(js: Json) -> Option<HashMap<String, [u32, ..2]>> {
[INFO] [stdout]    |                                                      ^ expected one of 7 possible tokens
[INFO] [stdout] 
[INFO] [stdout] 
[INFO] [stdout] error[E0463]: can't find crate for `syntax`
[INFO] [stdout]   --> /opt/rustwide/cargo-home/git/checkouts/html5ever-48a92f35b16375be/771e136/macros/src/lib.rs:16:1
[INFO] [stdout]    |
[INFO] [stdout] 16 | extern crate syntax;
[INFO] [stdout]    | ^^^^^^^^^^^^^^^^^^^^ can't find crate
[INFO] [stdout] 
[INFO] [stdout] 
[INFO] [stdout] error[E0462]: found staticlib `rustc` instead of rlib or dylib
[INFO] [stdout]   --> /opt/rustwide/cargo-home/git/checkouts/html5ever-48a92f35b16375be/771e136/macros/src/lib.rs:17:1
[INFO] [stdout]    |
[INFO] [stdout] 17 | extern crate rustc;
[INFO] [stdout]    | ^^^^^^^^^^^^^^^^^^^
[INFO] [stdout]    |
[INFO] [stdout]    = note: the following crate versions were found:
[INFO] [stdout]            crate `rustc`: /opt/rustwide/rustup-home/toolchains/beta-2023-04-20-x86_64-unknown-linux-gnu/lib/rustlib/x86_64-unknown-linux-gnu/lib/librustc-beta_rt.msan.a
[INFO] [stdout]            crate `rustc`: /opt/rustwide/rustup-home/toolchains/beta-2023-04-20-x86_64-unknown-linux-gnu/lib/rustlib/x86_64-unknown-linux-gnu/lib/librustc-beta_rt.asan.a
[INFO] [stdout]            crate `rustc`: /opt/rustwide/rustup-home/toolchains/beta-2023-04-20-x86_64-unknown-linux-gnu/lib/rustlib/x86_64-unknown-linux-gnu/lib/librustc-beta_rt.tsan.a
[INFO] [stdout]            crate `rustc`: /opt/rustwide/rustup-home/toolchains/beta-2023-04-20-x86_64-unknown-linux-gnu/lib/rustlib/x86_64-unknown-linux-gnu/lib/librustc-beta_rt.lsan.a
[INFO] [stdout]    = help: please recompile that crate using --crate-type lib
[INFO] [stdout] 
[INFO] [stdout] 
[INFO] [stdout] error[E0463]: can't find crate for `serialize`
[INFO] [stdout]   --> /opt/rustwide/cargo-home/git/checkouts/html5ever-48a92f35b16375be/771e136/macros/src/lib.rs:18:1
[INFO] [stdout]    |
[INFO] [stdout] 18 | extern crate serialize;
[INFO] [stdout]    | ^^^^^^^^^^^^^^^^^^^^^^^ can't find crate
[INFO] [stdout] 
[INFO] [stdout] 
[INFO] [stdout] error[E0463]: can't find crate for `unicode`
[INFO] [stdout]   --> /opt/rustwide/cargo-home/registry/src/index.crates.io-6f17d22bba15001f/rustc-serialize-0.2.7/src/lib.rs:23:1
[INFO] [stdout]    |
[INFO] [stdout] 23 | extern crate unicode;
[INFO] [stdout]    | ^^^^^^^^^^^^^^^^^^^^^ can't find crate
[INFO] [stdout] 
[INFO] [stdout] 
[INFO] [stdout] error: aborting due to 25 previous errors
[INFO] [stdout] 
[INFO] [stdout] 
[INFO] [stdout] Some errors have detailed explanations: E0407, E0412, E0432.
[INFO] [stdout] 
[INFO] [stdout] For more information about an error, try `rustc --explain E0407`.
[INFO] [stdout] 
[INFO] [stdout] error[E0599]: no method named `result` found for struct `SipHasher` in the current scope
[INFO] [stdout]   --> /opt/rustwide/cargo-home/registry/src/index.crates.io-6f17d22bba15001f/phf_shared-0.4.9/src/lib.rs:56:21
[INFO] [stdout]    |
[INFO] [stdout] 56 |         split(state.result())
[INFO] [stdout]    |                     ^^^^^^ method not found in `SipHasher`
[INFO] [stdout] 
[INFO] [stdout] 
[INFO] [stderr] error: could not compile `xxhash` (lib) due to 26 previous errors
[INFO] [stderr] warning: build failed, waiting for other jobs to finish...
[INFO] [stdout] error[E0432]: unresolved imports `std::collections::hash_map::Occupied`, `std::collections::hash_map::Vacant`
[INFO] [stdout]    --> /opt/rustwide/cargo-home/git/checkouts/html5ever-48a92f35b16375be/771e136/macros/src/match_token.rs:101:34
[INFO] [stdout]     |
[INFO] [stdout] 101 | use std::collections::hash_map::{Occupied, Vacant};
[INFO] [stdout]     |                                  ^^^^^^^^  ^^^^^^ no `Vacant` in `collections::hash_map`
[INFO] [stdout]     |                                  |
[INFO] [stdout]     |                                  no `Occupied` in `collections::hash_map`
[INFO] [stdout]     |
[INFO] [stdout]     = help: consider importing one of these items instead:
[INFO] [stdout]             std::collections::btree_map::Entry::Occupied
[INFO] [stdout]             std::collections::hash_map::Entry::Occupied
[INFO] [stdout]             std::collections::hash_map::RawEntryMut::Occupied
[INFO] [stdout]     = help: consider importing one of these items instead:
[INFO] [stdout]             std::collections::btree_map::Entry::Vacant
[INFO] [stdout]             std::collections::hash_map::Entry::Vacant
[INFO] [stdout]             std::collections::hash_map::RawEntryMut::Vacant
[INFO] [stdout] 
[INFO] [stdout] 
[INFO] [stdout] error: cannot find attribute `deriving` in this scope
[INFO] [stdout]    --> /opt/rustwide/cargo-home/git/checkouts/html5ever-48a92f35b16375be/771e136/macros/src/match_token.rs:120:3
[INFO] [stdout]     |
[INFO] [stdout] 120 | #[deriving(PartialEq, Eq, Hash, Clone)]
[INFO] [stdout]     |   ^^^^^^^^
[INFO] [stdout] 
[INFO] [stdout] 
[INFO] [stdout] error: cannot find macro `quote_tokens` in this scope
[INFO] [stdout]    --> /opt/rustwide/cargo-home/git/checkouts/html5ever-48a92f35b16375be/771e136/macros/src/match_token.rs:130:25
[INFO] [stdout]     |
[INFO] [stdout] 130 |             StartTag => quote_tokens!(&mut *cx, ::tokenizer::StartTag),
[INFO] [stdout]     |                         ^^^^^^^^^^^^
[INFO] [stdout] 
[INFO] [stdout] 
[INFO] [stdout] error: cannot find macro `quote_tokens` in this scope
[INFO] [stdout]    --> /opt/rustwide/cargo-home/git/checkouts/html5ever-48a92f35b16375be/771e136/macros/src/match_token.rs:131:25
[INFO] [stdout]     |
[INFO] [stdout] 131 |             EndTag   => quote_tokens!(&mut *cx, ::tokenizer::EndTag),
[INFO] [stdout]     |                         ^^^^^^^^^^^^
[INFO] [stdout] 
[INFO] [stdout] 
[INFO] [stdout] error: cannot find attribute `deriving` in this scope
[INFO] [stdout]    --> /opt/rustwide/cargo-home/git/checkouts/html5ever-48a92f35b16375be/771e136/macros/src/match_token.rs:139:3
[INFO] [stdout]     |
[INFO] [stdout] 139 | #[deriving(PartialEq, Eq, Hash, Clone)]
[INFO] [stdout]     |   ^^^^^^^^
[INFO] [stdout] 
[INFO] [stdout] 
[INFO] [stdout] error: cannot find macro `quote_tokens` in this scope
[INFO] [stdout]    --> /opt/rustwide/cargo-home/git/checkouts/html5ever-48a92f35b16375be/771e136/macros/src/match_token.rs:283:22
[INFO] [stdout]     |
[INFO] [stdout] 283 |     let mut fields = quote_tokens!(&mut *cx, kind: $kind,);
[INFO] [stdout]     |                      ^^^^^^^^^^^^
[INFO] [stdout] 
[INFO] [stdout] 
[INFO] [stdout] error: cannot find macro `quote_tokens` in this scope
[INFO] [stdout]    --> /opt/rustwide/cargo-home/git/checkouts/html5ever-48a92f35b16375be/771e136/macros/src/match_token.rs:286:45
[INFO] [stdout]     |
[INFO] [stdout] 286 |         Some(name) => push_all(&mut fields, quote_tokens!(&mut *cx, name: atom!($name),)),
[INFO] [stdout]     |                                             ^^^^^^^^^^^^
[INFO] [stdout] 
[INFO] [stdout] 
[INFO] [stdout] error: cannot find macro `quote_tokens` in this scope
[INFO] [stdout]    --> /opt/rustwide/cargo-home/git/checkouts/html5ever-48a92f35b16375be/771e136/macros/src/match_token.rs:288:5
[INFO] [stdout]     |
[INFO] [stdout] 288 |     quote_tokens!(&mut *cx,
[INFO] [stdout]     |     ^^^^^^^^^^^^
[INFO] [stdout] 
[INFO] [stdout] 
[INFO] [stdout] error: cannot find macro `quote_tokens` in this scope
[INFO] [stdout]    --> /opt/rustwide/cargo-home/git/checkouts/html5ever-48a92f35b16375be/771e136/macros/src/match_token.rs:319:24
[INFO] [stdout]     |
[INFO] [stdout] 319 |             Some(i) => quote_tokens!(&mut *cx, $i @),
[INFO] [stdout]     |                        ^^^^^^^^^^^^
[INFO] [stdout] 
[INFO] [stdout] 
[INFO] [stdout] error: cannot find macro `quote_tokens` in this scope
[INFO] [stdout]    --> /opt/rustwide/cargo-home/git/checkouts/html5ever-48a92f35b16375be/771e136/macros/src/match_token.rs:331:41
[INFO] [stdout]     |
[INFO] [stdout] 331 |                 push_all(&mut arm_code, quote_tokens!(&mut *cx, $binding $pat => $expr,));
[INFO] [stdout]     |                                         ^^^^^^^^^^^^
[INFO] [stdout] 
[INFO] [stdout] 
[INFO] [stdout] error: aborting due to 5 previous errors
[INFO] [stdout] 
[INFO] [stdout] 
[INFO] [stdout] Some errors have detailed explanations: E0259, E0432, E0599.
[INFO] [stdout] 
[INFO] [stdout] For more information about an error, try `rustc --explain E0259`.
[INFO] [stdout] 
[INFO] [stdout] error: cannot find macro `quote_tokens` in this scope
[INFO] [stdout]    --> /opt/rustwide/cargo-home/git/checkouts/html5ever-48a92f35b16375be/771e136/macros/src/match_token.rs:367:57
[INFO] [stdout]     |
[INFO] [stdout] 367 | ...                   push_all(&mut arm_code, quote_tokens!(&mut *cx, |));
[INFO] [stdout]     |                                               ^^^^^^^^^^^^
[INFO] [stdout] 
[INFO] [stdout] 
[INFO] [stdout] error: cannot find macro `quote_tokens` in this scope
[INFO] [stdout]    --> /opt/rustwide/cargo-home/git/checkouts/html5ever-48a92f35b16375be/771e136/macros/src/match_token.rs:391:49
[INFO] [stdout]     |
[INFO] [stdout] 391 |                         push_all(&mut arm_code, quote_tokens!(&mut *cx, => $expr,));
[INFO] [stdout]     |                                                 ^^^^^^^^^^^^
[INFO] [stdout] 
[INFO] [stdout] 
[INFO] [stdout] error: cannot find macro `quote_tokens` in this scope
[INFO] [stdout]    --> /opt/rustwide/cargo-home/git/checkouts/html5ever-48a92f35b16375be/771e136/macros/src/match_token.rs:443:50
[INFO] [stdout]     |
[INFO] [stdout] 443 |             push_all(&mut enable_wildcards_code, quote_tokens!(&mut *cx, => false,));
[INFO] [stdout]     |                                                  ^^^^^^^^^^^^
[INFO] [stdout] 
[INFO] [stdout] 
[INFO] [stdout] error[E0599]: no method named `as_slice` found for struct `String` in the current scope
[INFO] [stdout]   --> /opt/rustwide/cargo-home/registry/src/index.crates.io-6f17d22bba15001f/gcc-0.1.4/src/lib.rs:59:43
[INFO] [stdout]    |
[INFO] [stdout] 59 |     let mut cmd = Command::new(gcc(target.as_slice()));
[INFO] [stdout]    |                                           ^^^^^^^^ method not found in `String`
[INFO] [stdout] 
[INFO] [stdout] 
[INFO] [stdout] error: cannot find macro `quote_tokens` in this scope
[INFO] [stdout]    --> /opt/rustwide/cargo-home/git/checkouts/html5ever-48a92f35b16375be/771e136/macros/src/match_token.rs:451:38
[INFO] [stdout]     |
[INFO] [stdout] 451 |         push_all(&mut wildcard_code, quote_tokens!(&mut *cx,
[INFO] [stdout]     |                                      ^^^^^^^^^^^^
[INFO] [stdout] 
[INFO] [stdout] 
[INFO] [stdout] error: cannot find macro `quote_expr` in this scope
[INFO] [stdout]    --> /opt/rustwide/cargo-home/git/checkouts/html5ever-48a92f35b16375be/771e136/macros/src/match_token.rs:457:18
[INFO] [stdout]     |
[INFO] [stdout] 457 |     MacExpr::new(quote_expr!(&mut *cx,
[INFO] [stdout]     |                  ^^^^^^^^^^
[INFO] [stdout] 
[INFO] [stdout] 
[INFO] [stdout] error: cannot find attribute `plugin_registrar` in this scope
[INFO] [stdout]   --> /opt/rustwide/cargo-home/git/checkouts/html5ever-48a92f35b16375be/771e136/macros/src/lib.rs:30:3
[INFO] [stdout]    |
[INFO] [stdout] 30 | #[plugin_registrar]
[INFO] [stdout]    |   ^^^^^^^^^^^^^^^^
[INFO] [stdout]    |
[INFO] [stdout]    = note: `plugin_registrar` is in scope, but it is a function, not an attribute
[INFO] [stdout] 
[INFO] [stdout] 
[INFO] [stderr] error: could not compile `phf_shared` (lib) due to 6 previous errors
[INFO] [stdout] error[E0425]: cannot find value `expand` in module `named_entities`
[INFO] [stdout]   --> /opt/rustwide/cargo-home/git/checkouts/html5ever-48a92f35b16375be/771e136/macros/src/lib.rs:32:58
[INFO] [stdout]    |
[INFO] [stdout] 32 |     reg.register_macro("named_entities", named_entities::expand);
[INFO] [stdout]    |                                                          ^^^^^^ not found in `named_entities`
[INFO] [stdout]    |
[INFO] [stdout] help: consider importing this function
[INFO] [stdout]    |
[INFO] [stdout] 20 + use match_token::expand;
[INFO] [stdout]    |
[INFO] [stdout] help: if you import `expand`, refer to it directly
[INFO] [stdout]    |
[INFO] [stdout] 32 -     reg.register_macro("named_entities", named_entities::expand);
[INFO] [stdout] 32 +     reg.register_macro("named_entities", expand);
[INFO] [stdout]    |
[INFO] [stdout] 
[INFO] [stdout] 
[INFO] [stdout] error[E0554]: `#![feature]` may not be used on the beta release channel
[INFO] [stdout]   --> /opt/rustwide/cargo-home/git/checkouts/html5ever-48a92f35b16375be/771e136/macros/src/lib.rs:13:1
[INFO] [stdout]    |
[INFO] [stdout] 13 | #![feature(macro_rules, plugin_registrar, quote)]
[INFO] [stdout]    | ^^^^^^^^^^^^^^^^^^^^^^^^^^^^^^^^^^^^^^^^^^^^^^^^^
[INFO] [stdout]    |
[INFO] [stdout]    = help: the feature `macro_rules` has been stable since `1.0.0` and no longer requires an attribute to enable
[INFO] [stdout] 
[INFO] [stdout] 
[INFO] [stdout] error[E0642]: patterns aren't allowed in functions without bodies
[INFO] [stdout]    --> /opt/rustwide/cargo-home/registry/src/index.crates.io-6f17d22bba15001f/rustc-serialize-0.2.7/src/serialize.rs:142:45
[INFO] [stdout]     |
[INFO] [stdout] 142 | ...                   &f_name: &str,
[INFO] [stdout]     |                       ^^^^^^^ pattern not allowed in function without body
[INFO] [stdout] 
[INFO] [stdout] 
[INFO] [stdout] error[E0599]: no method named `as_slice` found for struct `String` in the current scope
[INFO] [stdout]   --> /opt/rustwide/cargo-home/registry/src/index.crates.io-6f17d22bba15001f/gcc-0.1.4/src/lib.rs:65:15
[INFO] [stdout]    |
[INFO] [stdout] 65 |     if target.as_slice().contains("-ios") {
[INFO] [stdout]    |               ^^^^^^^^ method not found in `String`
[INFO] [stdout] 
[INFO] [stdout] 
[INFO] [stdout] error: aborting due to 28 previous errors
[INFO] [stdout] 
[INFO] [stdout] 
[INFO] [stdout] Some errors have detailed explanations: E0425, E0432, E0462, E0463, E0554, E0557.
[INFO] [stdout] 
[INFO] [stdout] For more information about an error, try `rustc --explain E0425`.
[INFO] [stdout] 
[INFO] [stderr] error: could not compile `html5ever_macros` (lib) due to 29 previous errors
[INFO] [stdout] error[E0599]: no method named `as_slice` found for struct `String` in the current scope
[INFO] [stdout]   --> /opt/rustwide/cargo-home/registry/src/index.crates.io-6f17d22bba15001f/gcc-0.1.4/src/lib.rs:66:35
[INFO] [stdout]    |
[INFO] [stdout] 66 |         cmd.args(ios_flags(target.as_slice()).as_slice());
[INFO] [stdout]    |                                   ^^^^^^^^ method not found in `String`
[INFO] [stdout] 
[INFO] [stdout] 
[INFO] [stdout] error[E0432]: unresolved imports `std::collections::DList`, `std::collections::RingBuf`, `std::collections::VecMap`
[INFO] [stdout]   --> /opt/rustwide/cargo-home/registry/src/index.crates.io-6f17d22bba15001f/rustc-serialize-0.2.7/src/collection_impls.rs:17:24
[INFO] [stdout]    |
[INFO] [stdout] 17 | use std::collections::{DList, RingBuf, BTreeMap, BTreeSet, HashMap, HashSet, VecMap};
[INFO] [stdout]    |                        ^^^^^  ^^^^^^^ no `RingBuf` in `collections`          ^^^^^^ no `VecMap` in `collections`
[INFO] [stdout]    |                        |
[INFO] [stdout]    |                        no `DList` in `collections`
[INFO] [stdout] 
[INFO] [stdout] 
[INFO] [stdout] error[E0432]: unresolved import `std::collections::hash_state`
[INFO] [stdout]   --> /opt/rustwide/cargo-home/registry/src/index.crates.io-6f17d22bba15001f/rustc-serialize-0.2.7/src/collection_impls.rs:18:23
[INFO] [stdout]    |
[INFO] [stdout] 18 | use std::collections::hash_state::HashState;
[INFO] [stdout]    |                       ^^^^^^^^^^ could not find `hash_state` in `collections`
[INFO] [stdout] 
[INFO] [stdout] 
[INFO] [stdout] error[E0432]: unresolved imports `std::num::Float`, `std::num::Int`
[INFO] [stdout]    --> /opt/rustwide/cargo-home/registry/src/index.crates.io-6f17d22bba15001f/rustc-serialize-0.2.7/src/json.rs:209:16
[INFO] [stdout]     |
[INFO] [stdout] 209 | use std::num::{Float, Int};
[INFO] [stdout]     |                ^^^^^  ^^^ no `Int` in `num`
[INFO] [stdout]     |                |
[INFO] [stdout]     |                no `Float` in `num`
[INFO] [stdout] 
[INFO] [stdout] 
[INFO] [stdout] error: cannot find derive macro `Show` in this scope
[INFO] [stdout]    --> /opt/rustwide/cargo-home/registry/src/index.crates.io-6f17d22bba15001f/rustc-serialize-0.2.7/src/json.rs:219:40
[INFO] [stdout]     |
[INFO] [stdout] 219 | #[derive(Clone, PartialEq, PartialOrd, Show)]
[INFO] [stdout]     |                                        ^^^^
[INFO] [stdout] 
[INFO] [stdout] 
[INFO] [stdout] error[E0599]: no method named `as_slice` found for struct `String` in the current scope
[INFO] [stdout]   --> /opt/rustwide/cargo-home/registry/src/index.crates.io-6f17d22bba15001f/gcc-0.1.4/src/lib.rs:72:19
[INFO] [stdout]    |
[INFO] [stdout] 72 |         if target.as_slice().contains("i686") {
[INFO] [stdout]    |                   ^^^^^^^^ method not found in `String`
[INFO] [stdout] 
[INFO] [stdout] 
[INFO] [stdout] error: cannot find derive macro `Show` in this scope
[INFO] [stdout]    --> /opt/rustwide/cargo-home/registry/src/index.crates.io-6f17d22bba15001f/rustc-serialize-0.2.7/src/json.rs:261:34
[INFO] [stdout]     |
[INFO] [stdout] 261 | #[derive(Clone, Copy, PartialEq, Show)]
[INFO] [stdout]     |                                  ^^^^
[INFO] [stdout] 
[INFO] [stdout] 
[INFO] [stdout] error: cannot find derive macro `Show` in this scope
[INFO] [stdout]    --> /opt/rustwide/cargo-home/registry/src/index.crates.io-6f17d22bba15001f/rustc-serialize-0.2.7/src/json.rs:271:28
[INFO] [stdout]     |
[INFO] [stdout] 271 | #[derive(Clone, PartialEq, Show)]
[INFO] [stdout]     |                            ^^^^
[INFO] [stdout] 
[INFO] [stdout] 
[INFO] [stdout] error: cannot find derive macro `Show` in this scope
[INFO] [stdout]     --> /opt/rustwide/cargo-home/registry/src/index.crates.io-6f17d22bba15001f/rustc-serialize-0.2.7/src/json.rs:1171:28
[INFO] [stdout]      |
[INFO] [stdout] 1171 | #[derive(PartialEq, Clone, Show)]
[INFO] [stdout]      |                            ^^^^
[INFO] [stdout] 
[INFO] [stdout] 
[INFO] [stdout] error: cannot find derive macro `Show` in this scope
[INFO] [stdout]     --> /opt/rustwide/cargo-home/registry/src/index.crates.io-6f17d22bba15001f/rustc-serialize-0.2.7/src/json.rs:1186:21
[INFO] [stdout]      |
[INFO] [stdout] 1186 | #[derive(PartialEq, Show)]
[INFO] [stdout]      |                     ^^^^
[INFO] [stdout] 
[INFO] [stdout] 
[INFO] [stdout] error: cannot find derive macro `Show` in this scope
[INFO] [stdout]     --> /opt/rustwide/cargo-home/registry/src/index.crates.io-6f17d22bba15001f/rustc-serialize-0.2.7/src/json.rs:1215:28
[INFO] [stdout]      |
[INFO] [stdout] 1215 | #[derive(PartialEq, Clone, Show)]
[INFO] [stdout]      |                            ^^^^
[INFO] [stdout] 
[INFO] [stdout] 
[INFO] [stdout] error: cannot find derive macro `Show` in this scope
[INFO] [stdout]     --> /opt/rustwide/cargo-home/registry/src/index.crates.io-6f17d22bba15001f/rustc-serialize-0.2.7/src/json.rs:1223:28
[INFO] [stdout]      |
[INFO] [stdout] 1223 | #[derive(PartialEq, Clone, Show)]
[INFO] [stdout]      |                            ^^^^
[INFO] [stdout] 
[INFO] [stdout] 
[INFO] [stdout] error[E0599]: no method named `as_slice` found for struct `String` in the current scope
[INFO] [stdout]   --> /opt/rustwide/cargo-home/registry/src/index.crates.io-6f17d22bba15001f/gcc-0.1.4/src/lib.rs:74:26
[INFO] [stdout]    |
[INFO] [stdout] 74 |         } else if target.as_slice().contains("x86_64") {
[INFO] [stdout]    |                          ^^^^^^^^ method not found in `String`
[INFO] [stdout] 
[INFO] [stdout] 
[INFO] [stdout] error[E0433]: failed to resolve: could not find `posix` in `path`
[INFO] [stdout]    --> /opt/rustwide/cargo-home/registry/src/index.crates.io-6f17d22bba15001f/rustc-serialize-0.2.7/src/serialize.rs:541:26
[INFO] [stdout]     |
[INFO] [stdout] 541 | impl Encodable for path::posix::Path {
[INFO] [stdout]     |                          ^^^^^ could not find `posix` in `path`
[INFO] [stdout] 
[INFO] [stdout] 
[INFO] [stdout] error[E0433]: failed to resolve: could not find `posix` in `path`
[INFO] [stdout]    --> /opt/rustwide/cargo-home/registry/src/index.crates.io-6f17d22bba15001f/rustc-serialize-0.2.7/src/serialize.rs:547:26
[INFO] [stdout]     |
[INFO] [stdout] 547 | impl Decodable for path::posix::Path {
[INFO] [stdout]     |                          ^^^^^ could not find `posix` in `path`
[INFO] [stdout] 
[INFO] [stdout] 
[INFO] [stdout] error[E0433]: failed to resolve: could not find `posix` in `path`
[INFO] [stdout]    --> /opt/rustwide/cargo-home/registry/src/index.crates.io-6f17d22bba15001f/rustc-serialize-0.2.7/src/serialize.rs:548:54
[INFO] [stdout]     |
[INFO] [stdout] 548 |     fn decode<D: Decoder>(d: &mut D) -> Result<path::posix::Path, D::Error> {
[INFO] [stdout]     |                                                      ^^^^^ could not find `posix` in `path`
[INFO] [stdout] 
[INFO] [stdout] 
[INFO] [stdout] error[E0433]: failed to resolve: could not find `windows` in `path`
[INFO] [stdout]    --> /opt/rustwide/cargo-home/registry/src/index.crates.io-6f17d22bba15001f/rustc-serialize-0.2.7/src/serialize.rs:554:26
[INFO] [stdout]     |
[INFO] [stdout] 554 | impl Encodable for path::windows::Path {
[INFO] [stdout]     |                          ^^^^^^^ could not find `windows` in `path`
[INFO] [stdout] 
[INFO] [stdout] 
[INFO] [stdout] error[E0433]: failed to resolve: could not find `windows` in `path`
[INFO] [stdout]    --> /opt/rustwide/cargo-home/registry/src/index.crates.io-6f17d22bba15001f/rustc-serialize-0.2.7/src/serialize.rs:560:26
[INFO] [stdout]     |
[INFO] [stdout] 560 | impl Decodable for path::windows::Path {
[INFO] [stdout]     |                          ^^^^^^^ could not find `windows` in `path`
[INFO] [stdout] 
[INFO] [stdout] 
[INFO] [stdout] error[E0433]: failed to resolve: could not find `windows` in `path`
[INFO] [stdout]    --> /opt/rustwide/cargo-home/registry/src/index.crates.io-6f17d22bba15001f/rustc-serialize-0.2.7/src/serialize.rs:561:54
[INFO] [stdout]     |
[INFO] [stdout] 561 |     fn decode<D: Decoder>(d: &mut D) -> Result<path::windows::Path, D::Error> {
[INFO] [stdout]     |                                                      ^^^^^^^ could not find `windows` in `path`
[INFO] [stdout] 
[INFO] [stdout] 
[INFO] [stdout] error[E0599]: no method named `as_slice` found for struct `String` in the current scope
[INFO] [stdout]   --> /opt/rustwide/cargo-home/registry/src/index.crates.io-6f17d22bba15001f/gcc-0.1.4/src/lib.rs:78:20
[INFO] [stdout]    |
[INFO] [stdout] 78 |         if !target.as_slice().contains("i686") {
[INFO] [stdout]    |                    ^^^^^^^^ method not found in `String`
[INFO] [stdout] 
[INFO] [stdout] 
[INFO] [stdout] error[E0407]: method `detail` is not a member of trait `error::Error`
[INFO] [stdout]    --> /opt/rustwide/cargo-home/registry/src/index.crates.io-6f17d22bba15001f/rustc-serialize-0.2.7/src/base64.rs:207:5
[INFO] [stdout]     |
[INFO] [stdout] 207 | /     fn detail(&self) -> Option<String> {
[INFO] [stdout] 208 | |         Some(format!("{:?}", self))
[INFO] [stdout] 209 | |     }
[INFO] [stdout]     | |_____^ not a member of trait `error::Error`
[INFO] [stdout] 
[INFO] [stdout] 
[INFO] [stdout] error[E0407]: method `detail` is not a member of trait `error::Error`
[INFO] [stdout]   --> /opt/rustwide/cargo-home/registry/src/index.crates.io-6f17d22bba15001f/rustc-serialize-0.2.7/src/hex.rs:91:5
[INFO] [stdout]    |
[INFO] [stdout] 91 | /     fn detail(&self) -> Option<String> {
[INFO] [stdout] 92 | |         Some(format!("{:?}", self))
[INFO] [stdout] 93 | |     }
[INFO] [stdout]    | |_____^ not a member of trait `error::Error`
[INFO] [stdout] 
[INFO] [stdout] 
[INFO] [stdout] error[E0407]: method `detail` is not a member of trait `std::error::Error`
[INFO] [stdout]    --> /opt/rustwide/cargo-home/registry/src/index.crates.io-6f17d22bba15001f/rustc-serialize-0.2.7/src/json.rs:336:5
[INFO] [stdout]     |
[INFO] [stdout] 336 |     fn detail(&self) -> Option<std::string::String> { Some(format!("{:?}", self)) }
[INFO] [stdout]     |     ^^^^^^^^^^^^^^^^^^^^^^^^^^^^^^^^^^^^^^^^^^^^^^^^^^^^^^^^^^^^^^^^^^^^^^^^^^^^^^^ not a member of trait `std::error::Error`
[INFO] [stdout] 
[INFO] [stdout] 
[INFO] [stdout] error[E0599]: no method named `as_slice` found for struct `String` in the current scope
[INFO] [stdout]    --> /opt/rustwide/cargo-home/registry/src/index.crates.io-6f17d22bba15001f/gcc-0.1.4/src/lib.rs:110:32
[INFO] [stdout]     |
[INFO] [stdout] 110 |     run(Command::new(ar(target.as_slice())).arg("crus")
[INFO] [stdout]     |                                ^^^^^^^^ method not found in `String`
[INFO] [stdout] 
[INFO] [stdout] 
[INFO] [stdout] error: macros that expand to items must be delimited with braces or followed by a semicolon
[INFO] [stdout]   --> /opt/rustwide/cargo-home/git/checkouts/string-cache-adfe29e1cbae0b6c/c63f564/macros/src/lib.rs:25:19
[INFO] [stdout]    |
[INFO] [stdout] 25 |   macro_rules! bail ( ($cx:expr, $sp:expr, $msg:expr) => ({
[INFO] [stdout]    |  ___________________^
[INFO] [stdout] 26 | |     $cx.span_err($sp, $msg);
[INFO] [stdout] 27 | |     return ::syntax::ext::base::DummyResult::any($sp);
[INFO] [stdout] 28 | | }))
[INFO] [stdout]    | |___^
[INFO] [stdout]    |
[INFO] [stdout] help: change the delimiters to curly braces
[INFO] [stdout]    |
[INFO] [stdout] 25 ~ macro_rules! bail { ($cx:expr, $sp:expr, $msg:expr) => ({
[INFO] [stdout] 26 |     $cx.span_err($sp, $msg);
[INFO] [stdout] 27 |     return ::syntax::ext::base::DummyResult::any($sp);
[INFO] [stdout] 28 ~ })}
[INFO] [stdout]    |
[INFO] [stdout] help: add a semicolon
[INFO] [stdout]    |
[INFO] [stdout] 28 | }));
[INFO] [stdout]    |    +
[INFO] [stdout] 
[INFO] [stdout] 
[INFO] [stdout] error: macros that expand to items must be delimited with braces or followed by a semicolon
[INFO] [stdout]   --> /opt/rustwide/cargo-home/git/checkouts/string-cache-adfe29e1cbae0b6c/c63f564/macros/src/lib.rs:30:22
[INFO] [stdout]    |
[INFO] [stdout] 30 |   macro_rules! bail_if ( ($e:expr, $cx:expr, $sp:expr, $msg:expr) => (
[INFO] [stdout]    |  ______________________^
[INFO] [stdout] 31 | |     if $e { bail!($cx, $sp, $msg) }
[INFO] [stdout] 32 | | ))
[INFO] [stdout]    | |__^
[INFO] [stdout]    |
[INFO] [stdout] help: change the delimiters to curly braces
[INFO] [stdout]    |
[INFO] [stdout] 30 ~ macro_rules! bail_if { ($e:expr, $cx:expr, $sp:expr, $msg:expr) => (
[INFO] [stdout] 31 |     if $e { bail!($cx, $sp, $msg) }
[INFO] [stdout] 32 ~ )}
[INFO] [stdout]    |
[INFO] [stdout] help: add a semicolon
[INFO] [stdout]    |
[INFO] [stdout] 32 | ));
[INFO] [stdout]    |   +
[INFO] [stdout] 
[INFO] [stdout] 
[INFO] [stdout] error: macros that expand to items must be delimited with braces or followed by a semicolon
[INFO] [stdout]   --> /opt/rustwide/cargo-home/git/checkouts/string-cache-adfe29e1cbae0b6c/c63f564/macros/src/lib.rs:34:21
[INFO] [stdout]    |
[INFO] [stdout] 34 |   macro_rules! expect ( ($cx:expr, $sp:expr, $e:expr, $msg:expr) => (
[INFO] [stdout]    |  _____________________^
[INFO] [stdout] 35 | |     match $e {
[INFO] [stdout] 36 | |         Some(x) => x,
[INFO] [stdout] 37 | |         None => bail!($cx, $sp, $msg),
[INFO] [stdout] 38 | |     }
[INFO] [stdout] 39 | | ))
[INFO] [stdout]    | |__^
[INFO] [stdout]    |
[INFO] [stdout] help: change the delimiters to curly braces
[INFO] [stdout]    |
[INFO] [stdout] 34 ~ macro_rules! expect { ($cx:expr, $sp:expr, $e:expr, $msg:expr) => (
[INFO] [stdout] 35 |     match $e {
[INFO] [stdout]  ...
[INFO] [stdout] 38 |     }
[INFO] [stdout] 39 ~ )}
[INFO] [stdout]    |
[INFO] [stdout] help: add a semicolon
[INFO] [stdout]    |
[INFO] [stdout] 39 | ));
[INFO] [stdout]    |   +
[INFO] [stdout] 
[INFO] [stdout] 
[INFO] [stdout] error[E0599]: no method named `slice` found for reference `&str` in the current scope
[INFO] [stdout]    --> /opt/rustwide/cargo-home/registry/src/index.crates.io-6f17d22bba15001f/gcc-0.1.4/src/lib.rs:115:36
[INFO] [stdout]     |
[INFO] [stdout] 115 |              dst.display(), output.slice(3, output.len() - 2));
[INFO] [stdout]     |                                    ^^^^^ help: there is a method with a similar name: `split_once`
[INFO] [stdout] 
[INFO] [stdout] 
[INFO] [stdout] error[E0557]: feature has been removed
[INFO] [stdout]   --> /opt/rustwide/cargo-home/git/checkouts/string-cache-adfe29e1cbae0b6c/c63f564/macros/src/lib.rs:13:25
[INFO] [stdout]    |
[INFO] [stdout] 13 | #![feature(macro_rules, plugin_registrar, quote, phase)]
[INFO] [stdout]    |                         ^^^^^^^^^^^^^^^^ feature has been removed
[INFO] [stdout]    |
[INFO] [stdout]    = note: a __rustc_plugin_registrar symbol must now be defined instead
[INFO] [stdout] 
[INFO] [stdout] 
[INFO] [stdout] error[E0557]: feature has been removed
[INFO] [stdout]   --> /opt/rustwide/cargo-home/git/checkouts/string-cache-adfe29e1cbae0b6c/c63f564/macros/src/lib.rs:13:43
[INFO] [stdout]    |
[INFO] [stdout] 13 | #![feature(macro_rules, plugin_registrar, quote, phase)]
[INFO] [stdout]    |                                           ^^^^^ feature has been removed
[INFO] [stdout] 
[INFO] [stdout] 
[INFO] [stdout] error: `box_syntax` has been removed
[INFO] [stdout]   --> /opt/rustwide/cargo-home/git/checkouts/string-cache-adfe29e1cbae0b6c/c63f564/macros/src/atom/mod.rs:92:5
[INFO] [stdout]    |
[INFO] [stdout] 92 | /     box expect!(cx, sp, make_atom_result(cx, name.get()),
[INFO] [stdout] 93 | |         format!("Unknown static atom {}", name.get()).as_slice())
[INFO] [stdout]    | |_________________________________________________________________^
[INFO] [stdout]    |
[INFO] [stdout] help: use `Box::new()` instead
[INFO] [stdout]    |
[INFO] [stdout] 92 ~     Box::new(expect!(cx, sp, make_atom_result(cx, name.get()),
[INFO] [stdout] 93 +         format!("Unknown static atom {}", name.get()).as_slice()))
[INFO] [stdout]    |
[INFO] [stdout] 
[INFO] [stdout] 
[INFO] [stdout] error: `box_syntax` has been removed
[INFO] [stdout]    --> /opt/rustwide/cargo-home/git/checkouts/string-cache-adfe29e1cbae0b6c/c63f564/macros/src/atom/mod.rs:130:5
[INFO] [stdout]     |
[INFO] [stdout] 130 | /     box AtomResult {
[INFO] [stdout] 131 | |         expr: quote_expr!(&mut *cx, ::string_cache::namespace::Namespace($expr)),
[INFO] [stdout] 132 | |         pat: quote_pat!(&mut *cx, ::string_cache::namespace::Namespace($pat)),
[INFO] [stdout] 133 | |     }
[INFO] [stdout]     | |_____^
[INFO] [stdout]     |
[INFO] [stdout] help: use `Box::new()` instead
[INFO] [stdout]     |
[INFO] [stdout] 130 ~     Box::new(AtomResult {
[INFO] [stdout] 131 +         expr: quote_expr!(&mut *cx, ::string_cache::namespace::Namespace($expr)),
[INFO] [stdout] 132 +         pat: quote_pat!(&mut *cx, ::string_cache::namespace::Namespace($pat)),
[INFO] [stdout] 133 +     })
[INFO] [stdout]     |
[INFO] [stdout] 
[INFO] [stdout] 
[INFO] [stdout] error: macros that expand to items must be delimited with braces or followed by a semicolon
[INFO] [stdout]    --> /opt/rustwide/cargo-home/git/checkouts/string-cache-adfe29e1cbae0b6c/c63f564/macros/src/atom/mod.rs:137:23
[INFO] [stdout]     |
[INFO] [stdout] 137 |   macro_rules! qualname (($ns:tt, $local:tt) => (
[INFO] [stdout]     |  _______________________^
[INFO] [stdout] 138 | |     ::string_cache::namespace::QualName {
[INFO] [stdout] 139 | |         ns: ns!($ns),
[INFO] [stdout] 140 | |         local: atom!($local),
[INFO] [stdout] 141 | |     }
[INFO] [stdout] 142 | | ))
[INFO] [stdout]     | |__^
[INFO] [stdout]     |
[INFO] [stdout] help: change the delimiters to curly braces
[INFO] [stdout]     |
[INFO] [stdout] 137 ~ macro_rules! qualname {($ns:tt, $local:tt) => (
[INFO] [stdout] 138 |     ::string_cache::namespace::QualName {
[INFO] [stdout]   ...
[INFO] [stdout] 141 |     }
[INFO] [stdout] 142 ~ )}
[INFO] [stdout]     |
[INFO] [stdout] help: add a semicolon
[INFO] [stdout]     |
[INFO] [stdout] 142 | ));
[INFO] [stdout]     |   +
[INFO] [stdout] 
[INFO] [stdout] 
[INFO] [stdout] error: expected one of `!`, `(`, `+`, `::`, `;`, `<`, or `]`, found `,`
[INFO] [stdout]   --> /opt/rustwide/cargo-home/git/checkouts/string-cache-adfe29e1cbae0b6c/c63f564/macros/src/atom/../../../shared/repr.rs:38:19
[INFO] [stdout]    |
[INFO] [stdout] 33 | pub enum UnpackedAtom {
[INFO] [stdout]    |          ------------ while parsing this enum
[INFO] [stdout] ...
[INFO] [stdout] 38 |     Inline(u8, [u8, ..7]),
[INFO] [stdout]    |                   ^ expected one of 7 possible tokens
[INFO] [stdout]    |
[INFO] [stdout]    = help: enum variants can be `Variant`, `Variant = <integer>`, `Variant(Type, ..., TypeN)` or `Variant { fields: Types }`
[INFO] [stdout] 
[INFO] [stdout] 
[INFO] [stdout] error[E0463]: can't find crate for `syntax`
[INFO] [stdout]   --> /opt/rustwide/cargo-home/git/checkouts/string-cache-adfe29e1cbae0b6c/c63f564/macros/src/lib.rs:17:1
[INFO] [stdout]    |
[INFO] [stdout] 17 | extern crate syntax;
[INFO] [stdout]    | ^^^^^^^^^^^^^^^^^^^^ can't find crate
[INFO] [stdout] 
[INFO] [stdout] 
[INFO] [stdout] error[E0462]: found staticlib `rustc` instead of rlib or dylib
[INFO] [stdout]   --> /opt/rustwide/cargo-home/git/checkouts/string-cache-adfe29e1cbae0b6c/c63f564/macros/src/lib.rs:18:1
[INFO] [stdout]    |
[INFO] [stdout] 18 | extern crate rustc;
[INFO] [stdout]    | ^^^^^^^^^^^^^^^^^^^
[INFO] [stdout]    |
[INFO] [stdout]    = note: the following crate versions were found:
[INFO] [stdout]            crate `rustc`: /opt/rustwide/rustup-home/toolchains/beta-2023-04-20-x86_64-unknown-linux-gnu/lib/rustlib/x86_64-unknown-linux-gnu/lib/librustc-beta_rt.msan.a
[INFO] [stdout]            crate `rustc`: /opt/rustwide/rustup-home/toolchains/beta-2023-04-20-x86_64-unknown-linux-gnu/lib/rustlib/x86_64-unknown-linux-gnu/lib/librustc-beta_rt.asan.a
[INFO] [stdout]            crate `rustc`: /opt/rustwide/rustup-home/toolchains/beta-2023-04-20-x86_64-unknown-linux-gnu/lib/rustlib/x86_64-unknown-linux-gnu/lib/librustc-beta_rt.tsan.a
[INFO] [stdout]            crate `rustc`: /opt/rustwide/rustup-home/toolchains/beta-2023-04-20-x86_64-unknown-linux-gnu/lib/rustlib/x86_64-unknown-linux-gnu/lib/librustc-beta_rt.lsan.a
[INFO] [stdout]    = help: please recompile that crate using --crate-type lib
[INFO] [stdout] 
[INFO] [stdout] 
[INFO] [stdout] error[E0599]: no method named `as_slice` found for struct `String` in the current scope
[INFO] [stdout]    --> /opt/rustwide/cargo-home/registry/src/index.crates.io-6f17d22bba15001f/gcc-0.1.4/src/lib.rs:140:57
[INFO] [stdout]     |
[INFO] [stdout] 140 |     let res = getenv(format!("{}_{}", var_base, target).as_slice())
[INFO] [stdout]     |                                                         ^^^^^^^^ method not found in `String`
[INFO] [stdout] 
[INFO] [stdout] 
[INFO] [stdout] error[E0425]: cannot find function `range` in this scope
[INFO] [stdout]    --> /opt/rustwide/cargo-home/registry/src/index.crates.io-6f17d22bba15001f/rustc-serialize-0.2.7/src/serialize.rs:464:22
[INFO] [stdout]     |
[INFO] [stdout] 464 |             for i in range(0, len) {
[INFO] [stdout]     |                      ^^^^^ not found in this scope
[INFO] [stdout]     |
[INFO] [stdout] help: consider importing this function
[INFO] [stdout]     |
[INFO] [stdout] 17  + use std::slice::range;
[INFO] [stdout]     |
[INFO] [stdout] 
[INFO] [stdout] 
[INFO] [stdout] error[E0433]: failed to resolve: could not find `posix` in `path`
[INFO] [stdout]    --> /opt/rustwide/cargo-home/registry/src/index.crates.io-6f17d22bba15001f/rustc-serialize-0.2.7/src/serialize.rs:550:18
[INFO] [stdout]     |
[INFO] [stdout] 550 |         Ok(path::posix::Path::new(bytes))
[INFO] [stdout]     |                  ^^^^^ could not find `posix` in `path`
[INFO] [stdout]     |
[INFO] [stdout] help: consider importing this struct
[INFO] [stdout]     |
[INFO] [stdout] 17  + use serialize::path::Path;
[INFO] [stdout]     |
[INFO] [stdout] help: if you import `Path`, refer to it directly
[INFO] [stdout]     |
[INFO] [stdout] 550 -         Ok(path::posix::Path::new(bytes))
[INFO] [stdout] 550 +         Ok(Path::new(bytes))
[INFO] [stdout]     |
[INFO] [stdout] 
[INFO] [stdout] 
[INFO] [stdout] error[E0433]: failed to resolve: could not find `windows` in `path`
[INFO] [stdout]    --> /opt/rustwide/cargo-home/registry/src/index.crates.io-6f17d22bba15001f/rustc-serialize-0.2.7/src/serialize.rs:563:18
[INFO] [stdout]     |
[INFO] [stdout] 563 |         Ok(path::windows::Path::new(bytes))
[INFO] [stdout]     |                  ^^^^^^^ could not find `windows` in `path`
[INFO] [stdout]     |
[INFO] [stdout] help: consider importing this struct
[INFO] [stdout]     |
[INFO] [stdout] 17  + use serialize::path::Path;
[INFO] [stdout]     |
[INFO] [stdout] help: if you import `Path`, refer to it directly
[INFO] [stdout]     |
[INFO] [stdout] 563 -         Ok(path::windows::Path::new(bytes))
[INFO] [stdout] 563 +         Ok(Path::new(bytes))
[INFO] [stdout]     |
[INFO] [stdout] 
[INFO] [stdout] 
[INFO] [stdout] error[E0425]: cannot find function `range` in this scope
[INFO] [stdout]    --> /opt/rustwide/cargo-home/registry/src/index.crates.io-6f17d22bba15001f/rustc-serialize-0.2.7/src/serialize.rs:644:22
[INFO] [stdout]     |
[INFO] [stdout] 644 |             for i in range(0, len) {
[INFO] [stdout]     |                      ^^^^^ not found in this scope
[INFO] [stdout]     |
[INFO] [stdout] help: consider importing this function
[INFO] [stdout]     |
[INFO] [stdout] 17  + use std::slice::range;
[INFO] [stdout]     |
[INFO] [stdout] 
[INFO] [stdout] 
[INFO] [stdout] error[E0425]: cannot find function `range` in this scope
[INFO] [stdout]   --> /opt/rustwide/cargo-home/registry/src/index.crates.io-6f17d22bba15001f/rustc-serialize-0.2.7/src/collection_impls.rs:37:22
[INFO] [stdout]    |
[INFO] [stdout] 37 |             for i in range(0, len) {
[INFO] [stdout]    |                      ^^^^^ not found in this scope
[INFO] [stdout]    |
[INFO] [stdout] help: consider importing this function
[INFO] [stdout]    |
[INFO] [stdout] 13 + use std::slice::range;
[INFO] [stdout]    |
[INFO] [stdout] 
[INFO] [stdout] 
[INFO] [stdout] error[E0425]: cannot find function `range` in this scope
[INFO] [stdout]   --> /opt/rustwide/cargo-home/registry/src/index.crates.io-6f17d22bba15001f/rustc-serialize-0.2.7/src/collection_impls.rs:60:22
[INFO] [stdout]    |
[INFO] [stdout] 60 |             for i in range(0, len) {
[INFO] [stdout]    |                      ^^^^^ not found in this scope
[INFO] [stdout]    |
[INFO] [stdout] help: consider importing this function
[INFO] [stdout]    |
[INFO] [stdout] 13 + use std::slice::range;
[INFO] [stdout]    |
[INFO] [stdout] 
[INFO] [stdout] 
[INFO] [stdout] error[E0425]: cannot find function `range` in this scope
[INFO] [stdout]   --> /opt/rustwide/cargo-home/registry/src/index.crates.io-6f17d22bba15001f/rustc-serialize-0.2.7/src/collection_impls.rs:92:22
[INFO] [stdout]    |
[INFO] [stdout] 92 |             for i in range(0, len) {
[INFO] [stdout]    |                      ^^^^^ not found in this scope
[INFO] [stdout]    |
[INFO] [stdout] help: consider importing this function
[INFO] [stdout]    |
[INFO] [stdout] 13 + use std::slice::range;
[INFO] [stdout]    |
[INFO] [stdout] 
[INFO] [stdout] 
[INFO] [stdout] error[E0425]: cannot find function `range` in this scope
[INFO] [stdout]    --> /opt/rustwide/cargo-home/registry/src/index.crates.io-6f17d22bba15001f/rustc-serialize-0.2.7/src/collection_impls.rs:123:22
[INFO] [stdout]     |
[INFO] [stdout] 123 |             for i in range(0, len) {
[INFO] [stdout]     |                      ^^^^^ not found in this scope
[INFO] [stdout]     |
[INFO] [stdout] help: consider importing this function
[INFO] [stdout]     |
[INFO] [stdout] 13  + use std::slice::range;
[INFO] [stdout]     |
[INFO] [stdout] 
[INFO] [stdout] 
[INFO] [stdout] error[E0425]: cannot find function `range` in this scope
[INFO] [stdout]    --> /opt/rustwide/cargo-home/registry/src/index.crates.io-6f17d22bba15001f/rustc-serialize-0.2.7/src/collection_impls.rs:160:22
[INFO] [stdout]     |
[INFO] [stdout] 160 |             for i in range(0, len) {
[INFO] [stdout]     |                      ^^^^^ not found in this scope
[INFO] [stdout]     |
[INFO] [stdout] help: consider importing this function
[INFO] [stdout]     |
[INFO] [stdout] 13  + use std::slice::range;
[INFO] [stdout]     |
[INFO] [stdout] 
[INFO] [stdout] 
[INFO] [stdout] error[E0425]: cannot find function `range` in this scope
[INFO] [stdout]    --> /opt/rustwide/cargo-home/registry/src/index.crates.io-6f17d22bba15001f/rustc-serialize-0.2.7/src/collection_impls.rs:196:22
[INFO] [stdout]     |
[INFO] [stdout] 196 |             for i in range(0, len) {
[INFO] [stdout]     |                      ^^^^^ not found in this scope
[INFO] [stdout]     |
[INFO] [stdout] help: consider importing this function
[INFO] [stdout]     |
[INFO] [stdout] 13  + use std::slice::range;
[INFO] [stdout]     |
[INFO] [stdout] 
[INFO] [stdout] 
[INFO] [stdout] error[E0425]: cannot find function `range` in this scope
[INFO] [stdout]    --> /opt/rustwide/cargo-home/registry/src/index.crates.io-6f17d22bba15001f/rustc-serialize-0.2.7/src/collection_impls.rs:219:22
[INFO] [stdout]     |
[INFO] [stdout] 219 |             for i in range(0, len) {
[INFO] [stdout]     |                      ^^^^^ not found in this scope
[INFO] [stdout]     |
[INFO] [stdout] help: consider importing this function
[INFO] [stdout]     |
[INFO] [stdout] 13  + use std::slice::range;
[INFO] [stdout]     |
[INFO] [stdout] 
[INFO] [stdout] 
[INFO] [stdout] error[E0405]: cannot find trait `Show` in module `fmt`
[INFO] [stdout]    --> /opt/rustwide/cargo-home/registry/src/index.crates.io-6f17d22bba15001f/rustc-serialize-0.2.7/src/base64.rs:189:11
[INFO] [stdout]     |
[INFO] [stdout] 189 | impl fmt::Show for FromBase64Error {
[INFO] [stdout]     |           ^^^^ not found in `fmt`
[INFO] [stdout] 
[INFO] [stdout] 
[INFO] [stdout] error[E0405]: cannot find trait `Show` in module `fmt`
[INFO] [stdout]   --> /opt/rustwide/cargo-home/registry/src/index.crates.io-6f17d22bba15001f/rustc-serialize-0.2.7/src/hex.rs:73:11
[INFO] [stdout]    |
[INFO] [stdout] 73 | impl fmt::Show for FromHexError {
[INFO] [stdout]    |           ^^^^ not found in `fmt`
[INFO] [stdout] 
[INFO] [stdout] 
[INFO] [stdout] error[E0412]: cannot find type `IoErrorKind` in module `io`
[INFO] [stdout]    --> /opt/rustwide/cargo-home/registry/src/index.crates.io-6f17d22bba15001f/rustc-serialize-0.2.7/src/json.rs:265:17
[INFO] [stdout]     |
[INFO] [stdout] 265 |     IoError(io::IoErrorKind, &'static str),
[INFO] [stdout]     |                 ^^^^^^^^^^^ help: an enum with a similar name exists: `ErrorKind`
[INFO] [stdout]    --> /rustc/1b7dd2252b99671ce5d1cb9664c5f8636329436d/library/std/src/io/error.rs:179:1
[INFO] [stdout]     |
[INFO] [stdout]     = note: similarly named enum `ErrorKind` defined here
[INFO] [stdout] 
[INFO] [stdout] 
[INFO] [stdout] error[E0405]: cannot find trait `Show` in module `fmt`
[INFO] [stdout]    --> /opt/rustwide/cargo-home/registry/src/index.crates.io-6f17d22bba15001f/rustc-serialize-0.2.7/src/json.rs:324:11
[INFO] [stdout]     |
[INFO] [stdout] 324 | impl fmt::Show for ErrorCode {
[INFO] [stdout]     |           ^^^^ not found in `fmt`
[INFO] [stdout] 
[INFO] [stdout] 
[INFO] [stdout] error[E0412]: cannot find type `IoError` in module `io`
[INFO] [stdout]    --> /opt/rustwide/cargo-home/registry/src/index.crates.io-6f17d22bba15001f/rustc-serialize-0.2.7/src/json.rs:330:30
[INFO] [stdout]     |
[INFO] [stdout] 330 | fn io_error_to_error(io: io::IoError) -> ParserError {
[INFO] [stdout]     |                              ^^^^^^^
[INFO] [stdout]    --> /rustc/1b7dd2252b99671ce5d1cb9664c5f8636329436d/library/std/src/io/error.rs:67:1
[INFO] [stdout]     |
[INFO] [stdout]     = note: similarly named struct `Error` defined here
[INFO] [stdout]     |
[INFO] [stdout] help: there is an enum variant `json::ParserError::IoError`; try using the variant's enum
[INFO] [stdout]     |
[INFO] [stdout] 330 | fn io_error_to_error(io: json::ParserError) -> ParserError {
[INFO] [stdout]     |                          ~~~~~~~~~~~~~~~~~
[INFO] [stdout] help: a struct with a similar name exists
[INFO] [stdout]     |
[INFO] [stdout] 330 | fn io_error_to_error(io: io::Error) -> ParserError {
[INFO] [stdout]     |                              ~~~~~
[INFO] [stdout] 
[INFO] [stdout] 
[INFO] [stdout] error[E0599]: no method named `as_slice` found for struct `String` in the current scope
[INFO] [stdout]    --> /opt/rustwide/cargo-home/registry/src/index.crates.io-6f17d22bba15001f/gcc-0.1.4/src/lib.rs:141:65
[INFO] [stdout]     |
[INFO] [stdout] 141 |         .or_else(|| getenv(format!("{}_{}", var_base, target_u).as_slice()))
[INFO] [stdout]     |                                                                 ^^^^^^^^ method not found in `String`
[INFO] [stdout] 
[INFO] [stdout] 
[INFO] [stdout] error[E0412]: cannot find type `Writer` in module `fmt`
[INFO] [stdout]    --> /opt/rustwide/cargo-home/registry/src/index.crates.io-6f17d22bba15001f/rustc-serialize-0.2.7/src/json.rs:342:29
[INFO] [stdout]     |
[INFO] [stdout] 342 | fn escape_str(wr: &mut fmt::Writer, v: &str) -> fmt::Result {
[INFO] [stdout]     |                             ^^^^^^ help: a trait with a similar name exists: `Write`
[INFO] [stdout]    --> /rustc/1b7dd2252b99671ce5d1cb9664c5f8636329436d/library/core/src/fmt/mod.rs:110:1
[INFO] [stdout]     |
[INFO] [stdout]     = note: similarly named trait `Write` defined here
[INFO] [stdout] 
[INFO] [stdout] 
[INFO] [stdout] error[E0412]: cannot find type `Writer` in module `fmt`
[INFO] [stdout]    --> /opt/rustwide/cargo-home/registry/src/index.crates.io-6f17d22bba15001f/rustc-serialize-0.2.7/src/json.rs:403:34
[INFO] [stdout]     |
[INFO] [stdout] 403 | fn escape_char(writer: &mut fmt::Writer, v: char) -> fmt::Result {
[INFO] [stdout]     |                                  ^^^^^^ help: a trait with a similar name exists: `Write`
[INFO] [stdout]    --> /rustc/1b7dd2252b99671ce5d1cb9664c5f8636329436d/library/core/src/fmt/mod.rs:110:1
[INFO] [stdout]     |
[INFO] [stdout]     = note: similarly named trait `Write` defined here
[INFO] [stdout] 
[INFO] [stdout] 
[INFO] [stdout] error[E0412]: cannot find type `Writer` in module `fmt`
[INFO] [stdout]    --> /opt/rustwide/cargo-home/registry/src/index.crates.io-6f17d22bba15001f/rustc-serialize-0.2.7/src/json.rs:410:25
[INFO] [stdout]     |
[INFO] [stdout] 410 | fn spaces(wr: &mut fmt::Writer, n: u32) -> fmt::Result {
[INFO] [stdout]     |                         ^^^^^^ help: a trait with a similar name exists: `Write`
[INFO] [stdout]    --> /rustc/1b7dd2252b99671ce5d1cb9664c5f8636329436d/library/core/src/fmt/mod.rs:110:1
[INFO] [stdout]     |
[INFO] [stdout]     = note: similarly named trait `Write` defined here
[INFO] [stdout] 
[INFO] [stdout] 
[INFO] [stdout] error: cannot find attribute `phase` in this scope
[INFO] [stdout]   --> /opt/rustwide/cargo-home/git/checkouts/string-cache-adfe29e1cbae0b6c/c63f564/macros/src/lib.rs:20:3
[INFO] [stdout]    |
[INFO] [stdout] 20 | #[phase(plugin)]
[INFO] [stdout]    |   ^^^^^
[INFO] [stdout] 
[INFO] [stdout] 
[INFO] [stdout] error[E0405]: cannot find trait `Writer` in module `fmt`
[INFO] [stdout]    --> /opt/rustwide/cargo-home/registry/src/index.crates.io-6f17d22bba15001f/rustc-serialize-0.2.7/src/json.rs:438:27
[INFO] [stdout]     |
[INFO] [stdout] 438 |     writer: &'a mut (fmt::Writer+'a),
[INFO] [stdout]     |                           ^^^^^^ help: a trait with a similar name exists: `Write`
[INFO] [stdout]    --> /rustc/1b7dd2252b99671ce5d1cb9664c5f8636329436d/library/core/src/fmt/mod.rs:110:1
[INFO] [stdout]     |
[INFO] [stdout]     = note: similarly named trait `Write` defined here
[INFO] [stdout] 
[INFO] [stdout] 
[INFO] [stdout] error[E0412]: cannot find type `Writer` in module `fmt`
[INFO] [stdout]    --> /opt/rustwide/cargo-home/registry/src/index.crates.io-6f17d22bba15001f/rustc-serialize-0.2.7/src/json.rs:444:37
[INFO] [stdout]     |
[INFO] [stdout] 444 |     pub fn new(writer: &'a mut fmt::Writer) -> Encoder<'a> {
[INFO] [stdout]     |                                     ^^^^^^ help: a trait with a similar name exists: `Write`
[INFO] [stdout]    --> /rustc/1b7dd2252b99671ce5d1cb9664c5f8636329436d/library/core/src/fmt/mod.rs:110:1
[INFO] [stdout]     |
[INFO] [stdout]     = note: similarly named trait `Write` defined here
[INFO] [stdout] 
[INFO] [stdout] 
[INFO] [stdout] error: cannot find macro `quote_tokens` in this scope
[INFO] [stdout]   --> /opt/rustwide/cargo-home/git/checkouts/string-cache-adfe29e1cbae0b6c/c63f564/macros/src/atom/mod.rs:31:10
[INFO] [stdout]    |
[INFO] [stdout] 31 |         (quote_tokens!(&mut *cx, $k,)).into_iter()
[INFO] [stdout]    |          ^^^^^^^^^^^^
[INFO] [stdout] 
[INFO] [stdout] 
[INFO] [stdout] error[E0405]: cannot find trait `Writer` in module `fmt`
[INFO] [stdout]    --> /opt/rustwide/cargo-home/registry/src/index.crates.io-6f17d22bba15001f/rustc-serialize-0.2.7/src/json.rs:649:27
[INFO] [stdout]     |
[INFO] [stdout] 649 |     writer: &'a mut (fmt::Writer+'a),
[INFO] [stdout]     |                           ^^^^^^ help: a trait with a similar name exists: `Write`
[INFO] [stdout]    --> /rustc/1b7dd2252b99671ce5d1cb9664c5f8636329436d/library/core/src/fmt/mod.rs:110:1
[INFO] [stdout]     |
[INFO] [stdout]     = note: similarly named trait `Write` defined here
[INFO] [stdout] 
[INFO] [stdout] 
[INFO] [stdout] error[E0412]: cannot find type `Writer` in module `fmt`
[INFO] [stdout]    --> /opt/rustwide/cargo-home/registry/src/index.crates.io-6f17d22bba15001f/rustc-serialize-0.2.7/src/json.rs:656:37
[INFO] [stdout]     |
[INFO] [stdout] 656 |     pub fn new(writer: &'a mut fmt::Writer) -> PrettyEncoder<'a> {
[INFO] [stdout]     |                                     ^^^^^^ help: a trait with a similar name exists: `Write`
[INFO] [stdout]    --> /rustc/1b7dd2252b99671ce5d1cb9664c5f8636329436d/library/core/src/fmt/mod.rs:110:1
[INFO] [stdout]     |
[INFO] [stdout]     = note: similarly named trait `Write` defined here
[INFO] [stdout] 
[INFO] [stdout] 
[INFO] [stdout] error: cannot find macro `quote_expr` in this scope
[INFO] [stdout]   --> /opt/rustwide/cargo-home/git/checkouts/string-cache-adfe29e1cbae0b6c/c63f564/macros/src/atom/mod.rs:33:18
[INFO] [stdout]    |
[INFO] [stdout] 33 |     MacExpr::new(quote_expr!(&mut *cx, phf_ordered_set!($tts)))
[INFO] [stdout]    |                  ^^^^^^^^^^
[INFO] [stdout] 
[INFO] [stdout] 
[INFO] [stdout] error[E0412]: cannot find type `Reader` in module `io`
[INFO] [stdout]    --> /opt/rustwide/cargo-home/registry/src/index.crates.io-6f17d22bba15001f/rustc-serialize-0.2.7/src/json.rs:946:38
[INFO] [stdout]     |
[INFO] [stdout] 946 |     pub fn from_reader(rdr: &mut io::Reader) -> Result<Self, BuilderError> {
[INFO] [stdout]     |                                      ^^^^^^ help: a trait with a similar name exists: `Read`
[INFO] [stdout]    --> /rustc/1b7dd2252b99671ce5d1cb9664c5f8636329436d/library/std/src/io/mod.rs:554:1
[INFO] [stdout]     |
[INFO] [stdout]     = note: similarly named trait `Read` defined here
[INFO] [stdout] 
[INFO] [stdout] 
[INFO] [stdout] error: cannot find macro `lazy_static` in this scope
[INFO] [stdout]   --> /opt/rustwide/cargo-home/git/checkouts/string-cache-adfe29e1cbae0b6c/c63f564/macros/src/atom/mod.rs:45:1
[INFO] [stdout]    |
[INFO] [stdout] 45 | lazy_static! {
[INFO] [stdout]    | ^^^^^^^^^^^
[INFO] [stdout]    |
[INFO] [stdout]    = help: consider importing this macro:
[INFO] [stdout]            lazy_static::lazy_static
[INFO] [stdout] note: `lazy_static` is imported here, but it is a crate, not a macro
[INFO] [stdout]   --> /opt/rustwide/cargo-home/git/checkouts/string-cache-adfe29e1cbae0b6c/c63f564/macros/src/lib.rs:21:1
[INFO] [stdout]    |
[INFO] [stdout] 21 | extern crate lazy_static;
[INFO] [stdout]    | ^^^^^^^^^^^^^^^^^^^^^^^^^
[INFO] [stdout] 
[INFO] [stdout] 
[INFO] [stdout] error[E0425]: cannot find function `cast` in module `num`
[INFO] [stdout]     --> /opt/rustwide/cargo-home/registry/src/index.crates.io-6f17d22bba15001f/rustc-serialize-0.2.7/src/json.rs:1096:34
[INFO] [stdout]      |
[INFO] [stdout] 1096 |             Json::U64(n) => num::cast(n),
[INFO] [stdout]      |                                  ^^^^ not found in `num`
[INFO] [stdout] 
[INFO] [stdout] 
[INFO] [stdout] error[E0425]: cannot find function `cast` in module `num`
[INFO] [stdout]     --> /opt/rustwide/cargo-home/registry/src/index.crates.io-6f17d22bba15001f/rustc-serialize-0.2.7/src/json.rs:1105:34
[INFO] [stdout]      |
[INFO] [stdout] 1105 |             Json::I64(n) => num::cast(n),
[INFO] [stdout]      |                                  ^^^^ not found in `num`
[INFO] [stdout] 
[INFO] [stdout] 
[INFO] [stdout] error[E0425]: cannot find function `cast` in module `num`
[INFO] [stdout]     --> /opt/rustwide/cargo-home/registry/src/index.crates.io-6f17d22bba15001f/rustc-serialize-0.2.7/src/json.rs:1115:34
[INFO] [stdout]      |
[INFO] [stdout] 1115 |             Json::I64(n) => num::cast(n),
[INFO] [stdout]      |                                  ^^^^ not found in `num`
[INFO] [stdout] 
[INFO] [stdout] 
[INFO] [stdout] error: cannot find macro `quote_expr` in this scope
[INFO] [stdout]   --> /opt/rustwide/cargo-home/git/checkouts/string-cache-adfe29e1cbae0b6c/c63f564/macros/src/atom/mod.rs:80:15
[INFO] [stdout]    |
[INFO] [stdout] 80 |         expr: quote_expr!(&mut *cx, ::string_cache::atom::Atom { data: $data }),
[INFO] [stdout]    |               ^^^^^^^^^^
[INFO] [stdout] 
[INFO] [stdout] 
[INFO] [stdout] error[E0425]: cannot find function `cast` in module `num`
[INFO] [stdout]     --> /opt/rustwide/cargo-home/registry/src/index.crates.io-6f17d22bba15001f/rustc-serialize-0.2.7/src/json.rs:1116:34
[INFO] [stdout]      |
[INFO] [stdout] 1116 |             Json::U64(n) => num::cast(n),
[INFO] [stdout]      |                                  ^^^^ not found in `num`
[INFO] [stdout] 
[INFO] [stdout] 
[INFO] [stdout] error[E0425]: cannot find function `range` in this scope
[INFO] [stdout]     --> /opt/rustwide/cargo-home/registry/src/index.crates.io-6f17d22bba15001f/rustc-serialize-0.2.7/src/json.rs:1256:18
[INFO] [stdout]      |
[INFO] [stdout] 1256 |         for i in range(0, rhs.len()) {
[INFO] [stdout]      |                  ^^^^^ not found in this scope
[INFO] [stdout]      |
[INFO] [stdout] help: consider importing this function
[INFO] [stdout]      |
[INFO] [stdout] 198  + use std::slice::range;
[INFO] [stdout]      |
[INFO] [stdout] 
[INFO] [stdout] 
[INFO] [stdout] error: cannot find macro `quote_pat` in this scope
[INFO] [stdout]   --> /opt/rustwide/cargo-home/git/checkouts/string-cache-adfe29e1cbae0b6c/c63f564/macros/src/atom/mod.rs:81:14
[INFO] [stdout]    |
[INFO] [stdout] 81 |         pat: quote_pat!(&mut *cx, ::string_cache::atom::Atom { data: $data }),
[INFO] [stdout]    |              ^^^^^^^^^
[INFO] [stdout] 
[INFO] [stdout] 
[INFO] [stdout] error[E0425]: cannot find function `range` in this scope
[INFO] [stdout]     --> /opt/rustwide/cargo-home/registry/src/index.crates.io-6f17d22bba15001f/rustc-serialize-0.2.7/src/json.rs:1266:18
[INFO] [stdout]      |
[INFO] [stdout] 1266 |         for i in range(0, rhs.len()) {
[INFO] [stdout]      |                  ^^^^^ not found in this scope
[INFO] [stdout]      |
[INFO] [stdout] help: consider importing this function
[INFO] [stdout]      |
[INFO] [stdout] 198  + use std::slice::range;
[INFO] [stdout]      |
[INFO] [stdout] 
[INFO] [stdout] 
[INFO] [stdout] error[E0425]: cannot find function `range` in this scope
[INFO] [stdout]     --> /opt/rustwide/cargo-home/registry/src/index.crates.io-6f17d22bba15001f/rustc-serialize-0.2.7/src/json.rs:1277:18
[INFO] [stdout]      |
[INFO] [stdout] 1277 |         for i in range(0, rhs.len()) {
[INFO] [stdout]      |                  ^^^^^ not found in this scope
[INFO] [stdout]      |
[INFO] [stdout] help: consider importing this function
[INFO] [stdout]      |
[INFO] [stdout] 198  + use std::slice::range;
[INFO] [stdout]      |
[INFO] [stdout] 
[INFO] [stdout] 
[INFO] [stdout] error: cannot find macro `quote_expr` in this scope
[INFO] [stdout]    --> /opt/rustwide/cargo-home/git/checkouts/string-cache-adfe29e1cbae0b6c/c63f564/macros/src/atom/mod.rs:131:15
[INFO] [stdout]     |
[INFO] [stdout] 131 |         expr: quote_expr!(&mut *cx, ::string_cache::namespace::Namespace($expr)),
[INFO] [stdout]     |               ^^^^^^^^^^
[INFO] [stdout] 
[INFO] [stdout] 
[INFO] [stdout] error[E0425]: cannot find function `cast` in module `num`
[INFO] [stdout]     --> /opt/rustwide/cargo-home/registry/src/index.crates.io-6f17d22bba15001f/rustc-serialize-0.2.7/src/json.rs:2028:44
[INFO] [stdout]      |
[INFO] [stdout] 2028 |                 Json::I64(f) => match num::cast(f) {
[INFO] [stdout]      |                                            ^^^^ not found in `num`
[INFO] [stdout] ...
[INFO] [stdout] 2056 |     read_primitive! { read_usize, usize }
[INFO] [stdout]      |     ------------------------------------- in this macro invocation
[INFO] [stdout]      |
[INFO] [stdout]      = note: this error originates in the macro `read_primitive` (in Nightly builds, run with -Z macro-backtrace for more info)
[INFO] [stdout] 
[INFO] [stdout] 
[INFO] [stdout] error: cannot find macro `quote_pat` in this scope
[INFO] [stdout]    --> /opt/rustwide/cargo-home/git/checkouts/string-cache-adfe29e1cbae0b6c/c63f564/macros/src/atom/mod.rs:132:14
[INFO] [stdout]     |
[INFO] [stdout] 132 |         pat: quote_pat!(&mut *cx, ::string_cache::namespace::Namespace($pat)),
[INFO] [stdout]     |              ^^^^^^^^^
[INFO] [stdout] 
[INFO] [stdout] 
[INFO] [stdout] error[E0425]: cannot find function `cast` in module `num`
[INFO] [stdout]     --> /opt/rustwide/cargo-home/registry/src/index.crates.io-6f17d22bba15001f/rustc-serialize-0.2.7/src/json.rs:2032:44
[INFO] [stdout]      |
[INFO] [stdout] 2032 |                 Json::U64(f) => match num::cast(f) {
[INFO] [stdout]      |                                            ^^^^ not found in `num`
[INFO] [stdout] ...
[INFO] [stdout] 2056 |     read_primitive! { read_usize, usize }
[INFO] [stdout]      |     ------------------------------------- in this macro invocation
[INFO] [stdout]      |
[INFO] [stdout]      = note: this error originates in the macro `read_primitive` (in Nightly builds, run with -Z macro-backtrace for more info)
[INFO] [stdout] 
[INFO] [stdout] 
[INFO] [stdout] error[E0425]: cannot find function `cast` in module `num`
[INFO] [stdout]     --> /opt/rustwide/cargo-home/registry/src/index.crates.io-6f17d22bba15001f/rustc-serialize-0.2.7/src/json.rs:2028:44
[INFO] [stdout]      |
[INFO] [stdout] 2028 |                 Json::I64(f) => match num::cast(f) {
[INFO] [stdout]      |                                            ^^^^ not found in `num`
[INFO] [stdout] ...
[INFO] [stdout] 2057 |     read_primitive! { read_u8, u8 }
[INFO] [stdout]      |     ------------------------------- in this macro invocation
[INFO] [stdout]      |
[INFO] [stdout]      = note: this error originates in the macro `read_primitive` (in Nightly builds, run with -Z macro-backtrace for more info)
[INFO] [stdout] 
[INFO] [stdout] 
[INFO] [stdout] error[E0425]: cannot find function `cast` in module `num`
[INFO] [stdout]     --> /opt/rustwide/cargo-home/registry/src/index.crates.io-6f17d22bba15001f/rustc-serialize-0.2.7/src/json.rs:2032:44
[INFO] [stdout]      |
[INFO] [stdout] 2032 |                 Json::U64(f) => match num::cast(f) {
[INFO] [stdout]      |                                            ^^^^ not found in `num`
[INFO] [stdout] ...
[INFO] [stdout] 2057 |     read_primitive! { read_u8, u8 }
[INFO] [stdout]      |     ------------------------------- in this macro invocation
[INFO] [stdout]      |
[INFO] [stdout]      = note: this error originates in the macro `read_primitive` (in Nightly builds, run with -Z macro-backtrace for more info)
[INFO] [stdout] 
[INFO] [stdout] 
[INFO] [stdout] error: cannot find attribute `plugin_registrar` in this scope
[INFO] [stdout]   --> /opt/rustwide/cargo-home/git/checkouts/string-cache-adfe29e1cbae0b6c/c63f564/macros/src/lib.rs:44:3
[INFO] [stdout]    |
[INFO] [stdout] 44 | #[plugin_registrar]
[INFO] [stdout]    |   ^^^^^^^^^^^^^^^^
[INFO] [stdout]    |
[INFO] [stdout]    = note: `plugin_registrar` is in scope, but it is a function, not an attribute
[INFO] [stdout] 
[INFO] [stdout] 
[INFO] [stdout] error[E0425]: cannot find function `cast` in module `num`
[INFO] [stdout]     --> /opt/rustwide/cargo-home/registry/src/index.crates.io-6f17d22bba15001f/rustc-serialize-0.2.7/src/json.rs:2028:44
[INFO] [stdout]      |
[INFO] [stdout] 2028 |                 Json::I64(f) => match num::cast(f) {
[INFO] [stdout]      |                                            ^^^^ not found in `num`
[INFO] [stdout] ...
[INFO] [stdout] 2058 |     read_primitive! { read_u16, u16 }
[INFO] [stdout]      |     --------------------------------- in this macro invocation
[INFO] [stdout]      |
[INFO] [stdout]      = note: this error originates in the macro `read_primitive` (in Nightly builds, run with -Z macro-backtrace for more info)
[INFO] [stdout] 
[INFO] [stdout] 
[INFO] [stdout] error[E0425]: cannot find function `cast` in module `num`
[INFO] [stdout]     --> /opt/rustwide/cargo-home/registry/src/index.crates.io-6f17d22bba15001f/rustc-serialize-0.2.7/src/json.rs:2032:44
[INFO] [stdout]      |
[INFO] [stdout] 2032 |                 Json::U64(f) => match num::cast(f) {
[INFO] [stdout]      |                                            ^^^^ not found in `num`
[INFO] [stdout] ...
[INFO] [stdout] 2058 |     read_primitive! { read_u16, u16 }
[INFO] [stdout]      |     --------------------------------- in this macro invocation
[INFO] [stdout]      |
[INFO] [stdout]      = note: this error originates in the macro `read_primitive` (in Nightly builds, run with -Z macro-backtrace for more info)
[INFO] [stdout] 
[INFO] [stdout] 
[INFO] [stdout] error[E0425]: cannot find function `cast` in module `num`
[INFO] [stdout]     --> /opt/rustwide/cargo-home/registry/src/index.crates.io-6f17d22bba15001f/rustc-serialize-0.2.7/src/json.rs:2028:44
[INFO] [stdout]      |
[INFO] [stdout] 2028 |                 Json::I64(f) => match num::cast(f) {
[INFO] [stdout]      |                                            ^^^^ not found in `num`
[INFO] [stdout] ...
[INFO] [stdout] 2059 |     read_primitive! { read_u32, u32 }
[INFO] [stdout]      |     --------------------------------- in this macro invocation
[INFO] [stdout]      |
[INFO] [stdout]      = note: this error originates in the macro `read_primitive` (in Nightly builds, run with -Z macro-backtrace for more info)
[INFO] [stdout] 
[INFO] [stdout] 
[INFO] [stdout] error[E0425]: cannot find function `cast` in module `num`
[INFO] [stdout]     --> /opt/rustwide/cargo-home/registry/src/index.crates.io-6f17d22bba15001f/rustc-serialize-0.2.7/src/json.rs:2032:44
[INFO] [stdout]      |
[INFO] [stdout] 2032 |                 Json::U64(f) => match num::cast(f) {
[INFO] [stdout]      |                                            ^^^^ not found in `num`
[INFO] [stdout] ...
[INFO] [stdout] 2059 |     read_primitive! { read_u32, u32 }
[INFO] [stdout]      |     --------------------------------- in this macro invocation
[INFO] [stdout]      |
[INFO] [stdout]      = note: this error originates in the macro `read_primitive` (in Nightly builds, run with -Z macro-backtrace for more info)
[INFO] [stdout] 
[INFO] [stdout] 
[INFO] [stdout] error[E0425]: cannot find function `cast` in module `num`
[INFO] [stdout]     --> /opt/rustwide/cargo-home/registry/src/index.crates.io-6f17d22bba15001f/rustc-serialize-0.2.7/src/json.rs:2028:44
[INFO] [stdout]      |
[INFO] [stdout] 2028 |                 Json::I64(f) => match num::cast(f) {
[INFO] [stdout]      |                                            ^^^^ not found in `num`
[INFO] [stdout] ...
[INFO] [stdout] 2060 |     read_primitive! { read_u64, u64 }
[INFO] [stdout]      |     --------------------------------- in this macro invocation
[INFO] [stdout]      |
[INFO] [stdout]      = note: this error originates in the macro `read_primitive` (in Nightly builds, run with -Z macro-backtrace for more info)
[INFO] [stdout] 
[INFO] [stdout] 
[INFO] [stdout] error[E0425]: cannot find function `cast` in module `num`
[INFO] [stdout]     --> /opt/rustwide/cargo-home/registry/src/index.crates.io-6f17d22bba15001f/rustc-serialize-0.2.7/src/json.rs:2032:44
[INFO] [stdout]      |
[INFO] [stdout] 2032 |                 Json::U64(f) => match num::cast(f) {
[INFO] [stdout]      |                                            ^^^^ not found in `num`
[INFO] [stdout] ...
[INFO] [stdout] 2060 |     read_primitive! { read_u64, u64 }
[INFO] [stdout]      |     --------------------------------- in this macro invocation
[INFO] [stdout]      |
[INFO] [stdout]      = note: this error originates in the macro `read_primitive` (in Nightly builds, run with -Z macro-backtrace for more info)
[INFO] [stdout] 
[INFO] [stdout] 
[INFO] [stdout] error[E0425]: cannot find function `cast` in module `num`
[INFO] [stdout]     --> /opt/rustwide/cargo-home/registry/src/index.crates.io-6f17d22bba15001f/rustc-serialize-0.2.7/src/json.rs:2028:44
[INFO] [stdout]      |
[INFO] [stdout] 2028 |                 Json::I64(f) => match num::cast(f) {
[INFO] [stdout]      |                                            ^^^^ not found in `num`
[INFO] [stdout] ...
[INFO] [stdout] 2061 |     read_primitive! { read_isize, isize }
[INFO] [stdout]      |     ------------------------------------- in this macro invocation
[INFO] [stdout]      |
[INFO] [stdout]      = note: this error originates in the macro `read_primitive` (in Nightly builds, run with -Z macro-backtrace for more info)
[INFO] [stdout] 
[INFO] [stdout] 
[INFO] [stdout] error[E0425]: cannot find value `STATIC_ATOM_MAP` in this scope
[INFO] [stdout]   --> /opt/rustwide/cargo-home/git/checkouts/string-cache-adfe29e1cbae0b6c/c63f564/macros/src/atom/mod.rs:72:19
[INFO] [stdout]    |
[INFO] [stdout] 72 |     let i = match STATIC_ATOM_MAP.get(name) {
[INFO] [stdout]    |                   ^^^^^^^^^^^^^^^ not found in this scope
[INFO] [stdout] 
[INFO] [stdout] 
[INFO] [stdout] error[E0425]: cannot find function `cast` in module `num`
[INFO] [stdout]     --> /opt/rustwide/cargo-home/registry/src/index.crates.io-6f17d22bba15001f/rustc-serialize-0.2.7/src/json.rs:2032:44
[INFO] [stdout]      |
[INFO] [stdout] 2032 |                 Json::U64(f) => match num::cast(f) {
[INFO] [stdout]      |                                            ^^^^ not found in `num`
[INFO] [stdout] ...
[INFO] [stdout] 2061 |     read_primitive! { read_isize, isize }
[INFO] [stdout]      |     ------------------------------------- in this macro invocation
[INFO] [stdout]      |
[INFO] [stdout]      = note: this error originates in the macro `read_primitive` (in Nightly builds, run with -Z macro-backtrace for more info)
[INFO] [stdout] 
[INFO] [stdout] 
[INFO] [stdout] error[E0425]: cannot find function `pack_static` in module `repr`
[INFO] [stdout]   --> /opt/rustwide/cargo-home/git/checkouts/string-cache-adfe29e1cbae0b6c/c63f564/macros/src/atom/mod.rs:77:22
[INFO] [stdout]    |
[INFO] [stdout] 77 |     let data = repr::pack_static(*i as u32);
[INFO] [stdout]    |                      ^^^^^^^^^^^ not found in `repr`
[INFO] [stdout] 
[INFO] [stdout] 
[INFO] [stdout] error[E0599]: no method named `as_slice` found for struct `String` in the current scope
[INFO] [stdout]    --> /opt/rustwide/cargo-home/registry/src/index.crates.io-6f17d22bba15001f/gcc-0.1.4/src/lib.rs:142:61
[INFO] [stdout]     |
[INFO] [stdout] 142 |         .or_else(|| getenv(format!("{}_{}", kind, var_base).as_slice()))
[INFO] [stdout]     |                                                             ^^^^^^^^ method not found in `String`
[INFO] [stdout] 
[INFO] [stdout] 
[INFO] [stdout] error[E0425]: cannot find function `cast` in module `num`
[INFO] [stdout]     --> /opt/rustwide/cargo-home/registry/src/index.crates.io-6f17d22bba15001f/rustc-serialize-0.2.7/src/json.rs:2028:44
[INFO] [stdout]      |
[INFO] [stdout] 2028 |                 Json::I64(f) => match num::cast(f) {
[INFO] [stdout]      |                                            ^^^^ not found in `num`
[INFO] [stdout] ...
[INFO] [stdout] 2062 |     read_primitive! { read_i8, i8 }
[INFO] [stdout]      |     ------------------------------- in this macro invocation
[INFO] [stdout]      |
[INFO] [stdout]      = note: this error originates in the macro `read_primitive` (in Nightly builds, run with -Z macro-backtrace for more info)
[INFO] [stdout] 
[INFO] [stdout] 
[INFO] [stdout] error[E0554]: `#![feature]` may not be used on the beta release channel
[INFO] [stdout]   --> /opt/rustwide/cargo-home/git/checkouts/string-cache-adfe29e1cbae0b6c/c63f564/macros/src/lib.rs:13:1
[INFO] [stdout]    |
[INFO] [stdout] 13 | #![feature(macro_rules, plugin_registrar, quote, phase)]
[INFO] [stdout]    | ^^^^^^^^^^^^^^^^^^^^^^^^^^^^^^^^^^^^^^^^^^^^^^^^^^^^^^^^
[INFO] [stdout]    |
[INFO] [stdout]    = help: the feature `macro_rules` has been stable since `1.0.0` and no longer requires an attribute to enable
[INFO] [stdout] 
[INFO] [stdout] 
[INFO] [stdout] error[E0425]: cannot find function `cast` in module `num`
[INFO] [stdout]     --> /opt/rustwide/cargo-home/registry/src/index.crates.io-6f17d22bba15001f/rustc-serialize-0.2.7/src/json.rs:2032:44
[INFO] [stdout]      |
[INFO] [stdout] 2032 |                 Json::U64(f) => match num::cast(f) {
[INFO] [stdout]      |                                            ^^^^ not found in `num`
[INFO] [stdout] ...
[INFO] [stdout] 2062 |     read_primitive! { read_i8, i8 }
[INFO] [stdout]      |     ------------------------------- in this macro invocation
[INFO] [stdout]      |
[INFO] [stdout]      = note: this error originates in the macro `read_primitive` (in Nightly builds, run with -Z macro-backtrace for more info)
[INFO] [stdout] 
[INFO] [stdout] 
[INFO] [stdout] error[E0425]: cannot find function `cast` in module `num`
[INFO] [stdout]     --> /opt/rustwide/cargo-home/registry/src/index.crates.io-6f17d22bba15001f/rustc-serialize-0.2.7/src/json.rs:2028:44
[INFO] [stdout]      |
[INFO] [stdout] 2028 |                 Json::I64(f) => match num::cast(f) {
[INFO] [stdout]      |                                            ^^^^ not found in `num`
[INFO] [stdout] ...
[INFO] [stdout] 2063 |     read_primitive! { read_i16, i16 }
[INFO] [stdout]      |     --------------------------------- in this macro invocation
[INFO] [stdout]      |
[INFO] [stdout]      = note: this error originates in the macro `read_primitive` (in Nightly builds, run with -Z macro-backtrace for more info)
[INFO] [stdout] 
[INFO] [stdout] 
[INFO] [stdout] error[E0425]: cannot find function `cast` in module `num`
[INFO] [stdout]     --> /opt/rustwide/cargo-home/registry/src/index.crates.io-6f17d22bba15001f/rustc-serialize-0.2.7/src/json.rs:2032:44
[INFO] [stdout]      |
[INFO] [stdout] 2032 |                 Json::U64(f) => match num::cast(f) {
[INFO] [stdout]      |                                            ^^^^ not found in `num`
[INFO] [stdout] ...
[INFO] [stdout] 2063 |     read_primitive! { read_i16, i16 }
[INFO] [stdout]      |     --------------------------------- in this macro invocation
[INFO] [stdout]      |
[INFO] [stdout]      = note: this error originates in the macro `read_primitive` (in Nightly builds, run with -Z macro-backtrace for more info)
[INFO] [stdout] 
[INFO] [stdout] 
[INFO] [stdout] error[E0425]: cannot find function `cast` in module `num`
[INFO] [stdout]     --> /opt/rustwide/cargo-home/registry/src/index.crates.io-6f17d22bba15001f/rustc-serialize-0.2.7/src/json.rs:2028:44
[INFO] [stdout]      |
[INFO] [stdout] 2028 |                 Json::I64(f) => match num::cast(f) {
[INFO] [stdout]      |                                            ^^^^ not found in `num`
[INFO] [stdout] ...
[INFO] [stdout] 2064 |     read_primitive! { read_i32, i32 }
[INFO] [stdout]      |     --------------------------------- in this macro invocation
[INFO] [stdout]      |
[INFO] [stdout]      = note: this error originates in the macro `read_primitive` (in Nightly builds, run with -Z macro-backtrace for more info)
[INFO] [stdout] 
[INFO] [stdout] 
[INFO] [stdout] error[E0425]: cannot find function `cast` in module `num`
[INFO] [stdout]     --> /opt/rustwide/cargo-home/registry/src/index.crates.io-6f17d22bba15001f/rustc-serialize-0.2.7/src/json.rs:2032:44
[INFO] [stdout]      |
[INFO] [stdout] 2032 |                 Json::U64(f) => match num::cast(f) {
[INFO] [stdout]      |                                            ^^^^ not found in `num`
[INFO] [stdout] ...
[INFO] [stdout] 2064 |     read_primitive! { read_i32, i32 }
[INFO] [stdout]      |     --------------------------------- in this macro invocation
[INFO] [stdout]      |
[INFO] [stdout]      = note: this error originates in the macro `read_primitive` (in Nightly builds, run with -Z macro-backtrace for more info)
[INFO] [stdout] 
[INFO] [stdout] 
[INFO] [stdout] error[E0425]: cannot find function `cast` in module `num`
[INFO] [stdout]     --> /opt/rustwide/cargo-home/registry/src/index.crates.io-6f17d22bba15001f/rustc-serialize-0.2.7/src/json.rs:2028:44
[INFO] [stdout]      |
[INFO] [stdout] 2028 |                 Json::I64(f) => match num::cast(f) {
[INFO] [stdout]      |                                            ^^^^ not found in `num`
[INFO] [stdout] ...
[INFO] [stdout] 2065 |     read_primitive! { read_i64, i64 }
[INFO] [stdout]      |     --------------------------------- in this macro invocation
[INFO] [stdout]      |
[INFO] [stdout]      = note: this error originates in the macro `read_primitive` (in Nightly builds, run with -Z macro-backtrace for more info)
[INFO] [stdout] 
[INFO] [stdout] 
[INFO] [stdout] error[E0425]: cannot find function `cast` in module `num`
[INFO] [stdout]     --> /opt/rustwide/cargo-home/registry/src/index.crates.io-6f17d22bba15001f/rustc-serialize-0.2.7/src/json.rs:2032:44
[INFO] [stdout]      |
[INFO] [stdout] 2032 |                 Json::U64(f) => match num::cast(f) {
[INFO] [stdout]      |                                            ^^^^ not found in `num`
[INFO] [stdout] ...
[INFO] [stdout] 2065 |     read_primitive! { read_i64, i64 }
[INFO] [stdout]      |     --------------------------------- in this macro invocation
[INFO] [stdout]      |
[INFO] [stdout]      = note: this error originates in the macro `read_primitive` (in Nightly builds, run with -Z macro-backtrace for more info)
[INFO] [stdout] 
[INFO] [stdout] 
[INFO] [stdout] error[E0405]: cannot find trait `Writer` in module `fmt`
[INFO] [stdout]     --> /opt/rustwide/cargo-home/registry/src/index.crates.io-6f17d22bba15001f/rustc-serialize-0.2.7/src/json.rs:2441:19
[INFO] [stdout]      |
[INFO] [stdout] 2441 | impl<'a, 'b> fmt::Writer for FormatShim<'a, 'b> {
[INFO] [stdout]      |                   ^^^^^^ help: a trait with a similar name exists: `Write`
[INFO] [stdout]     --> /rustc/1b7dd2252b99671ce5d1cb9664c5f8636329436d/library/core/src/fmt/mod.rs:110:1
[INFO] [stdout]      |
[INFO] [stdout]      = note: similarly named trait `Write` defined here
[INFO] [stdout] 
[INFO] [stdout] 
[INFO] [stdout] error[E0405]: cannot find trait `String` in module `fmt`
[INFO] [stdout]     --> /opt/rustwide/cargo-home/registry/src/index.crates.io-6f17d22bba15001f/rustc-serialize-0.2.7/src/json.rs:2447:11
[INFO] [stdout]      |
[INFO] [stdout] 2447 | impl fmt::String for Json {
[INFO] [stdout]      |           ^^^^^^ not found in `fmt`
[INFO] [stdout] 
[INFO] [stdout] 
[INFO] [stdout] error[E0554]: `#![feature]` may not be used on the beta release channel
[INFO] [stdout]   --> /opt/rustwide/cargo-home/git/checkouts/string-cache-adfe29e1cbae0b6c/c63f564/macros/src/lib.rs:13:50
[INFO] [stdout]    |
[INFO] [stdout] 13 | #![feature(macro_rules, plugin_registrar, quote, phase)]
[INFO] [stdout]    |                                                  ^^^^^
[INFO] [stdout] 
[INFO] [stdout] 
[INFO] [stdout] error[E0405]: cannot find trait `String` in module `fmt`
[INFO] [stdout]     --> /opt/rustwide/cargo-home/registry/src/index.crates.io-6f17d22bba15001f/rustc-serialize-0.2.7/src/json.rs:2456:15
[INFO] [stdout]      |
[INFO] [stdout] 2456 | impl<'a> fmt::String for PrettyJson<'a> {
[INFO] [stdout]      |               ^^^^^^ not found in `fmt`
[INFO] [stdout] 
[INFO] [stdout] 
[INFO] [stdout] error[E0635]: unknown feature `phase`
[INFO] [stdout]   --> /opt/rustwide/cargo-home/git/checkouts/string-cache-adfe29e1cbae0b6c/c63f564/macros/src/lib.rs:13:50
[INFO] [stdout]    |
[INFO] [stdout] 13 | #![feature(macro_rules, plugin_registrar, quote, phase)]
[INFO] [stdout]    |                                                  ^^^^^
[INFO] [stdout] 
[INFO] [stdout] 
[INFO] [stdout] error[E0405]: cannot find trait `String` in module `fmt`
[INFO] [stdout]     --> /opt/rustwide/cargo-home/registry/src/index.crates.io-6f17d22bba15001f/rustc-serialize-0.2.7/src/json.rs:2465:29
[INFO] [stdout]      |
[INFO] [stdout] 2465 | impl<'a, T: Encodable> fmt::String for AsJson<'a, T> {
[INFO] [stdout]      |                             ^^^^^^ not found in `fmt`
[INFO] [stdout] 
[INFO] [stdout] 
[INFO] [stdout] error[E0405]: cannot find trait `String` in module `fmt`
[INFO] [stdout]     --> /opt/rustwide/cargo-home/registry/src/index.crates.io-6f17d22bba15001f/rustc-serialize-0.2.7/src/json.rs:2482:29
[INFO] [stdout]      |
[INFO] [stdout] 2482 | impl<'a, T: Encodable> fmt::String for AsPrettyJson<'a, T> {
[INFO] [stdout]      |                             ^^^^^^ not found in `fmt`
[INFO] [stdout] 
[INFO] [stdout] 
[INFO] [stdout] error: aborting due to 25 previous errors
[INFO] [stdout] 
[INFO] [stdout] 
[INFO] [stdout] Some errors have detailed explanations: E0425, E0462, E0463, E0554, E0557, E0635.
[INFO] [stdout] 
[INFO] [stdout] For more information about an error, try `rustc --explain E0425`.
[INFO] [stdout] 
[INFO] [stderr] error: could not compile `string_cache_macros` (lib) due to 26 previous errors
[INFO] [stdout] error[E0599]: no method named `find_str` found for reference `&str` in the current scope
[INFO] [stdout]    --> /opt/rustwide/cargo-home/registry/src/index.crates.io-6f17d22bba15001f/gcc-0.1.4/src/lib.rs:152:29
[INFO] [stdout]     |
[INFO] [stdout] 152 |     let is_android = target.find_str("android").is_some();
[INFO] [stdout]     |                             ^^^^^^^^ help: there is a method with a similar name: `find`
[INFO] [stdout] 
[INFO] [stdout] 
[INFO] [stdout] error[E0599]: no method named `find_str` found for reference `&str` in the current scope
[INFO] [stdout]    --> /opt/rustwide/cargo-home/registry/src/index.crates.io-6f17d22bba15001f/gcc-0.1.4/src/lib.rs:164:29
[INFO] [stdout]     |
[INFO] [stdout] 164 |     let is_android = target.find_str("android").is_some();
[INFO] [stdout]     |                             ^^^^^^^^ help: there is a method with a similar name: `find`
[INFO] [stdout] 
[INFO] [stdout] 
[INFO] [stdout] error[E0599]: no method named `as_slice` found for struct `String` in the current scope
[INFO] [stdout]    --> /opt/rustwide/cargo-home/registry/src/index.crates.io-6f17d22bba15001f/gcc-0.1.4/src/lib.rs:175:9
[INFO] [stdout]     |
[INFO] [stdout] 174 | /     get_var("CFLAGS").unwrap_or(String::new())
[INFO] [stdout] 175 | |        .as_slice().words().map(|s| s.to_string())
[INFO] [stdout]     | |        -^^^^^^^^ method not found in `String`
[INFO] [stdout]     | |________|
[INFO] [stdout]     | 
[INFO] [stdout] 
[INFO] [stdout] 
[INFO] [stdout] error[E0599]: no method named `as_slice` found for struct `String` in the current scope
[INFO] [stdout]    --> /opt/rustwide/cargo-home/registry/src/index.crates.io-6f17d22bba15001f/gcc-0.1.4/src/lib.rs:222:23
[INFO] [stdout]     |
[INFO] [stdout] 222 |     res.push(sdk_path.as_slice().trim());
[INFO] [stdout]     |                       ^^^^^^^^ method not found in `String`
[INFO] [stdout] 
[INFO] [stdout] 
[INFO] [stdout] error: aborting due to 24 previous errors
[INFO] [stdout] 
[INFO] [stdout] 
[INFO] [stdout] Some errors have detailed explanations: E0412, E0425, E0432, E0433, E0599.
[INFO] [stdout] 
[INFO] [stdout] For more information about an error, try `rustc --explain E0412`.
[INFO] [stdout] 
[INFO] [stdout] error[E0107]: trait takes 0 generic arguments but 1 generic argument was supplied
[INFO] [stdout]    --> /opt/rustwide/cargo-home/registry/src/index.crates.io-6f17d22bba15001f/rustc-serialize-0.2.7/src/collection_impls.rs:132:26
[INFO] [stdout]     |
[INFO] [stdout] 132 |     where K: Encodable + Hash< <S as HashState>::Hasher> + Eq,
[INFO] [stdout]     |                          ^^^^--------------------------- help: remove these generics
[INFO] [stdout]     |                          |
[INFO] [stdout]     |                          expected 0 generic arguments
[INFO] [stdout] 
[INFO] [stdout] 
[INFO] [stdout] error: aborting due to 85 previous errors
[INFO] [stdout] 
[INFO] [stdout] 
[INFO] [stdout] Some errors have detailed explanations: E0107, E0405, E0407, E0412, E0425, E0432, E0433, E0463, E0642.
[INFO] [stdout] 
[INFO] [stdout] For more information about an error, try `rustc --explain E0107`.
[INFO] [stdout] 
[INFO] [stderr] error: could not compile `gcc` (lib) due to 25 previous errors
[INFO] [stderr] error: could not compile `rustc-serialize` (lib) due to 86 previous errors
[INFO] running `Command { std: "docker" "inspect" "267461e1366ffcfe4c8ba18186909a6fd672428f7acf359f45e4f14b76393e32", kill_on_drop: false }`
[INFO] running `Command { std: "docker" "rm" "-f" "267461e1366ffcfe4c8ba18186909a6fd672428f7acf359f45e4f14b76393e32", kill_on_drop: false }`
[INFO] [stdout] 267461e1366ffcfe4c8ba18186909a6fd672428f7acf359f45e4f14b76393e32
